000
CDUS46 KMTR 020035
CLISTS


CLIMATE REPORT
NATIONAL WEATHER SERVICE SAN FRANCISCO BAY AREA
435 PM PST SUN FEB 1 2015


...................................

...THE SANTA ROSA AIRPORT CLIMATE SUMMARY FOR FEBRUARY 1 2015...
VALID TODAY AS OF 0400 PM LOCAL TIME.

CLIMATE NORMAL PERIOD 1981 TO 2010
CLIMATE RECORD PERIOD 1998 TO 2015


WEATHER ITEM   OBSERVED TIME   RECORD YEAR NORMAL DEPARTURE LAST
                VALUE   (LST)  VALUE       VALUE  FROM      YEAR
                                                  NORMAL
..................................................................
TEMPERATURE (F)
 TODAY
  MAXIMUM         68    244 PM  77    2005  59      9       61
  MINIMUM         36    706 AM  27    2014  38     -2       27
  AVERAGE         52                        48      4       44

PRECIPITATION (IN)
  TODAY            0.00          0.41 2006   0.19  -0.19     0.00
  MONTH TO DATE    0.00                      0.19  -0.19     0.00
  SINCE JUL 1     19.51                     21.43  -1.92     2.12
  SINCE JAN 1      0.12                      7.24  -7.12     0.10

DEGREE DAYS
 HEATING
  TODAY           13                                        21
  MONTH TO DATE   13                                        21
  SINCE DEC 1    833                                      1030
  SINCE JUL 1   1191                                      1593

 COOLING
  TODAY            0                                         0
  MONTH TO DATE    0                                         0
  SINCE DEC 1      0                                         0
  SINCE JAN 1      0                                         0
..................................................................


WIND (MPH)
  RESULTANT WIND SPEED   0   RESULTANT WIND DIRECTION   S (200)
  HIGHEST WIND SPEED     8   HIGHEST WIND DIRECTION    NW (320)
  HIGHEST GUST SPEED    10   HIGHEST GUST DIRECTION     W (290)
  AVERAGE WIND SPEED     1.2


SKY COVER
  POSSIBLE SUNSHINE  MM
  AVERAGE SKY COVER 0.3


WEATHER CONDITIONS
 THE FOLLOWING WEATHER WAS RECORDED TODAY.
  FOG


RELATIVE HUMIDITY (PERCENT)
 HIGHEST   100           200 AM
 LOWEST     45           200 PM
 AVERAGE    73

..........................................................


THE SANTA ROSA AIRPORT CLIMATE NORMALS FOR TOMORROW
                         NORMAL    RECORD    YEAR
 MAXIMUM TEMPERATURE (F)   59        74      2012
 MINIMUM TEMPERATURE (F)   38        30      1999


SUNRISE AND SUNSET
FEBRUARY  1 2015......SUNRISE   717 AM PST   SUNSET   533 PM PST
FEBRUARY  2 2015......SUNRISE   716 AM PST   SUNSET   534 PM PST


-  INDICATES NEGATIVE NUMBERS.
R  INDICATES RECORD WAS SET OR TIED.
MM INDICATES DATA IS MISSING.
T  INDICATES TRACE AMOUNT.




$$
