000
CDUS46 KMTR 260835
CLISTS


CLIMATE REPORT
NATIONAL WEATHER SERVICE SAN FRANCISCO BAY AREA
1226 AM PST WED NOV 26 2014


...................................

...THE SANTA ROSA AIRPORT CLIMATE SUMMARY FOR NOVEMBER 25 2014...

CLIMATE NORMAL PERIOD 1981 TO 2010
CLIMATE RECORD PERIOD 1998 TO 2014


WEATHER ITEM   OBSERVED TIME   RECORD YEAR NORMAL DEPARTURE LAST
                VALUE   (LST)  VALUE       VALUE  FROM      YEAR
                                                  NORMAL
..................................................................
TEMPERATURE (F)
 YESTERDAY
  MAXIMUM         67    347 PM  74    2002  60      7       65
  MINIMUM         39    726 AM  28    2010  39      0       32
  AVERAGE         53                        50      3       49

PRECIPITATION (IN)
  YESTERDAY        0.00          0.57 2005   0.18  -0.18     0.00
  MONTH TO DATE    0.86                      3.79  -2.93     1.08
  SINCE JUL 1      2.20                      6.26  -4.06     1.61
  SINCE JAN 1     14.77                     28.35 -13.58     8.13

DEGREE DAYS
 HEATING
  YESTERDAY       12                                        16
  MONTH TO DATE  220                                       255
  SINCE SEP 1    302                                       461
  SINCE JUL 1    307                                       498

 COOLING
  YESTERDAY        0                                         0
  MONTH TO DATE    0                                         0
  SINCE SEP 1    150                                        72
  SINCE JAN 1    499                                       415
..................................................................


WIND (MPH)
  RESULTANT WIND SPEED   0   RESULTANT WIND DIRECTION  NW (330)
  HIGHEST WIND SPEED     6   HIGHEST WIND DIRECTION    NW (330)
  HIGHEST GUST SPEED     7   HIGHEST GUST DIRECTION     S (170)
  AVERAGE WIND SPEED     1.2


SKY COVER
  POSSIBLE SUNSHINE  MM
  AVERAGE SKY COVER 0.1


WEATHER CONDITIONS
 THE FOLLOWING WEATHER WAS RECORDED YESTERDAY.
  FOG


RELATIVE HUMIDITY (PERCENT)
 HIGHEST   100           200 AM
 LOWEST     45           200 PM
 AVERAGE    73

..........................................................


THE SANTA ROSA AIRPORT CLIMATE NORMALS FOR TODAY
                         NORMAL    RECORD    YEAR
 MAXIMUM TEMPERATURE (F)   60        76      2002
 MINIMUM TEMPERATURE (F)   39        29      2010


SUNRISE AND SUNSET
NOVEMBER 26 2014......SUNRISE   705 AM PST   SUNSET   452 PM PST
NOVEMBER 27 2014......SUNRISE   706 AM PST   SUNSET   452 PM PST


-  INDICATES NEGATIVE NUMBERS.
R  INDICATES RECORD WAS SET OR TIED.
MM INDICATES DATA IS MISSING.
T  INDICATES TRACE AMOUNT.




$$
