000
CDUS46 KMTR 020045
CLISTS


CLIMATE REPORT
NATIONAL WEATHER SERVICE SAN FRANCISCO BAY AREA
545 PM PDT MON SEP 1 2014


...................................

...THE SANTA ROSA AIRPORT CLIMATE SUMMARY FOR SEPTEMBER 1 2014...
VALID TODAY AS OF 0500 PM LOCAL TIME.

CLIMATE NORMAL PERIOD 1981 TO 2010
CLIMATE RECORD PERIOD 1998 TO 2014


WEATHER ITEM   OBSERVED TIME   RECORD YEAR NORMAL DEPARTURE LAST
                VALUE   (LST)  VALUE       VALUE  FROM      YEAR
                                                  NORMAL
..................................................................
TEMPERATURE (F)
 TODAY
  MAXIMUM         96    320 PM 100    2002  84     12       84
  MINIMUM         51    442 AM  46    1999  51      0       54
  AVERAGE         74                        68      6       69

PRECIPITATION (IN)
  TODAY            0.00          0.02 2000   0.01  -0.01     0.00
  MONTH TO DATE    0.00                      0.01  -0.01     0.00
  SINCE JUL 1      T                         0.10  -0.10     0.03
  SINCE JAN 1     12.57                     22.19  -9.62     6.55

DEGREE DAYS
 HEATING
  TODAY            0                                         0
  MONTH TO DATE    0                                         0
  SINCE SEP 1      0                                         0
  SINCE JUL 1      5                                        37

 COOLING
  TODAY            9                                         4
  MONTH TO DATE    9                                         4
  SINCE SEP 1      9                                         4
  SINCE JAN 1    358                                       347
..................................................................


WIND (MPH)
  RESULTANT WIND SPEED   3   RESULTANT WIND DIRECTION   S (170)
  HIGHEST WIND SPEED    13   HIGHEST WIND DIRECTION     S (170)
  HIGHEST GUST SPEED    16   HIGHEST GUST DIRECTION     S (170)
  AVERAGE WIND SPEED     2.9


SKY COVER
  POSSIBLE SUNSHINE  MM
  AVERAGE SKY COVER 0.0


WEATHER CONDITIONS
 THE FOLLOWING WEATHER WAS RECORDED TODAY.
  HAZE


RELATIVE HUMIDITY (PERCENT)
 HIGHEST    89           300 AM
 LOWEST     22           400 PM
 AVERAGE    56

..........................................................


THE SANTA ROSA AIRPORT CLIMATE NORMALS FOR TOMORROW
                         NORMAL    RECORD    YEAR
 MAXIMUM TEMPERATURE (F)   84        99      2010
                                             2007
 MINIMUM TEMPERATURE (F)   51        43      2012


SUNRISE AND SUNSET
SEPTEMBER  1 2014.....SUNRISE   641 AM PDT   SUNSET   741 PM PDT
SEPTEMBER  2 2014.....SUNRISE   642 AM PDT   SUNSET   739 PM PDT


-  INDICATES NEGATIVE NUMBERS.
R  INDICATES RECORD WAS SET OR TIED.
MM INDICATES DATA IS MISSING.
T  INDICATES TRACE AMOUNT.




$$
