582
CDUS46 KMTR 250043
CLISTS


CLIMATE REPORT
NATIONAL WEATHER SERVICE SAN FRANCISCO BAY AREA
443 PM PST SAT FEB 24 2018


...................................

...THE SANTA ROSA AIRPORT CLIMATE SUMMARY FOR FEBRUARY 24 2018...
VALID TODAY AS OF 0400 PM LOCAL TIME.

CLIMATE NORMAL PERIOD 1981 TO 2010
CLIMATE RECORD PERIOD 1998 TO 2018


WEATHER ITEM   OBSERVED TIME   RECORD YEAR NORMAL DEPARTURE LAST
                VALUE   (LST)  VALUE       VALUE  FROM      YEAR
                                                  NORMAL
..................................................................
TEMPERATURE (F)
 TODAY
  MAXIMUM         58    300 PM  76    2012  62     -4       55
  MINIMUM         27R   713 AM  29    2017  40    -13       29
  AVERAGE         43                        51     -8       42

PRECIPITATION (IN)
  TODAY            0.01          1.06 2001   0.23  -0.22     0.00
  MONTH TO DATE    0.02                      5.49  -5.47    14.69
  SINCE OCT 1     12.98                     26.29 -13.31    52.07
  SINCE JAN 1      6.67                     12.54  -5.87    33.65

DEGREE DAYS
 HEATING
  TODAY           22                                        23
  MONTH TO DATE  317                                       298
  SINCE DEC 1   1353                                      1451
  SINCE JUL 1   1802                                      1944

 COOLING
  TODAY            0                                         0
  MONTH TO DATE    0                                         0
  SINCE DEC 1      0                                         0
  SINCE JAN 1      0                                         0
..................................................................


WIND (MPH)
  RESULTANT WIND SPEED   2   RESULTANT WIND DIRECTION  NW (300)
  HIGHEST WIND SPEED    24   HIGHEST WIND DIRECTION    NW (330)
  HIGHEST GUST SPEED    28   HIGHEST GUST DIRECTION    NW (330)
  AVERAGE WIND SPEED     1.8


SKY COVER
  POSSIBLE SUNSHINE  MM
  AVERAGE SKY COVER 0.3


WEATHER CONDITIONS
 THE FOLLOWING WEATHER WAS RECORDED TODAY.
  RAIN


RELATIVE HUMIDITY (PERCENT)
 HIGHEST   100           700 AM
 LOWEST     54          1100 AM
 AVERAGE    77

..........................................................


THE SANTA ROSA AIRPORT CLIMATE NORMALS FOR TOMORROW
                         NORMAL    RECORD    YEAR
 MAXIMUM TEMPERATURE (F)   62        74      2016
 MINIMUM TEMPERATURE (F)   41        30      2011


SUNRISE AND SUNSET
FEBRUARY 24 2018......SUNRISE   650 AM PST   SUNSET   559 PM PST
FEBRUARY 25 2018......SUNRISE   649 AM PST   SUNSET   600 PM PST


-  INDICATES NEGATIVE NUMBERS.
R  INDICATES RECORD WAS SET OR TIED.
MM INDICATES DATA IS MISSING.
T  INDICATES TRACE AMOUNT.




$$
