247
CDUS43 KFSD 112251
CLISUX


CLIMATE REPORT
NATIONAL WEATHER SERVICE SIOUX FALLS SD
451 PM CST THU FEB 11 2016


...................................

...THE SIOUX CITY IA CLIMATE SUMMARY FOR FEBRUARY 11 2016...
VALID TODAY AS OF 0400 PM LOCAL TIME.

CLIMATE NORMAL PERIOD 1981 TO 2010
CLIMATE RECORD PERIOD 1889 TO 2016


WEATHER ITEM   OBSERVED TIME   RECORD YEAR NORMAL DEPARTURE LAST
                VALUE   (LST)  VALUE       VALUE  FROM      YEAR
                                                  NORMAL
..................................................................
TEMPERATURE (F)
 TODAY
  MAXIMUM         20    123 PM  63    1977  34    -14       32
  MINIMUM         17    935 AM -31    1899  14      3       10
  AVERAGE         19                        24     -5       21

PRECIPITATION (IN)
  TODAY            0.01          0.48 1965   0.02  -0.01      T
  MONTH TO DATE    0.58                      0.23   0.35     0.18
  SINCE DEC 1      4.17                      1.65   2.52     2.22
  SINCE JAN 1      1.31                      0.85   0.46     0.82

SNOWFALL (IN)
  TODAY           MM             6.7  1965   0.2   MM         T
  MONTH TO DATE   12.9                       2.6   10.3      3.4
  SINCE DEC 1     29.6                      17.1   12.5     15.5
  SINCE JUL 1     42.1                      22.5   19.6     20.0
  SNOW DEPTH      11

DEGREE DAYS
 HEATING
  TODAY           46                        41      5       44
  MONTH TO DATE  446                       466    -20      474
  SINCE DEC 1   2813                      3166   -353     2861
  SINCE JUL 1   3919                      4642   -723     4356

 COOLING
  TODAY            0                         0      0        0
  MONTH TO DATE    0                         0      0        0
  SINCE DEC 1      0                         0      0        0
  SINCE JAN 1      0                         0      0        0
..................................................................


WIND (MPH)
  HIGHEST WIND SPEED    16   HIGHEST WIND DIRECTION     S (160)
  HIGHEST GUST SPEED    18   HIGHEST GUST DIRECTION     S (170)
  AVERAGE WIND SPEED     8.2


SKY COVER
  POSSIBLE SUNSHINE  MM
  AVERAGE SKY COVER 1.0


WEATHER CONDITIONS
 THE FOLLOWING WEATHER WAS RECORDED TODAY.
  LIGHT SNOW


RELATIVE HUMIDITY (PERCENT)
 HIGHEST    74           100 AM
 LOWEST     67          1200 AM
 AVERAGE    71

..........................................................


THE SIOUX CITY IA CLIMATE NORMALS FOR TOMORROW
                         NORMAL    RECORD    YEAR
 MAXIMUM TEMPERATURE (F)   34        63      1990
 MINIMUM TEMPERATURE (F)   14       -25      1905


SUNRISE AND SUNSET
FEBRUARY 11 2016......SUNRISE   728 AM CST   SUNSET   552 PM CST
FEBRUARY 12 2016......SUNRISE   727 AM CST   SUNSET   553 PM CST


-  INDICATES NEGATIVE NUMBERS.
R  INDICATES RECORD WAS SET OR TIED.
MM INDICATES DATA IS MISSING.
T  INDICATES TRACE AMOUNT.




$$
