000
CDUS43 KFSD 010633
CLISUX


CLIMATE REPORT
NATIONAL WEATHER SERVICE SIOUX FALLS SD
1233 AM CST WED MAR 1 2017


...................................

...THE SIOUX CITY IA CLIMATE SUMMARY FOR FEBRUARY 28 2017...

CLIMATE NORMAL PERIOD 1981 TO 2010
CLIMATE RECORD PERIOD 1889 TO 2017


WEATHER ITEM   OBSERVED TIME   RECORD YEAR NORMAL DEPARTURE LAST
                VALUE   (LST)  VALUE       VALUE  FROM      YEAR
                                                  NORMAL
..................................................................
TEMPERATURE (F)
 YESTERDAY
  MAXIMUM         44   1218 PM  71    2000  39      5       56
  MINIMUM         31    348 AM -26    1962  20     11       29
  AVERAGE         38                        30      8       43

PRECIPITATION (IN)
  YESTERDAY        0.01          1.05 1951   0.03  -0.02      T
  MONTH TO DATE    0.92                      0.67   0.25     1.11
  SINCE DEC 1      3.07                      2.09   0.98     4.70
  SINCE JAN 1      1.59                      1.29   0.30     1.84

SNOWFALL (IN)
  YESTERDAY        0.0           4.5  1907   0.2   -0.2      0.0
  MONTH TO DATE   12.8                       6.6    6.2     13.9
  SINCE DEC 1     24.5                      21.1    3.4     30.6
  SINCE JUL 1     25.5                      26.5   -1.0     43.1
  SNOW DEPTH       0

DEGREE DAYS
 HEATING
  YESTERDAY       27                        35     -8       22
  MONTH TO DATE  829                      1117   -288      957
  SINCE DEC 1   3293                      3818   -525     3324
  SINCE JUL 1   4237                      5294  -1057     4430

 COOLING
  YESTERDAY        0                         0      0        0
  MONTH TO DATE    0                         0      0        0
  SINCE DEC 1      0                         0      0        0
  SINCE JAN 1      0                         0      0        0
..................................................................


WIND (MPH)
  HIGHEST WIND SPEED    18   HIGHEST WIND DIRECTION     N (360)
  HIGHEST GUST SPEED    21   HIGHEST GUST DIRECTION    NW (320)
  AVERAGE WIND SPEED     9.8


SKY COVER
  POSSIBLE SUNSHINE  MM
  AVERAGE SKY COVER 0.6


WEATHER CONDITIONS
 THE FOLLOWING WEATHER WAS RECORDED YESTERDAY.
  LIGHT RAIN


RELATIVE HUMIDITY (PERCENT)
 HIGHEST    89          1100 PM
 LOWEST     70          1200 PM
 AVERAGE    80

..........................................................


THE SIOUX CITY IA CLIMATE NORMALS FOR TODAY
                         NORMAL    RECORD    YEAR
 MAXIMUM TEMPERATURE (F)   40        77      1992
 MINIMUM TEMPERATURE (F)   20       -15      1962


SUNRISE AND SUNSET
MARCH  1 2017.........SUNRISE   700 AM CST   SUNSET   616 PM CST
MARCH  2 2017.........SUNRISE   659 AM CST   SUNSET   617 PM CST


-  INDICATES NEGATIVE NUMBERS.
R  INDICATES RECORD WAS SET OR TIED.
MM INDICATES DATA IS MISSING.
T  INDICATES TRACE AMOUNT.




$$
