000
CDUS43 KFSD 062243
CLISUX


CLIMATE REPORT
NATIONAL WEATHER SERVICE SIOUX FALLS SD
442 PM CST FRI MAR 6 2015


...................................

...THE SIOUX CITY IA CLIMATE SUMMARY FOR MARCH 6 2015...
VALID TODAY AS OF 0400 PM LOCAL TIME.

CLIMATE NORMAL PERIOD 1981 TO 2010
CLIMATE RECORD PERIOD 1889 TO 2015


WEATHER ITEM   OBSERVED TIME   RECORD YEAR NORMAL DEPARTURE LAST
                VALUE   (LST)  VALUE       VALUE  FROM      YEAR
                                                  NORMAL
..................................................................
TEMPERATURE (F)
 TODAY
  MAXIMUM         62    112 PM  78    1987  42     20       41
  MINIMUM         14    715 AM -11    1962  22     -8       24
  AVERAGE         38                        32      6       33

PRECIPITATION (IN)
  TODAY            0.00          1.65 1983   0.04  -0.04     0.00
  MONTH TO DATE    T                         0.26  -0.26     0.17
  SINCE MAR 1      T                         0.26  -0.26     0.17
  SINCE JAN 1      0.96                      1.55  -0.59     0.94

SNOWFALL (IN)
  TODAY            0.0           7.0  1995   0.2   -0.2      0.0
  MONTH TO DATE    T                         1.5   -1.5      4.5
  SINCE MAR 1      T                         1.5   -1.5      4.5
  SINCE JUL 1     21.5                      28.0   -6.5     18.3
  SNOW DEPTH       0

DEGREE DAYS
 HEATING
  TODAY           27                        33     -6       32
  MONTH TO DATE  251                       204     47      312
  SINCE MAR 1    251                       204     47      312
  SINCE JUL 1   5417                      5498    -81     5916

 COOLING
  TODAY            0                         0      0        0
  MONTH TO DATE    0                         0      0        0
  SINCE MAR 1      0                         0      0        0
  SINCE JAN 1      0                         0      0        0
..................................................................


WIND (MPH)
  HIGHEST WIND SPEED    25   HIGHEST WIND DIRECTION     W (280)
  HIGHEST GUST SPEED    32   HIGHEST GUST DIRECTION     W (280)
  AVERAGE WIND SPEED    10.0


SKY COVER
  POSSIBLE SUNSHINE  MM
  AVERAGE SKY COVER 0.2


WEATHER CONDITIONS
 THE FOLLOWING WEATHER WAS RECORDED TODAY.
  NO SIGNIFICANT WEATHER WAS OBSERVED.


RELATIVE HUMIDITY (PERCENT)
 HIGHEST    MM
 LOWEST     MM
 AVERAGE    MM

..........................................................


THE SIOUX CITY IA CLIMATE NORMALS FOR TOMORROW
                         NORMAL    RECORD    YEAR
 MAXIMUM TEMPERATURE (F)   43        77      2000
 MINIMUM TEMPERATURE (F)   22       -10      1996


SUNRISE AND SUNSET
MARCH  6 2015.........SUNRISE   653 AM CST   SUNSET   621 PM CST
MARCH  7 2015.........SUNRISE   651 AM CST   SUNSET   622 PM CST


-  INDICATES NEGATIVE NUMBERS.
R  INDICATES RECORD WAS SET OR TIED.
MM INDICATES DATA IS MISSING.
T  INDICATES TRACE AMOUNT.




$$
