000
CDUS41 KBGM 300553
CLISYR


CLIMATE REPORT
NATIONAL WEATHER SERVICE BINGHAMTON NY
153 AM EDT TUE MAY 30 2017


...................................

...THE SYRACUSE NY CLIMATE SUMMARY FOR MAY 29 2017...

CLIMATE NORMAL PERIOD 1981 TO 2010
CLIMATE RECORD PERIOD 1902 TO 2017


WEATHER ITEM   OBSERVED TIME   RECORD YEAR NORMAL DEPARTURE LAST
                VALUE   (LST)  VALUE       VALUE  FROM      YEAR
                                                  NORMAL
..................................................................
TEMPERATURE (F)
 YESTERDAY
  MAXIMUM         72    501 PM  93    2012  73     -1       88
  MINIMUM         55    710 AM  37    1992  51      4       66
  AVERAGE         64                        62      2       77

PRECIPITATION (IN)
  YESTERDAY        0.66          2.42 2016   0.11   0.55     2.42
  MONTH TO DATE    5.27                      3.00   2.27     3.58
  SINCE MAR 1     14.07                      9.14   4.93     8.04
  SINCE JAN 1     20.65                     13.71   6.94    14.56

SNOWFALL (IN)
  YESTERDAY        0.0           0.0  2002   0.0    0.0      0.0
                                      2001
  MONTH TO DATE    0.0                       0.1   -0.1       T
  SINCE MAR 1     31.2                      21.9    9.3     13.5
  SINCE JUL 1    134.9                     123.8   11.1     80.3
  SNOW DEPTH       0

DEGREE DAYS
 HEATING
  YESTERDAY        1                         5     -4        0
  MONTH TO DATE  299                       245     54      261
  SINCE MAR 1   1797                      1749     48     1699
  SINCE JUL 1   6066                      6580   -514     5798

 COOLING
  YESTERDAY        0                         2     -2       12
  MONTH TO DATE   18                        20     -2       42
  SINCE MAR 1     30                        24      6       42
  SINCE JAN 1     30                        24      6       42
..................................................................


WIND (MPH)
  HIGHEST WIND SPEED    16   HIGHEST WIND DIRECTION    SE (150)
  HIGHEST GUST SPEED    19   HIGHEST GUST DIRECTION    SE (150)
  AVERAGE WIND SPEED     7.8


SKY COVER
  POSSIBLE SUNSHINE  MM
  AVERAGE SKY COVER 0.8


WEATHER CONDITIONS
 THE FOLLOWING WEATHER WAS RECORDED YESTERDAY.
  THUNDERSTORM
  HEAVY RAIN
  RAIN
  LIGHT RAIN
  FOG


RELATIVE HUMIDITY (PERCENT)
 HIGHEST   100           500 AM
 LOWEST     68           500 PM
 AVERAGE    84

..........................................................


THE SYRACUSE NY CLIMATE NORMALS FOR TODAY
                         NORMAL    RECORD    YEAR
 MAXIMUM TEMPERATURE (F)   73        93      1987
 MINIMUM TEMPERATURE (F)   51        39      1996
                                             1966
                                             1961


SUNRISE AND SUNSET
MAY 30 2017...........SUNRISE   529 AM EDT   SUNSET   836 PM EDT
MAY 31 2017...........SUNRISE   528 AM EDT   SUNSET   837 PM EDT


-  INDICATES NEGATIVE NUMBERS.
R  INDICATES RECORD WAS SET OR TIED.
MM INDICATES DATA IS MISSING.
T  INDICATES TRACE AMOUNT.




$$
