000
CDUS41 KBGM 180638
CLISYR


CLIMATE REPORT
NATIONAL WEATHER SERVICE BINGHAMTON NY
238 AM EDT THU SEP 18 2014


...................................

...THE SYRACUSE NY CLIMATE SUMMARY FOR SEPTEMBER 17 2014...

CLIMATE NORMAL PERIOD 1981 TO 2010
CLIMATE RECORD PERIOD 1902 TO 2014


WEATHER ITEM   OBSERVED TIME   RECORD YEAR NORMAL DEPARTURE LAST
                VALUE   (LST)  VALUE       VALUE  FROM      YEAR
                                                  NORMAL
..................................................................
TEMPERATURE (F)
 YESTERDAY
  MAXIMUM         70    259 PM  89    1942  72     -2       64
  MINIMUM         47    639 AM  36    1986  52     -5       37
  AVERAGE         59                        62     -3       51

PRECIPITATION (IN)
  YESTERDAY        0.00          0.95 1974   0.13  -0.13     0.00
  MONTH TO DATE    1.41                      2.03  -0.62     2.52
  SINCE SEP 1      1.41                      2.03  -0.62     2.52
  SINCE JAN 1     30.45                     26.62   3.83    29.10

SNOWFALL (IN)
  YESTERDAY        0.0           0.0  2002   0.0    0.0      0.0
                                      2000
                                      2001
  MONTH TO DATE    0.0                       0.0    0.0      0.0
  SINCE SEP 1      0.0                       0.0    0.0      0.0
  SINCE JUL 1      0.0                       0.0    0.0      0.0
  SNOW DEPTH       0

DEGREE DAYS
 HEATING
  YESTERDAY        6                         5      1       14
  MONTH TO DATE   52                        49      3       86
  SINCE SEP 1     52                        49      3       86
  SINCE JUL 1     63                        75    -12       92

 COOLING
  YESTERDAY        0                         1     -1        0
  MONTH TO DATE   64                        42     22       67
  SINCE SEP 1     64                        42     22       67
  SINCE JAN 1    623                       555     68      710
..................................................................


WIND (MPH)
  HIGHEST WIND SPEED    14   HIGHEST WIND DIRECTION     W (250)
  HIGHEST GUST SPEED    17   HIGHEST GUST DIRECTION     W (270)
  AVERAGE WIND SPEED     3.8


SKY COVER
  POSSIBLE SUNSHINE  MM
  AVERAGE SKY COVER 0.4


WEATHER CONDITIONS
 THE FOLLOWING WEATHER WAS RECORDED YESTERDAY.
  FOG


RELATIVE HUMIDITY (PERCENT)
 HIGHEST    93           600 AM
 LOWEST     40           300 PM
 AVERAGE    67

..........................................................


THE SYRACUSE NY CLIMATE NORMALS FOR TODAY
                         NORMAL    RECORD    YEAR
 MAXIMUM TEMPERATURE (F)   71        91      1955
 MINIMUM TEMPERATURE (F)   51        34      1939


SUNRISE AND SUNSET
SEPTEMBER 18 2014.....SUNRISE   647 AM EDT   SUNSET   709 PM EDT
SEPTEMBER 19 2014.....SUNRISE   648 AM EDT   SUNSET   707 PM EDT


-  INDICATES NEGATIVE NUMBERS.
R  INDICATES RECORD WAS SET OR TIED.
MM INDICATES DATA IS MISSING.
T  INDICATES TRACE AMOUNT.




$$
