781
CDUS41 KBGM 240526
CLISYR


CLIMATE REPORT
NATIONAL WEATHER SERVICE BINGHAMTON NY
1226 AM EST FRI FEB 24 2017


...................................

...THE SYRACUSE NY CLIMATE SUMMARY FOR FEBRUARY 23 2017...

CLIMATE NORMAL PERIOD 1981 TO 2010
CLIMATE RECORD PERIOD 1902 TO 2017


WEATHER ITEM   OBSERVED TIME   RECORD YEAR NORMAL DEPARTURE LAST
                VALUE   (LST)  VALUE       VALUE  FROM      YEAR
                                                  NORMAL
..................................................................
TEMPERATURE (F)
 YESTERDAY
  MAXIMUM         69R   320 PM  67    1984  36     33       41
  MINIMUM         42    410 AM  -7    1914  19     23       14
  AVERAGE         56                        28     28       28

PRECIPITATION (IN)
  YESTERDAY        0.00          0.66 1971   0.08  -0.08     0.04
  MONTH TO DATE    2.33                      1.66   0.67     3.25
  SINCE DEC 1      8.60                      7.38   1.22     9.79
  SINCE JAN 1      5.36                      4.16   1.20     4.96

SNOWFALL (IN)
  YESTERDAY        0.0           5.6  2009   0.9   -0.9       T
  MONTH TO DATE   32.4                      21.1   11.3     21.9
  SINCE DEC 1     78.0                      87.8   -9.8     62.8
  SINCE JUL 1    103.4                      97.7    5.7     63.6
  SNOW DEPTH       0

DEGREE DAYS
 HEATING
  YESTERDAY        9                        38    -29       37
  MONTH TO DATE  781                       911   -130      901
  SINCE DEC 1   2974                      3298   -324     2836
  SINCE JUL 1   4168                      4647   -479     3921

 COOLING
  YESTERDAY        0                         0      0        0
  MONTH TO DATE    0                         0      0        0
  SINCE DEC 1      0                         0      0        0
  SINCE JAN 1      0                         0      0        0
..................................................................


WIND (MPH)
  HIGHEST WIND SPEED    24   HIGHEST WIND DIRECTION    SW (230)
  HIGHEST GUST SPEED    30   HIGHEST GUST DIRECTION     S (200)
  AVERAGE WIND SPEED     9.5


SKY COVER
  POSSIBLE SUNSHINE  MM
  AVERAGE SKY COVER 0.7


WEATHER CONDITIONS
 THE FOLLOWING WEATHER WAS RECORDED YESTERDAY.
  NO SIGNIFICANT WEATHER WAS OBSERVED.


RELATIVE HUMIDITY (PERCENT)
 HIGHEST    83           300 AM
 LOWEST     53           300 PM
 AVERAGE    68

..........................................................


THE SYRACUSE NY CLIMATE NORMALS FOR TODAY
                         NORMAL    RECORD    YEAR
 MAXIMUM TEMPERATURE (F)   36        65      1906
 MINIMUM TEMPERATURE (F)   19       -18      2015


SUNRISE AND SUNSET
FEBRUARY 24 2017......SUNRISE   648 AM EST   SUNSET   548 PM EST
FEBRUARY 25 2017......SUNRISE   647 AM EST   SUNSET   549 PM EST


-  INDICATES NEGATIVE NUMBERS.
R  INDICATES RECORD WAS SET OR TIED.
MM INDICATES DATA IS MISSING.
T  INDICATES TRACE AMOUNT.




$$
