000
CDUS41 KBGM 270539
CLISYR


CLIMATE REPORT
NATIONAL WEATHER SERVICE BINGHAMTON NY
138 AM EDT FRI MAR 27 2015


...................................

...THE SYRACUSE NY CLIMATE SUMMARY FOR MARCH 26 2015...

CLIMATE NORMAL PERIOD 1981 TO 2010
CLIMATE RECORD PERIOD 1902 TO 2015


WEATHER ITEM   OBSERVED TIME   RECORD YEAR NORMAL DEPARTURE LAST
                VALUE   (LST)  VALUE       VALUE  FROM      YEAR
                                                  NORMAL
..................................................................
TEMPERATURE (F)
 YESTERDAY
  MAXIMUM         42    541 AM  81    1945  47     -5       25
  MINIMUM         33   1048 PM   5    1960  29      4       17
  AVERAGE         38                        38      0       21

PRECIPITATION (IN)
  YESTERDAY        0.36          1.33 1978   0.11   0.25      T
  MONTH TO DATE    1.48                      2.44  -0.96     1.66
  SINCE MAR 1      1.48                      2.44  -0.96     1.66
  SINCE JAN 1      5.36                      7.01  -1.65     7.21

SNOWFALL (IN)
  YESTERDAY        T             3.5  1955   0.4   -0.4      0.4
  MONTH TO DATE   12.3                      16.5   -4.2     21.6
  SINCE MAR 1     12.3                      16.5   -4.2     21.6
  SINCE JUL 1    119.1                     118.4    0.7    131.5
  SNOW DEPTH       3

DEGREE DAYS
 HEATING
  YESTERDAY       27                        27      0       44
  MONTH TO DATE 1000                       828    172     1064
  SINCE MAR 1   1000                       828    172     1064
  SINCE JUL 1   6224                      5659    565     6156

 COOLING
  YESTERDAY        0                         0      0        0
  MONTH TO DATE    0                         0      0        0
  SINCE MAR 1      0                         0      0        0
  SINCE JAN 1      0                         0      0        0
..................................................................


WIND (MPH)
  HIGHEST WIND SPEED    15   HIGHEST WIND DIRECTION     S (190)
  HIGHEST GUST SPEED    20   HIGHEST GUST DIRECTION     S (200)
  AVERAGE WIND SPEED     4.4


SKY COVER
  POSSIBLE SUNSHINE  MM
  AVERAGE SKY COVER 1.0


WEATHER CONDITIONS
 THE FOLLOWING WEATHER WAS RECORDED YESTERDAY.
  RAIN
  LIGHT RAIN
  LIGHT SNOW
  SLEET
  FOG
  HAZE


RELATIVE HUMIDITY (PERCENT)
 HIGHEST   100          1000 PM
 LOWEST     70           400 AM
 AVERAGE    85

..........................................................


THE SYRACUSE NY CLIMATE NORMALS FOR TODAY
                         NORMAL    RECORD    YEAR
 MAXIMUM TEMPERATURE (F)   48        80      1989
                                             1921
 MINIMUM TEMPERATURE (F)   29        13      1966


SUNRISE AND SUNSET
MARCH 27 2015.........SUNRISE   656 AM EDT   SUNSET   725 PM EDT
MARCH 28 2015.........SUNRISE   654 AM EDT   SUNSET   726 PM EDT


-  INDICATES NEGATIVE NUMBERS.
R  INDICATES RECORD WAS SET OR TIED.
MM INDICATES DATA IS MISSING.
T  INDICATES TRACE AMOUNT.

$$
