000
CDUS41 KBGM 240610
CLISYR


CLIMATE REPORT
NATIONAL WEATHER SERVICE BINGHAMTON NY
108 AM EST MON NOV 24 2014


...................................

...THE SYRACUSE NY CLIMATE SUMMARY FOR NOVEMBER 23 2014...

CLIMATE NORMAL PERIOD 1981 TO 2010
CLIMATE RECORD PERIOD 1902 TO 2014


WEATHER ITEM   OBSERVED TIME   RECORD YEAR NORMAL DEPARTURE LAST
                VALUE   (LST)  VALUE       VALUE  FROM      YEAR
                                                  NORMAL
..................................................................
TEMPERATURE (F)
 YESTERDAY
  MAXIMUM         55   1159 PM  75    1931  45     10       40
  MINIMUM         45    739 PM   6    2008  31     14       19
  AVERAGE         50                        38     12       30

PRECIPITATION (IN)
  YESTERDAY        0.07          1.25 1920   0.12  -0.05     0.16
  MONTH TO DATE    1.72                      2.71  -0.99     2.14
  SINCE SEP 1      7.86                      9.84  -1.98     9.25
  SINCE JAN 1     36.90                     34.43   2.47    35.83

SNOWFALL (IN)
  YESTERDAY        0.0           4.5  2013   0.5   -0.5      4.5
                                      1981
  MONTH TO DATE    4.4                       5.6   -1.2      5.0
  SINCE SEP 1      4.4                       6.0   -1.6      5.0
  SINCE JUL 1      4.4                       6.0   -1.6      5.0
  SNOW DEPTH       0

DEGREE DAYS
 HEATING
  YESTERDAY       15                        27    -12       35
  MONTH TO DATE  564                       532     32      532
  SINCE SEP 1    986                      1123   -137     1048
  SINCE JUL 1    997                      1149   -152     1054

 COOLING
  YESTERDAY        0                         0      0        0
  MONTH TO DATE    0                         0      0        0
  SINCE SEP 1     88                        56     32       69
  SINCE JAN 1    647                       569     78      712
..................................................................


WIND (MPH)
  HIGHEST WIND SPEED    22   HIGHEST WIND DIRECTION    SW (210)
  HIGHEST GUST SPEED    28   HIGHEST GUST DIRECTION    SW (220)
  AVERAGE WIND SPEED     9.4


SKY COVER
  POSSIBLE SUNSHINE  MM
  AVERAGE SKY COVER 0.9


WEATHER CONDITIONS
 THE FOLLOWING WEATHER WAS RECORDED YESTERDAY.
  LIGHT RAIN


RELATIVE HUMIDITY (PERCENT)
 HIGHEST    82           100 AM
 LOWEST     46          1000 PM
 AVERAGE    64

..........................................................


THE SYRACUSE NY CLIMATE NORMALS FOR TODAY
                         NORMAL    RECORD    YEAR
 MAXIMUM TEMPERATURE (F)   45        70      1931
 MINIMUM TEMPERATURE (F)   30         5      1956


SUNRISE AND SUNSET
NOVEMBER 24 2014......SUNRISE   708 AM EST   SUNSET   434 PM EST
NOVEMBER 25 2014......SUNRISE   709 AM EST   SUNSET   433 PM EST


-  INDICATES NEGATIVE NUMBERS.
R  INDICATES RECORD WAS SET OR TIED.
MM INDICATES DATA IS MISSING.
T  INDICATES TRACE AMOUNT.




$$
