000
CDUS41 KBGM 290544
CLISYR


CLIMATE REPORT
NATIONAL WEATHER SERVICE BINGHAMTON NY
143 AM EDT WED MAR 29 2017


...................................

...THE SYRACUSE NY CLIMATE SUMMARY FOR MARCH 28 2017...

CLIMATE NORMAL PERIOD 1981 TO 2010
CLIMATE RECORD PERIOD 1902 TO 2017


WEATHER ITEM   OBSERVED TIME   RECORD YEAR NORMAL DEPARTURE LAST
                VALUE   (LST)  VALUE       VALUE  FROM      YEAR
                                                  NORMAL
..................................................................
TEMPERATURE (F)
 YESTERDAY
  MAXIMUM         52   1148 AM  84    1945  48      4       55
  MINIMUM         39   1159 PM   3    1923  29     10       36
  AVERAGE         46                        39      7       46

PRECIPITATION (IN)
  YESTERDAY        T             1.01 1919   0.10  -0.10     0.27
  MONTH TO DATE    2.74                      2.64   0.10     2.36
  SINCE MAR 1      2.74                      2.64   0.10     2.36
  SINCE JAN 1      9.32                      7.21   2.11     8.88

SNOWFALL (IN)
  YESTERDAY        0.0           5.7  1955   0.4   -0.4      0.0
  MONTH TO DATE   30.7                      17.2   13.5      5.4
  SINCE MAR 1     30.7                      17.2   13.5      5.4
  SINCE JUL 1    134.4                     119.1   15.3     72.2
  SNOW DEPTH       0

DEGREE DAYS
 HEATING
  YESTERDAY       19                        26     -7       19
  MONTH TO DATE  986                       881    105      720
  SINCE MAR 1    986                       881    105      720
  SINCE JUL 1   5255                      5712   -457     4819

 COOLING
  YESTERDAY        0                         0      0        0
  MONTH TO DATE    0                         0      0        0
  SINCE MAR 1      0                         0      0        0
  SINCE JAN 1      0                         0      0        0
..................................................................


WIND (MPH)
  HIGHEST WIND SPEED    16   HIGHEST WIND DIRECTION    NW (320)
  HIGHEST GUST SPEED    20   HIGHEST GUST DIRECTION    NW (310)
  AVERAGE WIND SPEED     6.0


SKY COVER
  POSSIBLE SUNSHINE  MM
  AVERAGE SKY COVER 1.0


WEATHER CONDITIONS
 THE FOLLOWING WEATHER WAS RECORDED YESTERDAY.
  LIGHT RAIN
  FOG


RELATIVE HUMIDITY (PERCENT)
 HIGHEST   100           400 AM
 LOWEST     77          1100 AM
 AVERAGE    89

..........................................................


THE SYRACUSE NY CLIMATE NORMALS FOR TODAY
                         NORMAL    RECORD    YEAR
 MAXIMUM TEMPERATURE (F)   49        82      1946
 MINIMUM TEMPERATURE (F)   30         2      1923


SUNRISE AND SUNSET
MARCH 29 2017.........SUNRISE   651 AM EDT   SUNSET   728 PM EDT
MARCH 30 2017.........SUNRISE   650 AM EDT   SUNSET   729 PM EDT


-  INDICATES NEGATIVE NUMBERS.
R  INDICATES RECORD WAS SET OR TIED.
MM INDICATES DATA IS MISSING.
T  INDICATES TRACE AMOUNT.




$$
