000
CDUS41 KBGM 270538
CLISYR


CLIMATE REPORT
NATIONAL WEATHER SERVICE BINGHAMTON NY
1237 AM EST THU NOV 27 2014


...................................

...THE SYRACUSE NY CLIMATE SUMMARY FOR NOVEMBER 26 2014...

CLIMATE NORMAL PERIOD 1981 TO 2010
CLIMATE RECORD PERIOD 1902 TO 2014


WEATHER ITEM   OBSERVED TIME   RECORD YEAR NORMAL DEPARTURE LAST
                VALUE   (LST)  VALUE       VALUE  FROM      YEAR
                                                  NORMAL
..................................................................
TEMPERATURE (F)
 YESTERDAY
  MAXIMUM         37   1017 AM  67    1979  44     -7       36
  MINIMUM         28   1133 PM   5    1938  30     -2       31
  AVERAGE         33                        37     -4       34

PRECIPITATION (IN)
  YESTERDAY        0.26          1.73 1999   0.12   0.14     0.59
  MONTH TO DATE    2.14                      3.06  -0.92     2.83
  SINCE SEP 1      8.28                     10.19  -1.91     9.94
  SINCE JAN 1     37.32                     34.78   2.54    36.52

SNOWFALL (IN)
  YESTERDAY        2.6           4.7  1977   0.5    2.1      0.7
  MONTH TO DATE    7.0                       7.2   -0.2      9.4
  SINCE SEP 1      7.0                       7.6   -0.6      9.4
  SINCE JUL 1      7.0                       7.6   -0.6      9.4
  SNOW DEPTH       0

DEGREE DAYS
 HEATING
  YESTERDAY       32                        28      4       31
  MONTH TO DATE  622                       615      7      646
  SINCE SEP 1   1044                      1206   -162     1162
  SINCE JUL 1   1055                      1232   -177     1168

 COOLING
  YESTERDAY        0                         0      0        0
  MONTH TO DATE    0                         0      0        0
  SINCE SEP 1     88                        56     32       69
  SINCE JAN 1    647                       569     78      712
..................................................................


WIND (MPH)
  HIGHEST WIND SPEED    12   HIGHEST WIND DIRECTION    NW (300)
  HIGHEST GUST SPEED    14   HIGHEST GUST DIRECTION    NW (310)
  AVERAGE WIND SPEED     6.2


SKY COVER
  POSSIBLE SUNSHINE  MM
  AVERAGE SKY COVER 1.0


WEATHER CONDITIONS
 THE FOLLOWING WEATHER WAS RECORDED YESTERDAY.
  LIGHT SNOW
  FOG


RELATIVE HUMIDITY (PERCENT)
 HIGHEST    92           400 PM
 LOWEST     59          1200 AM
 AVERAGE    76

..........................................................


THE SYRACUSE NY CLIMATE NORMALS FOR TODAY
                         NORMAL    RECORD    YEAR
 MAXIMUM TEMPERATURE (F)   44        68      1988
 MINIMUM TEMPERATURE (F)   29         4      1938


SUNRISE AND SUNSET
NOVEMBER 27 2014......SUNRISE   712 AM EST   SUNSET   432 PM EST
NOVEMBER 28 2014......SUNRISE   713 AM EST   SUNSET   432 PM EST


-  INDICATES NEGATIVE NUMBERS.
R  INDICATES RECORD WAS SET OR TIED.
MM INDICATES DATA IS MISSING.
T  INDICATES TRACE AMOUNT.




$$
