000
CDUS41 KBGM 200535
CLISYR


CLIMATE REPORT
NATIONAL WEATHER SERVICE BINGHAMTON NY
1233 AM EST SAT JAN 20 2018


...................................

...THE SYRACUSE NY CLIMATE SUMMARY FOR JANUARY 19 2018...

CLIMATE NORMAL PERIOD 1981 TO 2010
CLIMATE RECORD PERIOD 1902 TO 2018


WEATHER ITEM   OBSERVED TIME   RECORD YEAR NORMAL DEPARTURE LAST
                VALUE   (LST)  VALUE       VALUE  FROM      YEAR
                                                  NORMAL
..................................................................
TEMPERATURE (F)
 YESTERDAY
  MAXIMUM         38   1159 PM  64    1996  31      7       37
  MINIMUM         14    502 AM -20    1904  15     -1       34
  AVERAGE         26                        23      3       36

PRECIPITATION (IN)
  YESTERDAY        0.00          1.15 1996   0.08  -0.08      T
  MONTH TO DATE    2.74                      1.61   1.13     2.35
  SINCE DEC 1      5.08                      4.83   0.25     5.59
  SINCE JAN 1      2.74                      1.61   1.13     2.35

SNOWFALL (IN)
  YESTERDAY        0.0           7.9  2016   1.2   -1.2      0.0
  MONTH TO DATE   38.1                      20.7   17.4      4.8
  SINCE DEC 1     72.3                      53.4   18.9     42.0
  SINCE JUL 1     77.5                      63.3   14.2     67.4
  SNOW DEPTH       8

DEGREE DAYS
 HEATING
  YESTERDAY       39                        42     -3       29
  MONTH TO DATE  912                       785    127      718
  SINCE DEC 1   2173                      1889    284     1809
  SINCE JUL 1   3370                      3238    132     3003

 COOLING
  YESTERDAY        0                         0      0        0
  MONTH TO DATE    0                         0      0        0
  SINCE DEC 1      0                         0      0        0
  SINCE JAN 1      0                         0      0        0
..................................................................


WIND (MPH)
  HIGHEST WIND SPEED    17   HIGHEST WIND DIRECTION    SW (220)
  HIGHEST GUST SPEED    22   HIGHEST GUST DIRECTION    SW (230)
  AVERAGE WIND SPEED     7.2


SKY COVER
  POSSIBLE SUNSHINE  MM
  AVERAGE SKY COVER 0.6


WEATHER CONDITIONS
 THE FOLLOWING WEATHER WAS RECORDED YESTERDAY.
  NO SIGNIFICANT WEATHER WAS OBSERVED.


RELATIVE HUMIDITY (PERCENT)
 HIGHEST    88           500 AM
 LOWEST     58           500 PM
 AVERAGE    73

..........................................................


THE SYRACUSE NY CLIMATE NORMALS FOR TODAY
                         NORMAL    RECORD    YEAR
 MAXIMUM TEMPERATURE (F)   31        61      1951
 MINIMUM TEMPERATURE (F)   15        -9      1983


SUNRISE AND SUNSET
JANUARY 20 2018.......SUNRISE   730 AM EST   SUNSET   501 PM EST
JANUARY 21 2018.......SUNRISE   730 AM EST   SUNSET   502 PM EST


-  INDICATES NEGATIVE NUMBERS.
R  INDICATES RECORD WAS SET OR TIED.
MM INDICATES DATA IS MISSING.
T  INDICATES TRACE AMOUNT.

$$
