011
CDKA40 PTYA 311600
CLIT11
DAILY CLIMATE REPORT
NATIONAL THU SEP 01 2016
THE YAP FM CLIMATE SUMMARY FOR AUGUST 31 2016
CLIMATE NORMAL PERIOD  1981  TO 2010
CLIMATE RECORD PERIOD  1951  TO 2016
WEATHER ITEM OBSERVED TIME  RECORD YEAR NORMAL DEPARTURE LAST
              VALUE   (LST) VALUE       VALUE    FROM    YEAR
                                                NORMAL
TEMPERATURE   (F)
TODAY
MAXIMUM       93  1445 PM  97  2014     87       6       81
MINIMUM       76  0845 AM  63  1999     78      -2       78
AVERAGE       85                        82       2       79
PRECIPITATION INCHES
TODAY           1.17   164.24  1996  0.46     0.71    0.73
MONTH TO DATE  13.10                15.46    -2.57   21.99
SINCE 01 JUN   29.59                43.70   -14.11   45.45
SINCE JAN 01   46.66                76.55   -29.89   71.00
