000
CDKA40 PTYA 281600
CLIT11
DAILY CLIMATE REPORT
NATIONAL WEATHER SERVICE YAP FM
2AM LST WED MAR 29 2017
THE YAP FM CLIMATE SUMMARY FOR MARCH 28 2017
CLIMATE NORMAL PERIOD  1981  TO 2010
CLIMATE RECORD PERIOD  1951  TO 2017
WEATHER ITEM OBSERVED TIME  RECORD YEAR NORMAL DEPARTURE LAST
              VALUE   (LST) VALUE       VALUE    FROM    YEAR
                                                NORMAL
TEMPERATURE   (F)
YESTERDAY
MAXIMUM       86  1445   97  2014      88      -2       94
MINIMUM       77  0845   63  1999      78      -1       78
AVERAGE       82                       83      -1       86
PRECIPITATION INCHES
YESTERDAY       0.26   164.24/1996    0.17     0.09      0.02
MONTH TO DATE   9.35                  4.85     4.50      0.68
SINCE 01 MAR    9.35                  4.85     4.50      0.68
SINCE JAN 01   41.21                 18.14    23.07      4.68
