000
CDUS45 KPUB 211032
CLITAD


CLIMATE REPORT
NATIONAL WEATHER SERVICE PUEBLO
432 AM MDT SAT OCT 21 2017


...................................

...THE TRINIDAD CO CLIMATE SUMMARY FOR OCTOBER 20 2017...

CLIMATE NORMAL PERIOD 1981 TO 2010
CLIMATE RECORD PERIOD 9999 TO 9999


WEATHER ITEM   OBSERVED TIME   NORMAL DEPARTURE LAST
                VALUE   (LST)  VALUE  FROM      YEAR
                                      NORMAL
......................................................
TEMPERATURE (F)
 YESTERDAY
  MAXIMUM         77    146 PM  67     10       64
  MINIMUM         45    605 AM  35     10       25
  AVERAGE         61            51     10       45

PRECIPITATION (IN)
  YESTERDAY        0.00          0.03  -0.03     0.00
  MONTH TO DATE    0.28          0.55  -0.27      T
  SINCE SEP 1      3.94          1.79   2.15     1.16
  SINCE JAN 1     20.14         12.25   7.89     7.39

DEGREE DAYS
 HEATING
  YESTERDAY        4            14    -10       20
  MONTH TO DATE  157           217    -60      141
  SINCE SEP 1    247           317    -70      186
  SINCE JUL 1    250           327    -77      193

 COOLING
  YESTERDAY        0             0      0        0
  MONTH TO DATE    0             0      0       14
  SINCE SEP 1    111            74     37      144
  SINCE JAN 1    796           716     80      559
......................................................


WIND (MPH)
  HIGHEST WIND SPEED    30   HIGHEST WIND DIRECTION    SW (240)
  HIGHEST GUST SPEED    38   HIGHEST GUST DIRECTION     W (250)
  AVERAGE WIND SPEED    12.2


SKY COVER
  POSSIBLE SUNSHINE  MM
  AVERAGE SKY COVER 0.0


WEATHER CONDITIONS
 THE FOLLOWING WEATHER WAS RECORDED YESTERDAY.
  HAZE


RELATIVE HUMIDITY (PERCENT)
 HIGHEST    65           500 AM
 LOWEST     18           200 PM
 AVERAGE    42

..........................................................




SUNRISE AND SUNSET
OCTOBER 21 2017.......SUNRISE   711 AM MDT   SUNSET   612 PM MDT
OCTOBER 22 2017.......SUNRISE   712 AM MDT   SUNSET   611 PM MDT


-  INDICATES NEGATIVE NUMBERS.
R  INDICATES RECORD WAS SET OR TIED.
MM INDICATES DATA IS MISSING.
T  INDICATES TRACE AMOUNT.




$$
