677
CDUS45 KPUB 271033
CLITAD


CLIMATE REPORT
NATIONAL WEATHER SERVICE PUEBLO
433 AM MDT THU APR 27 2017


...................................

...THE TRINIDAD CO CLIMATE SUMMARY FOR APRIL 26 2017...

CLIMATE NORMAL PERIOD 1981 TO 2010
CLIMATE RECORD PERIOD 9999 TO 9999


WEATHER ITEM   OBSERVED TIME   NORMAL DEPARTURE LAST
                VALUE   (LST)  VALUE  FROM      YEAR
                                      NORMAL
......................................................
TEMPERATURE (F)
 YESTERDAY
  MAXIMUM         57    426 PM  68    -11       62
  MINIMUM         33    524 AM  37     -4       34
  AVERAGE         45            53     -8       48

PRECIPITATION (IN)
  YESTERDAY        0.06          0.05   0.01     0.00
  MONTH TO DATE    2.06          0.97   1.09     1.42
  SINCE MAR 1      3.97          1.86   2.11     1.83
  SINCE JAN 1      5.53          2.75   2.78     2.24

DEGREE DAYS
 HEATING
  YESTERDAY       20            12      8       17
  MONTH TO DATE  316           415    -99      368
  SINCE MAR 1    787          1122   -335     1024
  SINCE JUL 1   4243          5244  -1001     4522

 COOLING
  YESTERDAY        0             0      0        0
  MONTH TO DATE    2             0      2        1
  SINCE MAR 1      3             0      3        1
  SINCE JAN 1      3             0      3        1
......................................................


WIND (MPH)
  HIGHEST WIND SPEED    18   HIGHEST WIND DIRECTION    SE (150)
  HIGHEST GUST SPEED    22   HIGHEST GUST DIRECTION    SE (150)
  AVERAGE WIND SPEED     7.1


SKY COVER
  POSSIBLE SUNSHINE  MM
  AVERAGE SKY COVER 0.5


WEATHER CONDITIONS
 THE FOLLOWING WEATHER WAS RECORDED YESTERDAY.
  LIGHT SNOW
  FOG


RELATIVE HUMIDITY (PERCENT)
 HIGHEST    96           200 AM
 LOWEST     41           200 PM
 AVERAGE    69

..........................................................




SUNRISE AND SUNSET
APRIL 27 2017.........SUNRISE   607 AM MDT   SUNSET   744 PM MDT
APRIL 28 2017.........SUNRISE   606 AM MDT   SUNSET   744 PM MDT


-  INDICATES NEGATIVE NUMBERS.
R  INDICATES RECORD WAS SET OR TIED.
MM INDICATES DATA IS MISSING.
T  INDICATES TRACE AMOUNT.




$$
