000
CDUS44 KBMX 290910
CLITCL


CLIMATE REPORT
NATIONAL WEATHER SERVICE BIRMINGHAM, AL
409 AM CDT SUN MAR 29 2015


...................................

...THE TUSCALOOSA CLIMATE SUMMARY FOR MARCH 28 2015...

CLIMATE NORMAL PERIOD 1994 TO 1994
CLIMATE RECORD PERIOD 1994 TO 2015


WEATHER ITEM   OBSERVED TIME   RECORD YEAR NORMAL DEPARTURE LAST
                VALUE   (LST)  VALUE       VALUE  FROM      YEAR
                                                  NORMAL
..................................................................
TEMPERATURE (F)
 YESTERDAY
  MAXIMUM         51   1143 AM  85    1998  72    -21       67
  MINIMUM         35    617 AM  29    1969  46    -11       57
  AVERAGE         43                        59    -16       62

PRECIPITATION (IN)
  YESTERDAY        T             4.74 1951   0.14  -0.14     1.63
  MONTH TO DATE    3.12                      4.11  -0.99     4.96
  SINCE MAR 1      3.12                      4.11  -0.99     4.96
  SINCE JAN 1     13.87                     14.78  -0.91    12.68

SNOWFALL (IN)
  YESTERDAY        0.0                       0.0    0.0
  MONTH TO DATE    T                         0.3   -0.3
  SINCE MAR 1      T                         0.3   -0.3
  SINCE JUL 1      T                         0.7   -0.7

DEGREE DAYS
 HEATING
  YESTERDAY       22                         7     15
  MONTH TO DATE  206                       273    -67
  SINCE MAR 1    206                       273    -67
  SINCE JUL 1   2501                      2363    138
..................................................................


WIND (MPH)
  HIGHEST WIND SPEED    14   HIGHEST WIND DIRECTION    NW (300)
  HIGHEST GUST SPEED    21   HIGHEST GUST DIRECTION     N (340)
  AVERAGE WIND SPEED     6.1


SKY COVER
  AVERAGE SKY COVER 0.6


WEATHER CONDITIONS
 THE FOLLOWING WEATHER WAS RECORDED YESTERDAY.
  HAZE


RELATIVE HUMIDITY (PERCENT)
 HIGHEST    79          1200 AM
 LOWEST     34          1100 AM
 AVERAGE    57

..........................................................


THE TUSCALOOSA CLIMATE NORMALS FOR TODAY
                         NORMAL    RECORD    YEAR
 MAXIMUM TEMPERATURE (F)   72        87      2007
                                             1998
 MINIMUM TEMPERATURE (F)   46        30      1955


SUNRISE AND SUNSET
MARCH 29 2015.........SUNRISE   643 AM CDT   SUNSET   708 PM CDT
MARCH 30 2015.........SUNRISE   641 AM CDT   SUNSET   709 PM CDT


-  INDICATES NEGATIVE NUMBERS.
R  INDICATES RECORD WAS SET OR TIED.
MM INDICATES DATA IS MISSING.
T  INDICATES TRACE AMOUNT.




$$
