000
CDUS44 KBMX 310709
CLITCL


CLIMATE REPORT
NATIONAL WEATHER SERVICE BIRMINGHAM, AL
208 AM CDT MON AUG 31 2015


...................................

...THE TUSCALOOSA CLIMATE SUMMARY FOR AUGUST 30 2015...

CLIMATE NORMAL PERIOD 1994 TO 1994
CLIMATE RECORD PERIOD 1994 TO 2015


WEATHER ITEM   OBSERVED TIME   RECORD YEAR NORMAL DEPARTURE LAST
                VALUE   (LST)  VALUE       VALUE  FROM      YEAR
                                                  NORMAL
..................................................................
TEMPERATURE (F)
 YESTERDAY
  MAXIMUM         81    435 PM 103    1951  91    -10       93
  MINIMUM         67   1046 PM  54    1968  69     -2       73
  AVERAGE         74                        80     -6       83

PRECIPITATION (IN)
  YESTERDAY        0.15          1.67 1973   0.10   0.05     0.11
  MONTH TO DATE    4.43                      3.20   1.23     2.55
  SINCE JUN 1      9.05                     12.37  -3.32     8.62
  SINCE JAN 1     34.63                     35.77  -1.14    33.66

..................................................................


WIND (MPH)
  HIGHEST WIND SPEED    13   HIGHEST WIND DIRECTION    NE (50)
  HIGHEST GUST SPEED    17   HIGHEST GUST DIRECTION    NE (40)
  AVERAGE WIND SPEED     4.7


SKY COVER
  AVERAGE SKY COVER 0.5


WEATHER CONDITIONS
 THE FOLLOWING WEATHER WAS RECORDED YESTERDAY.
  RAIN
  LIGHT RAIN
  FOG


RELATIVE HUMIDITY (PERCENT)
 HIGHEST    93           200 AM
 LOWEST     67           500 PM
 AVERAGE    80

..........................................................


THE TUSCALOOSA CLIMATE NORMALS FOR TODAY
                         NORMAL    RECORD    YEAR
 MAXIMUM TEMPERATURE (F)   91       104      1951
 MINIMUM TEMPERATURE (F)   69        55      1968


SUNRISE AND SUNSET
AUGUST 31 2015........SUNRISE   624 AM CDT   SUNSET   717 PM CDT
SEPTEMBER  1 2015.....SUNRISE   625 AM CDT   SUNSET   716 PM CDT


-  INDICATES NEGATIVE NUMBERS.
R  INDICATES RECORD WAS SET OR TIED.
MM INDICATES DATA IS MISSING.
T  INDICATES TRACE AMOUNT.




$$
