000
CDUS44 KBMX 300833
CLITCL


CLIMATE REPORT
NATIONAL WEATHER SERVICE BIRMINGHAM, AL
333 AM CDT SAT JUL 30 2016


...................................

...THE TUSCALOOSA CLIMATE SUMMARY FOR JULY 29 2016...

CLIMATE NORMAL PERIOD 1994 TO 1994
CLIMATE RECORD PERIOD 1948 TO 2016


WEATHER ITEM   OBSERVED TIME   RECORD YEAR NORMAL DEPARTURE LAST
                VALUE   (LST)  VALUE       VALUE  FROM      YEAR
                                                  NORMAL
..................................................................
TEMPERATURE (F)
 YESTERDAY
  MAXIMUM         90    420 PM 107    1952  92     -2       96
  MINIMUM         74    558 AM  61    2014  72      2       75
                                      1994
  AVERAGE         82                        82      0       86

PRECIPITATION (IN)
  YESTERDAY        T             2.20 1968   0.13  -0.13     0.74
  MONTH TO DATE    4.14                      4.15  -0.01     2.92
  SINCE JUN 1      8.44                      8.92  -0.48     4.62
  SINCE JAN 1     28.85                     32.32  -3.47    30.20

..................................................................


WIND (MPH)
  HIGHEST WIND SPEED    14   HIGHEST WIND DIRECTION     S (190)
  HIGHEST GUST SPEED    17   HIGHEST GUST DIRECTION     W (250)
  AVERAGE WIND SPEED     4.4


SKY COVER
  AVERAGE SKY COVER 0.2


WEATHER CONDITIONS
 THE FOLLOWING WEATHER WAS RECORDED YESTERDAY.
  NO SIGNIFICANT WEATHER WAS OBSERVED.


RELATIVE HUMIDITY (PERCENT)
 HIGHEST   100          1200 AM
 LOWEST     56           300 PM
 AVERAGE    78

..........................................................


THE TUSCALOOSA CLIMATE NORMALS FOR TODAY
                         NORMAL    RECORD    YEAR
 MAXIMUM TEMPERATURE (F)   92       102      1986
                                             1952
 MINIMUM TEMPERATURE (F)   72        56      2014


SUNRISE AND SUNSET
JULY 30 2016..........SUNRISE   602 AM CDT   SUNSET   751 PM CDT
JULY 31 2016..........SUNRISE   603 AM CDT   SUNSET   750 PM CDT


-  INDICATES NEGATIVE NUMBERS.
R  INDICATES RECORD WAS SET OR TIED.
MM INDICATES DATA IS MISSING.
T  INDICATES TRACE AMOUNT.




$$
