000
CDUS44 KBMX 090836
CLITCL


CLIMATE REPORT
NATIONAL WEATHER SERVICE BIRMINGHAM, AL
236 AM CST FRI DEC 9 2016


...................................

...THE TUSCALOOSA CLIMATE SUMMARY FOR DECEMBER 8 2016...

CLIMATE NORMAL PERIOD 1981 TO 2010
CLIMATE RECORD PERIOD 1948 TO 2016


WEATHER ITEM   OBSERVED TIME   RECORD YEAR NORMAL DEPARTURE LAST
                VALUE   (LST)  VALUE       VALUE  FROM      YEAR
                                                  NORMAL
..................................................................
TEMPERATURE (F)
 YESTERDAY
  MAXIMUM         49    154 PM  80    1978  59    -10       65
  MINIMUM         33   1159 PM  19    2006  37     -4       33
  AVERAGE         41                        48     -7       49

PRECIPITATION (IN)
  YESTERDAY        0.00          2.53 1978   0.16  -0.16     0.00
  MONTH TO DATE    1.85                      1.41   0.44     2.33
  SINCE DEC 1      1.85                      1.41   0.44     2.33
  SINCE JAN 1     36.45                     49.39 -12.94    47.02

SNOWFALL (IN)
  YESTERDAY        0.0                       0.0    0.0
  MONTH TO DATE    0.0                       0.0    0.0
  SINCE DEC 1      0.0                       0.0    0.0
  SINCE JUL 1      0.0                       0.0    0.0

DEGREE DAYS
 HEATING
  YESTERDAY       24                        17      7
  MONTH TO DATE  128                       128      0
  SINCE DEC 1    128                       128      0
  SINCE JUL 1    387                       565   -178
..................................................................


WIND (MPH)
  HIGHEST WIND SPEED    17   HIGHEST WIND DIRECTION    NW (310)
  HIGHEST GUST SPEED    22   HIGHEST GUST DIRECTION     N (10)
  AVERAGE WIND SPEED     9.7


SKY COVER
  AVERAGE SKY COVER 0.2


WEATHER CONDITIONS
 THE FOLLOWING WEATHER WAS RECORDED YESTERDAY.
  NO SIGNIFICANT WEATHER WAS OBSERVED.


RELATIVE HUMIDITY (PERCENT)
 HIGHEST    83          1200 AM
 LOWEST     33           500 PM
 AVERAGE    58

..........................................................


THE TUSCALOOSA CLIMATE NORMALS FOR TODAY
                         NORMAL    RECORD    YEAR
 MAXIMUM TEMPERATURE (F)   59        76      1972
 MINIMUM TEMPERATURE (F)   37        17      2006


SUNRISE AND SUNSET
DECEMBER  9 2016......SUNRISE   643 AM CST   SUNSET   443 PM CST
DECEMBER 10 2016......SUNRISE   643 AM CST   SUNSET   444 PM CST


-  INDICATES NEGATIVE NUMBERS.
R  INDICATES RECORD WAS SET OR TIED.
MM INDICATES DATA IS MISSING.
T  INDICATES TRACE AMOUNT.




$$
