000
CDUS44 KBMX 070746
CLITCL


CLIMATE REPORT
NATIONAL WEATHER SERVICE BIRMINGHAM, AL
244 AM CDT TUE JUL 7 2015


...................................

...THE TUSCALOOSA CLIMATE SUMMARY FOR JULY 6 2015...

CLIMATE NORMAL PERIOD 1994 TO 1994
CLIMATE RECORD PERIOD 1994 TO 2015


WEATHER ITEM   OBSERVED TIME   RECORD YEAR NORMAL DEPARTURE LAST
                VALUE   (LST)  VALUE       VALUE  FROM      YEAR
                                                  NORMAL
..................................................................
TEMPERATURE (F)
 YESTERDAY
  MAXIMUM         87    432 PM 102    2012  92     -5       91
                                      1954
  MINIMUM         66    426 AM  58    1972  71     -5       66
  AVERAGE         77                        81     -4       79

PRECIPITATION (IN)
  YESTERDAY        0.00          1.97 1973   0.15  -0.15     0.00
  MONTH TO DATE    0.68                      0.94  -0.26     0.02
  SINCE JUN 1      2.38                      5.71  -3.33     5.17
  SINCE JAN 1     27.96                     29.11  -1.15    30.21

..................................................................


WIND (MPH)
  HIGHEST WIND SPEED    10   HIGHEST WIND DIRECTION    SW (220)
  HIGHEST GUST SPEED    14   HIGHEST GUST DIRECTION    SW (210)
  AVERAGE WIND SPEED     3.4


SKY COVER
  AVERAGE SKY COVER 0.2


WEATHER CONDITIONS
 THE FOLLOWING WEATHER WAS RECORDED YESTERDAY.
  FOG
  FOG W/VISIBILITY <= 1/4 MILE


RELATIVE HUMIDITY (PERCENT)
 HIGHEST   100           200 AM
 LOWEST     57           200 PM
 AVERAGE    79

..........................................................


THE TUSCALOOSA CLIMATE NORMALS FOR TODAY
                         NORMAL    RECORD    YEAR
 MAXIMUM TEMPERATURE (F)   92       102      1977
 MINIMUM TEMPERATURE (F)   71        58      1972


SUNRISE AND SUNSET
JULY  7 2015..........SUNRISE   548 AM CDT   SUNSET   803 PM CDT
JULY  8 2015..........SUNRISE   548 AM CDT   SUNSET   803 PM CDT


-  INDICATES NEGATIVE NUMBERS.
R  INDICATES RECORD WAS SET OR TIED.
MM INDICATES DATA IS MISSING.
T  INDICATES TRACE AMOUNT.




$$
