000
CDUS44 KBMX 222223
CLITCL


CLIMATE REPORT
NATIONAL WEATHER SERVICE BIRMINGHAM, AL
423 PM CST MON DEC 22 2014


...................................

...THE TUSCALOOSA CLIMATE SUMMARY FOR DECEMBER 22 2014...
VALID AS OF 0400 PM LOCAL TIME.

CLIMATE NORMAL PERIOD 1981 TO 2010
CLIMATE RECORD PERIOD 1948 TO 2014


WEATHER ITEM   OBSERVED TIME   RECORD YEAR NORMAL DEPARTURE LAST
                VALUE   (LST)  VALUE       VALUE  FROM      YEAR
                                                  NORMAL
..................................................................
TEMPERATURE (F)
 TODAY
  MAXIMUM         58    223 PM  76    1990  56      2       73
  MINIMUM         51    737 AM   7    1989  35     16       55
  AVERAGE         55                        46      9       64

PRECIPITATION (IN)
  TODAY            0.04          2.12 1968   0.13  -0.09     1.88
  MONTH TO DATE    1.17                      3.43  -2.26     5.99
  SINCE DEC 1      1.17                      3.43  -2.26     5.99
  SINCE JAN 1     44.04                     51.41  -7.37    49.82

SNOWFALL (IN)
  TODAY            0.0                       0.0    0.0
  MONTH TO DATE    0.0                       0.0    0.0
  SINCE DEC 1      0.0                       0.0    0.0
  SINCE JUL 1      0.0                       0.0    0.0
  SNOW DEPTH       0

..................................................................


WIND (MPH)
  HIGHEST WIND SPEED    12   HIGHEST WIND DIRECTION    SE (130)
  HIGHEST GUST SPEED    17   HIGHEST GUST DIRECTION    SE (150)
  AVERAGE WIND SPEED     5.8


SKY COVER
  AVERAGE SKY COVER 1.0


WEATHER CONDITIONS
 THE FOLLOWING WEATHER WAS RECORDED TODAY.
  FOG


RELATIVE HUMIDITY (PERCENT)
 HIGHEST    96           500 AM
 LOWEST     80           100 PM
 AVERAGE    88

..........................................................


THE TUSCALOOSA CLIMATE NORMALS FOR TOMORROW
                         NORMAL    RECORD    YEAR
 MAXIMUM TEMPERATURE (F)   56        75      1964
                                             1955
 MINIMUM TEMPERATURE (F)   35         2      1989


SUNRISE AND SUNSET
DECEMBER 22 2014......SUNRISE   650 AM CST   SUNSET   448 PM CST
DECEMBER 23 2014......SUNRISE   651 AM CST   SUNSET   448 PM CST


-  INDICATES NEGATIVE NUMBERS.
R  INDICATES RECORD WAS SET OR TIED.
MM INDICATES DATA IS MISSING.
T  INDICATES TRACE AMOUNT.




$$
