000
CDUS44 KBMX 250624
CLITCL


CLIMATE REPORT
NATIONAL WEATHER SERVICE BIRMINGHAM, AL
123 AM CDT WED MAY 25 2016


...................................

...THE TUSCALOOSA CLIMATE SUMMARY FOR MAY 24 2016...

CLIMATE NORMAL PERIOD 1994 TO 1994
CLIMATE RECORD PERIOD 1948 TO 2016


WEATHER ITEM   OBSERVED TIME   RECORD YEAR NORMAL DEPARTURE LAST
                VALUE   (LST)  VALUE       VALUE  FROM      YEAR
                                                  NORMAL
..................................................................
TEMPERATURE (F)
 YESTERDAY
  MAXIMUM         88        MM  97    1996  85      3       87
  MINIMUM         55        MM  50    2002  62     -7       69
  AVERAGE         72                        74     -2       78

PRECIPITATION (IN)
  YESTERDAY        0.00          1.58 1957   0.13  -0.13     0.15
  MONTH TO DATE    0.69                      3.08  -2.39     0.60
  SINCE MAR 1     10.80                     11.83  -1.03    13.11
  SINCE JAN 1     20.40                     22.50  -2.10    23.86

..................................................................


WIND (MPH)
  HIGHEST WIND SPEED     9   HIGHEST WIND DIRECTION     S (180)
  HIGHEST GUST SPEED    17   HIGHEST GUST DIRECTION    SE (150)
  AVERAGE WIND SPEED     3.3


SKY COVER
  AVERAGE SKY COVER 0.0


WEATHER CONDITIONS
 THE FOLLOWING WEATHER WAS RECORDED YESTERDAY.
  FOG
  HAZE


RELATIVE HUMIDITY (PERCENT)
 HIGHEST   100           300 AM
 LOWEST     32          1200 PM
 AVERAGE    66

..........................................................


THE TUSCALOOSA CLIMATE NORMALS FOR TODAY
                         NORMAL    RECORD    YEAR
 MAXIMUM TEMPERATURE (F)   85        95      1958
                                             1953
 MINIMUM TEMPERATURE (F)   63        51      1979


SUNRISE AND SUNSET
MAY 25 2016...........SUNRISE   545 AM CDT   SUNSET   751 PM CDT
MAY 26 2016...........SUNRISE   544 AM CDT   SUNSET   751 PM CDT


-  INDICATES NEGATIVE NUMBERS.
R  INDICATES RECORD WAS SET OR TIED.
MM INDICATES DATA IS MISSING.
T  INDICATES TRACE AMOUNT.




$$
