000
CDUS44 KBMX 170839
CLITCL


CLIMATE REPORT
NATIONAL WEATHER SERVICE BIRMINGHAM, AL
239 AM CST SAT FEB 17 2018


...................................

...THE TUSCALOOSA CLIMATE SUMMARY FOR FEBRUARY 16 2018...

CLIMATE NORMAL PERIOD 1981 TO 2010
CLIMATE RECORD PERIOD 1948 TO 2018


WEATHER ITEM   OBSERVED TIME   RECORD YEAR NORMAL DEPARTURE LAST
                VALUE   (LST)  VALUE       VALUE  FROM      YEAR
                                                  NORMAL
..................................................................
TEMPERATURE (F)
 YESTERDAY
  MAXIMUM         72   1240 PM  80    1975  60     12       63
  MINIMUM         53   1159 PM  14    1991  38     15       30
  AVERAGE         63                        49     14       47

PRECIPITATION (IN)
  YESTERDAY        0.02          1.86 1982   0.20  -0.18     0.00
  MONTH TO DATE    7.31                      3.03   4.28     3.04
  SINCE DEC 1     11.40                     13.00  -1.60    13.15
  SINCE JAN 1      9.03                      8.38   0.65    10.24

SNOWFALL (IN)
  YESTERDAY        0.0                       0.0    0.0
  MONTH TO DATE    0.0                       0.0    0.0
  SINCE DEC 1      0.0                       0.3   -0.3
  SINCE JUL 1      0.0                       0.3   -0.3

DEGREE DAYS
 HEATING
  YESTERDAY        2                        16    -14
  MONTH TO DATE  197                       285    -88
  SINCE DEC 1   1492                      1480     12
  SINCE JUL 1   1876                      1917    -41
..................................................................


WIND (MPH)
  HIGHEST WIND SPEED    20   HIGHEST WIND DIRECTION    SW (230)
  HIGHEST GUST SPEED    24   HIGHEST GUST DIRECTION    SW (230)
  AVERAGE WIND SPEED    10.2


SKY COVER
  AVERAGE SKY COVER 0.7


WEATHER CONDITIONS
 THE FOLLOWING WEATHER WAS RECORDED YESTERDAY.
  LIGHT RAIN
  FOG
  HAZE


RELATIVE HUMIDITY (PERCENT)
 HIGHEST   100           100 AM
 LOWEST     78          1000 AM
 AVERAGE    89

..........................................................


THE TUSCALOOSA CLIMATE NORMALS FOR TODAY
                         NORMAL    RECORD    YEAR
 MAXIMUM TEMPERATURE (F)   61        78      1956
 MINIMUM TEMPERATURE (F)   38         9      1958


SUNRISE AND SUNSET
FEBRUARY 17 2018......SUNRISE   632 AM CST   SUNSET   537 PM CST
FEBRUARY 18 2018......SUNRISE   631 AM CST   SUNSET   538 PM CST


-  INDICATES NEGATIVE NUMBERS.
R  INDICATES RECORD WAS SET OR TIED.
MM INDICATES DATA IS MISSING.
T  INDICATES TRACE AMOUNT.




$$
