000
CDUS44 KBMX 061157
CLITCL


CLIMATE REPORT
NATIONAL WEATHER SERVICE BIRMINGHAM, AL
557 AM CST SAT FEB 6 2016


...................................

...THE TUSCALOOSA CLIMATE SUMMARY FOR FEBRUARY 5 2016...

CLIMATE NORMAL PERIOD 1994 TO 1994
CLIMATE RECORD PERIOD 1948 TO 2016


WEATHER ITEM   OBSERVED TIME   RECORD YEAR NORMAL DEPARTURE LAST
                VALUE   (LST)  VALUE       VALUE  FROM      YEAR
                                                  NORMAL
..................................................................
TEMPERATURE (F)
 YESTERDAY
  MAXIMUM         53    341 PM  81    2008  58     -5       52
  MINIMUM         26    712 AM   8    1996  35     -9       27
  AVERAGE         40                        46     -6       40

PRECIPITATION (IN)
  YESTERDAY        0.00          3.38 2004   0.18  -0.18     0.00
  MONTH TO DATE    1.35                      0.91   0.44     0.29
  SINCE DEC 1     13.76                     10.88   2.88    13.46
  SINCE JAN 1      5.49                      6.26  -0.77     6.46

SNOWFALL (IN)
  YESTERDAY        0.0                       0.0    0.0
  MONTH TO DATE    0.0                       0.0    0.0
  SINCE DEC 1      T                         0.3   -0.3
  SINCE JUL 1      T                         0.3   -0.3

DEGREE DAYS
 HEATING
  YESTERDAY       25                        19      6
  MONTH TO DATE   56                        95    -39
  SINCE DEC 1   1035                      1290   -255
  SINCE JUL 1   1298                      1727   -429
..................................................................


WIND (MPH)
  HIGHEST WIND SPEED    13   HIGHEST WIND DIRECTION    NE (50)
  HIGHEST GUST SPEED    18   HIGHEST GUST DIRECTION    NE (30)
  AVERAGE WIND SPEED     2.7


SKY COVER
  AVERAGE SKY COVER 0.0


WEATHER CONDITIONS
 THE FOLLOWING WEATHER WAS RECORDED YESTERDAY.
  NO SIGNIFICANT WEATHER WAS OBSERVED.


RELATIVE HUMIDITY (PERCENT)
 HIGHEST    84           700 AM
 LOWEST     21           400 PM
 AVERAGE    53

..........................................................


THE TUSCALOOSA CLIMATE NORMALS FOR TODAY
                         NORMAL    RECORD    YEAR
 MAXIMUM TEMPERATURE (F)   58        77      1999
 MINIMUM TEMPERATURE (F)   35        18      1988


SUNRISE AND SUNSET
FEBRUARY  6 2016......SUNRISE   643 AM CST   SUNSET   527 PM CST
FEBRUARY  7 2016......SUNRISE   642 AM CST   SUNSET   528 PM CST


-  INDICATES NEGATIVE NUMBERS.
R  INDICATES RECORD WAS SET OR TIED.
MM INDICATES DATA IS MISSING.
T  INDICATES TRACE AMOUNT.




$$
