000
CDUS44 KBMX 240736
CLITCL


CLIMATE REPORT
NATIONAL WEATHER SERVICE BIRMINGHAM, AL
235 AM CDT SAT JUN 24 2017


...................................

...THE TUSCALOOSA CLIMATE SUMMARY FOR JUNE 23 2017...

CLIMATE NORMAL PERIOD 1981 TO 2010
CLIMATE RECORD PERIOD 1948 TO 2017


WEATHER ITEM   OBSERVED TIME   RECORD YEAR NORMAL DEPARTURE LAST
                VALUE   (LST)  VALUE       VALUE  FROM      YEAR
                                                  NORMAL
..................................................................
TEMPERATURE (F)
 YESTERDAY
  MAXIMUM         87   1112 AM 102    2012  91     -4       92
  MINIMUM         73   1159 PM  52    1972  69      4       72
  AVERAGE         80                        80      0       82

PRECIPITATION (IN)
  YESTERDAY        1.72R         1.25 1979   0.17   1.55     0.00
  MONTH TO DATE   11.54                      3.59   7.95     4.30
  SINCE JUN 1     11.54                      3.59   7.95     4.30
  SINCE JAN 1     37.53                     26.99  10.54    24.71

..................................................................


WIND (MPH)
  HIGHEST WIND SPEED    22   HIGHEST WIND DIRECTION     S (180)
  HIGHEST GUST SPEED    30   HIGHEST GUST DIRECTION     S (180)
  AVERAGE WIND SPEED    10.0


SKY COVER
  AVERAGE SKY COVER 0.8


WEATHER CONDITIONS
 THE FOLLOWING WEATHER WAS RECORDED YESTERDAY.
  THUNDERSTORM
  HEAVY RAIN
  RAIN
  LIGHT RAIN
  FOG
  HAZE


RELATIVE HUMIDITY (PERCENT)
 HIGHEST   100           200 AM
 LOWEST     77          1100 AM
 AVERAGE    89

..........................................................


THE TUSCALOOSA CLIMATE NORMALS FOR TODAY
                         NORMAL    RECORD    YEAR
 MAXIMUM TEMPERATURE (F)   91       103      2012
 MINIMUM TEMPERATURE (F)   69        57      1972


SUNRISE AND SUNSET
JUNE 24 2017..........SUNRISE   543 AM CDT   SUNSET   803 PM CDT
JUNE 25 2017..........SUNRISE   543 AM CDT   SUNSET   804 PM CDT


-  INDICATES NEGATIVE NUMBERS.
R  INDICATES RECORD WAS SET OR TIED.
MM INDICATES DATA IS MISSING.
T  INDICATES TRACE AMOUNT.




$$
