000
CDUS44 KBMX 020016
CLITCL


CLIMATE REPORT
NATIONAL WEATHER SERVICE BIRMINGHAM, AL
715 PM CDT FRI AUG 1 2014


...................................

...THE TUSCALOOSA CLIMATE SUMMARY FOR AUGUST 1 2014...
VALID TODAY AS OF 0700 PM LOCAL TIME.

CLIMATE NORMAL PERIOD 1981 TO 2010
CLIMATE RECORD PERIOD 1948 TO 2014


WEATHER ITEM   OBSERVED TIME   RECORD YEAR NORMAL DEPARTURE LAST
                VALUE   (LST)  VALUE       VALUE  FROM      YEAR
                                                  NORMAL
..................................................................
TEMPERATURE (F)
 TODAY
  MAXIMUM         91    139 PM 102    2010  92     -1       91
  MINIMUM         67    108 AM  63    1997  72     -5       73
  AVERAGE         79                        82     -3       82

PRECIPITATION (IN)
  TODAY            T             2.11 1988   0.12  -0.12     0.23
  MONTH TO DATE    T                         0.12  -0.12     0.23
  SINCE JUN 1      6.07                      9.29  -3.22    13.07
  SINCE JAN 1     31.11                     32.69  -1.58    35.03

DEGREE DAYS
 COOLING
  TODAY           14                        17     -3
  MONTH TO DATE   14                        17     -3
  SINCE JUN 1    889                       938    -49
  SINCE JAN 1   1179                      1249    -70
..................................................................


WIND (MPH)
  HIGHEST WIND SPEED    12   HIGHEST WIND DIRECTION     N (20)
  HIGHEST GUST SPEED    17   HIGHEST GUST DIRECTION    NE (30)
  AVERAGE WIND SPEED     3.5


SKY COVER
  AVERAGE SKY COVER 0.2


WEATHER CONDITIONS
 THE FOLLOWING WEATHER WAS RECORDED TODAY.
  NO SIGNIFICANT WEATHER WAS OBSERVED.


RELATIVE HUMIDITY (PERCENT)
 HIGHEST    87          1200 AM
 LOWEST     46           200 PM
 AVERAGE    67

..........................................................


THE TUSCALOOSA CLIMATE NORMALS FOR TOMORROW
                         NORMAL    RECORD    YEAR
 MAXIMUM TEMPERATURE (F)   92       100      2011
                                             2010
                                             1957
 MINIMUM TEMPERATURE (F)   72        63      1965


SUNRISE AND SUNSET
AUGUST  1 2014........SUNRISE   603 AM CDT   SUNSET   750 PM CDT
AUGUST  2 2014........SUNRISE   604 AM CDT   SUNSET   749 PM CDT


-  INDICATES NEGATIVE NUMBERS.
R  INDICATES RECORD WAS SET OR TIED.
MM INDICATES DATA IS MISSING.
T  INDICATES TRACE AMOUNT.




$$
