000
CDUS44 KBMX 212139
CLITCL


CLIMATE REPORT
NATIONAL WEATHER SERVICE BIRMINGHAM, AL
438 PM CDT SAT OCT 21 2017


...................................

...THE TUSCALOOSA CLIMATE SUMMARY FOR OCTOBER 21 2017...
VALID TODAY AS OF 0400 PM LOCAL TIME.

CLIMATE NORMAL PERIOD 1981 TO 2010
CLIMATE RECORD PERIOD 1948 TO 2017


WEATHER ITEM   OBSERVED TIME   RECORD YEAR NORMAL DEPARTURE LAST
                VALUE   (LST)  VALUE       VALUE  FROM      YEAR
                                                  NORMAL
..................................................................
TEMPERATURE (F)
 TODAY
  MAXIMUM         82   1232 PM  90    1953  76      6       72
  MINIMUM         52    425 AM  30    1976  50      2       51
  AVERAGE         67                        63      4       62

PRECIPITATION (IN)
  TODAY            0.00          2.20 1956   0.12  -0.12     0.00
  MONTH TO DATE    2.67                      2.41   0.26      T
  SINCE SEP 1      4.30                      5.93  -1.63     0.33
  SINCE JAN 1     52.59                     41.80  10.79    32.07

SNOWFALL (IN)
  TODAY            0.0                       0.0    0.0
  MONTH TO DATE    0.0                       0.0    0.0
  SINCE SEP 1      0.0                       0.0    0.0
  SINCE JUL 1      0.0                       0.0    0.0
  SNOW DEPTH       0

DEGREE DAYS

 COOLING
  TODAY            2                         2      0
  MONTH TO DATE  154                        78     76
  SINCE SEP 1    471                       398     73
  SINCE JAN 1   2246                      2135    111
..................................................................


WIND (MPH)
  HIGHEST WIND SPEED    14   HIGHEST WIND DIRECTION    SE (150)
  HIGHEST GUST SPEED    20   HIGHEST GUST DIRECTION     E (110)
  AVERAGE WIND SPEED     5.0


SKY COVER
  AVERAGE SKY COVER 0.1


WEATHER CONDITIONS
 THE FOLLOWING WEATHER WAS RECORDED TODAY.
  NO SIGNIFICANT WEATHER WAS OBSERVED.


RELATIVE HUMIDITY (PERCENT)
 HIGHEST   100           200 AM
 LOWEST     54           200 PM
 AVERAGE    77

..........................................................


THE TUSCALOOSA CLIMATE NORMALS FOR TOMORROW
                         NORMAL    RECORD    YEAR
 MAXIMUM TEMPERATURE (F)   75        91      1953
 MINIMUM TEMPERATURE (F)   50        30      1987


SUNRISE AND SUNSET
OCTOBER 21 2017.......SUNRISE   700 AM CDT   SUNSET   610 PM CDT
OCTOBER 22 2017.......SUNRISE   701 AM CDT   SUNSET   609 PM CDT


-  INDICATES NEGATIVE NUMBERS.
R  INDICATES RECORD WAS SET OR TIED.
MM INDICATES DATA IS MISSING.
T  INDICATES TRACE AMOUNT.




$$
