000
CDUS42 KTAE 300632
CLITLH


CLIMATE REPORT
NATIONAL WEATHER SERVICE TALLAHASSEE FL
232 AM EDT MON MAR 30 2015


...................................

...THE TALLAHASSEE CLIMATE SUMMARY FOR MARCH 29 2015...

CLIMATE NORMAL PERIOD 1981 TO 2010
CLIMATE RECORD PERIOD 1896 TO 2015


WEATHER ITEM   OBSERVED TIME   RECORD YEAR NORMAL DEPARTURE LAST
                VALUE   (LST)  VALUE       VALUE  FROM      YEAR
                                                  NORMAL
..................................................................
TEMPERATURE (F)
 YESTERDAY
  MAXIMUM         71    447 PM  89    2007  76     -5       82
  MINIMUM         41    243 AM  32    1955  49     -8       60
  AVERAGE         56                        63     -7       71

PRECIPITATION (IN)
  YESTERDAY        0.00          2.11 1987   0.17  -0.17     0.17
  MONTH TO DATE    3.12                      5.61  -2.49    10.23
  SINCE MAR 1      3.12                      5.61  -2.49    10.23
  SINCE JAN 1     12.31                     14.80  -2.49    18.28

SNOWFALL (IN)
  YESTERDAY        0.0                       0.0    0.0

DEGREE DAYS
 HEATING
  YESTERDAY        9                                5
  MONTH TO DATE   71                             -101
  SINCE MAR 1     71                             -101
  SINCE JUL 1   1437                              -78

 COOLING
  YESTERDAY        0                               -2
  MONTH TO DATE  113                               79
  SINCE MAR 1    113                               79
  SINCE JAN 1    120                               72
..................................................................


WIND (MPH)
  HIGHEST WIND SPEED    13   HIGHEST WIND DIRECTION     E (80)
  HIGHEST GUST SPEED    17   HIGHEST GUST DIRECTION     N (20)
  AVERAGE WIND SPEED     3.9




RELATIVE HUMIDITY (PERCENT)
 HIGHEST    77
 LOWEST     25
 AVERAGE    51

..........................................................


THE TALLAHASSEE CLIMATE NORMALS FOR TODAY
                         NORMAL    RECORD    YEAR
 MAXIMUM TEMPERATURE (F)   77        88      1946
                                             1929
 MINIMUM TEMPERATURE (F)   49        31      1964


SUNRISE AND SUNSET
MARCH 30 2015.........SUNRISE   729 AM EDT   SUNSET   755 PM EDT
MARCH 31 2015.........SUNRISE   728 AM EDT   SUNSET   756 PM EDT


-  INDICATES NEGATIVE NUMBERS.
R  INDICATES RECORD WAS SET OR TIED.
MM INDICATES DATA IS MISSING.
T  INDICATES TRACE AMOUNT.




$$
