000
CDUS42 KTAE 230631
CLITLH


CLIMATE REPORT
NATIONAL WEATHER SERVICE TALLAHASSEE FL
230 AM EDT FRI JUN 23 2017


...................................

...THE TALLAHASSEE CLIMATE SUMMARY FOR JUNE 22 2017...

CLIMATE NORMAL PERIOD 1981 TO 2010
CLIMATE RECORD PERIOD 1896 TO 2017


WEATHER ITEM   OBSERVED TIME   RECORD YEAR NORMAL DEPARTURE LAST
                VALUE   (LST)  VALUE       VALUE  FROM      YEAR
                                                  NORMAL
..................................................................
TEMPERATURE (F)
 YESTERDAY
  MAXIMUM         90    325 PM 103    2009  92     -2       94
  MINIMUM         74    608 AM  64    1965  71      3       67
  AVERAGE         82                        81      1       81

PRECIPITATION (IN)
  YESTERDAY        0.00          2.60 1911   0.29  -0.29     0.00
  MONTH TO DATE   11.74                      5.56   6.18     4.80
  SINCE JUN 1     11.74                      5.56   6.18     4.80
  SINCE JAN 1     31.54                     27.22   4.32    28.20

SNOWFALL (IN)
  YESTERDAY        0.0                       0.0    0.0

DEGREE DAYS
 HEATING
  YESTERDAY        0                                0
  MONTH TO DATE    0                                0
  SINCE JUN 1      0                                0
  SINCE JUL 1    805                             -790

 COOLING
  YESTERDAY       17                                1
  MONTH TO DATE  303                              -23
  SINCE JUN 1    303                              -23
  SINCE JAN 1    930                              158
..................................................................


WIND (MPH)
  HIGHEST WIND SPEED    17   HIGHEST WIND DIRECTION     S (160)
  HIGHEST GUST SPEED    25   HIGHEST GUST DIRECTION     S (180)
  AVERAGE WIND SPEED     8.2




RELATIVE HUMIDITY (PERCENT)
 HIGHEST   100
 LOWEST     63
 AVERAGE    82

..........................................................


THE TALLAHASSEE CLIMATE NORMALS FOR TODAY
                         NORMAL    RECORD    YEAR
 MAXIMUM TEMPERATURE (F)   92       101      1998
 MINIMUM TEMPERATURE (F)   71        62      1972


SUNRISE AND SUNSET
JUNE 23 2017..........SUNRISE   637 AM EDT   SUNSET   843 PM EDT
JUNE 24 2017..........SUNRISE   637 AM EDT   SUNSET   843 PM EDT


-  INDICATES NEGATIVE NUMBERS.
R  INDICATES RECORD WAS SET OR TIED.
MM INDICATES DATA IS MISSING.
T  INDICATES TRACE AMOUNT.




$$
