000
CDUS42 KTAE 230640
CLITLH


CLIMATE REPORT
NATIONAL WEATHER SERVICE TALLAHASSEE FL
239 AM EDT WED JUL 23 2014


...................................

...THE TALLAHASSEE CLIMATE SUMMARY FOR JULY 22 2014...

CLIMATE NORMAL PERIOD 1981 TO 2010
CLIMATE RECORD PERIOD 1896 TO 2014


WEATHER ITEM   OBSERVED TIME   RECORD YEAR NORMAL DEPARTURE LAST
                VALUE   (LST)  VALUE       VALUE  FROM      YEAR
                                                  NORMAL
..................................................................
TEMPERATURE (F)
 YESTERDAY
  MAXIMUM         92    351 PM 100    1942  92      0
  MINIMUM         72    506 AM  64    2009  72      0
                                      1929
  AVERAGE         82                        82      0

PRECIPITATION (IN)
  YESTERDAY        0.04          7.64 1970   0.22  -0.18     0.76
  MONTH TO DATE    1.32                      5.00  -3.68    10.65
  SINCE JUN 1      5.72                     12.73  -7.01    17.97
  SINCE JAN 1     37.81                     34.39   3.42    40.36

SNOWFALL (IN)
  YESTERDAY        0.0                       0.0    0.0

DEGREE DAYS
 HEATING
  YESTERDAY        0                                0
  MONTH TO DATE    0                                0
  SINCE JUN 1      0                                0
  SINCE JUL 1      0                                0

 COOLING
  YESTERDAY       17                                0
  MONTH TO DATE  380                                6
  SINCE JUN 1    901                               70
  SINCE JAN 1   1390                              113
..................................................................


WIND (MPH)
  HIGHEST WIND SPEED    13   HIGHEST WIND DIRECTION     W (250)
  HIGHEST GUST SPEED    16   HIGHEST GUST DIRECTION    SE (130)
  AVERAGE WIND SPEED     2.4




RELATIVE HUMIDITY (PERCENT)
 HIGHEST    97
 LOWEST     44
 AVERAGE    71

..........................................................


THE TALLAHASSEE CLIMATE NORMALS FOR TODAY
                         NORMAL    RECORD    YEAR
 MAXIMUM TEMPERATURE (F)   92       100      1932
 MINIMUM TEMPERATURE (F)   72        64      1947


SUNRISE AND SUNSET
JULY 23 2014..........SUNRISE   650 AM EDT   SUNSET   837 PM EDT
JULY 24 2014..........SUNRISE   651 AM EDT   SUNSET   837 PM EDT


-  INDICATES NEGATIVE NUMBERS.
R  INDICATES RECORD WAS SET OR TIED.
MM INDICATES DATA IS MISSING.
T  INDICATES TRACE AMOUNT.




$$
