000
CDUS42 KTAE 190702
CLITLH


CLIMATE REPORT
NATIONAL WEATHER SERVICE TALLAHASSEE FL
154 AM EST FRI DEC 19 2014


...................................

...THE TALLAHASSEE CLIMATE SUMMARY FOR DECEMBER 18 2014...

CLIMATE NORMAL PERIOD 1981 TO 2010
CLIMATE RECORD PERIOD 1896 TO 2014


WEATHER ITEM   OBSERVED TIME   RECORD YEAR NORMAL DEPARTURE LAST
                VALUE   (LST)  VALUE       VALUE  FROM      YEAR
                                                  NORMAL
..................................................................
TEMPERATURE (F)
 YESTERDAY
  MAXIMUM         64    349 PM  82    1967  65     -1
                                      1931
  MINIMUM         38    547 AM  18    1988  41     -3
  AVERAGE         51                        53     -2

PRECIPITATION (IN)
  YESTERDAY        0.00          1.27 1961   0.12  -0.12     0.00
  MONTH TO DATE    0.09                      2.29  -2.20     2.40
  SINCE DEC 1      0.09                      2.29  -2.20     2.40
  SINCE JAN 1     59.78                     57.62   2.16    64.28

SNOWFALL (IN)
  YESTERDAY        0.0                       0.0    0.0

DEGREE DAYS
 HEATING
  YESTERDAY       14                                1
  MONTH TO DATE  171                              -32
  SINCE DEC 1    171                              -32
  SINCE JUL 1    522                               83

 COOLING
  YESTERDAY        0                                0
  MONTH TO DATE    9                                1
  SINCE DEC 1      9                                1
  SINCE JAN 1   2801                              213
..................................................................


WIND (MPH)
  HIGHEST WIND SPEED     7   HIGHEST WIND DIRECTION     W (270)
  HIGHEST GUST SPEED    11   HIGHEST GUST DIRECTION    NW (310)
  AVERAGE WIND SPEED     1.4




RELATIVE HUMIDITY (PERCENT)
 HIGHEST    86
 LOWEST     43
 AVERAGE    65

..........................................................


THE TALLAHASSEE CLIMATE NORMALS FOR TODAY
                         NORMAL    RECORD    YEAR
 MAXIMUM TEMPERATURE (F)   65        80      1967
 MINIMUM TEMPERATURE (F)   41        19      1988


SUNRISE AND SUNSET
DECEMBER 19 2014......SUNRISE   729 AM EST   SUNSET   540 PM EST
DECEMBER 20 2014......SUNRISE   730 AM EST   SUNSET   541 PM EST


-  INDICATES NEGATIVE NUMBERS.
R  INDICATES RECORD WAS SET OR TIED.
MM INDICATES DATA IS MISSING.
T  INDICATES TRACE AMOUNT.




$$
