000
CDUS42 KTAE 270633
CLITLH


CLIMATE REPORT
NATIONAL WEATHER SERVICE TALLAHASSEE FL
231 AM EDT MON MAR 27 2017


...................................

...THE TALLAHASSEE CLIMATE SUMMARY FOR MARCH 26 2017...

CLIMATE NORMAL PERIOD 1981 TO 2010
CLIMATE RECORD PERIOD 1896 TO 2017


WEATHER ITEM   OBSERVED TIME   RECORD YEAR NORMAL DEPARTURE LAST
                VALUE   (LST)  VALUE       VALUE  FROM      YEAR
                                                  NORMAL
..................................................................
TEMPERATURE (F)
 YESTERDAY
  MAXIMUM         82    433 PM  90    1929  76      6       71
  MINIMUM         59    101 AM  28    1979  49     10       64
  AVERAGE         71                        62      9       68

PRECIPITATION (IN)
  YESTERDAY        T             2.05 1926   0.17  -0.17     1.14
  MONTH TO DATE    1.05                      5.11  -4.06     4.39
  SINCE MAR 1      1.05                      5.11  -4.06     4.39
  SINCE JAN 1     10.98                     14.30  -3.32    13.09

SNOWFALL (IN)
  YESTERDAY        0.0                       0.0    0.0

DEGREE DAYS
 HEATING
  YESTERDAY        0                               -4
  MONTH TO DATE  128                              -32
  SINCE MAR 1    128                              -32
  SINCE JUL 1    776                             -727

 COOLING
  YESTERDAY        6                                4
  MONTH TO DATE   46                               18
  SINCE MAR 1     46                               18
  SINCE JAN 1    106                               64
..................................................................


WIND (MPH)
  HIGHEST WIND SPEED    15   HIGHEST WIND DIRECTION     S (190)
  HIGHEST GUST SPEED    22   HIGHEST GUST DIRECTION     S (170)
  AVERAGE WIND SPEED     6.6




RELATIVE HUMIDITY (PERCENT)
 HIGHEST    93
 LOWEST     48
 AVERAGE    71

..........................................................


THE TALLAHASSEE CLIMATE NORMALS FOR TODAY
                         NORMAL    RECORD    YEAR
 MAXIMUM TEMPERATURE (F)   76        91      1929
 MINIMUM TEMPERATURE (F)   49        28      1969


SUNRISE AND SUNSET
MARCH 27 2017.........SUNRISE   732 AM EDT   SUNSET   753 PM EDT
MARCH 28 2017.........SUNRISE   731 AM EDT   SUNSET   754 PM EDT


-  INDICATES NEGATIVE NUMBERS.
R  INDICATES RECORD WAS SET OR TIED.
MM INDICATES DATA IS MISSING.
T  INDICATES TRACE AMOUNT.


$$
