000
CDUS42 KTAE 280631
CLITLH


CLIMATE REPORT
NATIONAL WEATHER SERVICE TALLAHASSEE FL
130 AM EST WED JAN 28 2015


...................................

...THE TALLAHASSEE CLIMATE SUMMARY FOR JANUARY 27 2015...

CLIMATE NORMAL PERIOD 1981 TO 2010
CLIMATE RECORD PERIOD 1896 TO 2015


WEATHER ITEM   OBSERVED TIME   RECORD YEAR NORMAL DEPARTURE LAST
                VALUE   (LST)  VALUE       VALUE  FROM      YEAR
                                                  NORMAL
..................................................................
TEMPERATURE (F)
 YESTERDAY
  MAXIMUM         67    230 PM  80    1974  64      3
                                      1950
  MINIMUM         33    722 AM  15    1940  39     -6
  AVERAGE         50                        52     -2

PRECIPITATION (IN)
  YESTERDAY        0.00          1.63 1948   0.15  -0.15     0.13
  MONTH TO DATE    4.76                      3.70   1.06     3.17
  SINCE DEC 1     13.54                      7.60   5.94     8.06
  SINCE JAN 1      4.76                      3.70   1.06     3.17

SNOWFALL (IN)
  YESTERDAY        0.0                       0.0    0.0

DEGREE DAYS
 HEATING
  YESTERDAY       15                                2
  MONTH TO DATE  320                              -56
  SINCE DEC 1    570                             -185
  SINCE JUL 1    921                              -70

 COOLING
  YESTERDAY        0                                0
  MONTH TO DATE    7                                7
  SINCE DEC 1     20                                7
  SINCE JAN 1      7                                7
..................................................................


WIND (MPH)
  HIGHEST WIND SPEED    22   HIGHEST WIND DIRECTION    NW (320)
  HIGHEST GUST SPEED    27   HIGHEST GUST DIRECTION    NW (310)
  AVERAGE WIND SPEED     6.8




RELATIVE HUMIDITY (PERCENT)
 HIGHEST    89
 LOWEST     28
 AVERAGE    59

..........................................................


THE TALLAHASSEE CLIMATE NORMALS FOR TODAY
                         NORMAL    RECORD    YEAR
 MAXIMUM TEMPERATURE (F)   64        80      1995
 MINIMUM TEMPERATURE (F)   39        13      1986


SUNRISE AND SUNSET
JANUARY 28 2015.......SUNRISE   731 AM EST   SUNSET   610 PM EST
JANUARY 29 2015.......SUNRISE   730 AM EST   SUNSET   611 PM EST


-  INDICATES NEGATIVE NUMBERS.
R  INDICATES RECORD WAS SET OR TIED.
MM INDICATES DATA IS MISSING.
T  INDICATES TRACE AMOUNT.




$$
