586
CDUS42 KTAE 160632
CLITLH


CLIMATE REPORT
NATIONAL WEATHER SERVICE TALLAHASSEE FL
131 AM EST SAT DEC 16 2017


...................................

...THE TALLAHASSEE CLIMATE SUMMARY FOR DECEMBER 15 2017...

CLIMATE NORMAL PERIOD 1981 TO 2010
CLIMATE RECORD PERIOD 1896 TO 2017


WEATHER ITEM   OBSERVED TIME   RECORD YEAR NORMAL DEPARTURE LAST
                VALUE   (LST)  VALUE       VALUE  FROM      YEAR
                                                  NORMAL
..................................................................
TEMPERATURE (F)
 YESTERDAY
  MAXIMUM         65    104 PM  81    1967  65      0       65
                                      1948
  MINIMUM         49   1159 PM  20    1985  41      8       47
  AVERAGE         57                        53      4       56

PRECIPITATION (IN)
  YESTERDAY        0.00          1.93 1936   0.13  -0.13     0.00
  MONTH TO DATE    1.30                      1.93  -0.63     3.40
  SINCE DEC 1      1.30                      1.93  -0.63     3.40
  SINCE JAN 1     54.50                     57.26  -2.76    59.02

SNOWFALL (IN)
  YESTERDAY        0.0                       0.0    0.0

DEGREE DAYS
 HEATING
  YESTERDAY        8                               -4
  MONTH TO DATE  174                                9
  SINCE DEC 1    174                                9
  SINCE JUL 1    346                              -55

 COOLING
  YESTERDAY        0                                0
  MONTH TO DATE    9                                1
  SINCE DEC 1      9                                1
  SINCE JAN 1   2947                              359
..................................................................


WIND (MPH)
  HIGHEST WIND SPEED    16   HIGHEST WIND DIRECTION    NW (320)
  HIGHEST GUST SPEED    19   HIGHEST GUST DIRECTION    NW (320)
  AVERAGE WIND SPEED     5.7




RELATIVE HUMIDITY (PERCENT)
 HIGHEST   100
 LOWEST     39
 AVERAGE    70

..........................................................


THE TALLAHASSEE CLIMATE NORMALS FOR TODAY
                         NORMAL    RECORD    YEAR
 MAXIMUM TEMPERATURE (F)   65        84      1971
 MINIMUM TEMPERATURE (F)   41        19      1985
                                             1968


SUNRISE AND SUNSET
DECEMBER 16 2017......SUNRISE   727 AM EST   SUNSET   539 PM EST
DECEMBER 17 2017......SUNRISE   728 AM EST   SUNSET   539 PM EST


-  INDICATES NEGATIVE NUMBERS.
R  INDICATES RECORD WAS SET OR TIED.
MM INDICATES DATA IS MISSING.
T  INDICATES TRACE AMOUNT.




$$
