000
CDUS44 KBMX 290702
CLITOI


CLIMATE REPORT
NATIONAL WEATHER SERVICE BIRMINGHAM, AL
200 AM CDT FRI MAY 29 2015


...................................

...THE TROY CLIMATE SUMMARY FOR MAY 28 2015...

CLIMATE NORMAL PERIOD 1981 TO 2010
CLIMATE RECORD PERIOD 9999 TO 9999


WEATHER ITEM   OBSERVED TIME   RECORD YEAR NORMAL DEPARTURE LAST
                VALUE   (LST)  VALUE       VALUE  FROM      YEAR
                                                  NORMAL
..................................................................
TEMPERATURE (F)
 YESTERDAY
  MAXIMUM         86   1218 PM  MM      MM  87     -1       87
  MINIMUM         67    512 AM  MM      MM  62      5       66
  AVERAGE         77                        74      3       77

PRECIPITATION (IN)
  YESTERDAY        0.97                      0.20   0.77     0.00
  MONTH TO DATE    2.76                      3.04  -0.28     4.62
  SINCE MAR 1     12.58                     13.06  -0.48    20.28
  SINCE JAN 1     19.49                     22.19  -2.70    29.34

DEGREE DAYS
 COOLING
  YESTERDAY       12                         9      3       12
  MONTH TO DATE  242                       180     62      203
  SINCE MAR 1    446                       252    194      275
  SINCE JAN 1    448                       257    191      286
..................................................................


WIND (MPH)
  HIGHEST WIND SPEED    16   HIGHEST WIND DIRECTION     S (200)
  HIGHEST GUST SPEED    46   HIGHEST GUST DIRECTION    SE (150)
  AVERAGE WIND SPEED     4.9


SKY COVER
  AVERAGE SKY COVER 0.4


WEATHER CONDITIONS
 THE FOLLOWING WEATHER WAS RECORDED YESTERDAY.
  THUNDERSTORM
  HEAVY RAIN
  RAIN
  LIGHT RAIN
  FOG


RELATIVE HUMIDITY (PERCENT)
 HIGHEST    97           900 PM
 LOWEST     61          1100 AM
 AVERAGE    79

..........................................................


THE TROY CLIMATE NORMALS FOR TODAY
                         NORMAL    RECORD    YEAR
 MAXIMUM TEMPERATURE (F)   87        MM        MM
 MINIMUM TEMPERATURE (F)   63        MM        MM


SUNRISE AND SUNSET
MAY 29 2015...........SUNRISE   540 AM CDT   SUNSET   743 PM CDT
MAY 30 2015...........SUNRISE   540 AM CDT   SUNSET   744 PM CDT


-  INDICATES NEGATIVE NUMBERS.
R  INDICATES RECORD WAS SET OR TIED.
MM INDICATES DATA IS MISSING.
T  INDICATES TRACE AMOUNT.




$$
