000
CDUS44 KBMX 240751
CLITOI


CLIMATE REPORT
NATIONAL WEATHER SERVICE BIRMINGHAM, AL
250 AM CDT TUE OCT 24 2017


...................................

...THE TROY CLIMATE SUMMARY FOR OCTOBER 23 2017...

CLIMATE NORMAL PERIOD 1981 TO 2010
CLIMATE RECORD PERIOD 9999 TO 9999


WEATHER ITEM   OBSERVED TIME   RECORD YEAR NORMAL DEPARTURE LAST
                VALUE   (LST)  VALUE       VALUE  FROM      YEAR
                                                  NORMAL
..................................................................
TEMPERATURE (F)
 YESTERDAY
  MAXIMUM         73    106 PM  MM      MM  76     -3       79
  MINIMUM         50   1118 PM  MM      MM  50      0       35
  AVERAGE         62                        63     -1       57

PRECIPITATION (IN)
  YESTERDAY        0.57                      0.11   0.46     0.00
  MONTH TO DATE    1.39                      2.32  -0.93     0.02
  SINCE SEP 1      4.72                      6.28  -1.56     1.50
  SINCE JAN 1     59.52                     44.23  15.29    34.24

SNOWFALL (IN)
  YESTERDAY        0.0                      MM     MM        0.0
  MONTH TO DATE    0.0                      MM     MM        0.0
  SINCE SEP 1      0.0                      MM     MM        0.0
  SINCE JUL 1      0.0                      MM     MM        0.0
  SNOW DEPTH       0

DEGREE DAYS
 HEATING
  YESTERDAY        3                         4     -1        8
  MONTH TO DATE   16                        51    -35       27
  SINCE SEP 1     20                        55    -35       29
  SINCE JUL 1     20                        55    -35       29

 COOLING
  YESTERDAY        0                         2     -2        0
  MONTH TO DATE  138                        83     55      126
  SINCE SEP 1    442                       397     45      539
  SINCE JAN 1   2150                      2031    119     2445
..................................................................


WIND (MPH)
  HIGHEST WIND SPEED    17   HIGHEST WIND DIRECTION    NW (310)
  HIGHEST GUST SPEED    25   HIGHEST GUST DIRECTION     W (280)
  AVERAGE WIND SPEED     7.5


SKY COVER
  AVERAGE SKY COVER 0.5


WEATHER CONDITIONS
 THE FOLLOWING WEATHER WAS RECORDED YESTERDAY.
  HEAVY RAIN
  RAIN
  LIGHT RAIN
  FOG


RELATIVE HUMIDITY (PERCENT)
 HIGHEST   100          1200 AM
 LOWEST     53           300 PM
 AVERAGE    77

..........................................................


THE TROY CLIMATE NORMALS FOR TODAY
                         NORMAL    RECORD    YEAR
 MAXIMUM TEMPERATURE (F)   76        MM        MM
 MINIMUM TEMPERATURE (F)   49        MM        MM


SUNRISE AND SUNSET
OCTOBER 24 2017.......SUNRISE   654 AM CDT   SUNSET   602 PM CDT
OCTOBER 25 2017.......SUNRISE   655 AM CDT   SUNSET   601 PM CDT


-  INDICATES NEGATIVE NUMBERS.
R  INDICATES RECORD WAS SET OR TIED.
MM INDICATES DATA IS MISSING.
T  INDICATES TRACE AMOUNT.




$$
