572
CDUS44 KBMX 280734
CLITOI


CLIMATE REPORT
NATIONAL WEATHER SERVICE BIRMINGHAM, AL
234 AM CDT FRI APR 28 2017


...................................

...THE TROY CLIMATE SUMMARY FOR APRIL 27 2017...

CLIMATE NORMAL PERIOD 1981 TO 2010
CLIMATE RECORD PERIOD 9999 TO 9999


WEATHER ITEM   OBSERVED TIME   RECORD YEAR NORMAL DEPARTURE LAST
                VALUE   (LST)  VALUE       VALUE  FROM      YEAR
                                                  NORMAL
..................................................................
TEMPERATURE (F)
 YESTERDAY
  MAXIMUM         85    406 PM  MM      MM  80      5       84
  MINIMUM         69   1247 AM  MM      MM  53     16       62
  AVERAGE         77                        66     11       73

PRECIPITATION (IN)
  YESTERDAY        1.72                      0.08   1.64     0.82
  MONTH TO DATE    3.43                      3.74  -0.31     5.12
  SINCE MAR 1      5.92                      9.77  -3.85    10.38
  SINCE JAN 1     24.55                     18.90   5.65    16.73

SNOWFALL (IN)
  YESTERDAY        0.0                      MM     MM        0.0
  MONTH TO DATE    0.0                      MM     MM        0.0
  SINCE MAR 1      0.0                      MM     MM        0.0
  SINCE JUL 1      0.0                      MM     MM         T
  SNOW DEPTH       0

DEGREE DAYS
 HEATING
  YESTERDAY        0                         2     -2        0
  MONTH TO DATE   43                       108    -65       51
  SINCE MAR 1    260                       390   -130      184
  SINCE JUL 1   1421                      2309   -888     1489

 COOLING
  YESTERDAY       12                         3      9        8
  MONTH TO DATE   92                        48     44       50
  SINCE MAR 1    144                        62     82      128
  SINCE JAN 1    166                        67     99      135
..................................................................


WIND (MPH)
  HIGHEST WIND SPEED    22   HIGHEST WIND DIRECTION    SW (210)
  HIGHEST GUST SPEED    28   HIGHEST GUST DIRECTION    SW (210)
  AVERAGE WIND SPEED     8.0


SKY COVER
  AVERAGE SKY COVER 0.8


WEATHER CONDITIONS
 THE FOLLOWING WEATHER WAS RECORDED YESTERDAY.
  THUNDERSTORM
  HEAVY RAIN
  RAIN
  LIGHT RAIN
  FOG


RELATIVE HUMIDITY (PERCENT)
 HIGHEST   100           900 PM
 LOWEST     61           400 PM
 AVERAGE    81

..........................................................


THE TROY CLIMATE NORMALS FOR TODAY
                         NORMAL    RECORD    YEAR
 MAXIMUM TEMPERATURE (F)   80        MM        MM
 MINIMUM TEMPERATURE (F)   53        MM        MM


SUNRISE AND SUNSET
APRIL 28 2017.........SUNRISE   601 AM CDT   SUNSET   722 PM CDT
APRIL 29 2017.........SUNRISE   600 AM CDT   SUNSET   723 PM CDT


-  INDICATES NEGATIVE NUMBERS.
R  INDICATES RECORD WAS SET OR TIED.
MM INDICATES DATA IS MISSING.
T  INDICATES TRACE AMOUNT.




$$
