000
CDUS44 KBMX 192125
CLITOI


CLIMATE REPORT
NATIONAL WEATHER SERVICE BIRMINGHAM, AL
425 PM CDT TUE AUG 19 2014


...................................

...THE TROY CLIMATE SUMMARY FOR AUGUST 19 2014...
VALID AS OF 0400 PM LOCAL TIME.

CLIMATE NORMAL PERIOD 1981 TO 2010
CLIMATE RECORD PERIOD 9999 TO 9999


WEATHER ITEM   OBSERVED TIME   RECORD YEAR NORMAL DEPARTURE LAST
                VALUE   (LST)  VALUE       VALUE  FROM      YEAR
                                                  NORMAL
..................................................................
TEMPERATURE (F)
 TODAY
  MAXIMUM         88   1031 AM  MM      MM  91     -3       90
  MINIMUM         71    259 PM  MM      MM  70      1       70
  AVERAGE         80                        80      0       80

PRECIPITATION (IN)
  TODAY            0.23                      0.17   0.06     0.53
  MONTH TO DATE    2.86                      3.22  -0.36     2.94
  SINCE JUN 1      7.77                     13.72  -5.95    22.26
  SINCE JAN 1     37.83                     36.55   1.28    45.42

DEGREE DAYS
 COOLING
  TODAY           15                        15      0       15
  MONTH TO DATE  295                       300     -5      293
  SINCE JUN 1   1188                      1173     15     1186
  SINCE JAN 1   1510                      1460     50     1478
..................................................................


WIND (MPH)
  HIGHEST WIND SPEED    24   HIGHEST WIND DIRECTION    NW (310)
  HIGHEST GUST SPEED    34   HIGHEST GUST DIRECTION    NW (320)
  AVERAGE WIND SPEED     4.2


SKY COVER
  AVERAGE SKY COVER 0.4


WEATHER CONDITIONS
 THE FOLLOWING WEATHER WAS RECORDED TODAY.
  THUNDERSTORM
  HEAVY RAIN
  LIGHT RAIN
  FOG


RELATIVE HUMIDITY (PERCENT)
 HIGHEST    93          1200 AM
 LOWEST     68          1000 AM
 AVERAGE    81

..........................................................


THE TROY CLIMATE NORMALS FOR TOMORROW
                         NORMAL    RECORD    YEAR
 MAXIMUM TEMPERATURE (F)   91        MM        MM
 MINIMUM TEMPERATURE (F)   70        MM        MM


SUNRISE AND SUNSET
AUGUST 19 2014........SUNRISE   611 AM CDT   SUNSET   723 PM CDT
AUGUST 20 2014........SUNRISE   612 AM CDT   SUNSET   722 PM CDT


-  INDICATES NEGATIVE NUMBERS.
R  INDICATES RECORD WAS SET OR TIED.
MM INDICATES DATA IS MISSING.
T  INDICATES TRACE AMOUNT.




$$
