000
CDUS44 KBMX 262213
CLITOI


CLIMATE REPORT
NATIONAL WEATHER SERVICE BIRMINGHAM, AL
413 PM CST WED NOV 26 2014


...................................

...THE TROY CLIMATE SUMMARY FOR NOVEMBER 26 2014...
VALID AS OF 0400 PM LOCAL TIME.

CLIMATE NORMAL PERIOD 1981 TO 2010
CLIMATE RECORD PERIOD 9999 TO 9999


WEATHER ITEM   OBSERVED TIME   RECORD YEAR NORMAL DEPARTURE LAST
                VALUE   (LST)  VALUE       VALUE  FROM      YEAR
                                                  NORMAL
..................................................................
TEMPERATURE (F)
 TODAY
  MAXIMUM         62    237 PM  MM      MM  65     -3       63
  MINIMUM         38    642 AM  MM      MM  40     -2       45
  AVERAGE         50                        53     -3       54

PRECIPITATION (IN)
  TODAY            0.00                      0.17  -0.17     1.11
  MONTH TO DATE    3.23                      3.84  -0.61     1.88
  SINCE SEP 1      9.11                     11.03  -1.92     4.85
  SINCE JAN 1     47.11                     48.98  -1.87    50.46

SNOWFALL (IN)
  TODAY            0.0                      MM     MM        0.0
  MONTH TO DATE    0.0                      MM     MM        0.0
  SINCE SEP 1      0.0                      MM     MM        0.0
  SINCE JUL 1      0.0                      MM     MM        0.0
  SNOW DEPTH       0

DEGREE DAYS
 HEATING
  TODAY           15                        13      2       11
  MONTH TO DATE  369                       241    128      213
  SINCE SEP 1    449                       339    110      258
  SINCE JUL 1    449                       339    110      258
..................................................................


WIND (MPH)
  HIGHEST WIND SPEED    16   HIGHEST WIND DIRECTION    NW (300)
  HIGHEST GUST SPEED    22   HIGHEST GUST DIRECTION    NW (330)
  AVERAGE WIND SPEED     8.6


SKY COVER
  AVERAGE SKY COVER 0.1


WEATHER CONDITIONS
 THE FOLLOWING WEATHER WAS RECORDED TODAY.
  NO SIGNIFICANT WEATHER WAS OBSERVED.


RELATIVE HUMIDITY (PERCENT)
 HIGHEST    76           600 AM
 LOWEST     25           100 PM
 AVERAGE    51

..........................................................


THE TROY CLIMATE NORMALS FOR TOMORROW
                         NORMAL    RECORD    YEAR
 MAXIMUM TEMPERATURE (F)   65        MM        MM
 MINIMUM TEMPERATURE (F)   40        MM        MM


SUNRISE AND SUNSET
NOVEMBER 26 2014......SUNRISE   622 AM CST   SUNSET   440 PM CST
NOVEMBER 27 2014......SUNRISE   623 AM CST   SUNSET   440 PM CST


-  INDICATES NEGATIVE NUMBERS.
R  INDICATES RECORD WAS SET OR TIED.
MM INDICATES DATA IS MISSING.
T  INDICATES TRACE AMOUNT.




$$
