000
CDUS41 KCLE 272110
CLITOL


CLIMATE REPORT
NATIONAL WEATHER SERVICE CLEVELAND OH
510 PM EDT TUE JUN 27 2017


...................................

...THE TOLEDO OH CLIMATE SUMMARY FOR JUNE 27 2017...
VALID TODAY AS OF 0500 PM LOCAL TIME.

CLIMATE NORMAL PERIOD 1981 TO 2010
CLIMATE RECORD PERIOD 1873 TO 2017


WEATHER ITEM   OBSERVED TIME   RECORD YEAR NORMAL DEPARTURE LAST
                VALUE   (LST)  VALUE       VALUE  FROM      YEAR
                                                  NORMAL
..................................................................
TEMPERATURE (F)
 TODAY
  MAXIMUM         72    359 PM  98    1971  84    -12       91
                                      1944
  MINIMUM         48    519 AM  45    1988  61    -13       67
  AVERAGE         60                        73    -13       79

PRECIPITATION (IN)
  TODAY            0.00                      0.10  -0.10     0.00
  MONTH TO DATE    1.62                      3.24  -1.62     1.62
  SINCE JUN 1      1.62                      3.24  -1.62     1.62
  SINCE JAN 1     19.48                     16.61   2.87    15.38

SNOWFALL (IN)
  TODAY            0.0                       0.0    0.0      0.0
  MONTH TO DATE    0.0                       0.0    0.0      0.0
  SINCE JUN 1      0.0                       0.0    0.0      0.0
  SINCE JUL 1     22.4                      37.6  -15.2     26.4
  SNOW DEPTH       0

DEGREE DAYS
 HEATING
  TODAY            5                         0      5        0
  MONTH TO DATE   20                        35    -15       13
  SINCE JUN 1     20                        35    -15       13
  SINCE JUL 1   5314                      6145   -831     5357

 COOLING
  TODAY            0                         8     -8       14
  MONTH TO DATE  158                       146     12      182
  SINCE JUN 1    158                       146     12      182
  SINCE JAN 1    203                       199      4      251
..................................................................


WIND (MPH)
  HIGHEST WIND SPEED    16   HIGHEST WIND DIRECTION    NW (310)
  HIGHEST GUST SPEED    20   HIGHEST GUST DIRECTION    NW (300)


SKY COVER
  POSSIBLE SUNSHINE  MM
  AVERAGE SKY COVER 0.2


WEATHER CONDITIONS
 THE FOLLOWING WEATHER WAS RECORDED TODAY.
  NO SIGNIFICANT WEATHER WAS OBSERVED.


RELATIVE HUMIDITY (PERCENT)
 HIGHEST   100          1200 AM
 LOWEST     37           100 PM
 AVERAGE    69

..........................................................


THE TOLEDO OH CLIMATE NORMALS FOR TOMORROW
                         NORMAL    RECORD    YEAR
 MAXIMUM TEMPERATURE (F)   84       103      2012
 MINIMUM TEMPERATURE (F)   62        47      1970


SUNRISE AND SUNSET
JUNE 27 2017..........SUNRISE   603 AM EDT   SUNSET   913 PM EDT
JUNE 28 2017..........SUNRISE   604 AM EDT   SUNSET   913 PM EDT


-  INDICATES NEGATIVE NUMBERS.
R  INDICATES RECORD WAS SET OR TIED.
MM INDICATES DATA IS MISSING.
T  INDICATES TRACE AMOUNT.




$$
