000
CDUS41 KCLE 270527
CLITOL


CLIMATE REPORT
NATIONAL WEATHER SERVICE CLEVELAND OH
1227 AM EST THU NOV 27 2014


...................................

...THE TOLEDO OH CLIMATE SUMMARY FOR NOVEMBER 26 2014...

CLIMATE NORMAL PERIOD 1981 TO 2010
CLIMATE RECORD PERIOD 1873 TO 2014


WEATHER ITEM   OBSERVED TIME   RECORD YEAR NORMAL DEPARTURE LAST
                VALUE   (LST)  VALUE       VALUE  FROM      YEAR
                                                  NORMAL
..................................................................
TEMPERATURE (F)
 YESTERDAY
  MAXIMUM         33    259 PM  68    1896  44    -11       34
  MINIMUM         27    820 AM  10    1974  30     -3       29
  AVERAGE         30                        37     -7       32

PRECIPITATION (IN)
  YESTERDAY        0.00                      0.09  -0.09     0.00
  MONTH TO DATE    1.81                      2.46  -0.65     1.36
  SINCE SEP 1      9.40                      7.84   1.56     6.97
  SINCE JAN 1     30.59                     31.16  -0.57    33.76

SNOWFALL (IN)
  YESTERDAY        0.0                       0.1   -0.1      0.0
  MONTH TO DATE    2.6                       1.4    1.2      0.5
  SINCE SEP 1      2.6                       1.6    0.0      0.5
  SINCE JUL 1      2.6                       1.6    0.0      0.5
  SNOW DEPTH       0

DEGREE DAYS
 HEATING
  YESTERDAY       35                        28      7       33
  MONTH TO DATE  770                       591    179      664
  SINCE SEP 1   1307                      1103    204     1172
  SINCE JUL 1   1321                      1117    204     1201

 COOLING
  YESTERDAY        0                         0      0        0
  MONTH TO DATE    0                         0      0        0
  SINCE SEP 1     56                        91    -35      111
  SINCE JAN 1    654                       793   -139      793
..................................................................


WIND (MPH)
  HIGHEST WIND SPEED     9   HIGHEST WIND DIRECTION     N (350)
  HIGHEST GUST SPEED    12   HIGHEST GUST DIRECTION     N (360)
  AVERAGE WIND SPEED     3.1


SKY COVER
  POSSIBLE SUNSHINE  MM
  AVERAGE SKY COVER 1.0


WEATHER CONDITIONS
 THE FOLLOWING WEATHER WAS RECORDED YESTERDAY.
  NO SIGNIFICANT WEATHER WAS OBSERVED.


RELATIVE HUMIDITY (PERCENT)
 HIGHEST    78           500 PM
 LOWEST     66           200 PM
 AVERAGE    72

..........................................................


THE TOLEDO OH CLIMATE NORMALS FOR TODAY
                         NORMAL    RECORD    YEAR
 MAXIMUM TEMPERATURE (F)   44        69      1990
 MINIMUM TEMPERATURE (F)   29         7      1930


SUNRISE AND SUNSET
NOVEMBER 27 2014......SUNRISE   738 AM EST   SUNSET   507 PM EST
NOVEMBER 28 2014......SUNRISE   739 AM EST   SUNSET   507 PM EST


-  INDICATES NEGATIVE NUMBERS.
R  INDICATES RECORD WAS SET OR TIED.
MM INDICATES DATA IS MISSING.
T  INDICATES TRACE AMOUNT.




$$
