706
CDUS45 KCYS 270735
CLITOR


CLIMATE REPORT
NATIONAL WEATHER SERVICE CHEYENNE WY
134 AM MDT SAT AUG 27 2016


...................................

...THE TORRINGTON WY AIRPORT CLIMATE SUMMARY FOR AUGUST 26 2016...

CLIMATE NORMAL PERIOD 1981 TO 2010
CLIMATE RECORD PERIOD 1998 TO 2016


WEATHER ITEM   OBSERVED TIME   RECORD YEAR NORMAL DEPARTURE LAST
                VALUE   (LST)  VALUE       VALUE  FROM      YEAR
                                                  NORMAL
..................................................................
TEMPERATURE (F)
 YESTERDAY
  MAXIMUM         77    141 PM 101    2010  86     -9       97
  MINIMUM         53    704 AM  49    2005  53      0       57
  AVERAGE         65                        69     -4       77

PRECIPITATION (IN)
  YESTERDAY        0.03          0.25 2006   0.03   0.00     0.07
  MONTH TO DATE    1.11                      1.12  -0.01     0.29
  SINCE JAN 1      9.92                     10.81  -0.89    15.72

DEGREE DAYS
 HEATING
  YESTERDAY        0                         1     -1        0
  MONTH TO DATE   17                         5     12       26
  SINCE JUN 1     24                        86    -62       37
  SINCE JUL 1     17                        11      6       34

 COOLING
  YESTERDAY        0                         5     -5       12
  MONTH TO DATE  169                       194    -25      199
  SINCE JUN 1    737                       592    145      571
  SINCE JAN 1    737                       610    127      571
..................................................................


WIND (MPH)
  HIGHEST WIND SPEED    20   HIGHEST WIND DIRECTION    SE (140)
  HIGHEST GUST SPEED    25   HIGHEST GUST DIRECTION    SE (140)
  AVERAGE WIND SPEED     7.2


SKY COVER
  AVERAGE SKY COVER 0.3


WEATHER CONDITIONS
 THE FOLLOWING WEATHER WAS RECORDED YESTERDAY.
  THUNDERSTORM
  LIGHT RAIN


RELATIVE HUMIDITY (PERCENT)
 HIGHEST    93           500 AM
 LOWEST     33           100 PM
 AVERAGE    63

..........................................................


THE TORRINGTON WY AIRPORT CLIMATE NORMALS FOR TODAY
                         NORMAL    RECORD    YEAR
 MAXIMUM TEMPERATURE (F)   85       101      2010
 MINIMUM TEMPERATURE (F)   52        45      2004


SUNRISE AND SUNSET
AUGUST 27 2016........SUNRISE   617 AM MDT   SUNSET   738 PM MDT
AUGUST 28 2016........SUNRISE   618 AM MDT   SUNSET   736 PM MDT


-  INDICATES NEGATIVE NUMBERS.
R  INDICATES RECORD WAS SET OR TIED.
MM INDICATES DATA IS MISSING.
T  INDICATES TRACE AMOUNT.




$$
