000
CDUS42 KTBW 052218
CLITPA


CLIMATE REPORT
NATIONAL WEATHER SERVICE TAMPA BAY FL
515 PM EST MON DEC 5 2016


...................................

...THE TAMPA CLIMATE SUMMARY FOR DECEMBER 5 2016...
VALID TODAY AS OF 0500 PM LOCAL TIME.

CLIMATE NORMAL PERIOD 1981 TO 2010
CLIMATE RECORD PERIOD 1890 TO 2016


WEATHER ITEM   OBSERVED TIME   RECORD YEAR NORMAL DEPARTURE LAST
                VALUE   (LST)  VALUE       VALUE  FROM      YEAR
                                                  NORMAL
..................................................................
TEMPERATURE (F)
 TODAY
  MAXIMUM         84R  1247 PM  84    1972  74     10       82
  MINIMUM         70    558 AM  35    1974  56     14       66
  AVERAGE         77                        65     12       74

PRECIPITATION (IN)
  TODAY            0.00          2.02 1964   0.08  -0.08     0.00
  MONTH TO DATE    0.00                      0.38  -0.38     0.02
  SINCE DEC 1      0.00                      0.38  -0.38     0.02
  SINCE JAN 1     52.13                     44.21   7.92    63.03

DEGREE DAYS
 HEATING
  TODAY            0                         3     -3        0
  MONTH TO DATE    0                        15    -15        0
  SINCE DEC 1      0                        15    -15        0
  SINCE JUL 1     15                        59    -44        5

 COOLING
  TODAY           12                         3      9        9
  MONTH TO DATE   36                        16     20       42
  SINCE DEC 1     36                        16     20       42
  SINCE JAN 1   4009                      3546    463     4258
..................................................................


WIND (MPH)
  RESULTANT WIND SPEED   7   RESULTANT WIND DIRECTION   S (160)
  HIGHEST WIND SPEED    16   HIGHEST WIND DIRECTION     S (190)
  HIGHEST GUST SPEED    22   HIGHEST GUST DIRECTION     S (190)
  AVERAGE WIND SPEED     8.3


SKY COVER
  POSSIBLE SUNSHINE  MM
  AVERAGE SKY COVER 0.6


WEATHER CONDITIONS
 THE FOLLOWING WEATHER WAS RECORDED TODAY.
  NO SIGNIFICANT WEATHER WAS OBSERVED.


RELATIVE HUMIDITY (PERCENT)
 HIGHEST    97           600 AM
 LOWEST     69          1200 PM

..........................................................


THE TAMPA CLIMATE NORMALS FOR TOMORROW
                         NORMAL    RECORD    YEAR
 MAXIMUM TEMPERATURE (F)   74        84      2013
 MINIMUM TEMPERATURE (F)   56        32      1895


SUNRISE AND SUNSET
DECEMBER  5 2016......SUNRISE   707 AM EST   SUNSET   534 PM EST
DECEMBER  6 2016......SUNRISE   708 AM EST   SUNSET   535 PM EST


-  INDICATES NEGATIVE NUMBERS.
R  INDICATES RECORD WAS SET OR TIED.
MM INDICATES DATA IS MISSING.
T  INDICATES TRACE AMOUNT.




$$


&&
------------------------------------------------------------------
******************** SUPPLEMENTAL DATA ***************************

...RUSKIN                HIGH 84    LOW 67    PCPN 0.00
...SARASOTA/BRADENTON    HIGH 84    LOW 67    PCPN 0.00
...LAKELAND*             HIGH 84    LOW 64    PCPN 0.00
...ST. PETERSBURG        HIGH 81    LOW 68    PCPN 0.00
...GULF WATER TEMPERATURE AT CLEARWATER BEACH 70 DEGREES

*LAKELAND DATA IS FROM 4:30 PM SUNDAY TO 4:30 PM MONDAY
AND MAY REFLECT YESTERDAYS RAINFALL AND HIGH TEMPERATURE.
