000
CDUS42 KTBW 220927
CLITPA


CLIMATE REPORT
NATIONAL WEATHER SERVICE TAMPA BAY FL
426 AM EST MON JAN 22 2018


...................................

...THE TAMPA CLIMATE SUMMARY FOR JANUARY 21 2018...

CLIMATE NORMAL PERIOD 1981 TO 2010
CLIMATE RECORD PERIOD 1890 TO 2018


WEATHER ITEM   OBSERVED TIME   RECORD YEAR NORMAL DEPARTURE LAST
                VALUE   (LST)  VALUE       VALUE  FROM      YEAR
                                                  NORMAL
..................................................................
TEMPERATURE (F)
 YESTERDAY
  MAXIMUM         81    358 PM  83    1959  70     11       80
                                      1929
  MINIMUM         59    753 AM  21    1985  52      7       67
  AVERAGE         70                        61      9       74

PRECIPITATION (IN)
  YESTERDAY        0.00          1.42 2011   0.07  -0.07     0.00
  MONTH TO DATE    1.14                      1.42  -0.28     0.23
  SINCE DEC 1      1.99                      3.89  -1.90     0.66
  SINCE JAN 1      1.14                      1.42  -0.28     0.23

DEGREE DAYS
 HEATING
  YESTERDAY        0                         6     -6        0
  MONTH TO DATE  188                       126     62       42
  SINCE DEC 1    244                       265    -21       69
  SINCE JUL 1    252                       309    -57       84

 COOLING
  YESTERDAY        5                         2      3        9
  MONTH TO DATE   27                        40    -13      107
  SINCE DEC 1    165                       120     45      299
  SINCE JAN 1     27                        40    -13      107
..................................................................


WIND (MPH)
  RESULTANT WIND SPEED   3   RESULTANT WIND DIRECTION   E (80)
  HIGHEST WIND SPEED    13   HIGHEST WIND DIRECTION     S (170)
  HIGHEST GUST SPEED    15   HIGHEST GUST DIRECTION     E (110)
  AVERAGE WIND SPEED     4.6


SKY COVER
  POSSIBLE SUNSHINE  MM
  AVERAGE SKY COVER 0.5


WEATHER CONDITIONS
 THE FOLLOWING WEATHER WAS RECORDED YESTERDAY.
  NO SIGNIFICANT WEATHER WAS OBSERVED.


RELATIVE HUMIDITY (PERCENT)
 HIGHEST    73          1100 PM
 LOWEST     42           400 PM
 AVERAGE    58

..........................................................


THE TAMPA CLIMATE NORMALS FOR TODAY
                         NORMAL    RECORD    YEAR
 MAXIMUM TEMPERATURE (F)   70        83      2006
                                             1999
                                             1962
 MINIMUM TEMPERATURE (F)   52        25      1985


SUNRISE AND SUNSET
JANUARY 22 2018.......SUNRISE   721 AM EST   SUNSET   603 PM EST
JANUARY 23 2018.......SUNRISE   721 AM EST   SUNSET   603 PM EST


-  INDICATES NEGATIVE NUMBERS.
R  INDICATES RECORD WAS SET OR TIED.
MM INDICATES DATA IS MISSING.
T  INDICATES TRACE AMOUNT.




$$


&&
------------------------------------------------------------------
******************** SUPPLEMENTAL DATA ***************************

...RUSKIN                HIGH 80    LOW 56    PCPN 0.00
...SARASOTA/BRADENTON    HIGH 80    LOW 56    PCPN 0.00
...ST. PETERSBURG        HIGH 72    LOW 57    PCPN 0.00
...GULF WATER TEMPERATURE AT CLEARWATER BEACH 55 DEGREES
