000
CDUS42 KTBW 172214
CLITPA


CLIMATE REPORT
NATIONAL WEATHER SERVICE TAMPA BAY FL
512 PM EST FRI NOV 17 2017


...................................

...THE TAMPA CLIMATE SUMMARY FOR NOVEMBER 17 2017...
VALID TODAY AS OF 0500 PM LOCAL TIME.

CLIMATE NORMAL PERIOD 1981 TO 2010
CLIMATE RECORD PERIOD 1890 TO 2017


WEATHER ITEM   OBSERVED TIME   RECORD YEAR NORMAL DEPARTURE LAST
                VALUE   (LST)  VALUE       VALUE  FROM      YEAR
                                                  NORMAL
..................................................................
TEMPERATURE (F)
 TODAY
  MAXIMUM         80    340 PM  87    2015  78      2       80
                                      1993
                                      1974
  MINIMUM         58    303 AM  33    1970  60     -2       58
  AVERAGE         69                        69      0       69

PRECIPITATION (IN)
  TODAY            0.00          1.43 1894   0.05  -0.05     0.00
  MONTH TO DATE    0.01                      0.87  -0.86     0.01
  SINCE SEP 1      9.74                      9.43   0.31     5.70
  SINCE JAN 1     43.36                     43.15   0.21    52.13

DEGREE DAYS
 HEATING
  TODAY            0                         1     -1        0
  MONTH TO DATE    0                        15    -15        0
  SINCE SEP 1      8                        19    -11        0
  SINCE JUL 1      8                        19    -11        0

 COOLING
  TODAY            4                         5     -1        4
  MONTH TO DATE  148                       108     40      133
  SINCE SEP 1   1130                       959    171     1115
  SINCE JAN 1   4212                      3474    738     3901
..................................................................


WIND (MPH)
  RESULTANT WIND SPEED   4   RESULTANT WIND DIRECTION  NE (40)
  HIGHEST WIND SPEED    10   HIGHEST WIND DIRECTION    NE (30)
  HIGHEST GUST SPEED    16   HIGHEST GUST DIRECTION     N (20)
  AVERAGE WIND SPEED     5.1


SKY COVER
  POSSIBLE SUNSHINE  MM
  AVERAGE SKY COVER 0.1


WEATHER CONDITIONS
 THE FOLLOWING WEATHER WAS RECORDED TODAY.
  NO SIGNIFICANT WEATHER WAS OBSERVED.


RELATIVE HUMIDITY (PERCENT)
 HIGHEST    75           300 AM
 LOWEST     35           200 PM

..........................................................


THE TAMPA CLIMATE NORMALS FOR TOMORROW
                         NORMAL    RECORD    YEAR
 MAXIMUM TEMPERATURE (F)   78        89      2015
 MINIMUM TEMPERATURE (F)   60        34      1970


SUNRISE AND SUNSET
NOVEMBER 17 2017......SUNRISE   653 AM EST   SUNSET   537 PM EST
NOVEMBER 18 2017......SUNRISE   654 AM EST   SUNSET   536 PM EST


-  INDICATES NEGATIVE NUMBERS.
R  INDICATES RECORD WAS SET OR TIED.
MM INDICATES DATA IS MISSING.
T  INDICATES TRACE AMOUNT.




$$


&&
------------------------------------------------------------------
******************** SUPPLEMENTAL DATA ***************************

...RUSKIN                HIGH 78    LOW 56    PCPN 0.00
...SARASOTA/BRADENTON    HIGH 80    LOW 59    PCPN 0.00
...LAKELAND*             HIGH 78    LOW 54    PCPN 0.00
...ST. PETERSBURG        HIGH 77    LOW 64    PCPN 0.00
...GULF WATER TEMPERATURE AT CLEARWATER BEACH 70 DEGREES

*LAKELAND DATA IS FROM 4:30 PM THURSDAY TO 4:30 PM FRIDAY
AND MAY REFLECT YESTERDAYS RAINFALL AND HIGH TEMPERATURE.
