000
CDUS42 KTBW 200832
CLITPA


CLIMATE REPORT
NATIONAL WEATHER SERVICE TAMPA BAY FL
430 AM EDT SAT SEP 20 2014


...................................

...THE TAMPA CLIMATE SUMMARY FOR SEPTEMBER 19 2014...

CLIMATE NORMAL PERIOD 1981 TO 2010
CLIMATE RECORD PERIOD 1890 TO 2014


WEATHER ITEM   OBSERVED TIME   RECORD YEAR NORMAL DEPARTURE LAST
                VALUE   (LST)  VALUE       VALUE  FROM      YEAR
                                                  NORMAL
..................................................................
TEMPERATURE (F)
 YESTERDAY
  MAXIMUM         81   1227 PM  96    1972  89     -8       91
  MINIMUM         70    736 PM  63    1910  74     -4       74
  AVERAGE         76                        82     -6       83

PRECIPITATION (IN)
  YESTERDAY        1.16          4.36 1894   0.20   0.96     0.44
  MONTH TO DATE    4.89                      4.46   0.43     3.97
  SINCE SEP 1      4.89                      4.46   0.43     3.97
  SINCE JAN 1     44.84                     38.18   6.66    46.49

DEGREE DAYS
 HEATING
  YESTERDAY        0                         0      0        0
  MONTH TO DATE    0                         0      0        0
  SINCE SEP 1      0                         0      0        0
  SINCE JUL 1      0                         0      0        0

 COOLING
  YESTERDAY       11                        17     -6       18
  MONTH TO DATE  329                       331     -2      350
  SINCE SEP 1    329                       331     -2      350
  SINCE JAN 1   2846                      2846      0     2987
..................................................................


WIND (MPH)
  RESULTANT WIND SPEED   5   RESULTANT WIND DIRECTION  NE (60)
  HIGHEST WIND SPEED    12   HIGHEST WIND DIRECTION    NE (50)
  HIGHEST GUST SPEED    19   HIGHEST GUST DIRECTION    NE (30)
  AVERAGE WIND SPEED     5.2


SKY COVER
  POSSIBLE SUNSHINE  MM
  AVERAGE SKY COVER 1.0


WEATHER CONDITIONS
 THE FOLLOWING WEATHER WAS RECORDED YESTERDAY.
  RAIN
  LIGHT RAIN
  FOG


RELATIVE HUMIDITY (PERCENT)
 HIGHEST    93           900 PM
 LOWEST     74          1200 AM
 AVERAGE    84

..........................................................


THE TAMPA CLIMATE NORMALS FOR TODAY
                         NORMAL    RECORD    YEAR
 MAXIMUM TEMPERATURE (F)   89        94      1991
                                             1974
                                             1972
 MINIMUM TEMPERATURE (F)   74        58      1981


SUNRISE AND SUNSET
SEPTEMBER 20 2014.....SUNRISE   718 AM EDT   SUNSET   729 PM EDT
SEPTEMBER 21 2014.....SUNRISE   718 AM EDT   SUNSET   728 PM EDT


-  INDICATES NEGATIVE NUMBERS.
R  INDICATES RECORD WAS SET OR TIED.
MM INDICATES DATA IS MISSING.
T  INDICATES TRACE AMOUNT.




$$


&&
------------------------------------------------------------------
******************** SUPPLEMENTAL DATA ***************************

...RUSKIN                HIGH 82    LOW 69    PCPN 2.76
...SARASOTA/BRADENTON    HIGH 82    LOW 70    PCPN 1.45
...ST. PETERSBURG        HIGH 82    LOW 73    PCPN 1.68
...GULF WATER TEMPERATURE AT CLEARWATER BEACH 85
