000
CDUS42 KTBW 062137
CLITPA


CLIMATE REPORT
NATIONAL WEATHER SERVICE TAMPA BAY FL
529 PM EDT MON JUL 6 2015


...................................

...THE TAMPA CLIMATE SUMMARY FOR JULY 6 2015...
VALID TODAY AS OF 0500 PM LOCAL TIME.

CLIMATE NORMAL PERIOD 1981 TO 2010
CLIMATE RECORD PERIOD 1890 TO 2015


WEATHER ITEM   OBSERVED TIME   RECORD YEAR NORMAL DEPARTURE LAST
                VALUE   (LST)  VALUE       VALUE  FROM      YEAR
                                                  NORMAL
..................................................................
TEMPERATURE (F)
 TODAY
  MAXIMUM         89   1254 PM  96    1995  90     -1       87
                                      1993
                                      1946
  MINIMUM         76    605 AM  64    1947  76      0       74
  AVERAGE         83                        83      0       81

PRECIPITATION (IN)
  TODAY            0.01          2.58 1921   0.25  -0.24     0.11
  MONTH TO DATE    1.44                      1.52  -0.08     2.06
  SINCE JUN 1      7.67                      8.20  -0.53     3.83
  SINCE JAN 1     28.56                     20.40   8.16    23.16

DEGREE DAYS
 HEATING
  TODAY            0                         0      0        0
  MONTH TO DATE    0                         0      0        0
  SINCE JUN 1      0                         0      0        0
  SINCE JUL 1      0                         0      0        0

 COOLING
  TODAY           18                        18      0       16
  MONTH TO DATE  116                       108      8      107
  SINCE JUN 1    659                       624     35      633
  SINCE JAN 1   1880                      1501    379     1456
..................................................................


WIND (MPH)
  RESULTANT WIND SPEED   2   RESULTANT WIND DIRECTION   S (180)
  HIGHEST WIND SPEED    13   HIGHEST WIND DIRECTION     W (250)
  HIGHEST GUST SPEED    17   HIGHEST GUST DIRECTION    SW (240)
  AVERAGE WIND SPEED     3.0


SKY COVER
  POSSIBLE SUNSHINE  MM
  AVERAGE SKY COVER 0.6


WEATHER CONDITIONS
 THE FOLLOWING WEATHER WAS RECORDED TODAY.
  THUNDERSTORM


RELATIVE HUMIDITY (PERCENT)
 HIGHEST    82           100 AM
 LOWEST     59          1100 AM

..........................................................


THE TAMPA CLIMATE NORMALS FOR TOMORROW
                         NORMAL    RECORD    YEAR
 MAXIMUM TEMPERATURE (F)   90        97      1995
 MINIMUM TEMPERATURE (F)   76        67      1947


SUNRISE AND SUNSET
JULY  6 2015..........SUNRISE   639 AM EDT   SUNSET   830 PM EDT
JULY  7 2015..........SUNRISE   640 AM EDT   SUNSET   830 PM EDT


-  INDICATES NEGATIVE NUMBERS.
R  INDICATES RECORD WAS SET OR TIED.
MM INDICATES DATA IS MISSING.
T  INDICATES TRACE AMOUNT.




$$


&&
------------------------------------------------------------------
******************** SUPPLEMENTAL DATA ***************************

...RUSKIN                HIGH 92    LOW 71    PCPN 0.00
...SARASOTA/BRADENTON    HIGH 89    LOW 70    PCPN 0.00
...LAKELAND              HIGH 92    LOW 72    PCPN 1.05
...ST. PETERSBURG        HIGH 90    LOW 76    PCPN T
...GULF WATER TEMPERATURE AT CLEARWATER BEACH 88
