000
CDUS42 KTBW 252120
CLITPA


CLIMATE REPORT
NATIONAL WEATHER SERVICE TAMPA BAY FL
518 PM EDT THU AUG 25 2016


...................................

...THE TAMPA CLIMATE SUMMARY FOR AUGUST 25 2016...
VALID TODAY AS OF 0500 PM LOCAL TIME.

CLIMATE NORMAL PERIOD 1981 TO 2010
CLIMATE RECORD PERIOD 1890 TO 2016


WEATHER ITEM   OBSERVED TIME   RECORD YEAR NORMAL DEPARTURE LAST
                VALUE   (LST)  VALUE       VALUE  FROM      YEAR
                                                  NORMAL
..................................................................
TEMPERATURE (F)
 TODAY
  MAXIMUM         94    356 PM  95    1975  90      4       93
                                      1942
                                      1916
  MINIMUM         78    648 AM  67    1957  76      2       81
  AVERAGE         86                        83      3       87

PRECIPITATION (IN)
  TODAY            0.00          2.17 1939   0.26  -0.26     0.00
  MONTH TO DATE    6.47                      6.28   0.19    14.71
  SINCE JUN 1     24.29                     20.03   4.26    32.78
  SINCE JAN 1     40.19                     32.23   7.96    53.67

DEGREE DAYS
 HEATING
  TODAY            0                         0      0        0
  MONTH TO DATE    0                         0      0        0
  SINCE JUN 1      0                         0      0        0
  SINCE JUL 1      0                         0      0        0

 COOLING
  TODAY           21                        18      3       22
  MONTH TO DATE  478                       450     28      469
  SINCE JUN 1   1653                      1524    129     1585
  SINCE JAN 1   2673                      2401    272     2806
..................................................................


WIND (MPH)
  RESULTANT WIND SPEED   7   RESULTANT WIND DIRECTION  NE (50)
  HIGHEST WIND SPEED    14   HIGHEST WIND DIRECTION    NE (50)
  HIGHEST GUST SPEED    22   HIGHEST GUST DIRECTION    NE (30)
  AVERAGE WIND SPEED     7.6


SKY COVER
  POSSIBLE SUNSHINE  MM
  AVERAGE SKY COVER 0.4


WEATHER CONDITIONS
 THE FOLLOWING WEATHER WAS RECORDED TODAY.
  NO SIGNIFICANT WEATHER WAS OBSERVED.


RELATIVE HUMIDITY (PERCENT)
 HIGHEST    91           700 AM
 LOWEST     44           400 PM

..........................................................


THE TAMPA CLIMATE NORMALS FOR TOMORROW
                         NORMAL    RECORD    YEAR
 MAXIMUM TEMPERATURE (F)   90        95      1975
                                             1941
 MINIMUM TEMPERATURE (F)   76        68      1930
                                             1902


SUNRISE AND SUNSET
AUGUST 25 2016........SUNRISE   706 AM EDT   SUNSET   758 PM EDT
AUGUST 26 2016........SUNRISE   706 AM EDT   SUNSET   757 PM EDT


-  INDICATES NEGATIVE NUMBERS.
R  INDICATES RECORD WAS SET OR TIED.
MM INDICATES DATA IS MISSING.
T  INDICATES TRACE AMOUNT.




$$


&&
------------------------------------------------------------------
******************** SUPPLEMENTAL DATA ***************************

...RUSKIN                HIGH 95    LOW 76    PCPN 0.00
...SARASOTA/BRADENTON    HIGH 97    LOW 78    PCPN 0.00
...LAKELAND              HIGH 94    LOW 76    PCPN 0.00
...ST. PETERSBURG        HIGH 87    LOW 77    PCPN 0.00
...GULF WATER TEMPERATURE AT CLEARWATER BEACH 91 DEGREES
