000
CDUS42 KTBW 270931
CLITPA


CLIMATE REPORT
NATIONAL WEATHER SERVICE TAMPA BAY FL
429 AM EST FRI FEB 27 2015


...................................

...THE TAMPA CLIMATE SUMMARY FOR FEBRUARY 26 2015...

CLIMATE NORMAL PERIOD 1981 TO 2010
CLIMATE RECORD PERIOD 1890 TO 2015


WEATHER ITEM   OBSERVED TIME   RECORD YEAR NORMAL DEPARTURE LAST
                VALUE   (LST)  VALUE       VALUE  FROM      YEAR
                                                  NORMAL
..................................................................
TEMPERATURE (F)
 YESTERDAY
  MAXIMUM         70   1048 AM  88    1971  74     -4       75
  MINIMUM         55   1159 PM  27    1967  56     -1       61
  AVERAGE         63                        65     -2       68

PRECIPITATION (IN)
  YESTERDAY       MM             2.69 1958   0.10  MM        0.22
  MONTH TO DATE    4.22                      2.63   1.59     1.81
  SINCE DEC 1      7.54                      7.33   0.21     5.76
  SINCE JAN 1      5.97                      4.86   1.11     4.95

DEGREE DAYS
 HEATING
  YESTERDAY        2                         3     -1        0
  MONTH TO DATE  143                       101     42       64
  SINCE DEC 1    359                       422    -63      352
  SINCE JUL 1    447                       466    -19      382

 COOLING
  YESTERDAY        0                         3     -3        3
  MONTH TO DATE   11                        56    -45       83
  SINCE DEC 1    162                       186    -24      254
  SINCE JAN 1     67                       106    -39      104
..................................................................


WIND (MPH)
  RESULTANT WIND SPEED   8   RESULTANT WIND DIRECTION   W (280)
  HIGHEST WIND SPEED    32   HIGHEST WIND DIRECTION     S (200)
  HIGHEST GUST SPEED    41   HIGHEST GUST DIRECTION     S (200)
  AVERAGE WIND SPEED    13.7


SKY COVER
  POSSIBLE SUNSHINE  MM
  AVERAGE SKY COVER 0.9


WEATHER CONDITIONS
 THE FOLLOWING WEATHER WAS RECORDED YESTERDAY.
  THUNDERSTORM
  LIGHT RAIN


RELATIVE HUMIDITY (PERCENT)
 HIGHEST   100          1200 AM
 LOWEST     61          1000 AM
 AVERAGE    81

..........................................................


THE TAMPA CLIMATE NORMALS FOR TODAY
                         NORMAL    RECORD    YEAR
 MAXIMUM TEMPERATURE (F)   74        85      1939
 MINIMUM TEMPERATURE (F)   56        30      1974


SUNRISE AND SUNSET
FEBRUARY 27 2015......SUNRISE   657 AM EST   SUNSET   629 PM EST
FEBRUARY 28 2015......SUNRISE   656 AM EST   SUNSET   630 PM EST


-  INDICATES NEGATIVE NUMBERS.
R  INDICATES RECORD WAS SET OR TIED.
MM INDICATES DATA IS MISSING.
T  INDICATES TRACE AMOUNT.




$$


&&
------------------------------------------------------------------
******************** SUPPLEMENTAL DATA ***************************

...RUSKIN                HIGH 73    LOW 56    PCPN 0.05
...SARASOTA/BRADENTON    HIGH 70    LOW 56    PCPN 0.01
...ST. PETERSBURG        HIGH 70    LOW 56    PCPN 0.11
...GULF WATER TEMPERATURE AT CLEARWATER BEACH 62
