000
CDUS45 KLKN 120026
CLITPH


CLIMATE REPORT
NATIONAL WEATHER SERVICE ELKO NV
526 PM PDT FRI JUL 11 2014


...................................

...THE TONOPAH AIRPORT NV CLIMATE SUMMARY FOR JULY 11 2014...
VALID TODAY AS OF 0500 PM LOCAL TIME.

CLIMATE NORMAL PERIOD 1981 TO 2010
CLIMATE RECORD PERIOD 1954 TO 2014


WEATHER ITEM   OBSERVED TIME   RECORD YEAR NORMAL DEPARTURE LAST
                VALUE   (LST)  VALUE       VALUE  FROM      YEAR
                                                  NORMAL
..................................................................
TEMPERATURE (F)
 TODAY
  MAXIMUM         90    323 PM 101    2012  92     -2       79
                                      1959
  MINIMUM         61    443 AM  44    1966  58      3       63
  AVERAGE         76                        75      1       71

PRECIPITATION (IN)
  TODAY            0.00          0.26 1992   0.02  -0.02     0.09
  MONTH TO DATE    0.21                      0.10   0.11     0.14
  SINCE OCT 1      1.59                      4.00  -2.41     2.31
  SINCE JAN 1      1.13                      2.91  -1.78     1.09

DEGREE DAYS
 HEATING
  TODAY            0                         0      0        0
  MONTH TO DATE    0                         0      0        0
  SINCE JUN 1     15                        50    -35        3
  SINCE JUL 1      0                         0      0        0

 COOLING
  TODAY           11                        10      1        6
  MONTH TO DATE  145                        98     47      164
  SINCE JUN 1    361                       243    118      416
  SINCE JAN 1    395                       270    125      439
..................................................................


WIND (MPH)
  HIGHEST WIND SPEED    24   HIGHEST WIND DIRECTION     S (180)
  HIGHEST GUST SPEED    29   HIGHEST GUST DIRECTION     S (190)



WEATHER CONDITIONS
 THE FOLLOWING WEATHER WAS RECORDED TODAY.
  NO SIGNIFICANT WEATHER WAS OBSERVED.


RELATIVE HUMIDITY (PERCENT)
 HIGHEST    60           400 AM
 LOWEST     13           300 PM
 AVERAGE    37

..........................................................


THE TONOPAH AIRPORT NV CLIMATE NORMALS FOR TOMORROW
                         NORMAL    RECORD    YEAR
 MAXIMUM TEMPERATURE (F)   92       102      1990
 MINIMUM TEMPERATURE (F)   58        45      1981


SUNRISE AND SUNSET
JULY 11 2014..........SUNRISE   535 AM PDT   SUNSET   812 PM PDT
JULY 12 2014..........SUNRISE   536 AM PDT   SUNSET   812 PM PDT


-  INDICATES NEGATIVE NUMBERS.
R  INDICATES RECORD WAS SET OR TIED.
MM INDICATES DATA IS MISSING.
T  INDICATES TRACE AMOUNT.




$$
