000
CDUS45 KLKN 010032
CLITPH


CLIMATE REPORT
NATIONAL WEATHER SERVICE ELKO NV
527 PM PDT FRI JUL 31 2015


...................................

...THE TONOPAH AIRPORT NV CLIMATE SUMMARY FOR JULY 31 2015...
VALID TODAY AS OF 500 PM LOCAL TIME.

CLIMATE NORMAL PERIOD 1981 TO 2010
CLIMATE RECORD PERIOD 1954 TO 2015


WEATHER ITEM   OBSERVED TIME   RECORD YEAR NORMAL DEPARTURE LAST
                VALUE   (LST)  VALUE       VALUE  FROM      YEAR
                                                  NORMAL
..................................................................
TEMPERATURE (F)
 TODAY
  MAXIMUM         92   1228 PM 102    2000  92      0       91
  MINIMUM         66    516 AM  48    1974  58      8       61
  AVERAGE         79                        75      4       76

PRECIPITATION (IN)
  TODAY            0.00          1.03 1976   0.02  -0.02     0.00
  MONTH TO DATE    0.11                      0.45  -0.34     1.33
  SINCE OCT 1      2.66                      4.35  -1.69     2.71
  SINCE JAN 1      2.18                      3.26  -1.08     2.25

DEGREE DAYS
 HEATING
  TODAY            0                         0      0        0
  MONTH TO DATE    0                         0      0        0
  SINCE JUN 1      6                        52    -46       15
  SINCE JUL 1      0                         2     -2        0

 COOLING
  TODAY           14                        10      4       11
  MONTH TO DATE  269                       303    -34      402
  SINCE JUN 1    560                       448    112      618
  SINCE JAN 1    583                       475    108      652
..................................................................


WIND (MPH)
  HIGHEST WIND SPEED    24   HIGHEST WIND DIRECTION     S (160)
  HIGHEST GUST SPEED    30   HIGHEST GUST DIRECTION     S (170)



WEATHER CONDITIONS
 THE FOLLOWING WEATHER WAS RECORDED TODAY.
  NO SIGNIFICANT WEATHER WAS OBSERVED.


RELATIVE HUMIDITY (PERCENT)
 HIGHEST    31           600 AM
 LOWEST     12          1200 PM
 AVERAGE    22

..........................................................


THE TONOPAH AIRPORT NV CLIMATE NORMALS FOR TOMORROW
                         NORMAL    RECORD    YEAR
 MAXIMUM TEMPERATURE (F)   92       102      1977
 MINIMUM TEMPERATURE (F)   58        47      1985


SUNRISE AND SUNSET
JULY 31 2015..........SUNRISE   550 AM PDT   SUNSET   759 PM PDT
AUGUST  1 2015........SUNRISE   551 AM PDT   SUNSET   758 PM PDT


-  INDICATES NEGATIVE NUMBERS.
R  INDICATES RECORD WAS SET OR TIED.
MM INDICATES DATA IS MISSING.
T  INDICATES TRACE AMOUNT.




$$
