000
CDUS45 KLKN 190937
CLITPH


CLIMATE REPORT
NATIONAL WEATHER SERVICE ELKO NV
135 AM PST FRI DEC 19 2014


...................................

...THE TONOPAH AIRPORT NV CLIMATE SUMMARY FOR DECEMBER 18 2014...

CLIMATE NORMAL PERIOD 1981 TO 2010
CLIMATE RECORD PERIOD 1954 TO 2014


WEATHER ITEM   OBSERVED TIME   RECORD YEAR NORMAL DEPARTURE LAST
                VALUE   (LST)  VALUE       VALUE  FROM      YEAR
                                                  NORMAL
..................................................................
TEMPERATURE (F)
 YESTERDAY
  MAXIMUM         42    345 PM  59    1999  44     -2       45
                                      1979
                                      1958
  MINIMUM         27   1159 PM   0    1970  19      8       30
  AVERAGE         35                        31      4       38

PRECIPITATION (IN)
  YESTERDAY        0.00          0.25 1978   0.01  -0.01     0.02
                                      1967
  MONTH TO DATE    0.33                      0.18   0.15     0.04
  SINCE OCT 1      0.46                      0.96  -0.50     0.46
  SINCE JAN 1      4.17                      5.11  -0.94     4.49

DEGREE DAYS
 HEATING
  YESTERDAY       30                        34     -4       27
  MONTH TO DATE  468                       588   -120      677
  SINCE DEC 1    468                       588   -120      677
  SINCE JUL 1   1381                      1805   -424     1904

 COOLING
  YESTERDAY        0                         0      0        0
  MONTH TO DATE    0                         0      0        0
  SINCE DEC 1      0                         0      0        0
  SINCE JAN 1   1004                       783    221     1042
..................................................................


WIND (MPH)
  HIGHEST WIND SPEED     8   HIGHEST WIND DIRECTION     N (360)
  HIGHEST GUST SPEED     9   HIGHEST GUST DIRECTION    SW (230)
  AVERAGE WIND SPEED     3.4



WEATHER CONDITIONS
 THE FOLLOWING WEATHER WAS RECORDED YESTERDAY.
  NO SIGNIFICANT WEATHER WAS OBSERVED.


RELATIVE HUMIDITY (PERCENT)
 HIGHEST    96           100 AM
 LOWEST     53           300 PM
 AVERAGE    75

..........................................................


THE TONOPAH AIRPORT NV CLIMATE NORMALS FOR TODAY
                         NORMAL    RECORD    YEAR
 MAXIMUM TEMPERATURE (F)   44        60      1980
 MINIMUM TEMPERATURE (F)   19         0      1992


SUNRISE AND SUNSET
DECEMBER 19 2014......SUNRISE   700 AM PST   SUNSET   431 PM PST
DECEMBER 20 2014......SUNRISE   700 AM PST   SUNSET   432 PM PST


-  INDICATES NEGATIVE NUMBERS.
R  INDICATES RECORD WAS SET OR TIED.
MM INDICATES DATA IS MISSING.
T  INDICATES TRACE AMOUNT.




$$
