000
CDUS45 KLKN 030941
CLITPH


CLIMATE REPORT
NATIONAL WEATHER SERVICE ELKO NV
237 AM PDT WED JUN 3 2015


...................................

...THE TONOPAH AIRPORT NV CLIMATE SUMMARY FOR JUNE 2 2015...

CLIMATE NORMAL PERIOD 1981 TO 2010
CLIMATE RECORD PERIOD 1954 TO 2015


WEATHER ITEM   OBSERVED TIME   RECORD YEAR NORMAL DEPARTURE LAST
                VALUE   (LST)  VALUE       VALUE  FROM      YEAR
                                                  NORMAL
..................................................................
TEMPERATURE (F)
 YESTERDAY
  MAXIMUM         81    410 PM  94    1986  80      1       86
  MINIMUM         55   1141 PM  31    2011  48      7       49
  AVERAGE         68                        64      4       68

PRECIPITATION (IN)
  YESTERDAY        0.00          0.96 1999   0.01  -0.01     0.00
  MONTH TO DATE    0.00                      0.03  -0.03     0.00
  SINCE OCT 1      2.29                      3.65  -1.36     1.38
  SINCE JAN 1      1.81                      2.56  -0.75     0.92

DEGREE DAYS
 HEATING
  YESTERDAY        0                         4     -4        0
  MONTH TO DATE    0                         8     -8        0
  SINCE JUN 1      0                         8     -8        0
  SINCE JUL 1   4249                      5419  -1170     4936

 COOLING
  YESTERDAY        3                         3      0        3
  MONTH TO DATE    7                         5      2        5
  SINCE JUN 1      7                         5      2        5
  SINCE JAN 1     30                        32     -2       39
..................................................................


WIND (MPH)
  HIGHEST WIND SPEED    21   HIGHEST WIND DIRECTION     N (340)
  HIGHEST GUST SPEED    26   HIGHEST GUST DIRECTION     N (350)
  AVERAGE WIND SPEED     9.8



WEATHER CONDITIONS
 THE FOLLOWING WEATHER WAS RECORDED YESTERDAY.
  NO SIGNIFICANT WEATHER WAS OBSERVED.


RELATIVE HUMIDITY (PERCENT)
 HIGHEST    32           500 AM
 LOWEST      5           300 PM
 AVERAGE    19

..........................................................


THE TONOPAH AIRPORT NV CLIMATE NORMALS FOR TODAY
                         NORMAL    RECORD    YEAR
 MAXIMUM TEMPERATURE (F)   80        94      1996
                                             1960
 MINIMUM TEMPERATURE (F)   48        34      2011
                                             1980


SUNRISE AND SUNSET
JUNE  3 2015..........SUNRISE   527 AM PDT   SUNSET   807 PM PDT
JUNE  4 2015..........SUNRISE   526 AM PDT   SUNSET   807 PM PDT


-  INDICATES NEGATIVE NUMBERS.
R  INDICATES RECORD WAS SET OR TIED.
MM INDICATES DATA IS MISSING.
T  INDICATES TRACE AMOUNT.




$$
