000
CDUS45 KLKN 290936
CLITPH


CLIMATE REPORT
NATIONAL WEATHER SERVICE ELKO NV
233 AM PDT FRI JUL 29 2016


...................................

...THE TONOPAH AIRPORT NV CLIMATE SUMMARY FOR JULY 28 2016...

CLIMATE NORMAL PERIOD 1981 TO 2010
CLIMATE RECORD PERIOD 1954 TO 2016


WEATHER ITEM   OBSERVED TIME   RECORD YEAR NORMAL DEPARTURE LAST
                VALUE   (LST)  VALUE       VALUE  FROM      YEAR
                                                  NORMAL
..................................................................
TEMPERATURE (F)
 YESTERDAY
  MAXIMUM        104R   243 PM 100    1995  92     12       88
  MINIMUM         68    501 AM  47    1965  58     10       57
  AVERAGE         86                        75     11       73

PRECIPITATION (IN)
  YESTERDAY        0.00          0.70 1984   0.02  -0.02     0.00
  MONTH TO DATE    0.08                      0.39  -0.31     0.11
  SINCE OCT 1      5.74                      4.29   1.45     2.66
  SINCE JAN 1      2.36                      3.20  -0.84     2.18

DEGREE DAYS
 HEATING
  YESTERDAY        0                         0      0        0
  MONTH TO DATE    0                         0      0        0
  SINCE JUN 1     10                        50    -40        6
  SINCE JUL 1      0                         0      0        0

 COOLING
  YESTERDAY       21                        10     11        8
  MONTH TO DATE  326                       268     58      233
  SINCE JUN 1    596                       413    183      524
  SINCE JAN 1    604                       440    164      547
..................................................................


WIND (MPH)
  HIGHEST WIND SPEED    26   HIGHEST WIND DIRECTION     W (270)
  HIGHEST GUST SPEED    32   HIGHEST GUST DIRECTION     W (260)
  AVERAGE WIND SPEED     7.5



WEATHER CONDITIONS
 THE FOLLOWING WEATHER WAS RECORDED YESTERDAY.
  NO SIGNIFICANT WEATHER WAS OBSERVED.


RELATIVE HUMIDITY (PERCENT)
 HIGHEST    25           200 AM
 LOWEST      8           300 PM
 AVERAGE    17

..........................................................


THE TONOPAH AIRPORT NV CLIMATE NORMALS FOR TODAY
                         NORMAL    RECORD    YEAR
 MAXIMUM TEMPERATURE (F)   92       100      1991
 MINIMUM TEMPERATURE (F)   58        49      1983


SUNRISE AND SUNSET
JULY 29 2016..........SUNRISE   549 AM PDT   SUNSET   800 PM PDT
JULY 30 2016..........SUNRISE   550 AM PDT   SUNSET   759 PM PDT


-  INDICATES NEGATIVE NUMBERS.
R  INDICATES RECORD WAS SET OR TIED.
MM INDICATES DATA IS MISSING.
T  INDICATES TRACE AMOUNT.




$$
