000
CDUS45 KLKN 230929
CLITPH


CLIMATE REPORT
NATIONAL WEATHER SERVICE ELKO NV
226 AM PDT THU OCT 23 2014


...................................

...THE TONOPAH AIRPORT NV CLIMATE SUMMARY FOR OCTOBER 22 2014...

CLIMATE NORMAL PERIOD 1981 TO 2010
CLIMATE RECORD PERIOD 1954 TO 2014


WEATHER ITEM   OBSERVED TIME   RECORD YEAR NORMAL DEPARTURE LAST
                VALUE   (LST)  VALUE       VALUE  FROM      YEAR
                                                  NORMAL
..................................................................
TEMPERATURE (F)
 YESTERDAY
  MAXIMUM         70    401 PM  83    2003  66      4       70
  MINIMUM         37    609 AM  18    1996  35      2       37
  AVERAGE         54                        50      4       54

PRECIPITATION (IN)
  YESTERDAY        0.00          0.04 2010   0.01  -0.01     0.00
  MONTH TO DATE    0.00                      0.23  -0.23     0.05
  SINCE OCT 1      0.00                      0.23  -0.23     0.05
  SINCE JAN 1      3.71                      4.38  -0.67     4.08

DEGREE DAYS
 HEATING
  YESTERDAY       11                        15     -4       11
  MONTH TO DATE  125                       232   -107      306
  SINCE SEP 1    168                       317   -149      403
  SINCE JUL 1    168                       323   -155      403

 COOLING
  YESTERDAY        0                         0      0        0
  MONTH TO DATE    0                         0      0        0
  SINCE SEP 1    141                        68     73      121
  SINCE JAN 1   1004                       781    223     1042
..................................................................


WIND (MPH)
  HIGHEST WIND SPEED    15   HIGHEST WIND DIRECTION     N (10)
  HIGHEST GUST SPEED    17   HIGHEST GUST DIRECTION     N (10)
  AVERAGE WIND SPEED     6.3



WEATHER CONDITIONS
 THE FOLLOWING WEATHER WAS RECORDED YESTERDAY.
  NO SIGNIFICANT WEATHER WAS OBSERVED.


RELATIVE HUMIDITY (PERCENT)
 HIGHEST    29           500 AM
 LOWEST     12          1200 PM
 AVERAGE    21

..........................................................


THE TONOPAH AIRPORT NV CLIMATE NORMALS FOR TODAY
                         NORMAL    RECORD    YEAR
 MAXIMUM TEMPERATURE (F)   65        83      1959
 MINIMUM TEMPERATURE (F)   35        22      1961


SUNRISE AND SUNSET
OCTOBER 23 2014.......SUNRISE   705 AM PDT   SUNSET   600 PM PDT
OCTOBER 24 2014.......SUNRISE   706 AM PDT   SUNSET   559 PM PDT


-  INDICATES NEGATIVE NUMBERS.
R  INDICATES RECORD WAS SET OR TIED.
MM INDICATES DATA IS MISSING.
T  INDICATES TRACE AMOUNT.




$$
