000
CDUS45 KLKN 300928
CLITPH


CLIMATE REPORT
NATIONAL WEATHER SERVICE ELKO NV
228 AM PDT THU MAR 30 2017


...................................

...THE TONOPAH AIRPORT NV CLIMATE SUMMARY FOR MARCH 29 2017...

CLIMATE NORMAL PERIOD 1981 TO 2010
CLIMATE RECORD PERIOD 1954 TO 2017


WEATHER ITEM   OBSERVED TIME   RECORD YEAR NORMAL DEPARTURE LAST
                VALUE   (LST)  VALUE       VALUE  FROM      YEAR
                                                  NORMAL
..................................................................
TEMPERATURE (F)
 YESTERDAY
  MAXIMUM         69    403 PM  75    2015  60      9       41
                                      1969
  MINIMUM         34    538 AM  17    1977  31      3       29
  AVERAGE         52                        45      7       35

PRECIPITATION (IN)
  YESTERDAY        0.00          0.03 2006   0.01  -0.01     0.00
  MONTH TO DATE    0.34                      0.54  -0.20     0.43
  SINCE OCT 1      1.85                      2.64  -0.79     4.88
  SINCE JAN 1      1.32                      1.55  -0.23     1.50

DEGREE DAYS
 HEATING
  YESTERDAY       13                        20     -7       30
  MONTH TO DATE  485                       646   -161      547
  SINCE MAR 1    485                       646   -161      547
  SINCE JUL 1   4350                      4688   -338     4474

 COOLING
  YESTERDAY        0                         0      0        0
  MONTH TO DATE    0                         0      0        0
  SINCE MAR 1      0                         0      0        0
  SINCE JAN 1      0                         0      0        0
..................................................................


WIND (MPH)
  HIGHEST WIND SPEED    20   HIGHEST WIND DIRECTION     N (350)
  HIGHEST GUST SPEED    23   HIGHEST GUST DIRECTION    NW (330)
  AVERAGE WIND SPEED     9.0



WEATHER CONDITIONS
 THE FOLLOWING WEATHER WAS RECORDED YESTERDAY.
  NO SIGNIFICANT WEATHER WAS OBSERVED.


RELATIVE HUMIDITY (PERCENT)
 HIGHEST    70           300 AM
 LOWEST     14           200 PM
 AVERAGE    42

..........................................................


THE TONOPAH AIRPORT NV CLIMATE NORMALS FOR TODAY
                         NORMAL    RECORD    YEAR
 MAXIMUM TEMPERATURE (F)   60        77      1966
 MINIMUM TEMPERATURE (F)   31        14      1967


SUNRISE AND SUNSET
MARCH 30 2017.........SUNRISE   636 AM PDT   SUNSET   710 PM PDT
MARCH 31 2017.........SUNRISE   635 AM PDT   SUNSET   711 PM PDT


-  INDICATES NEGATIVE NUMBERS.
R  INDICATES RECORD WAS SET OR TIED.
MM INDICATES DATA IS MISSING.
T  INDICATES TRACE AMOUNT.




$$
