000
CDUS45 KLKN 190937
CLITPH


CLIMATE REPORT
NATIONAL WEATHER SERVICE ELKO NV
233 AM PDT TUE SEP 19 2017


...................................

...THE TONOPAH AIRPORT NV CLIMATE SUMMARY FOR SEPTEMBER 18 2017...

CLIMATE NORMAL PERIOD 1981 TO 2010
CLIMATE RECORD PERIOD 1954 TO 2017


WEATHER ITEM   OBSERVED TIME   RECORD YEAR NORMAL DEPARTURE LAST
                VALUE   (LST)  VALUE       VALUE  FROM      YEAR
                                                  NORMAL
..................................................................
TEMPERATURE (F)
 YESTERDAY
  MAXIMUM         82    258 PM  90    1991  80      2       89
  MINIMUM         47    601 AM  28    1978  48     -1       48
  AVERAGE         65                        64      1       69

PRECIPITATION (IN)
  YESTERDAY        0.00          0.51 1966   0.02  -0.02     0.00
  MONTH TO DATE    0.09                      0.24  -0.15     0.04
  SINCE OCT 1      4.04                      5.10  -1.06     5.78
  SINCE JAN 1      3.51                      4.01  -0.50     2.40

DEGREE DAYS
 HEATING
  YESTERDAY        0                         3     -3        0
  MONTH TO DATE   10                        30    -20       30
  SINCE SEP 1     10                        30    -20       30
  SINCE JUL 1     10                        36    -26       30

 COOLING
  YESTERDAY        0                         2     -2        4
  MONTH TO DATE  117                        58     59       51
  SINCE SEP 1    117                        58     59       51
  SINCE JAN 1   1222                       771    451     1014
..................................................................


WIND (MPH)
  HIGHEST WIND SPEED    25   HIGHEST WIND DIRECTION    SW (220)
  HIGHEST GUST SPEED    32   HIGHEST GUST DIRECTION    SW (210)
  AVERAGE WIND SPEED    11.6



WEATHER CONDITIONS
 THE FOLLOWING WEATHER WAS RECORDED YESTERDAY.
  NO SIGNIFICANT WEATHER WAS OBSERVED.


RELATIVE HUMIDITY (PERCENT)
 HIGHEST    40           700 AM
 LOWEST     15           300 PM
 AVERAGE    28

..........................................................


THE TONOPAH AIRPORT NV CLIMATE NORMALS FOR TODAY
                         NORMAL    RECORD    YEAR
 MAXIMUM TEMPERATURE (F)   80        91      1991
 MINIMUM TEMPERATURE (F)   47        27      1978


SUNRISE AND SUNSET
SEPTEMBER 19 2017.....SUNRISE   634 AM PDT   SUNSET   649 PM PDT
SEPTEMBER 20 2017.....SUNRISE   635 AM PDT   SUNSET   648 PM PDT


-  INDICATES NEGATIVE NUMBERS.
R  INDICATES RECORD WAS SET OR TIED.
MM INDICATES DATA IS MISSING.
T  INDICATES TRACE AMOUNT.




$$
