455
CDUS45 KLKN 160938
CLITPH


CLIMATE REPORT
NATIONAL WEATHER SERVICE ELKO NV
137 AM PST MON JAN 16 2017


...................................

...THE TONOPAH AIRPORT NV CLIMATE SUMMARY FOR JANUARY 15 2017...

CLIMATE NORMAL PERIOD 1981 TO 2010
CLIMATE RECORD PERIOD 1954 TO 2017


WEATHER ITEM   OBSERVED TIME   RECORD YEAR NORMAL DEPARTURE LAST
                VALUE   (LST)  VALUE       VALUE  FROM      YEAR
                                                  NORMAL
..................................................................
TEMPERATURE (F)
 YESTERDAY
  MAXIMUM         34    246 PM  59    2014  45    -11       39
                                      1994
                                      1961
  MINIMUM         21    707 AM  -6    1955  20      1       22
  AVERAGE         28                        32     -4       31

PRECIPITATION (IN)
  YESTERDAY        0.00          0.10 2016   0.02  -0.02     0.10
  MONTH TO DATE    0.14                      0.23  -0.09     0.49
  SINCE OCT 1      0.67                      1.32  -0.65     3.87
  SINCE JAN 1      0.14                      0.23  -0.09     0.49

DEGREE DAYS
 HEATING
  YESTERDAY       37                        33      4       34
  MONTH TO DATE  487                       498    -11      553
  SINCE DEC 1   1528                      1526      2     1595
  SINCE JUL 1   2545                      2743   -198     2669

 COOLING
  YESTERDAY        0                         0      0        0
  MONTH TO DATE    0                         0      0        0
  SINCE DEC 1      0                         0      0        0
  SINCE JAN 1      0                         0      0        0
..................................................................


WIND (MPH)
  HIGHEST WIND SPEED    23   HIGHEST WIND DIRECTION    NW (320)
  HIGHEST GUST SPEED    29   HIGHEST GUST DIRECTION    NW (320)
  AVERAGE WIND SPEED    10.2



WEATHER CONDITIONS
 THE FOLLOWING WEATHER WAS RECORDED YESTERDAY.
  NO SIGNIFICANT WEATHER WAS OBSERVED.


RELATIVE HUMIDITY (PERCENT)
 HIGHEST    92           700 AM
 LOWEST     64           200 PM
 AVERAGE    78

..........................................................


THE TONOPAH AIRPORT NV CLIMATE NORMALS FOR TODAY
                         NORMAL    RECORD    YEAR
 MAXIMUM TEMPERATURE (F)   45        62      1976
 MINIMUM TEMPERATURE (F)   20         4      1955


SUNRISE AND SUNSET
JANUARY 16 2017.......SUNRISE   703 AM PST   SUNSET   454 PM PST
JANUARY 17 2017.......SUNRISE   702 AM PST   SUNSET   455 PM PST


-  INDICATES NEGATIVE NUMBERS.
R  INDICATES RECORD WAS SET OR TIED.
MM INDICATES DATA IS MISSING.
T  INDICATES TRACE AMOUNT.




$$
