000
CDUS45 KLKN 250038
CLITPH


CLIMATE REPORT
NATIONAL WEATHER SERVICE ELKO NV
535 PM PDT MON JUL 24 2017


...................................

...THE TONOPAH AIRPORT NV CLIMATE SUMMARY FOR JULY 24 2017...
VALID TODAY AS OF 0500 PM LOCAL TIME.

CLIMATE NORMAL PERIOD 1981 TO 2010
CLIMATE RECORD PERIOD 1954 TO 2017


WEATHER ITEM   OBSERVED TIME   RECORD YEAR NORMAL DEPARTURE LAST
                VALUE   (LST)  VALUE       VALUE  FROM      YEAR
                                                  NORMAL
..................................................................
TEMPERATURE (F)
 TODAY
  MAXIMUM         96        MM 101    1996  93      3      100
                                      1980
  MINIMUM         66        MM  45    1987  58      8       63
  AVERAGE         81                        75      6       82

PRECIPITATION (IN)
  TODAY            0.02          0.64 1956   0.02   0.00     0.00
  MONTH TO DATE    0.07                      0.32  -0.25     0.08
  SINCE OCT 1      2.85                      4.22  -1.37     5.74
  SINCE JAN 1      2.32                      3.13  -0.81     2.36

DEGREE DAYS
 HEATING
  TODAY            0                         0      0        0
  MONTH TO DATE    0                         0      0        0
  SINCE JUN 1     31                        50    -19       10
  SINCE JUL 1      0                         0      0        0

 COOLING
  TODAY           16                        10      6       17
  MONTH TO DATE  367                       228    139      258
  SINCE JUN 1    654                       373    281      528
  SINCE JAN 1    687                       400    287      536
..................................................................


WIND (MPH)
  HIGHEST WIND SPEED    33   HIGHEST WIND DIRECTION     E (80)
  HIGHEST GUST SPEED    39   HIGHEST GUST DIRECTION     E (90)



WEATHER CONDITIONS
 THE FOLLOWING WEATHER WAS RECORDED TODAY.
  THUNDERSTORM
  LIGHT RAIN


RELATIVE HUMIDITY (PERCENT)
 HIGHEST    58           300 AM
 LOWEST     20           200 PM
 AVERAGE    39

..........................................................


THE TONOPAH AIRPORT NV CLIMATE NORMALS FOR TOMORROW
                         NORMAL    RECORD    YEAR
 MAXIMUM TEMPERATURE (F)   93       102      1980
 MINIMUM TEMPERATURE (F)   58        45      1983


SUNRISE AND SUNSET
JULY 24 2017..........SUNRISE   545 AM PDT   SUNSET   804 PM PDT
JULY 25 2017..........SUNRISE   546 AM PDT   SUNSET   804 PM PDT


-  INDICATES NEGATIVE NUMBERS.
R  INDICATES RECORD WAS SET OR TIED.
MM INDICATES DATA IS MISSING.
T  INDICATES TRACE AMOUNT.




$$
