000
CDUS45 KLKN 270929
CLITPH


CLIMATE REPORT
NATIONAL WEATHER SERVICE ELKO NV
227 AM PDT SAT MAY 27 2017


...................................

...THE TONOPAH AIRPORT NV CLIMATE SUMMARY FOR MAY 26 2017...

CLIMATE NORMAL PERIOD 1981 TO 2010
CLIMATE RECORD PERIOD 1954 TO 2017


WEATHER ITEM   OBSERVED TIME   RECORD YEAR NORMAL DEPARTURE LAST
                VALUE   (LST)  VALUE       VALUE  FROM      YEAR
                                                  NORMAL
..................................................................
TEMPERATURE (F)
 YESTERDAY
  MAXIMUM         76    351 PM  91    1986  78     -2       70
  MINIMUM         52    424 AM  31    1980  46      6       40
  AVERAGE         64                        62      2       55

PRECIPITATION (IN)
  YESTERDAY        0.00          0.41 1981   0.02  -0.02     0.00
  MONTH TO DATE    0.79                      0.44   0.35     0.31
  SINCE OCT 1      2.78                      3.53  -0.75     5.54
  SINCE JAN 1      2.25                      2.44  -0.19     2.16

DEGREE DAYS
 HEATING
  YESTERDAY        1                         5     -4       10
  MONTH TO DATE  158                       199    -41      223
  SINCE MAR 1   1111                      1350   -239     1202
  SINCE JUL 1   4976                      5392   -416     5129

 COOLING
  YESTERDAY        0                         2     -2        0
  MONTH TO DATE   21                        14      7        1
  SINCE MAR 1     21                        15      6        1
  SINCE JAN 1     21                        15      6        1
..................................................................


WIND (MPH)
  HIGHEST WIND SPEED    24   HIGHEST WIND DIRECTION    NW (330)
  HIGHEST GUST SPEED    31   HIGHEST GUST DIRECTION    NW (320)
  AVERAGE WIND SPEED    15.0



WEATHER CONDITIONS
 THE FOLLOWING WEATHER WAS RECORDED YESTERDAY.
  NO SIGNIFICANT WEATHER WAS OBSERVED.


RELATIVE HUMIDITY (PERCENT)
 HIGHEST    35           400 AM
 LOWEST     12           300 PM
 AVERAGE    24

..........................................................


THE TONOPAH AIRPORT NV CLIMATE NORMALS FOR TODAY
                         NORMAL    RECORD    YEAR
 MAXIMUM TEMPERATURE (F)   78        94      2003
 MINIMUM TEMPERATURE (F)   46        29      1998


SUNRISE AND SUNSET
MAY 27 2017...........SUNRISE   529 AM PDT   SUNSET   802 PM PDT
MAY 28 2017...........SUNRISE   529 AM PDT   SUNSET   803 PM PDT


-  INDICATES NEGATIVE NUMBERS.
R  INDICATES RECORD WAS SET OR TIED.
MM INDICATES DATA IS MISSING.
T  INDICATES TRACE AMOUNT.




$$
