000
CDUS44 KMRX 261225
CLITRI


CLIMATE REPORT
NATIONAL WEATHER SERVICE MORRISTOWN TN
825 AM EDT FRI MAY 26 2017


...................................

...THE TRI-CITIES      ASOS CLIMATE SUMMARY FOR MAY 25 2017...

CLIMATE NORMAL PERIOD 1981 TO 2010
CLIMATE RECORD PERIOD 1934 TO 2017


WEATHER ITEM   OBSERVED TIME   RECORD YEAR NORMAL DEPARTURE LAST
                VALUE   (LST)  VALUE       VALUE  FROM      YEAR
                                                  NORMAL
..................................................................
TEMPERATURE (F)
 YESTERDAY
  MAXIMUM         59   1159 PM  90    1953  78    -19       84
  MINIMUM         51    604 AM  40    2013  54     -3       48
  AVERAGE         55                        66    -11       66

PRECIPITATION (IN)
  YESTERDAY        0.15          1.69 1943   0.12   0.03     0.04
  MONTH TO DATE    6.44                      3.04   3.40     3.62
  SINCE MAR 1     16.17                      9.81   6.36     8.15
  SINCE JAN 1     20.85                     16.63   4.22    15.55

SNOWFALL (IN)
  YESTERDAY        0.0                       0.0    0.0      0.0
  MONTH TO DATE    0.0                       0.0    0.0      0.0
  SINCE MAR 1      0.3                       2.5   -2.2       T
  SINCE JUL 1      4.3                      13.3   -9.0     18.4
  SNOW DEPTH       0

DEGREE DAYS
 HEATING
  YESTERDAY       10                         2      8        0
  MONTH TO DATE   78                        99    -21       91
  SINCE MAR 1    743                       971   -228      725
  SINCE JUL 1   3310                      4353  -1043     3545

 COOLING
  YESTERDAY        0                         3     -3        1
  MONTH TO DATE   66                        43     23       29
  SINCE MAR 1     98                        54     44       55
  SINCE JAN 1     98                        54     44       55
..................................................................


WIND (MPH)
  HIGHEST WIND SPEED    22   HIGHEST WIND DIRECTION    SW (230)
  HIGHEST GUST SPEED    31   HIGHEST GUST DIRECTION    SW (240)
  AVERAGE WIND SPEED     9.9


SKY COVER
  POSSIBLE SUNSHINE  MM
  AVERAGE SKY COVER 0.9


WEATHER CONDITIONS
 THE FOLLOWING WEATHER WAS RECORDED YESTERDAY.
  RAIN
  LIGHT RAIN
  FOG


RELATIVE HUMIDITY (PERCENT)
 HIGHEST    93          1200 AM
 LOWEST     77          1000 AM
 AVERAGE    85

..........................................................


THE TRI-CITIES      ASOS CLIMATE NORMALS FOR TODAY
                         NORMAL    RECORD    YEAR
 MAXIMUM TEMPERATURE (F)   78        91      2012
 MINIMUM TEMPERATURE (F)   54        39      1988


SUNRISE AND SUNSET
MAY 26 2017...........SUNRISE   615 AM EDT   SUNSET   838 PM EDT
MAY 27 2017...........SUNRISE   615 AM EDT   SUNSET   839 PM EDT


-  INDICATES NEGATIVE NUMBERS.
R  INDICATES RECORD WAS SET OR TIED.
MM INDICATES DATA IS MISSING.
T  INDICATES TRACE AMOUNT.




$$
