000
CDUS44 KMRX 292117
CLITRI

CLIMATE REPORT
NATIONAL WEATHER SERVICE MORRISTOWN TN
516 PM EDT FRI MAY 29 2015


...................................

...THE TRI-CITIES CLIMATE SUMMARY FOR MAY 29 2015...
VALID TODAY AS OF 0500 PM LOCAL TIME.

CLIMATE NORMAL PERIOD 1981 TO 2010
CLIMATE RECORD PERIOD 1934 TO 2015


WEATHER ITEM   OBSERVED TIME   RECORD YEAR NORMAL DEPARTURE LAST
                VALUE   (LST)  VALUE       VALUE  FROM      YEAR
                                                  NORMAL
..................................................................
TEMPERATURE (F)
 TODAY
  MAXIMUM         86    104 PM  92    1941  79      7       89
  MINIMUM         62    530 AM  44    2005  55      7       60
                                      1949
  AVERAGE         74                        67      7       75

PRECIPITATION (IN)
  TODAY            T             1.24 1976   0.13  -0.13     0.31
  MONTH TO DATE    0.69                      3.54  -2.85     2.20
  SINCE MAR 1      9.57                     10.31  -0.74     6.94
  SINCE JAN 1     14.90                     17.13  -2.23    12.00

SNOWFALL (IN)
  TODAY            0.0                       0.0    0.0      0.0
  MONTH TO DATE    0.0                       0.0    0.0      0.0
  SINCE MAR 1      T                         2.5   -2.5      0.7
  SINCE JUL 1     15.5                      13.3    2.2     13.0
  SNOW DEPTH       0

DEGREE DAYS
 HEATING
  TODAY            0                         1     -1        0
  MONTH TO DATE   41                       106    -65       80
  SINCE MAR 1    749                       978   -229      915
  SINCE JUL 1   4376                      4360     16     4410

 COOLING
  TODAY            9                         4      5       10
  MONTH TO DATE  138                        56     82       95
  SINCE MAR 1    148                        67     81      116
  SINCE JAN 1    148                        67     81      116
..................................................................


WIND (MPH)
  HIGHEST WIND SPEED    14   HIGHEST WIND DIRECTION     S (200)
  HIGHEST GUST SPEED    17   HIGHEST GUST DIRECTION    SW (230)
  AVERAGE WIND SPEED     1.8


SKY COVER
  POSSIBLE SUNSHINE  MM
  AVERAGE SKY COVER 0.8


WEATHER CONDITIONS
 THE FOLLOWING WEATHER WAS RECORDED TODAY.
  FOG
  FOG W/VISIBILITY <= 1/4 MILE


RELATIVE HUMIDITY (PERCENT)
 HIGHEST   100           100 AM
 LOWEST     40           100 PM
 AVERAGE    70

..........................................................


THE TRI-CITIES CLIMATE NORMALS FOR TOMORROW
                         NORMAL    RECORD    YEAR
 MAXIMUM TEMPERATURE (F)   79        93      2011
 MINIMUM TEMPERATURE (F)   55        39      1984


SUNRISE AND SUNSET
MAY 29 2015...........SUNRISE   614 AM EDT   SUNSET   840 PM EDT
MAY 30 2015...........SUNRISE   614 AM EDT   SUNSET   841 PM EDT


-  INDICATES NEGATIVE NUMBERS.
R  INDICATES RECORD WAS SET OR TIED.
MM INDICATES DATA IS MISSING.
T  INDICATES TRACE AMOUNT.




$$
