000
CDUS46 KSGX 210017
CLITRM


CLIMATE REPORT
NATIONAL WEATHER SERVICE SAN DIEGO, CA
517 PM PDT SAT SEP 20 2014


...................................

...THE THERMAL AIRPORT CA CLIMATE SUMMARY FOR SEPTEMBER 20 2014...
VALID TODAY AS OF 0500 PM LOCAL TIME.

CLIMATE NORMAL PERIOD 1981 TO 2010
CLIMATE RECORD PERIOD 1950 TO 2014


WEATHER ITEM   OBSERVED TIME   RECORD YEAR NORMAL DEPARTURE LAST
                VALUE   (LST)  VALUE       VALUE  FROM      YEAR
                                                  NORMAL
..................................................................
TEMPERATURE (F)
 TODAY
  MAXIMUM        100    311 PM 110    1987 100      0      102
  MINIMUM         78    558 AM  53    1971  65     13       62
  AVERAGE         89                        83      6       82

PRECIPITATION (IN)
  TODAY            0.00          0.48 1983   0.01  -0.01     0.00
  MONTH TO DATE    0.13                      0.16  -0.03     0.14
  SINCE JUL 1      0.45                      0.49  -0.04     1.39
  SINCE JAN 1      0.53                      2.31  -1.78     1.83

SNOWFALL (IN)
  TODAY            0.0
  MONTH TO DATE    0.0
  SINCE JAN 1      0.0
  SINCE JUL 1      0.0
  SNOW DEPTH       0

DEGREE DAYS
 HEATING
  TODAY            0                         0      0        0
  MONTH TO DATE    0                         0      0        0
  SINCE SEP 1      0                         0      0        0
  SINCE JUL 1      0                         0      0        0

 COOLING
  TODAY           24                        18      6       17
  MONTH TO DATE  499                       412     87      492
  SINCE SEP 1    499                       412     87      492
  SINCE JAN 1   3696                      3245    451     3776
..................................................................


WIND (MPH)
  RESULTANT WIND SPEED   2   RESULTANT WIND DIRECTION  NE (30)
  HIGHEST WIND SPEED    15   HIGHEST WIND DIRECTION    SE (130)
  HIGHEST GUST SPEED    20   HIGHEST GUST DIRECTION    SE (140)
  AVERAGE WIND SPEED     8.4


SKY COVER
  POSSIBLE SUNSHINE  MM
  AVERAGE SKY COVER 0.0


WEATHER CONDITIONS
 THE FOLLOWING WEATHER WAS RECORDED TODAY.
  NO SIGNIFICANT WEATHER WAS OBSERVED.


RELATIVE HUMIDITY (PERCENT)
 HIGHEST    52           500 AM
 LOWEST     27           100 PM
 AVERAGE    40

..........................................................


THE THERMAL AIRPORT CA CLIMATE NORMALS FOR TOMORROW
                         NORMAL    RECORD    YEAR
 MAXIMUM TEMPERATURE (F)  100       110      2003
 MINIMUM TEMPERATURE (F)   65        54      2006


SUNRISE AND SUNSET
SEPTEMBER 20 2014.....SUNRISE   631 AM PDT   SUNSET   644 PM PDT
SEPTEMBER 21 2014.....SUNRISE   632 AM PDT   SUNSET   643 PM PDT


-  INDICATES NEGATIVE NUMBERS.
R  INDICATES RECORD WAS SET OR TIED.
MM INDICATES DATA IS MISSING.
T  INDICATES TRACE AMOUNT.




$$
