820
CDUS46 KSGX 120017
CLITRM


CLIMATE REPORT
NATIONAL WEATHER SERVICE SAN DIEGO, CA
417 PM PST THU FEB 11 2016


...................................

...THE THERMAL AIRPORT CA CLIMATE SUMMARY FOR FEBRUARY 11 2016...
VALID TODAY AS OF 0400 PM LOCAL TIME.

CLIMATE NORMAL PERIOD 1981 TO 2010
CLIMATE RECORD PERIOD 1950 TO 2016


WEATHER ITEM   OBSERVED TIME   RECORD YEAR NORMAL DEPARTURE LAST
                VALUE   (LST)  VALUE       VALUE  FROM      YEAR
                                                  NORMAL
..................................................................
TEMPERATURE (F)
 TODAY
  MAXIMUM         86    137 PM  94    1971  74     12       88
  MINIMUM         40    636 AM  28    2002  40      0       44
  AVERAGE         63                        57      6       66

PRECIPITATION (IN)
  TODAY            0.00          1.06 2005   0.02  -0.02     0.00
  MONTH TO DATE    0.00                      0.22  -0.22     0.00
  SINCE OCT 1      1.63                      1.70  -0.07     0.42
  SINCE JAN 1      1.20                      0.89   0.31     0.27

DEGREE DAYS
 HEATING
  TODAY            2                         8     -6        0
  MONTH TO DATE   85                        95    -10       23
  SINCE DEC 1    809                       788     21      573
  SINCE JUL 1   1008                       955     53      682

 COOLING
  TODAY            0                         0      0        1
  MONTH TO DATE   10                         0     10       16
  SINCE DEC 1     10                         3      7       19
  SINCE JAN 1     10                         2      8       16
..................................................................


WIND (MPH)
  RESULTANT WIND SPEED   0   RESULTANT WIND DIRECTION   N (360)
  HIGHEST WIND SPEED     8   HIGHEST WIND DIRECTION    SE (150)
  HIGHEST GUST SPEED    12   HIGHEST GUST DIRECTION    SE (150)
  AVERAGE WIND SPEED     3.1


SKY COVER
  POSSIBLE SUNSHINE  MM
  AVERAGE SKY COVER 0.0


WEATHER CONDITIONS
 THE FOLLOWING WEATHER WAS RECORDED TODAY.
  NO SIGNIFICANT WEATHER WAS OBSERVED.


RELATIVE HUMIDITY (PERCENT)
 HIGHEST    62           300 AM
 LOWEST     10           300 PM
 AVERAGE    36

..........................................................


THE THERMAL AIRPORT CA CLIMATE NORMALS FOR TOMORROW
                         NORMAL    RECORD    YEAR
 MAXIMUM TEMPERATURE (F)   74        91      1971
 MINIMUM TEMPERATURE (F)   41        26      1965


SUNRISE AND SUNSET
FEBRUARY 11 2016......SUNRISE   633 AM PST   SUNSET   525 PM PST
FEBRUARY 12 2016......SUNRISE   632 AM PST   SUNSET   526 PM PST


-  INDICATES NEGATIVE NUMBERS.
R  INDICATES RECORD WAS SET OR TIED.
MM INDICATES DATA IS MISSING.
T  INDICATES TRACE AMOUNT.




$$
