186
CDUS46 KSGX 191150
CLITRM


CLIMATE REPORT
NATIONAL WEATHER SERVICE SAN DIEGO, CA
450 AM PDT SAT AUG 19 2017


...................................

...THE THERMAL AIRPORT CA CLIMATE SUMMARY FOR AUGUST 18 2017...

CLIMATE NORMAL PERIOD 1981 TO 2010
CLIMATE RECORD PERIOD 1950 TO 2017


WEATHER ITEM   OBSERVED TIME   RECORD YEAR NORMAL DEPARTURE LAST
                VALUE   (LST)  VALUE       VALUE  FROM      YEAR
                                                  NORMAL
..................................................................
TEMPERATURE (F)
 YESTERDAY
  MAXIMUM        108    305 PM 115    1999 106      2      106
  MINIMUM         81    536 AM  63    1995  74      7       75
  AVERAGE         95                        90      5       91

PRECIPITATION (IN)
  YESTERDAY        0.00          0.28 1983   0.01  -0.01     0.00
  MONTH TO DATE    0.07                      0.10  -0.03     0.00
  SINCE OCT 1      3.76                      2.87   0.89     1.98
  SINCE JAN 1      2.08                      2.06   0.02     1.55

DEGREE DAYS
 HEATING
  YESTERDAY        0                         0      0        0
  MONTH TO DATE    0                         0      0        0
  SINCE JUN 1      0                         0      0        0
  SINCE JUL 1      0                         0      0        0

 COOLING
  YESTERDAY       30                        25      5       26
  MONTH TO DATE  509                       455     54      513
  SINCE JUN 1   2125                      1849    276     2131
  SINCE JAN 1   3099                      2522    577     3008
..................................................................


WIND (MPH)
  RESULTANT WIND SPEED   3   RESULTANT WIND DIRECTION   N (360)
  HIGHEST WIND SPEED    15   HIGHEST WIND DIRECTION    NW (320)
  HIGHEST GUST SPEED    21   HIGHEST GUST DIRECTION     N (340)
  AVERAGE WIND SPEED     9.1


SKY COVER
  POSSIBLE SUNSHINE  MM
  AVERAGE SKY COVER 0.0


WEATHER CONDITIONS
 THE FOLLOWING WEATHER WAS RECORDED YESTERDAY.
  NO SIGNIFICANT WEATHER WAS OBSERVED.


RELATIVE HUMIDITY (PERCENT)
 HIGHEST    42           500 AM
 LOWEST      9           300 PM
 AVERAGE    26

..........................................................


THE THERMAL AIRPORT CA CLIMATE NORMALS FOR TODAY
                         NORMAL    RECORD    YEAR
 MAXIMUM TEMPERATURE (F)  106       113      1982
 MINIMUM TEMPERATURE (F)   74        59      1993


SUNRISE AND SUNSET
AUGUST 19 2017........SUNRISE   610 AM PDT   SUNSET   726 PM PDT
AUGUST 20 2017........SUNRISE   611 AM PDT   SUNSET   725 PM PDT


-  INDICATES NEGATIVE NUMBERS.
R  INDICATES RECORD WAS SET OR TIED.
MM INDICATES DATA IS MISSING.
T  INDICATES TRACE AMOUNT.




$$
