000
CDUS46 KSGX 271421
CLITRM


CLIMATE REPORT
NATIONAL WEATHER SERVICE SAN DIEGO, CA
721 AM PDT THU AUG 27 2015


...................................

...THE THERMAL AIRPORT CA CLIMATE SUMMARY FOR AUGUST 26 2015...

CLIMATE NORMAL PERIOD 1981 TO 2010
CLIMATE RECORD PERIOD 1950 TO 2015


WEATHER ITEM   OBSERVED TIME   RECORD YEAR NORMAL DEPARTURE LAST
                VALUE   (LST)  VALUE       VALUE  FROM      YEAR
                                                  NORMAL
..................................................................
TEMPERATURE (F)
 YESTERDAY
  MAXIMUM        106    406 PM 115    1981 105      1      102
  MINIMUM         80    503 AM  60    2006  72      8       70
  AVERAGE         93                        89      4       86

PRECIPITATION (IN)
  YESTERDAY        0.00          0.09 1994   0.00   0.00     0.00
  MONTH TO DATE    0.00                      0.15  -0.15     0.32
  SINCE OCT 1      1.72                      2.92  -1.20     0.48
  SINCE JAN 1      1.57                      2.11  -0.54     0.40

DEGREE DAYS
 HEATING
  YESTERDAY        0                         0      0        0
  MONTH TO DATE    0                         0      0        0
  SINCE JUN 1      0                         0      0        0
  SINCE JUL 1      0                         0      0        0

 COOLING
  YESTERDAY       28                        24      4       21
  MONTH TO DATE  735                       649     86      636
  SINCE JUN 1   2213                      2043    170     2236
  SINCE JAN 1   2967                      2716    251     3058
..................................................................


WIND (MPH)
  RESULTANT WIND SPEED   2   RESULTANT WIND DIRECTION  SE (120)
  HIGHEST WIND SPEED    12   HIGHEST WIND DIRECTION    SE (130)
  HIGHEST GUST SPEED    19   HIGHEST GUST DIRECTION    SE (120)
  AVERAGE WIND SPEED     3.8


SKY COVER
  POSSIBLE SUNSHINE  MM
  AVERAGE SKY COVER 0.0


WEATHER CONDITIONS
 THE FOLLOWING WEATHER WAS RECORDED YESTERDAY.
  NO SIGNIFICANT WEATHER WAS OBSERVED.


RELATIVE HUMIDITY (PERCENT)
 HIGHEST    67           600 AM
 LOWEST     23           300 PM
 AVERAGE    45

..........................................................


THE THERMAL AIRPORT CA CLIMATE NORMALS FOR TODAY
                         NORMAL    RECORD    YEAR
 MAXIMUM TEMPERATURE (F)  105       120      1981
 MINIMUM TEMPERATURE (F)   72        58      1954


SUNRISE AND SUNSET
AUGUST 27 2015........SUNRISE   615 AM PDT   SUNSET   717 PM PDT
AUGUST 28 2015........SUNRISE   616 AM PDT   SUNSET   715 PM PDT


-  INDICATES NEGATIVE NUMBERS.
R  INDICATES RECORD WAS SET OR TIED.
MM INDICATES DATA IS MISSING.
T  INDICATES TRACE AMOUNT.




$$
