000
CDUS46 KSGX 130018
CLITRM


CLIMATE REPORT
NATIONAL WEATHER SERVICE SAN DIEGO, CA
518 PM PDT SAT JUL 12 2014


...................................

...THE THERMAL AIRPORT CA CLIMATE SUMMARY FOR JULY 12 2014...
VALID TODAY AS OF 0500 PM LOCAL TIME.

CLIMATE NORMAL PERIOD 1981 TO 2010
CLIMATE RECORD PERIOD 1950 TO 2014


WEATHER ITEM   OBSERVED TIME   RECORD YEAR NORMAL DEPARTURE LAST
                VALUE   (LST)  VALUE       VALUE  FROM      YEAR
                                                  NORMAL
..................................................................
TEMPERATURE (F)
 TODAY
  MAXIMUM        110    327 PM 120    1985 107      3      105
  MINIMUM         82    517 AM  63    1963  74      8       83
  AVERAGE         96                        90      6       94

PRECIPITATION (IN)
  TODAY            0.00          0.02 1953   0.00   0.00     0.00
                                      1953
                                      2008
  MONTH TO DATE    T                         0.03  -0.03     0.01
  SINCE JUL 1      T                         0.03  -0.03     0.01
  SINCE JAN 1      0.08                      1.85  -1.77     0.45

SNOWFALL (IN)
  TODAY            0.0
  MONTH TO DATE    0.0
  SINCE JAN 1      0.0
  SINCE JUL 1      0.0
  SNOW DEPTH       0

DEGREE DAYS
 HEATING
  TODAY            0                         0      0        0
  MONTH TO DATE    0                         0      0        0
  SINCE JUN 1      0                         0      0        0
  SINCE JUL 1      0                         0      0        0

 COOLING
  TODAY           31                        25      6       29
  MONTH TO DATE  338                       296     42      348
  SINCE JUN 1   1022                       904    118     1071
  SINCE JAN 1   1844                      1577    267     1978
..................................................................


WIND (MPH)
  RESULTANT WIND SPEED   4   RESULTANT WIND DIRECTION   N (340)
  HIGHEST WIND SPEED    20   HIGHEST WIND DIRECTION    NW (330)
  HIGHEST GUST SPEED    26   HIGHEST GUST DIRECTION     N (340)
  AVERAGE WIND SPEED     8.6


SKY COVER
  POSSIBLE SUNSHINE  MM
  AVERAGE SKY COVER 0.0


WEATHER CONDITIONS
 THE FOLLOWING WEATHER WAS RECORDED TODAY.
  NO SIGNIFICANT WEATHER WAS OBSERVED.


RELATIVE HUMIDITY (PERCENT)
 HIGHEST    37           200 AM
 LOWEST      8           300 PM
 AVERAGE    23

..........................................................


THE THERMAL AIRPORT CA CLIMATE NORMALS FOR TOMORROW
                         NORMAL    RECORD    YEAR
 MAXIMUM TEMPERATURE (F)  107       117      2005
 MINIMUM TEMPERATURE (F)   74        64      1980


SUNRISE AND SUNSET
JULY 12 2014..........SUNRISE   544 AM PDT   SUNSET   757 PM PDT
JULY 13 2014..........SUNRISE   544 AM PDT   SUNSET   756 PM PDT


-  INDICATES NEGATIVE NUMBERS.
R  INDICATES RECORD WAS SET OR TIED.
MM INDICATES DATA IS MISSING.
T  INDICATES TRACE AMOUNT.




$$
