000
CDUS46 KSGX 230021
CLITRM


CLIMATE REPORT
NATIONAL WEATHER SERVICE SAN DIEGO, CA
421 PM PST MON DEC 22 2014


...................................

...THE THERMAL AIRPORT CA CLIMATE SUMMARY FOR DECEMBER 22 2014...
VALID TODAY AS OF 0400 PM LOCAL TIME.

CLIMATE NORMAL PERIOD 1981 TO 2010
CLIMATE RECORD PERIOD 1950 TO 2014


WEATHER ITEM   OBSERVED TIME   RECORD YEAR NORMAL DEPARTURE LAST
                VALUE   (LST)  VALUE       VALUE  FROM      YEAR
                                                  NORMAL
..................................................................
TEMPERATURE (F)
 TODAY
  MAXIMUM         73    119 PM  84    1960  69      4       66
  MINIMUM         39    636 AM  21    1990  36      3       35
  AVERAGE         56                        52      4       51

PRECIPITATION (IN)
  TODAY            0.00          0.12 2010   0.01  -0.01     0.00
  MONTH TO DATE    0.13                      0.22  -0.09     0.01
  SINCE JUL 1      0.58                      1.25  -0.67     1.47
  SINCE JAN 1      0.66                      3.07  -2.41     1.91

SNOWFALL (IN)
  TODAY            0.0
  MONTH TO DATE    0.0
  SINCE JAN 1      0.0
  SINCE JUL 1      0.0
  SNOW DEPTH       0

DEGREE DAYS
 HEATING
  TODAY            9                        13     -4       14
  MONTH TO DATE  154                       264   -110      278
  SINCE DEC 1    154                       264   -110      278
  SINCE JUL 1    263                       431   -168      387

 COOLING
  TODAY            0                         0      0        0
  MONTH TO DATE    3                         0      3        0
  SINCE DEC 1      3                         0      3        0
  SINCE JAN 1   4261                      3686    575     4072
..................................................................


WIND (MPH)
  RESULTANT WIND SPEED   1   RESULTANT WIND DIRECTION  SE (140)
  HIGHEST WIND SPEED    12   HIGHEST WIND DIRECTION    SE (140)
  HIGHEST GUST SPEED    14   HIGHEST GUST DIRECTION    SE (150)
  AVERAGE WIND SPEED     3.9


SKY COVER
  POSSIBLE SUNSHINE  MM
  AVERAGE SKY COVER 0.0


WEATHER CONDITIONS
 THE FOLLOWING WEATHER WAS RECORDED TODAY.
  NO SIGNIFICANT WEATHER WAS OBSERVED.


RELATIVE HUMIDITY (PERCENT)
 HIGHEST    93           600 AM
 LOWEST     41           300 PM
 AVERAGE    67

..........................................................


THE THERMAL AIRPORT CA CLIMATE NORMALS FOR TOMORROW
                         NORMAL    RECORD    YEAR
 MAXIMUM TEMPERATURE (F)   69        90      2001
 MINIMUM TEMPERATURE (F)   36        14      1990


SUNRISE AND SUNSET
DECEMBER 22 2014......SUNRISE   646 AM PST   SUNSET   441 PM PST
DECEMBER 23 2014......SUNRISE   646 AM PST   SUNSET   442 PM PST


-  INDICATES NEGATIVE NUMBERS.
R  INDICATES RECORD WAS SET OR TIED.
MM INDICATES DATA IS MISSING.
T  INDICATES TRACE AMOUNT.




$$
