000
CDUS46 KSGX 280016
CLITRM


CLIMATE REPORT
NATIONAL WEATHER SERVICE SAN DIEGO, CA
516 PM PDT SUN JUL 27 2014


...................................

...THE THERMAL AIRPORT CA CLIMATE SUMMARY FOR JULY 27 2014...
VALID TODAY AS OF 0500 PM LOCAL TIME.

CLIMATE NORMAL PERIOD 1981 TO 2010
CLIMATE RECORD PERIOD 1950 TO 2014


WEATHER ITEM   OBSERVED TIME   RECORD YEAR NORMAL DEPARTURE LAST
                VALUE   (LST)  VALUE       VALUE  FROM      YEAR
                                                  NORMAL
..................................................................
TEMPERATURE (F)
 TODAY
  MAXIMUM        103    322 PM 123    1998 107     -4      109
  MINIMUM         82    418 AM  62    2002  75      7       82
  AVERAGE         93                        91      2       96

PRECIPITATION (IN)
  TODAY            0.00          0.02 1984   0.01  -0.01     0.00
  MONTH TO DATE    T                         0.12  -0.12     0.08
  SINCE JUL 1      T                         0.12  -0.12     0.08
  SINCE JAN 1      0.08                      1.94  -1.86     0.52

SNOWFALL (IN)
  TODAY            0.0
  MONTH TO DATE    0.0
  SINCE JAN 1      0.0
  SINCE JUL 1      0.0
  SNOW DEPTH       0

DEGREE DAYS
 HEATING
  TODAY            0                         0      0        0
  MONTH TO DATE    0                         0      0        0
  SINCE JUN 1      0                         0      0        0
  SINCE JUL 1      0                         0      0        0

 COOLING
  TODAY           28                        26      2       31
  MONTH TO DATE  777                       685     92      775
  SINCE JUN 1   1461                      1293    168     1498
  SINCE JAN 1   2283                      1966    317     2405
..................................................................


WIND (MPH)
  RESULTANT WIND SPEED   2   RESULTANT WIND DIRECTION   E (110)
  HIGHEST WIND SPEED    23   HIGHEST WIND DIRECTION    SE (150)
  HIGHEST GUST SPEED    31   HIGHEST GUST DIRECTION    SE (150)
  AVERAGE WIND SPEED     8.9


SKY COVER
  POSSIBLE SUNSHINE  MM
  AVERAGE SKY COVER 0.2


WEATHER CONDITIONS
 THE FOLLOWING WEATHER WAS RECORDED TODAY.
  HAZE


RELATIVE HUMIDITY (PERCENT)
 HIGHEST    57           600 AM
 LOWEST     26          1200 AM
 AVERAGE    42

..........................................................


THE THERMAL AIRPORT CA CLIMATE NORMALS FOR TOMORROW
                         NORMAL    RECORD    YEAR
 MAXIMUM TEMPERATURE (F)  107       126      1995
 MINIMUM TEMPERATURE (F)   75        63      2012
                                             1986


SUNRISE AND SUNSET
JULY 27 2014..........SUNRISE   553 AM PDT   SUNSET   749 PM PDT
JULY 28 2014..........SUNRISE   554 AM PDT   SUNSET   748 PM PDT


-  INDICATES NEGATIVE NUMBERS.
R  INDICATES RECORD WAS SET OR TIED.
MM INDICATES DATA IS MISSING.
T  INDICATES TRACE AMOUNT.




$$
