848
CDUS46 KSGX 201516
CLITRM


CLIMATE REPORT
NATIONAL WEATHER SERVICE SAN DIEGO, CA
716 AM PST MON FEB 20 2017


...................................

...THE THERMAL AIRPORT CA CLIMATE SUMMARY FOR FEBRUARY 19 2017...

CLIMATE NORMAL PERIOD 1981 TO 2010
CLIMATE RECORD PERIOD 1950 TO 2017


WEATHER ITEM   OBSERVED TIME   RECORD YEAR NORMAL DEPARTURE LAST
                VALUE   (LST)  VALUE       VALUE  FROM      YEAR
                                                  NORMAL
..................................................................
TEMPERATURE (F)
 YESTERDAY
  MAXIMUM         67    353 PM  92    1995  75     -8       83
  MINIMUM         48    631 AM  30    1975  42      6       54
  AVERAGE         58                        59     -1       69

PRECIPITATION (IN)
  YESTERDAY        0.00          0.42 1958   0.03  -0.03     0.00
  MONTH TO DATE    0.37                      0.44  -0.07     0.00
  SINCE OCT 1      3.36                      1.92   1.44     1.63
  SINCE JAN 1      1.68                      1.11   0.57     1.20

DEGREE DAYS
 HEATING
  YESTERDAY        7                         7      0        0
  MONTH TO DATE   56                       154    -98       89
  SINCE DEC 1    684                       847   -163      813
  SINCE JUL 1    802                      1014   -212     1012

 COOLING
  YESTERDAY        0                         0      0        4
  MONTH TO DATE   32                         0     32       46
  SINCE DEC 1     34                         3     31       46
  SINCE JAN 1     32                         2     30       46
..................................................................


WIND (MPH)
  RESULTANT WIND SPEED   0   RESULTANT WIND DIRECTION  NE (50)
  HIGHEST WIND SPEED    13   HIGHEST WIND DIRECTION    NW (330)
  HIGHEST GUST SPEED    20   HIGHEST GUST DIRECTION     N (340)
  AVERAGE WIND SPEED     3.9


SKY COVER
  POSSIBLE SUNSHINE  MM
  AVERAGE SKY COVER 0.5


WEATHER CONDITIONS
 THE FOLLOWING WEATHER WAS RECORDED YESTERDAY.
  FOG


RELATIVE HUMIDITY (PERCENT)
 HIGHEST   100          1200 AM
 LOWEST     58           400 PM
 AVERAGE    79

..........................................................


THE THERMAL AIRPORT CA CLIMATE NORMALS FOR TODAY
                         NORMAL    RECORD    YEAR
 MAXIMUM TEMPERATURE (F)   76        93      1995
 MINIMUM TEMPERATURE (F)   42        27      1955


SUNRISE AND SUNSET
FEBRUARY 20 2017......SUNRISE   623 AM PST   SUNSET   534 PM PST
FEBRUARY 21 2017......SUNRISE   622 AM PST   SUNSET   535 PM PST


-  INDICATES NEGATIVE NUMBERS.
R  INDICATES RECORD WAS SET OR TIED.
MM INDICATES DATA IS MISSING.
T  INDICATES TRACE AMOUNT.




$$
