000
CDUS46 KPQR 180222
CLITTD


CLIMATE REPORT
NATIONAL WEATHER SERVICE PORTLAND OREGON
622 PM PST SAT FEB 17 2018


...................................

...THE TROUTDALE OR CLIMATE SUMMARY FOR FEBRUARY 17 2018...
VALID TODAY AS OF 0600 PM LOCAL TIME.

CLIMATE NORMAL PERIOD 1981 TO 2010
CLIMATE RECORD PERIOD 1948 TO 2018


WEATHER ITEM   OBSERVED TIME   RECORD YEAR NORMAL DEPARTURE LAST
                VALUE   (LST)  VALUE       VALUE  FROM      YEAR
                                                  NORMAL
..................................................................
TEMPERATURE (F)
 TODAY
  MAXIMUM         56    153 PM  66    1948  50      6       55
  MINIMUM         48    559 PM  24    2006  36     12       43
  AVERAGE         52                        43      9       49

PRECIPITATION (IN)
  TODAY            0.14                      0.16  -0.02     0.00
  MONTH TO DATE    0.85                      3.14  -2.29     5.96
  SINCE OCT 1     20.18                     27.72  -7.54    29.42
  SINCE JAN 1      5.84                      9.32  -3.48     8.33

DEGREE DAYS
 HEATING
  TODAY           13                        22     -9       16
  MONTH TO DATE  297                       390    -93      403

 COOLING
  TODAY            0                         0      0        0
  MONTH TO DATE    0                         0      0        0
..................................................................


WIND (MPH)
  HIGHEST WIND SPEED    28   HIGHEST WIND DIRECTION    SW (240)
  HIGHEST GUST SPEED    37   HIGHEST GUST DIRECTION    SW (220)
  AVERAGE WIND SPEED    11.8


SKY COVER
  POSSIBLE SUNSHINE  MM
  AVERAGE SKY COVER 1.0


WEATHER CONDITIONS
 THE FOLLOWING WEATHER WAS RECORDED TODAY.
  RAIN
  LIGHT RAIN
  FOG


RELATIVE HUMIDITY (PERCENT)
 HIGHEST    93          1200 PM
 LOWEST     83          1100 AM
 AVERAGE    88

..........................................................


THE TROUTDALE OR CLIMATE NORMALS FOR TOMORROW
                         NORMAL    RECORD    YEAR
 MAXIMUM TEMPERATURE (F)   50        66      1981
 MINIMUM TEMPERATURE (F)   36        22      1955
                                             1985


SUNRISE AND SUNSET
FEBRUARY 17 2018......SUNRISE   708 AM PST   SUNSET   540 PM PST
FEBRUARY 18 2018......SUNRISE   706 AM PST   SUNSET   541 PM PST


-  INDICATES NEGATIVE NUMBERS.
R  INDICATES RECORD WAS SET OR TIED.
MM INDICATES DATA IS MISSING.
T  INDICATES TRACE AMOUNT.




$$
