000
CDUS46 KPQR 281142
CLITTD


CLIMATE REPORT
NATIONAL WEATHER SERVICE PORTLAND OREGON
441 AM PDT THU APR 28 2016


...................................

...THE TROUTDALE OR CLIMATE SUMMARY FOR APRIL 27 2016...

CLIMATE NORMAL PERIOD 1981 TO 2010
CLIMATE RECORD PERIOD 1948 TO 2016


WEATHER ITEM   OBSERVED TIME   RECORD YEAR NORMAL DEPARTURE LAST
                VALUE   (LST)  VALUE       VALUE  FROM      YEAR
                                                  NORMAL
..................................................................
TEMPERATURE (F)
 YESTERDAY
  MAXIMUM         61    416 PM  84    1987  64     -3       80
  MINIMUM         48   1149 PM  31    1948  42      6       48
  AVERAGE         55                        53      2       64

PRECIPITATION (IN)
  YESTERDAY        0.02                      0.12  -0.10     0.00
  MONTH TO DATE    2.44                      3.51  -1.07     2.17
  SINCE OCT 1     34.97                     37.82  -2.85    27.49
  SINCE JAN 1     15.15                     19.42  -4.27    12.53

DEGREE DAYS
 HEATING
  YESTERDAY       10                        12     -2        1
  MONTH TO DATE  209                       372   -163      350

 COOLING
  YESTERDAY        0                         0      0        0
  MONTH TO DATE   29                         0     29        0
..................................................................


WIND (MPH)
  HIGHEST WIND SPEED     8   HIGHEST WIND DIRECTION    SW (240)
  HIGHEST GUST SPEED    10   HIGHEST GUST DIRECTION     W (250)
  AVERAGE WIND SPEED     1.2


SKY COVER
  POSSIBLE SUNSHINE  MM
  AVERAGE SKY COVER 0.9


WEATHER CONDITIONS
 THE FOLLOWING WEATHER WAS RECORDED YESTERDAY.
  LIGHT RAIN


RELATIVE HUMIDITY (PERCENT)
 HIGHEST    86           600 AM
 LOWEST     51           500 PM
 AVERAGE    69

..........................................................


THE TROUTDALE OR CLIMATE NORMALS FOR TODAY
                         NORMAL    RECORD    YEAR
 MAXIMUM TEMPERATURE (F)   64        84      1998
 MINIMUM TEMPERATURE (F)   43        33      1973


SUNRISE AND SUNSET
APRIL 28 2016.........SUNRISE   601 AM PDT   SUNSET   814 PM PDT
APRIL 29 2016.........SUNRISE   600 AM PDT   SUNSET   815 PM PDT


-  INDICATES NEGATIVE NUMBERS.
R  INDICATES RECORD WAS SET OR TIED.
MM INDICATES DATA IS MISSING.
T  INDICATES TRACE AMOUNT.




$$
