000
CDUS46 KPQR 161145
CLITTD


CLIMATE REPORT
NATIONAL WEATHER SERVICE PORTLAND OREGON
444 AM PDT WED AUG 16 2017


...................................

...THE TROUTDALE OR CLIMATE SUMMARY FOR AUGUST 15 2017...

CLIMATE NORMAL PERIOD 1981 TO 2010
CLIMATE RECORD PERIOD 1948 TO 2017


WEATHER ITEM   OBSERVED TIME   RECORD YEAR NORMAL DEPARTURE LAST
                VALUE   (LST)  VALUE       VALUE  FROM      YEAR
                                                  NORMAL
..................................................................
TEMPERATURE (F)
 YESTERDAY
  MAXIMUM         83    448 PM 102    2008  82      1       88
  MINIMUM         50    531 AM  47    1996  54     -4       56
  AVERAGE         67                        68     -1       72

PRECIPITATION (IN)
  YESTERDAY        0.00                      0.02  -0.02     0.00
  MONTH TO DATE    0.21                      0.27  -0.06     0.07
  SINCE OCT 1     48.41                     44.53   3.88    40.12
  SINCE JAN 1     27.32                     26.13   1.19    20.30

DEGREE DAYS
 HEATING
  YESTERDAY        0                         1     -1        0
  MONTH TO DATE    3                        15    -12        2

 COOLING
  YESTERDAY        2                         4     -2        7
  MONTH TO DATE  148                        69     79       86
..................................................................


WIND (MPH)
  HIGHEST WIND SPEED    12   HIGHEST WIND DIRECTION     W (260)
  HIGHEST GUST SPEED    16   HIGHEST GUST DIRECTION     W (250)
  AVERAGE WIND SPEED     4.8


SKY COVER
  POSSIBLE SUNSHINE  MM
  AVERAGE SKY COVER 0.1


WEATHER CONDITIONS
 THE FOLLOWING WEATHER WAS RECORDED YESTERDAY.
  NO SIGNIFICANT WEATHER WAS OBSERVED.


RELATIVE HUMIDITY (PERCENT)
 HIGHEST    89           500 AM
 LOWEST     28           400 PM
 AVERAGE    59

..........................................................


THE TROUTDALE OR CLIMATE NORMALS FOR TODAY
                         NORMAL    RECORD    YEAR
 MAXIMUM TEMPERATURE (F)   82       103      1977
                                             1967
 MINIMUM TEMPERATURE (F)   54        47      1969


SUNRISE AND SUNSET
AUGUST 16 2017........SUNRISE   612 AM PDT   SUNSET   815 PM PDT
AUGUST 17 2017........SUNRISE   613 AM PDT   SUNSET   813 PM PDT


-  INDICATES NEGATIVE NUMBERS.
R  INDICATES RECORD WAS SET OR TIED.
MM INDICATES DATA IS MISSING.
T  INDICATES TRACE AMOUNT.




$$
