000
CDUS46 KPQR 271145
CLITTD


CLIMATE REPORT
NATIONAL WEATHER SERVICE PORTLAND OREGON
345 AM PST THU NOV 27 2014


...................................

...THE TROUTDALE OR CLIMATE SUMMARY FOR NOVEMBER 26 2014...

CLIMATE NORMAL PERIOD 1981 TO 2010
CLIMATE RECORD PERIOD 9999 TO 9999


WEATHER ITEM   OBSERVED TIME   NORMAL DEPARTURE LAST
                VALUE   (LST)  VALUE  FROM      YEAR
                                      NORMAL
......................................................
TEMPERATURE (F)
 YESTERDAY
  MAXIMUM         62    259 PM  49     13       50
  MINIMUM         53   1149 PM  37     16       40
  AVERAGE         58            43     15       45

PRECIPITATION (IN)
  YESTERDAY        T             0.24  -0.24     0.00
  MONTH TO DATE    2.78          6.30  -3.52     3.41
  SINCE OCT 1      9.72         10.25  -0.53     5.02
  SINCE JAN 1     32.42         38.82  -6.40    25.94

DEGREE DAYS
 HEATING
  YESTERDAY        7            22    -15       20
  MONTH TO DATE  479           490    -11      444

 COOLING
  YESTERDAY        0             0      0        0
  MONTH TO DATE    0             0      0        0
......................................................


WIND (MPH)
  HIGHEST WIND SPEED     8   HIGHEST WIND DIRECTION     E (110)
  HIGHEST GUST SPEED    10   HIGHEST GUST DIRECTION    NE (60)
  AVERAGE WIND SPEED     2.9


SKY COVER
  POSSIBLE SUNSHINE  MM
  AVERAGE SKY COVER 0.6


WEATHER CONDITIONS
 THE FOLLOWING WEATHER WAS RECORDED YESTERDAY.
  LIGHT RAIN


RELATIVE HUMIDITY (PERCENT)
 HIGHEST    93           400 AM
 LOWEST     67           100 PM
 AVERAGE    80

..........................................................


THE TROUTDALE OR CLIMATE NORMALS FOR TODAY
                         NORMAL    RECORD    YEAR
 MAXIMUM TEMPERATURE (F)   49        60      1962
 MINIMUM TEMPERATURE (F)   37        23      1985


SUNRISE AND SUNSET
NOVEMBER 27 2014......SUNRISE   725 AM PST   SUNSET   430 PM PST
NOVEMBER 28 2014......SUNRISE   726 AM PST   SUNSET   429 PM PST


-  INDICATES NEGATIVE NUMBERS.
R  INDICATES RECORD WAS SET OR TIED.
MM INDICATES DATA IS MISSING.
T  INDICATES TRACE AMOUNT.




$$
