000
CDUS46 KPQR 041143
CLITTD


CLIMATE REPORT
NATIONAL WEATHER SERVICE PORTLAND OREGON
342 AM PST SUN DEC 4 2016


...................................

...THE TROUTDALE OR CLIMATE SUMMARY FOR DECEMBER 3 2016...

CLIMATE NORMAL PERIOD 1981 TO 2010
CLIMATE RECORD PERIOD 1948 TO 2016


WEATHER ITEM   OBSERVED TIME   RECORD YEAR NORMAL DEPARTURE LAST
                VALUE   (LST)  VALUE       VALUE  FROM      YEAR
                                                  NORMAL
..................................................................
TEMPERATURE (F)
 YESTERDAY
  MAXIMUM         53    213 PM  61    1982  47      6       52
  MINIMUM         44    418 AM  23    1985  35      9       36
  AVERAGE         49                        41      8       44

PRECIPITATION (IN)
  YESTERDAY        0.09                      0.23  -0.14     0.31
  MONTH TO DATE    0.11                      0.70  -0.59     0.76
  SINCE OCT 1     18.07                     11.93   6.14     9.55
  SINCE JAN 1     40.58                     40.50   0.08    26.66

DEGREE DAYS
 HEATING
  YESTERDAY       16                        24     -8       21
  MONTH TO DATE   55                        72    -17       79

 COOLING
  YESTERDAY        0                         0      0        0
  MONTH TO DATE    0                         0      0        0
..................................................................


WIND (MPH)
  HIGHEST WIND SPEED    13   HIGHEST WIND DIRECTION    SW (210)
  HIGHEST GUST SPEED    16   HIGHEST GUST DIRECTION    SW (220)
  AVERAGE WIND SPEED     5.2


SKY COVER
  POSSIBLE SUNSHINE  MM
  AVERAGE SKY COVER 0.9


WEATHER CONDITIONS
 THE FOLLOWING WEATHER WAS RECORDED YESTERDAY.
  LIGHT RAIN
  FOG


RELATIVE HUMIDITY (PERCENT)
 HIGHEST    93           600 AM
 LOWEST     71           100 PM
 AVERAGE    82

..........................................................


THE TROUTDALE OR CLIMATE NORMALS FOR TODAY
                         NORMAL    RECORD    YEAR
 MAXIMUM TEMPERATURE (F)   47        61      1989
 MINIMUM TEMPERATURE (F)   35        24      2003


SUNRISE AND SUNSET
DECEMBER  4 2016......SUNRISE   733 AM PST   SUNSET   427 PM PST
DECEMBER  5 2016......SUNRISE   735 AM PST   SUNSET   426 PM PST


-  INDICATES NEGATIVE NUMBERS.
R  INDICATES RECORD WAS SET OR TIED.
MM INDICATES DATA IS MISSING.
T  INDICATES TRACE AMOUNT.




$$
