000
CDUS41 KPHI 252128
CLITTN


CLIMATE REPORT
NATIONAL WEATHER SERVICE MOUNT HOLLY NJ
428 PM EST THU DEC 25 2014


...................................

...THE TRENTON NJ CLIMATE SUMMARY FOR DECEMBER 25 2014...
VALID TODAY AS OF 0400 PM LOCAL TIME.

CLIMATE NORMAL PERIOD 1981 TO 2010
CLIMATE RECORD PERIOD 1865 TO 2014


WEATHER ITEM   OBSERVED TIME   RECORD YEAR NORMAL DEPARTURE LAST
                VALUE   (LST)  VALUE       VALUE  FROM      YEAR
                                                  NORMAL
..................................................................
TEMPERATURE (F)
 TODAY
  MAXIMUM         64    109 AM  69    1889  41     23       28
  MINIMUM         48   1006 AM  -2    1983  25     23       18
  AVERAGE         56                        33     23       23

PRECIPITATION (IN)
  TODAY            0.07          1.10 1986   0.11  -0.04     0.00
  MONTH TO DATE    4.14                      3.19   0.95     3.28
  SINCE DEC 1      4.14                      3.19   0.95     3.28
  SINCE JAN 1     43.99                     45.93  -1.94    42.09

SNOWFALL (IN)
  TODAY           MM            MM      MM  MM     MM       MM
  MONTH TO DATE   MM                        MM     MM       MM
  SINCE DEC 1     MM                        MM     MM       MM
  SINCE JUL 1     MM                        MM     MM       MM
  SNOW DEPTH      MM

DEGREE DAYS
 HEATING
  TODAY            9                        32    -23       42
  MONTH TO DATE  627                       721    -94      718
  SINCE DEC 1    627                       721    -94      718
  SINCE JUL 1   1597                      1697   -100     1705

 COOLING
  TODAY            0                         0      0        0
  MONTH TO DATE    0                         0      0        0
  SINCE DEC 1      0                         0      0        0
  SINCE JAN 1    930                       965    -35     1077
..................................................................


WIND (MPH)
  HIGHEST WIND SPEED    23   HIGHEST WIND DIRECTION     W (280)
  HIGHEST GUST SPEED    33   HIGHEST GUST DIRECTION     W (290)
  AVERAGE WIND SPEED    14.1


SKY COVER
  POSSIBLE SUNSHINE  MM
  AVERAGE SKY COVER 0.8


WEATHER CONDITIONS
 THE FOLLOWING WEATHER WAS RECORDED TODAY.
  LIGHT RAIN
  FOG


RELATIVE HUMIDITY (PERCENT)
 HIGHEST    93          1200 AM
 LOWEST     41          1200 PM
 AVERAGE    67

..........................................................


THE TRENTON NJ CLIMATE NORMALS FOR TOMORROW
                         NORMAL    RECORD    YEAR
 MAXIMUM TEMPERATURE (F)   40        68      1889
 MINIMUM TEMPERATURE (F)   25         0      1983


SUNRISE AND SUNSET
DECEMBER 25 2014......SUNRISE   720 AM EST   SUNSET   439 PM EST
DECEMBER 26 2014......SUNRISE   721 AM EST   SUNSET   439 PM EST


-  INDICATES NEGATIVE NUMBERS.
R  INDICATES RECORD WAS SET OR TIED.
MM INDICATES DATA IS MISSING.
T  INDICATES TRACE AMOUNT.




$$
