000
CDUS41 KPHI 200630
CLITTN


CLIMATE REPORT
NATIONAL WEATHER SERVICE MOUNT HOLLY NJ
130 AM EST FRI JAN 20 2017


...................................

...THE TRENTON NJ CLIMATE SUMMARY FOR JANUARY 19 2017...

CLIMATE NORMAL PERIOD 1981 TO 2010
CLIMATE RECORD PERIOD 1865 TO 2017


WEATHER ITEM   OBSERVED TIME   RECORD YEAR NORMAL DEPARTURE LAST
                VALUE   (LST)  VALUE       VALUE  FROM      YEAR
                                                  NORMAL
..................................................................
TEMPERATURE (F)
 YESTERDAY
  MAXIMUM         48   1222 PM  65    1951  39      9       28
  MINIMUM         32   1134 PM  -8    1875  23      9       14
  AVERAGE         40                        31      9       21

PRECIPITATION (IN)
  YESTERDAY        0.00          2.00 1996   0.09  -0.09     0.00
  MONTH TO DATE    1.79                      1.98  -0.19     1.84
  SINCE DEC 1      4.44                      5.68  -1.24     6.25
  SINCE JAN 1      1.79                      1.98  -0.19     1.84

DEGREE DAYS
 HEATING
  YESTERDAY       25                        34     -9       44
  MONTH TO DATE  569                       645    -76      617
  SINCE DEC 1   1443                      1564   -121     1104
  SINCE JUL 1   2253                      2540   -287     1850

 COOLING
  YESTERDAY        0                         0      0        0
  MONTH TO DATE    0                         0      0        0
  SINCE DEC 1      0                         0      0        2
  SINCE JAN 1      0                         0      0        0
..................................................................


WIND (MPH)
  HIGHEST WIND SPEED    14   HIGHEST WIND DIRECTION     N (340)
  HIGHEST GUST SPEED    19   HIGHEST GUST DIRECTION     N (340)
  AVERAGE WIND SPEED     4.8


SKY COVER
  POSSIBLE SUNSHINE  MM
  AVERAGE SKY COVER 0.6


WEATHER CONDITIONS
 THE FOLLOWING WEATHER WAS RECORDED YESTERDAY.
  NO SIGNIFICANT WEATHER WAS OBSERVED.


RELATIVE HUMIDITY (PERCENT)
 HIGHEST    93           400 AM
 LOWEST     65          1200 PM
 AVERAGE    79

..........................................................


THE TRENTON NJ CLIMATE NORMALS FOR TODAY
                         NORMAL    RECORD    YEAR
 MAXIMUM TEMPERATURE (F)   39        64      1947
 MINIMUM TEMPERATURE (F)   23        -5      1985


SUNRISE AND SUNSET
JANUARY 20 2017.......SUNRISE   717 AM EST   SUNSET   504 PM EST
JANUARY 21 2017.......SUNRISE   717 AM EST   SUNSET   505 PM EST


-  INDICATES NEGATIVE NUMBERS.
R  INDICATES RECORD WAS SET OR TIED.
MM INDICATES DATA IS MISSING.
T  INDICATES TRACE AMOUNT.




$$
