000
CDUS41 KPHI 270629
CLITTN


CLIMATE REPORT
NATIONAL WEATHER SERVICE MOUNT HOLLY NJ
129 AM EST FRI FEB 27 2015


...................................

...THE TRENTON NJ CLIMATE SUMMARY FOR FEBRUARY 26 2015...

CLIMATE NORMAL PERIOD 1981 TO 2010
CLIMATE RECORD PERIOD 1865 TO 2015


WEATHER ITEM   OBSERVED TIME   RECORD YEAR NORMAL DEPARTURE LAST
                VALUE   (LST)  VALUE       VALUE  FROM      YEAR
                                                  NORMAL
..................................................................
TEMPERATURE (F)
 YESTERDAY
  MAXIMUM         30   1232 AM  70    1890  45    -15       31
  MINIMUM         21   1159 PM   5    1990  28     -7       14
  AVERAGE         26                        36    -10       23

PRECIPITATION (IN)
  YESTERDAY        0.00          1.46 1929   0.09  -0.09     0.03
  MONTH TO DATE    2.25                      2.11   0.14     4.39
  SINCE DEC 1     10.73                      8.97   1.76    12.10
  SINCE JAN 1      6.59                      5.27   1.32     7.66

SNOWFALL (IN)
  YESTERDAY       MM            MM      MM  MM     MM       MM
  MONTH TO DATE   MM                        MM     MM       MM
  SINCE DEC 1     MM                        MM     MM       MM
  SINCE JUL 1     MM                        MM     MM       MM
  SNOW DEPTH      MM

DEGREE DAYS
 HEATING
  YESTERDAY       39                        29     10       42
  MONTH TO DATE 1092                       811    281      906
  SINCE DEC 1   3027                      2781    246     3004
  SINCE JUL 1   3997                      3757    240     3991

 COOLING
  YESTERDAY        0                         0      0        0
  MONTH TO DATE    0                         0      0        0
  SINCE DEC 1      0                         0      0        0
  SINCE JAN 1      0                         0      0        0
..................................................................


WIND (MPH)
  HIGHEST WIND SPEED    16   HIGHEST WIND DIRECTION    NE (40)
  HIGHEST GUST SPEED    21   HIGHEST GUST DIRECTION    NE (30)
  AVERAGE WIND SPEED     8.1


SKY COVER
  POSSIBLE SUNSHINE  MM
  AVERAGE SKY COVER 0.6


WEATHER CONDITIONS
 THE FOLLOWING WEATHER WAS RECORDED YESTERDAY.
  NO SIGNIFICANT WEATHER WAS OBSERVED.


RELATIVE HUMIDITY (PERCENT)
 HIGHEST    65          1000 PM
 LOWEST     38           500 AM
 AVERAGE    52

..........................................................


THE TRENTON NJ CLIMATE NORMALS FOR TODAY
                         NORMAL    RECORD    YEAR
 MAXIMUM TEMPERATURE (F)   45        72      1997
 MINIMUM TEMPERATURE (F)   28         6      1934


SUNRISE AND SUNSET
FEBRUARY 27 2015......SUNRISE   636 AM EST   SUNSET   548 PM EST
FEBRUARY 28 2015......SUNRISE   635 AM EST   SUNSET   549 PM EST


-  INDICATES NEGATIVE NUMBERS.
R  INDICATES RECORD WAS SET OR TIED.
MM INDICATES DATA IS MISSING.
T  INDICATES TRACE AMOUNT.




$$
