000
CDUS41 KPHI 022134
CLITTN


CLIMATE REPORT
NATIONAL WEATHER SERVICE MOUNT HOLLY NJ
533 PM EDT SUN AUG 2 2015


...................................

...THE TRENTON NJ CLIMATE SUMMARY FOR AUGUST 2 2015...
VALID TODAY AS OF 0500 PM LOCAL TIME.

CLIMATE NORMAL PERIOD 1981 TO 2010
CLIMATE RECORD PERIOD 1865 TO 2015


WEATHER ITEM   OBSERVED TIME   RECORD YEAR NORMAL DEPARTURE LAST
                VALUE   (LST)  VALUE       VALUE  FROM      YEAR
                                                  NORMAL
..................................................................
TEMPERATURE (F)
 TODAY
  MAXIMUM         89    314 PM 100    2002  85      4       76
                                      1955
  MINIMUM         65    523 AM  55    1998  66     -1       64
                                      1912
  AVERAGE         77                        76      1       70

PRECIPITATION (IN)
  TODAY            0.00          2.05 1875   0.15  -0.15     0.25
  MONTH TO DATE    0.00                      0.30  -0.30     0.62
  SINCE JUN 1      9.44                      9.66  -0.22     8.29
  SINCE JAN 1     23.50                     27.18  -3.68    28.62

SNOWFALL (IN)
  TODAY           MM            MM      MM  MM     MM       MM
  MONTH TO DATE   MM                        MM     MM       MM
  SINCE JUN 1     MM                        MM     MM       MM
  SINCE JUL 1     MM                        MM     MM       MM
  SNOW DEPTH      MM

DEGREE DAYS
 HEATING
  TODAY            0                         0      0        0
  MONTH TO DATE    0                         0      0        0
  SINCE JUN 1     25                        24      1        3
  SINCE JUL 1      0                         0      0        0

 COOLING
  TODAY           12                        10      2        5
  MONTH TO DATE   27                        21      6       14
  SINCE JUN 1    615                       541     74      534
  SINCE JAN 1    754                       598    156      578
..................................................................


WIND (MPH)
  HIGHEST WIND SPEED    16   HIGHEST WIND DIRECTION    SW (220)
  HIGHEST GUST SPEED    20   HIGHEST GUST DIRECTION    SW (220)
  AVERAGE WIND SPEED     4.1


SKY COVER
  POSSIBLE SUNSHINE  MM
  AVERAGE SKY COVER 0.0


WEATHER CONDITIONS
 THE FOLLOWING WEATHER WAS RECORDED TODAY.
  NO SIGNIFICANT WEATHER WAS OBSERVED.


RELATIVE HUMIDITY (PERCENT)
 HIGHEST    84           500 AM
 LOWEST     28           200 PM
 AVERAGE    56

..........................................................


THE TRENTON NJ CLIMATE NORMALS FOR TOMORROW
                         NORMAL    RECORD    YEAR
 MAXIMUM TEMPERATURE (F)   85        98      1975
 MINIMUM TEMPERATURE (F)   66        53      1985


SUNRISE AND SUNSET
AUGUST  2 2015........SUNRISE   558 AM EDT   SUNSET   813 PM EDT
AUGUST  3 2015........SUNRISE   559 AM EDT   SUNSET   812 PM EDT


-  INDICATES NEGATIVE NUMBERS.
R  INDICATES RECORD WAS SET OR TIED.
MM INDICATES DATA IS MISSING.
T  INDICATES TRACE AMOUNT.




$$
