000
CDUS41 KPHI 040628
CLITTN


CLIMATE REPORT
NATIONAL WEATHER SERVICE MOUNT HOLLY NJ
227 AM EDT WED MAY 4 2016


...................................

...THE TRENTON NJ CLIMATE SUMMARY FOR MAY 3 2016...

CLIMATE NORMAL PERIOD 1981 TO 2010
CLIMATE RECORD PERIOD 1865 TO 2016


WEATHER ITEM   OBSERVED TIME   RECORD YEAR NORMAL DEPARTURE LAST
                VALUE   (LST)  VALUE       VALUE  FROM      YEAR
                                                  NORMAL
..................................................................
TEMPERATURE (F)
 YESTERDAY
  MAXIMUM         56    440 PM  90    1913  68    -12       79
  MINIMUM         50   1159 PM  35    2005  46      4       45
  AVERAGE         53                        57     -4       62

PRECIPITATION (IN)
  YESTERDAY        0.36          2.20 1985   0.10   0.26     0.00
  MONTH TO DATE    1.21                      0.27   0.94      T
  SINCE MAR 1      4.50                      7.95  -3.45     6.84
  SINCE JAN 1     11.70                     13.42  -1.72    13.43

SNOWFALL (IN)
  YESTERDAY       MM            MM      MM  MM     MM       MM
  MONTH TO DATE   MM                        MM     MM       MM
  SINCE MAR 1     MM                        MM     MM       MM
  SINCE JUL 1     MM                        MM     MM       MM
  SNOW DEPTH      MM

DEGREE DAYS
 HEATING
  YESTERDAY       12                         9      3        3
  MONTH TO DATE   39                        27     12       22
  SINCE MAR 1    963                      1181   -218     1245
  SINCE JUL 1   4057                      4995   -938     5328

 COOLING
  YESTERDAY        0                         1     -1        0
  MONTH TO DATE    0                         3     -3        0
  SINCE MAR 1     12                        11      1        0
  SINCE JAN 1     12                        11      1        0
..................................................................


WIND (MPH)
  HIGHEST WIND SPEED    15   HIGHEST WIND DIRECTION     E (70)
  HIGHEST GUST SPEED    18   HIGHEST GUST DIRECTION     E (70)
  AVERAGE WIND SPEED     7.4


SKY COVER
  POSSIBLE SUNSHINE  MM
  AVERAGE SKY COVER 1.0


WEATHER CONDITIONS
 THE FOLLOWING WEATHER WAS RECORDED YESTERDAY.
  RAIN
  LIGHT RAIN
  FOG


RELATIVE HUMIDITY (PERCENT)
 HIGHEST    96           900 PM
 LOWEST     86           100 PM
 AVERAGE    91

..........................................................


THE TRENTON NJ CLIMATE NORMALS FOR TODAY
                         NORMAL    RECORD    YEAR
 MAXIMUM TEMPERATURE (F)   68        89      2001
 MINIMUM TEMPERATURE (F)   47        33      1986


SUNRISE AND SUNSET
MAY  4 2016...........SUNRISE   555 AM EDT   SUNSET   758 PM EDT
MAY  5 2016...........SUNRISE   553 AM EDT   SUNSET   759 PM EDT


-  INDICATES NEGATIVE NUMBERS.
R  INDICATES RECORD WAS SET OR TIED.
MM INDICATES DATA IS MISSING.
T  INDICATES TRACE AMOUNT.




$$
