000
CDUS41 KPHI 220627
CLITTN


CLIMATE REPORT
NATIONAL WEATHER SERVICE MOUNT HOLLY NJ
226 AM EDT FRI MAY 22 2015


...................................

...THE TRENTON NJ CLIMATE SUMMARY FOR MAY 21 2015...

CLIMATE NORMAL PERIOD 1981 TO 2010
CLIMATE RECORD PERIOD 1865 TO 2015


WEATHER ITEM   OBSERVED TIME   RECORD YEAR NORMAL DEPARTURE LAST
                VALUE   (LST)  VALUE       VALUE  FROM      YEAR
                                                  NORMAL
..................................................................
TEMPERATURE (F)
 YESTERDAY
  MAXIMUM         56   1206 PM  94    1934  73    -17       72
  MINIMUM         49    452 AM  36    2002  52     -3       59
  AVERAGE         53                        63    -10       66

PRECIPITATION (IN)
  YESTERDAY        0.02          3.43 1894   0.17  -0.15     0.00
  MONTH TO DATE    0.54                      2.54  -2.00     1.30
  SINCE MAR 1      7.38                     10.22  -2.84    10.83
  SINCE JAN 1     13.97                     15.69  -1.72    18.49

SNOWFALL (IN)
  YESTERDAY       MM            MM      MM  MM     MM       MM
  MONTH TO DATE   MM                        MM     MM       MM
  SINCE MAR 1     MM                        MM     MM       MM
  SINCE JUL 1     MM                        MM     MM       MM
  SNOW DEPTH      MM

DEGREE DAYS
 HEATING
  YESTERDAY       12                         4      8        0
  MONTH TO DATE   54                       136    -82       88
  SINCE MAR 1   1277                      1290    -13     1370
  SINCE JUL 1   5360                      5104    256     5456

 COOLING
  YESTERDAY        0                         2     -2        1
  MONTH TO DATE   59                        25     34       22
  SINCE MAR 1     59                        33     26       28
  SINCE JAN 1     59                        33     26       28
..................................................................


WIND (MPH)
  HIGHEST WIND SPEED     9   HIGHEST WIND DIRECTION    SW (220)
  HIGHEST GUST SPEED    12   HIGHEST GUST DIRECTION    SW (220)
  AVERAGE WIND SPEED     3.5


SKY COVER
  POSSIBLE SUNSHINE  MM
  AVERAGE SKY COVER 0.8


WEATHER CONDITIONS
 THE FOLLOWING WEATHER WAS RECORDED YESTERDAY.
  LIGHT RAIN
  FOG
  HAZE


RELATIVE HUMIDITY (PERCENT)
 HIGHEST    89           500 PM
 LOWEST     47           900 AM
 AVERAGE    68

..........................................................


THE TRENTON NJ CLIMATE NORMALS FOR TODAY
                         NORMAL    RECORD    YEAR
 MAXIMUM TEMPERATURE (F)   74        95      1941
                                             1911
 MINIMUM TEMPERATURE (F)   52        36      2002


SUNRISE AND SUNSET
MAY 22 2015...........SUNRISE   538 AM EDT   SUNSET   815 PM EDT
MAY 23 2015...........SUNRISE   537 AM EDT   SUNSET   815 PM EDT


-  INDICATES NEGATIVE NUMBERS.
R  INDICATES RECORD WAS SET OR TIED.
MM INDICATES DATA IS MISSING.
T  INDICATES TRACE AMOUNT.




$$
