000
CDUS44 KTSA 201412
CLITUL

CLIMATE REPORT
NATIONAL WEATHER SERVICE TULSA OK
912 AM CDT WED AUG 20 2014


...................................

...THE TULSA OKLAHOMA CLIMATE SUMMARY FOR AUGUST 20 2014...
VALID AS OF 0900 AM LOCAL TIME.

CLIMATE NORMAL PERIOD 1981 TO 2010
CLIMATE RECORD PERIOD 1882 TO 2014


WEATHER ITEM   OBSERVED TIME   RECORD YEAR NORMAL DEPARTURE LAST
                VALUE   (LST)  VALUE       VALUE  FROM      YEAR
                                                  NORMAL
..................................................................
TEMPERATURE (F)
 TODAY
  MAXIMUM         83   1210 AM 106    1935  93    -10       90
                                      1918
  MINIMUM         76    549 AM  53    1967  71      5       67
  AVERAGE         80                        82     -2       79

PRECIPITATION (IN)
  TODAY            0.00          5.37 1989   0.09  -0.09     0.00
  MONTH TO DATE    0.97                      1.78  -0.81     2.88
  SINCE JUN 1     10.06                      9.86   0.20     9.50
  SINCE JAN 1     18.51                     26.36  -7.85    23.38

DEGREE DAYS
 COOLING
  TODAY           15                        17     -2       14
  MONTH TO DATE  311                       361    -50      284
  SINCE JUN 1   1132                      1295   -163     1225
  SINCE JAN 1   1403                      1529   -126     1417
..................................................................


WIND (MPH)
  HIGHEST WIND SPEED    20   HIGHEST WIND DIRECTION     S (190)
  HIGHEST GUST SPEED    24   HIGHEST GUST DIRECTION     S (190)
  AVERAGE WIND SPEED     9.7


SKY COVER
  POSSIBLE SUNSHINE  MM
  AVERAGE SKY COVER 0.2


WEATHER CONDITIONS
 THE FOLLOWING WEATHER WAS RECORDED TODAY.
  NO SIGNIFICANT WEATHER WAS OBSERVED.


RELATIVE HUMIDITY (PERCENT)
 HIGHEST    79           300 AM
 LOWEST     69          1200 AM
 AVERAGE    74

..........................................................


THE TULSA OKLAHOMA CLIMATE NORMALS FOR TOMORROW
                         NORMAL    RECORD    YEAR
 MAXIMUM TEMPERATURE (F)   93       106      1936
                                             1916
 MINIMUM TEMPERATURE (F)   71        54      1950


SUNRISE AND SUNSET
AUGUST 20 2014........SUNRISE   646 AM CDT   SUNSET   808 PM CDT
AUGUST 21 2014........SUNRISE   647 AM CDT   SUNSET   806 PM CDT


-  INDICATES NEGATIVE NUMBERS.
R  INDICATES RECORD WAS SET OR TIED.
MM INDICATES DATA IS MISSING.
T  INDICATES TRACE AMOUNT.




$$

&&
...........................................................

HOURLY TEMPERATURE DATA
 YESTERDAY
11AM NOON  1PM  2PM  3PM  4PM  5PM  6PM  7PM  8PM  9PM 10PM 11PM
  88   91   94   95   97   98   98   97   95   92   90   88   86

 TODAY
 MID  1AM  2AM  3AM  4AM  5AM  6AM  7AM  8AM  9AM
  85   83   81   80   79   78   77   77   78   81
...........................................................
ALL DATA MEASURED AT THE TULSA INTERNATIONAL AIRPORT...
EXCEPT SNOWFALL...WHICH IS MEASURED AT THE NWS OFFICE.
