000
CDUS44 KTSA 310708
CLITUL

CLIMATE REPORT
NATIONAL WEATHER SERVICE TULSA OK
208 AM CDT TUE MAY 31 2016


...................................

...THE TULSA OKLAHOMA CLIMATE SUMMARY FOR MAY 30 2016...

CLIMATE NORMAL PERIOD 1981 TO 2010
CLIMATE RECORD PERIOD 1882 TO 2016


WEATHER ITEM   OBSERVED TIME   RECORD YEAR NORMAL DEPARTURE LAST
                VALUE   (LST)  VALUE       VALUE  FROM      YEAR
                                                  NORMAL
..................................................................
TEMPERATURE (F)
 YESTERDAY
  MAXIMUM         78    316 PM  98    1934  83     -5       68
  MINIMUM         64   1159 PM  45    1947  63      1       61
  AVERAGE         71                        73     -2       65

PRECIPITATION (IN)
  YESTERDAY        0.07          2.71 1976   0.19  -0.12      T
  MONTH TO DATE    3.84                      5.72  -1.88    14.77
  SINCE MAR 1     12.59                     12.80  -0.21    22.58
  SINCE JAN 1     13.79                     16.31  -2.52    24.90

DEGREE DAYS
 COOLING
  YESTERDAY        6                         8     -2        0
  MONTH TO DATE  142                       160    -18      130
  SINCE MAR 1    190                       224    -34      204
  SINCE JAN 1    196                       225    -29      204
..................................................................


WIND (MPH)
  HIGHEST WIND SPEED    20   HIGHEST WIND DIRECTION    SE (140)
  HIGHEST GUST SPEED    24   HIGHEST GUST DIRECTION    SE (140)
  AVERAGE WIND SPEED     5.6


SKY COVER
  POSSIBLE SUNSHINE  MM
  AVERAGE SKY COVER 0.8


WEATHER CONDITIONS
 THE FOLLOWING WEATHER WAS RECORDED YESTERDAY.
  THUNDERSTORM
  HEAVY RAIN
  LIGHT RAIN
  FOG


RELATIVE HUMIDITY (PERCENT)
 HIGHEST   100          1100 PM
 LOWEST     69           300 PM
 AVERAGE    85

..........................................................


THE TULSA OKLAHOMA CLIMATE NORMALS FOR TODAY
                         NORMAL    RECORD    YEAR
 MAXIMUM TEMPERATURE (F)   83       100      1934
 MINIMUM TEMPERATURE (F)   63        49      1930


SUNRISE AND SUNSET
MAY 31 2016...........SUNRISE   608 AM CDT   SUNSET   835 PM CDT
JUNE  1 2016..........SUNRISE   608 AM CDT   SUNSET   836 PM CDT


-  INDICATES NEGATIVE NUMBERS.
R  INDICATES RECORD WAS SET OR TIED.
MM INDICATES DATA IS MISSING.
T  INDICATES TRACE AMOUNT.




$$

&&
...........................................................

THE TULSA PRECIPITATION NORMALS FOR TODAY
                       NORMAL    RECORD      YEAR
  TODAY                 0.19      2.50       1926
  MONTH TO DATE         5.91
  YEAR TO DATE         16.50
...........................................................
ALL DATA MEASURED AT THE TULSA INTERNATIONAL AIRPORT...
EXCEPT SNOWFALL...WHICH IS MEASURED AT THE NWS OFFICE.
