000
CDUS44 KTSA 221530
CLITUL

CLIMATE REPORT
NATIONAL WEATHER SERVICE TULSA OK
911 AM CST THU FEB 22 2018


...................................

...THE TULSA OKLAHOMA CLIMATE SUMMARY FOR FEBRUARY 22 2018...
VALID AS OF 0900 AM LOCAL TIME.

CLIMATE NORMAL PERIOD 1981 TO 2010
CLIMATE RECORD PERIOD 1882 TO 2018


WEATHER ITEM   OBSERVED TIME   RECORD YEAR NORMAL DEPARTURE LAST
                VALUE   (LST)  VALUE       VALUE  FROM      YEAR
                                                  NORMAL
..................................................................
TEMPERATURE (F)
 TODAY
  MAXIMUM         32    759 AM  90    1996  55    -23       82
  MINIMUM         31    550 AM  11    1963  33     -2       42
  AVERAGE         32                        44    -12       62

PRECIPITATION (IN)
  TODAY            0.00          2.99 1985   0.07  -0.07     0.00
  MONTH TO DATE    1.90                      1.38   0.52     1.18
  SINCE DEC 1      3.59                      5.53  -1.94     5.04
  SINCE JAN 1      2.16                      3.04  -0.88     4.60

SNOWFALL (IN)
  TODAY            0.0                                       0.0
  MONTH TO DATE    T                                         0.0
  SINCE DEC 1      2.0                                       0.7
  SINCE JUL 1      2.0                                       0.7

DEGREE DAYS
 HEATING
  TODAY           33                        21     12        3
  MONTH TO DATE  554                       520     34      318
  SINCE DEC 1   2117                      2157    -40     1807
  SINCE JUL 1   2619                      2793   -174     2146
..................................................................


WIND (MPH)
  HIGHEST WIND SPEED    10   HIGHEST WIND DIRECTION    NE (40)
  HIGHEST GUST SPEED    13   HIGHEST GUST DIRECTION    NE (40)
  AVERAGE WIND SPEED     6.4


SKY COVER
  POSSIBLE SUNSHINE  MM
  AVERAGE SKY COVER 1.0


WEATHER CONDITIONS
 THE FOLLOWING WEATHER WAS RECORDED TODAY.
  FOG


RELATIVE HUMIDITY (PERCENT)
 HIGHEST   100           100 AM
 LOWEST     92          1200 AM
 AVERAGE    96

..........................................................


THE TULSA OKLAHOMA CLIMATE NORMALS FOR TOMORROW
                         NORMAL    RECORD    YEAR
 MAXIMUM TEMPERATURE (F)   56        86      2017
 MINIMUM TEMPERATURE (F)   34        10      1910


SUNRISE AND SUNSET
FEBRUARY 22 2018......SUNRISE   703 AM CST   SUNSET   612 PM CST
FEBRUARY 23 2018......SUNRISE   702 AM CST   SUNSET   613 PM CST


-  INDICATES NEGATIVE NUMBERS.
R  INDICATES RECORD WAS SET OR TIED.
MM INDICATES DATA IS MISSING.
T  INDICATES TRACE AMOUNT.




$$

&&
ALL DATA MEASURED AT THE TULSA INTERNATIONAL AIRPORT...
EXCEPT SNOWFALL...WHICH IS MEASURED AT THE NWS OFFICE.
