000
CDUS44 KTSA 272234
CLITUL

CLIMATE REPORT
NATIONAL WEATHER SERVICE TULSA OK
427 PM CST FRI FEB 27 2015


...................................

...THE TULSA OKLAHOMA CLIMATE SUMMARY FOR FEBRUARY 27 2015...
VALID TODAY AS OF 0400 PM LOCAL TIME.

CLIMATE NORMAL PERIOD 1981 TO 2010
CLIMATE RECORD PERIOD 1882 TO 2015


WEATHER ITEM   OBSERVED TIME   RECORD YEAR NORMAL DEPARTURE LAST
                VALUE   (LST)  VALUE       VALUE  FROM      YEAR
                                                  NORMAL
..................................................................
TEMPERATURE (F)
 TODAY
  MAXIMUM         20    136 PM  81    1976  57    -37       51
  MINIMUM         14    706 AM  13    1962  35    -21       23
                                      1934
  AVERAGE         17                        46    -29       37

PRECIPITATION (IN)
  TODAY            0.01          1.12 1950   0.08  -0.07     0.00
  MONTH TO DATE    1.29                      1.77  -0.48     0.28
  SINCE DEC 1      4.01                      5.92  -1.91     2.19
  SINCE JAN 1      2.04                      3.43  -1.39     0.41

SNOWFALL (IN)
  TODAY            T                                         0.0
  MONTH TO DATE    3.7                                       3.9
  SINCE DEC 1      5.7                                      10.0
  SINCE JUL 1      6.1                                      10.0

DEGREE DAYS
 HEATING
  TODAY           48                        19     29       28
  MONTH TO DATE  764                       619    145      769
  SINCE DEC 1   2273                      2256     17     2579
  SINCE JUL 1   2974                      2892     82     3280
..................................................................


WIND (MPH)
  HIGHEST WIND SPEED    16   HIGHEST WIND DIRECTION     N (10)
  HIGHEST GUST SPEED    21   HIGHEST GUST DIRECTION     N (10)
  AVERAGE WIND SPEED     9.6


SKY COVER
  POSSIBLE SUNSHINE  MM
  AVERAGE SKY COVER 0.8


WEATHER CONDITIONS
 THE FOLLOWING WEATHER WAS RECORDED TODAY.
  LIGHT SNOW
  FOG


RELATIVE HUMIDITY (PERCENT)
 HIGHEST    84           400 PM
 LOWEST     45          1200 AM
 AVERAGE    65

..........................................................


THE TULSA OKLAHOMA CLIMATE NORMALS FOR TOMORROW
                         NORMAL    RECORD    YEAR
 MAXIMUM TEMPERATURE (F)   57        82      1972
                                             1932
 MINIMUM TEMPERATURE (F)   35         6      1962


SUNRISE AND SUNSET
FEBRUARY 27 2015......SUNRISE   657 AM CST   SUNSET   616 PM CST
FEBRUARY 28 2015......SUNRISE   655 AM CST   SUNSET   617 PM CST


-  INDICATES NEGATIVE NUMBERS.
R  INDICATES RECORD WAS SET OR TIED.
MM INDICATES DATA IS MISSING.
T  INDICATES TRACE AMOUNT.




$$

&&
...........................................................

TULSA RECORD LOW MAX AND HIGH MIN TEMPERATURES FOR TOMORROW
                      RECORD        YEAR
  LOW MAXIMUM           22          1962
  HIGH MINIMUM          53          *1976
...........................................................
ALL DATA MEASURED AT THE TULSA INTERNATIONAL AIRPORT...
EXCEPT SNOWFALL...WHICH IS MEASURED AT THE NWS OFFICE.
