000
CDUS44 KTSA 122242
CLITUL

CLIMATE REPORT
NATIONAL WEATHER SERVICE TULSA OK
427 PM CST TUE DEC 12 2017


...................................

...THE TULSA OKLAHOMA CLIMATE SUMMARY FOR DECEMBER 12 2017...
VALID TODAY AS OF 0400 PM LOCAL TIME.

CLIMATE NORMAL PERIOD 1981 TO 2010
CLIMATE RECORD PERIOD 1882 TO 2017


WEATHER ITEM   OBSERVED TIME   RECORD YEAR NORMAL DEPARTURE LAST
                VALUE   (LST)  VALUE       VALUE  FROM      YEAR
                                                  NORMAL
..................................................................
TEMPERATURE (F)
 TODAY
  MAXIMUM         49    259 PM  73    2015  50     -1       43
                                      1924
  MINIMUM         29    639 AM   3    1962  30     -1       24
  AVERAGE         39                        40     -1       34

PRECIPITATION (IN)
  TODAY            0.00          1.82 1923   0.08  -0.08      T
  MONTH TO DATE    T                         1.03  -1.03     0.18
  SINCE DEC 1      T                         1.03  -1.03     0.18
  SINCE JAN 1     44.60                     39.51   5.09    27.93

SNOWFALL (IN)
  TODAY            0.0                                       0.0
  MONTH TO DATE    T                                          T
  SINCE DEC 1      T                                          T
  SINCE JUL 1      T                                          T

DEGREE DAYS
 HEATING
  TODAY           26                        25      1       31
  MONTH TO DATE  229                       284    -55      307
  SINCE DEC 1    229                       284    -55      307
  SINCE JUL 1    731                       920   -189      646
..................................................................


WIND (MPH)
  HIGHEST WIND SPEED    23   HIGHEST WIND DIRECTION     N (350)
  HIGHEST GUST SPEED    31   HIGHEST GUST DIRECTION     N (360)
  AVERAGE WIND SPEED    10.8


SKY COVER
  POSSIBLE SUNSHINE  MM
  AVERAGE SKY COVER 0.0


WEATHER CONDITIONS
 THE FOLLOWING WEATHER WAS RECORDED TODAY.
  NO SIGNIFICANT WEATHER WAS OBSERVED.


RELATIVE HUMIDITY (PERCENT)
 HIGHEST    78           700 AM
 LOWEST     23           200 PM
 AVERAGE    51

..........................................................


THE TULSA OKLAHOMA CLIMATE NORMALS FOR TOMORROW
                         NORMAL    RECORD    YEAR
 MAXIMUM TEMPERATURE (F)   49        80      1948
 MINIMUM TEMPERATURE (F)   30         4      1917


SUNRISE AND SUNSET
DECEMBER 12 2017......SUNRISE   725 AM CST   SUNSET   509 PM CST
DECEMBER 13 2017......SUNRISE   726 AM CST   SUNSET   510 PM CST


-  INDICATES NEGATIVE NUMBERS.
R  INDICATES RECORD WAS SET OR TIED.
MM INDICATES DATA IS MISSING.
T  INDICATES TRACE AMOUNT.




$$

&&
...........................................................

TULSA RECORD LOW MAX AND HIGH MIN TEMPERATURES FOR TOMORROW
                      RECORD        YEAR
  LOW MAXIMUM           19          1917
  HIGH MINIMUM          54          1927
...........................................................
ALL DATA MEASURED AT THE TULSA INTERNATIONAL AIRPORT...
EXCEPT SNOWFALL...WHICH IS MEASURED AT THE NWS OFFICE.
