000
CDUS44 KTSA 240711
CLITUL

CLIMATE REPORT
NATIONAL WEATHER SERVICE TULSA OK
210 AM CDT WED AUG 24 2016

...................................

...THE TULSA OKLAHOMA CLIMATE SUMMARY FOR AUGUST 23 2016...

CLIMATE NORMAL PERIOD 1981 TO 2010
CLIMATE RECORD PERIOD 1882 TO 2016


WEATHER ITEM   OBSERVED TIME   RECORD YEAR NORMAL DEPARTURE LAST
                VALUE   (LST)  VALUE       VALUE  FROM      YEAR
                                                  NORMAL
..................................................................
TEMPERATURE (F)
 YESTERDAY
  MAXIMUM         89    542 PM 108    1936  92     -3       80
  MINIMUM         75    252 AM  51    1920  70      5       68
  AVERAGE         82                        81      1       74

PRECIPITATION (IN)
  YESTERDAY        0.04          1.32 1930   0.09  -0.05     0.80
  MONTH TO DATE    2.19                      2.06   0.13     4.72
  SINCE JUN 1      6.72                     10.14  -3.42    16.21
  SINCE JAN 1     20.58                     26.64  -6.06    41.11

DEGREE DAYS
 COOLING
  YESTERDAY       17                        16      1        9
  MONTH TO DATE  413                       411      2      367
  SINCE JUN 1   1583                      1345    238     1450
  SINCE JAN 1   1787                      1579    208     1655
..................................................................


WIND (MPH)
  HIGHEST WIND SPEED    24   HIGHEST WIND DIRECTION     S (170)
  HIGHEST GUST SPEED    29   HIGHEST GUST DIRECTION     S (170)
  AVERAGE WIND SPEED    14.1


SKY COVER
  POSSIBLE SUNSHINE  MM
  AVERAGE SKY COVER 1.0


WEATHER CONDITIONS
 THE FOLLOWING WEATHER WAS RECORDED YESTERDAY.
  LIGHT RAIN


RELATIVE HUMIDITY (PERCENT)
 HIGHEST    94           500 AM
 LOWEST     59           400 PM
 AVERAGE    77

..........................................................


THE TULSA OKLAHOMA CLIMATE NORMALS FOR TODAY
                         NORMAL    RECORD    YEAR
 MAXIMUM TEMPERATURE (F)   92       108      2011
 MINIMUM TEMPERATURE (F)   70        53      1920


SUNRISE AND SUNSET
AUGUST 24 2016........SUNRISE   649 AM CDT   SUNSET   802 PM CDT
AUGUST 25 2016........SUNRISE   650 AM CDT   SUNSET   800 PM CDT


-  INDICATES NEGATIVE NUMBERS.
R  INDICATES RECORD WAS SET OR TIED.
MM INDICATES DATA IS MISSING.
T  INDICATES TRACE AMOUNT.




$$

&&
...........................................................

THE TULSA PRECIPITATION NORMALS FOR TODAY
                       NORMAL    RECORD      YEAR
  TODAY                 0.10      2.23       1911
  MONTH TO DATE         2.16
  YEAR TO DATE         26.74
...........................................................
ALL DATA MEASURED AT THE TULSA INTERNATIONAL AIRPORT...
EXCEPT SNOWFALL...WHICH IS MEASURED AT THE NWS OFFICE.
