000
CDUS44 KTSA 172230
CLITUL

CLIMATE REPORT
NATIONAL WEATHER SERVICE TULSA OK
427 PM CST TUE JAN 17 2017


...................................

...THE TULSA OKLAHOMA CLIMATE SUMMARY FOR JANUARY 17 2017...
VALID TODAY AS OF 0400 PM LOCAL TIME.

CLIMATE NORMAL PERIOD 1981 TO 2010
CLIMATE RECORD PERIOD 1882 TO 2017


WEATHER ITEM   OBSERVED TIME   RECORD YEAR NORMAL DEPARTURE LAST
                VALUE   (LST)  VALUE       VALUE  FROM      YEAR
                                                  NORMAL
..................................................................
TEMPERATURE (F)
 TODAY
  MAXIMUM         52    250 PM  73    1952  48      4       31
  MINIMUM         37   1229 AM  -3    1930  27     10       19
  AVERAGE         45                        38      7       25

PRECIPITATION (IN)
  TODAY            0.00          0.94 2004   0.05  -0.05      T
  MONTH TO DATE    1.75                      0.88   0.87     0.58
  SINCE DEC 1      2.19                      3.37  -1.18     9.18
  SINCE JAN 1      1.75                      0.88   0.87     0.58

SNOWFALL (IN)
  TODAY            0.0                                        T
  MONTH TO DATE    0.2                                       2.5
  SINCE DEC 1      0.7                                       3.0
  SINCE JUL 1      0.7                                       3.0

DEGREE DAYS
 HEATING
  TODAY           20                        27     -7       40
  MONTH TO DATE  453                       474    -21      487
  SINCE DEC 1   1237                      1266    -29     1048
  SINCE JUL 1   1576                      1902   -326     1523
..................................................................


WIND (MPH)
  HIGHEST WIND SPEED    15   HIGHEST WIND DIRECTION    NW (320)
  HIGHEST GUST SPEED    19   HIGHEST GUST DIRECTION    NW (310)
  AVERAGE WIND SPEED     7.2


SKY COVER
  POSSIBLE SUNSHINE  MM
  AVERAGE SKY COVER 0.9


WEATHER CONDITIONS
 THE FOLLOWING WEATHER WAS RECORDED TODAY.
  NO SIGNIFICANT WEATHER WAS OBSERVED.


RELATIVE HUMIDITY (PERCENT)
 HIGHEST    92          1200 AM
 LOWEST     59           300 PM
 AVERAGE    76

..........................................................


THE TULSA OKLAHOMA CLIMATE NORMALS FOR TOMORROW
                         NORMAL    RECORD    YEAR
 MAXIMUM TEMPERATURE (F)   48        72      2015
                                             1951
 MINIMUM TEMPERATURE (F)   27       -14      1930


SUNRISE AND SUNSET
JANUARY 17 2017.......SUNRISE   733 AM CST   SUNSET   535 PM CST
JANUARY 18 2017.......SUNRISE   733 AM CST   SUNSET   536 PM CST


-  INDICATES NEGATIVE NUMBERS.
R  INDICATES RECORD WAS SET OR TIED.
MM INDICATES DATA IS MISSING.
T  INDICATES TRACE AMOUNT.




$$

&&
...........................................................

TULSA RECORD LOW MAX AND HIGH MIN TEMPERATURES FOR TOMORROW
                      RECORD        YEAR
  LOW MAXIMUM           12          1940
  HIGH MINIMUM          53          1923
...........................................................
ALL DATA MEASURED AT THE TULSA INTERNATIONAL AIRPORT...
EXCEPT SNOWFALL...WHICH IS MEASURED AT THE NWS OFFICE.
