000
CDUS44 KTSA 301437
CLITUL

CLIMATE REPORT
NATIONAL WEATHER SERVICE TULSA OK
912 AM CDT FRI SEP 30 2016


...................................

...THE TULSA OKLAHOMA CLIMATE SUMMARY FOR SEPTEMBER 30 2016...
VALID AS OF 0900 AM LOCAL TIME.

CLIMATE NORMAL PERIOD 1981 TO 2010
CLIMATE RECORD PERIOD 1882 TO 2016


WEATHER ITEM   OBSERVED TIME   RECORD YEAR NORMAL DEPARTURE LAST
                VALUE   (LST)  VALUE       VALUE  FROM      YEAR
                                                  NORMAL
..................................................................
TEMPERATURE (F)
 TODAY
  MAXIMUM         58    759 AM  99    1979  78    -20       71
  MINIMUM         50    549 AM  35    1984  56     -6       59
  AVERAGE         54                        67    -13       65

PRECIPITATION (IN)
  TODAY            0.00          1.85 1959   0.13  -0.13     0.00
  MONTH TO DATE    2.31                      4.26  -1.95     2.93
  SINCE SEP 1      2.31                      4.26  -1.95     2.93
  SINCE JAN 1     23.01                     31.74  -8.73    44.48

DEGREE DAYS
 HEATING
  TODAY           11                         2      9        0
  MONTH TO DATE   13                        22     -9        0
  SINCE SEP 1     13                        24    -11        0
  SINCE JUL 1     13                        24    -11        0

 COOLING
  TODAY            0                         4     -4        0
  MONTH TO DATE  370                       264    106      348
  SINCE SEP 1    370                       264    106      348
  SINCE JAN 1   2310                      1965    345     2087
..................................................................


WIND (MPH)
  HIGHEST WIND SPEED     7   HIGHEST WIND DIRECTION    NW (300)
  HIGHEST GUST SPEED     8   HIGHEST GUST DIRECTION    NW (300)
  AVERAGE WIND SPEED     4.9


SKY COVER
  POSSIBLE SUNSHINE  MM
  AVERAGE SKY COVER 0.2


WEATHER CONDITIONS
 THE FOLLOWING WEATHER WAS RECORDED TODAY.
  NO SIGNIFICANT WEATHER WAS OBSERVED.


RELATIVE HUMIDITY (PERCENT)
 HIGHEST    96           300 AM
 LOWEST     77          1200 AM
 AVERAGE    87

..........................................................


THE TULSA OKLAHOMA CLIMATE NORMALS FOR TOMORROW
                         NORMAL    RECORD    YEAR
 MAXIMUM TEMPERATURE (F)   78        97      1910
 MINIMUM TEMPERATURE (F)   56        38      1985
                                             1984
                                             1958


SUNRISE AND SUNSET
SEPTEMBER 30 2016.....SUNRISE   718 AM CDT   SUNSET   708 PM CDT
OCTOBER  1 2016.......SUNRISE   719 AM CDT   SUNSET   706 PM CDT


-  INDICATES NEGATIVE NUMBERS.
R  INDICATES RECORD WAS SET OR TIED.
MM INDICATES DATA IS MISSING.
T  INDICATES TRACE AMOUNT.




$$

&&
ALL DATA MEASURED AT THE TULSA INTERNATIONAL AIRPORT...
EXCEPT SNOWFALL...WHICH IS MEASURED AT THE NWS OFFICE.
