000
CDUS44 KTSA 191419
CLITUL

CLIMATE REPORT
NATIONAL WEATHER SERVICE TULSA OK
912 AM CDT SAT APR 19 2014


...................................

...THE TULSA OKLAHOMA CLIMATE SUMMARY FOR APRIL 19 2014...
VALID AS OF 0900 AM LOCAL TIME.

CLIMATE NORMAL PERIOD 1981 TO 2010
CLIMATE RECORD PERIOD 1882 TO 2014


WEATHER ITEM   OBSERVED TIME   RECORD YEAR NORMAL DEPARTURE LAST
                VALUE   (LST)  VALUE       VALUE  FROM      YEAR
                                                  NORMAL
..................................................................
TEMPERATURE (F)
 TODAY
  MAXIMUM         62    759 AM  94    1987  73    -11       63
  MINIMUM         48    550 AM  34    2013  50     -2       34
                                      1953
  AVERAGE         55                        62     -7       49

PRECIPITATION (IN)
  TODAY            0.00          2.52 1917   0.13  -0.13     0.00
  MONTH TO DATE    0.56                      2.14  -1.58     2.87
  SINCE MAR 1      2.92                      5.43  -2.51     3.97
  SINCE JAN 1      3.37                      8.94  -5.57     8.69

SNOWFALL (IN)
  TODAY            0.0                                       0.0
  MONTH TO DATE    T                                         0.0
  SINCE MAR 1      2.4                                        T
  SINCE JUL 1     12.4                                       3.7

DEGREE DAYS
 HEATING
  TODAY           10                         5      5       16
  MONTH TO DATE  173                       143     30      200
  SINCE MAR 1    735                       581    154      735
  SINCE JUL 1   4036                      3492    544     3407

 COOLING
  TODAY            0                         2     -2        0
  MONTH TO DATE   17                        27    -10       11
  SINCE MAR 1     18                        38    -20       15
  SINCE JAN 1     18                        39    -21       17
..................................................................


WIND (MPH)
  HIGHEST WIND SPEED    14   HIGHEST WIND DIRECTION     S (170)
  HIGHEST GUST SPEED    18   HIGHEST GUST DIRECTION     S (170)
  AVERAGE WIND SPEED     5.6


SKY COVER
  POSSIBLE SUNSHINE  MM
  AVERAGE SKY COVER 0.3


WEATHER CONDITIONS
 THE FOLLOWING WEATHER WAS RECORDED TODAY.
  NO SIGNIFICANT WEATHER WAS OBSERVED.


RELATIVE HUMIDITY (PERCENT)
 HIGHEST    86           600 AM
 LOWEST     64           800 AM
 AVERAGE    75

..........................................................


THE TULSA OKLAHOMA CLIMATE NORMALS FOR TOMORROW
                         NORMAL    RECORD    YEAR
 MAXIMUM TEMPERATURE (F)   73        92      1963
 MINIMUM TEMPERATURE (F)   51        32      1953


SUNRISE AND SUNSET
APRIL 19 2014.........SUNRISE   645 AM CDT   SUNSET   801 PM CDT
APRIL 20 2014.........SUNRISE   644 AM CDT   SUNSET   802 PM CDT


-  INDICATES NEGATIVE NUMBERS.
R  INDICATES RECORD WAS SET OR TIED.
MM INDICATES DATA IS MISSING.
T  INDICATES TRACE AMOUNT.




$$

&&
...........................................................

HOURLY TEMPERATURE DATA
 YESTERDAY
11AM NOON  1PM  2PM  3PM  4PM  5PM  6PM  7PM  8PM  9PM 10PM 11PM
  61   66   69   71   73   74   75   73   72   68   64   62   59

 TODAY
 MID  1AM  2AM  3AM  4AM  5AM  6AM  7AM  8AM  9AM
  60   55   54   54   52   53   50   49   55   61
...........................................................
ALL DATA MEASURED AT THE TULSA INTERNATIONAL AIRPORT...
EXCEPT SNOWFALL...WHICH IS MEASURED AT THE NWS OFFICE.
