652
CDUS44 KTSA 220802
CLITUL

CLIMATE REPORT
NATIONAL WEATHER SERVICE TULSA OK
300 AM CDT FRI MAY 22 2015

...................................

...THE TULSA OKLAHOMA CLIMATE SUMMARY FOR MAY 21 2015...

CLIMATE NORMAL PERIOD 1981 TO 2010
CLIMATE RECORD PERIOD 1882 TO 2015


WEATHER ITEM   OBSERVED TIME   RECORD YEAR NORMAL DEPARTURE LAST
                VALUE   (LST)  VALUE       VALUE  FROM      YEAR
                                                  NORMAL
..................................................................
TEMPERATURE (F)
 YESTERDAY
  MAXIMUM         66    502 PM  95    1925  81    -15       87
  MINIMUM         49    558 AM  45    1915  61    -12       71
  AVERAGE         58                        71    -13       79

PRECIPITATION (IN)
  YESTERDAY        0.00          1.90 1978   0.21  -0.21     0.00
  MONTH TO DATE    7.58                      4.01   3.57     0.69
  SINCE MAR 1     15.39                     11.09   4.30     5.18
  SINCE JAN 1     17.71                     14.60   3.11     5.63

DEGREE DAYS
 COOLING
  YESTERDAY        0                         6     -6       14
  MONTH TO DATE   90                        94     -4      132
  SINCE MAR 1    164                       158      6      166
  SINCE JAN 1    164                       159      5      166
..................................................................


WIND (MPH)
  HIGHEST WIND SPEED    14   HIGHEST WIND DIRECTION    NE (50)
  HIGHEST GUST SPEED    18   HIGHEST GUST DIRECTION    NE (50)
  AVERAGE WIND SPEED     7.0


SKY COVER
  POSSIBLE SUNSHINE  MM
  AVERAGE SKY COVER 0.6


WEATHER CONDITIONS
 THE FOLLOWING WEATHER WAS RECORDED YESTERDAY.
  NO SIGNIFICANT WEATHER WAS OBSERVED.


RELATIVE HUMIDITY (PERCENT)
 HIGHEST   100           500 AM
 LOWEST     52           100 PM
 AVERAGE    76

..........................................................


THE TULSA OKLAHOMA CLIMATE NORMALS FOR TODAY
                         NORMAL    RECORD    YEAR
 MAXIMUM TEMPERATURE (F)   81        94      2005
 MINIMUM TEMPERATURE (F)   61        44      1931


SUNRISE AND SUNSET
MAY 22 2015...........SUNRISE   613 AM CDT   SUNSET   828 PM CDT
MAY 23 2015...........SUNRISE   612 AM CDT   SUNSET   829 PM CDT


-  INDICATES NEGATIVE NUMBERS.
R  INDICATES RECORD WAS SET OR TIED.
MM INDICATES DATA IS MISSING.
T  INDICATES TRACE AMOUNT.




$$

&&
...........................................................

THE TULSA PRECIPITATION NORMALS FOR TODAY
                       NORMAL    RECORD      YEAR
  TODAY                 0.19      2.10       1902
  MONTH TO DATE         4.20
  YEAR TO DATE         14.79
...........................................................
ALL DATA MEASURED AT THE TULSA INTERNATIONAL AIRPORT...
EXCEPT SNOWFALL...WHICH IS MEASURED AT THE NWS OFFICE.
