000
CDUS44 KTSA 200748
CLITUL

CLIMATE REPORT
NATIONAL WEATHER SERVICE TULSA OK
147 AM CDT FRI OCT 20 2017


...................................

...THE TULSA OKLAHOMA CLIMATE SUMMARY FOR OCTOBER 19 2017...

CLIMATE NORMAL PERIOD 1981 TO 2010
CLIMATE RECORD PERIOD 1882 TO 2017


WEATHER ITEM   OBSERVED TIME   RECORD YEAR NORMAL DEPARTURE LAST
                VALUE   (LST)  VALUE       VALUE  FROM      YEAR
                                                  NORMAL
..................................................................
TEMPERATURE (F)
 YESTERDAY
  MAXIMUM         79    232 PM  91    2005  72      7       86
  MINIMUM         50    654 AM  27    1917  50      0       61
  AVERAGE         65                        61      4       74

PRECIPITATION (IN)
  YESTERDAY        0.00          1.73 1983   0.13  -0.13     0.40
  MONTH TO DATE    5.51                      2.39   3.12     2.47
  SINCE SEP 1      7.31                      6.65   0.66     4.78
  SINCE JAN 1     42.31                     34.13   8.18    25.48

SNOWFALL (IN)
  YESTERDAY        0.0                                       0.0
  MONTH TO DATE    0.0                                       0.0
  SINCE SEP 1      0.0                                       0.0
  SINCE JUL 1      0.0                                       0.0

DEGREE DAYS
 HEATING
  YESTERDAY        0                         6     -6        0
  MONTH TO DATE   36                        75    -39       29
  SINCE SEP 1     36                        99    -63       31
  SINCE JUL 1     36                        99    -63       31

 COOLING
  YESTERDAY        0                         1     -1        9
  MONTH TO DATE  101                        50     51      123
  SINCE SEP 1    410                       314     96      493
  SINCE JAN 1   2111                      2015     96     2433
..................................................................


WIND (MPH)
  HIGHEST WIND SPEED    17   HIGHEST WIND DIRECTION     S (170)
  HIGHEST GUST SPEED    23   HIGHEST GUST DIRECTION     S (190)
  AVERAGE WIND SPEED     8.4


SKY COVER
  POSSIBLE SUNSHINE  MM
  AVERAGE SKY COVER 0.8


WEATHER CONDITIONS
 THE FOLLOWING WEATHER WAS RECORDED YESTERDAY.
  NO SIGNIFICANT WEATHER WAS OBSERVED.


RELATIVE HUMIDITY (PERCENT)
 HIGHEST    93           600 AM
 LOWEST     45           300 PM
 AVERAGE    69

..........................................................


THE TULSA OKLAHOMA CLIMATE NORMALS FOR TODAY
                         NORMAL    RECORD    YEAR
 MAXIMUM TEMPERATURE (F)   72        91      1979
 MINIMUM TEMPERATURE (F)   49        30      2011
                                             1976
                                             1925


SUNRISE AND SUNSET
OCTOBER 20 2017.......SUNRISE   735 AM CDT   SUNSET   641 PM CDT
OCTOBER 21 2017.......SUNRISE   736 AM CDT   SUNSET   640 PM CDT


-  INDICATES NEGATIVE NUMBERS.
R  INDICATES RECORD WAS SET OR TIED.
MM INDICATES DATA IS MISSING.
T  INDICATES TRACE AMOUNT.




$$

&&
...........................................................

THE TULSA PRECIPITATION NORMALS FOR TODAY
                       NORMAL    RECORD      YEAR
  TODAY                 0.14      4.96       1971
  MONTH TO DATE         2.53
  YEAR TO DATE         34.27
...........................................................
ALL DATA MEASURED AT THE TULSA INTERNATIONAL AIRPORT...
EXCEPT SNOWFALL...WHICH IS MEASURED AT THE NWS OFFICE.
