000
CDUS44 KTSA 302131
CLITUL

CLIMATE REPORT
NATIONAL WEATHER SERVICE TULSA OK
418 PM CDT SAT APR 30 2016


...................................

...THE TULSA OKLAHOMA CLIMATE SUMMARY FOR APRIL 30 2016...
VALID TODAY AS OF 0400 PM LOCAL TIME.

CLIMATE NORMAL PERIOD 1981 TO 2010
CLIMATE RECORD PERIOD 1882 TO 2016


WEATHER ITEM   OBSERVED TIME   RECORD YEAR NORMAL DEPARTURE LAST
                VALUE   (LST)  VALUE       VALUE  FROM      YEAR
                                                  NORMAL
..................................................................
TEMPERATURE (F)
 TODAY
  MAXIMUM         68    259 PM  91    1987  76     -8       79
                                      1959
  MINIMUM         58    818 AM  35    1908  54      4       47
  AVERAGE         63                        65     -2       63

PRECIPITATION (IN)
  TODAY            T             3.00 1970   0.17  -0.17     0.00
  MONTH TO DATE    5.89                      3.79   2.10     4.10
  SINCE MAR 1      8.75                      7.08   1.67     7.81
  SINCE JAN 1      9.95                     10.59  -0.64    10.13

SNOWFALL (IN)
  TODAY            0.0                                       0.0
  MONTH TO DATE    0.0                                       0.0
  SINCE MAR 1      0.0                                       0.3
  SINCE JUL 1      3.0                                       8.5

DEGREE DAYS
 HEATING
  TODAY            2                         3     -1        2
  MONTH TO DATE   83                       187   -104      115
  SINCE MAR 1    350                       624   -274      496
  SINCE JUL 1   2682                      3535   -853     3511

 COOLING
  TODAY            0                         3     -3        0
  MONTH TO DATE   39                        53    -14       61
  SINCE MAR 1     48                        64    -16       74
  SINCE JAN 1     54                        65    -11       74
..................................................................


WIND (MPH)
  HIGHEST WIND SPEED    18   HIGHEST WIND DIRECTION    NW (300)
  HIGHEST GUST SPEED    22   HIGHEST GUST DIRECTION    NW (300)
  AVERAGE WIND SPEED     9.9


SKY COVER
  POSSIBLE SUNSHINE  MM
  AVERAGE SKY COVER 0.8


WEATHER CONDITIONS
 THE FOLLOWING WEATHER WAS RECORDED TODAY.
  LIGHT RAIN
  FOG


RELATIVE HUMIDITY (PERCENT)
 HIGHEST   100          1200 AM
 LOWEST     58           300 PM
 AVERAGE    79

..........................................................


THE TULSA OKLAHOMA CLIMATE NORMALS FOR TOMORROW
                         NORMAL    RECORD    YEAR
 MAXIMUM TEMPERATURE (F)   76        91      2002
 MINIMUM TEMPERATURE (F)   55        32      1909


SUNRISE AND SUNSET
APRIL 30 2016.........SUNRISE   631 AM CDT   SUNSET   811 PM CDT
MAY  1 2016...........SUNRISE   630 AM CDT   SUNSET   812 PM CDT


-  INDICATES NEGATIVE NUMBERS.
R  INDICATES RECORD WAS SET OR TIED.
MM INDICATES DATA IS MISSING.
T  INDICATES TRACE AMOUNT.




$$

&&
...........................................................

TULSA RECORD LOW MAX AND HIGH MIN TEMPERATURES FOR TOMORROW
                      RECORD        YEAR
  LOW MAXIMUM           53          1966
  HIGH MINIMUM          71          1936
...........................................................
ALL DATA MEASURED AT THE TULSA INTERNATIONAL AIRPORT...
EXCEPT SNOWFALL...WHICH IS MEASURED AT THE NWS OFFICE.
