000
CDUS44 KMEG 242148
CLITUP


CLIMATE REPORT
NATIONAL WEATHER SERVICE MEMPHIS TN
447 PM CDT SAT SEP 24 2016


...................................

...THE TUPELO CLIMATE SUMMARY FOR SEPTEMBER 24 2016...
VALID TODAY AS OF 0400 PM LOCAL TIME.

CLIMATE NORMAL PERIOD 1981 TO 2010
CLIMATE RECORD PERIOD 1930 TO 2016


WEATHER ITEM   OBSERVED TIME   RECORD YEAR NORMAL DEPARTURE LAST
                VALUE   (LST)  VALUE       VALUE  FROM      YEAR
                                                  NORMAL
..................................................................
TEMPERATURE (F)
 TODAY
  MAXIMUM         98R   306 PM  97    1935  83     15       89
  MINIMUM         67    529 AM  35    1983  59      8       63
  AVERAGE         83                        71     12       76

PRECIPITATION (IN)
  TODAY            0.00          2.65 1991   0.13  -0.13     0.00
  MONTH TO DATE    0.43                      2.64  -2.21     0.11
  SINCE SEP 1      0.43                      2.64  -2.21     0.11
  SINCE JAN 1     36.28                     39.11  -2.83    52.68

SNOWFALL (IN)
  TODAY            0.0

DEGREE DAYS
 HEATING
  TODAY            0                         1     -1        0
  MONTH TO DATE    0                         4     -4        3
  SINCE SEP 1      0                         4     -4        3
  SINCE JUL 1      0                         4     -4        3

 COOLING
  TODAY           18                         7     11       11
  MONTH TO DATE  381                       251    130      250
  SINCE SEP 1    381                       251    130      250
  SINCE JAN 1   2304                      1923    381     1989
..................................................................


WIND (MPH)
  HIGHEST WIND SPEED    14   HIGHEST WIND DIRECTION     N (10)
  HIGHEST GUST SPEED    18   HIGHEST GUST DIRECTION     N (340)
  AVERAGE WIND SPEED     4.1


SKY COVER
  POSSIBLE SUNSHINE  MM
  AVERAGE SKY COVER 0.0


WEATHER CONDITIONS
 THE FOLLOWING WEATHER WAS RECORDED TODAY.
  NO SIGNIFICANT WEATHER WAS OBSERVED.


RELATIVE HUMIDITY (PERCENT)
 HIGHEST    87           500 AM
 LOWEST     25           300 PM
 AVERAGE    56

..........................................................


THE TUPELO CLIMATE NORMALS FOR TOMORROW
                         NORMAL    RECORD    YEAR
 MAXIMUM TEMPERATURE (F)   82        98      1931
 MINIMUM TEMPERATURE (F)   59        43      1994
                                             1983
                                             1965


SUNRISE AND SUNSET
SEPTEMBER 24 2016.....SUNRISE   645 AM CDT   SUNSET   648 PM CDT
SEPTEMBER 25 2016.....SUNRISE   646 AM CDT   SUNSET   647 PM CDT


-  INDICATES NEGATIVE NUMBERS.
R  INDICATES RECORD WAS SET OR TIED.
MM INDICATES DATA IS MISSING.
T  INDICATES TRACE AMOUNT.




$$
