000
CDUS44 KMEG 070739
CLITUP


CLIMATE REPORT
NATIONAL WEATHER SERVICE MEMPHIS TN
138 AM CST WED DEC 7 2016


...................................

...THE TUPELO CLIMATE SUMMARY FOR DECEMBER 6 2016...

CLIMATE NORMAL PERIOD 1981 TO 2010
CLIMATE RECORD PERIOD 1930 TO 2016


WEATHER ITEM   OBSERVED TIME   RECORD YEAR NORMAL DEPARTURE LAST
                VALUE   (LST)  VALUE       VALUE  FROM      YEAR
                                                  NORMAL
..................................................................
TEMPERATURE (F)
 YESTERDAY
  MAXIMUM         57    651 AM  79    1998  56      1       67
                                      1951
  MINIMUM         39   1025 PM  18    1937  36      3       33
  AVERAGE         48                        46      2       50

PRECIPITATION (IN)
  YESTERDAY        0.52          3.99 2004   0.22   0.30     0.00
  MONTH TO DATE    2.52                      1.31   1.21     0.39
  SINCE DEC 1      2.52                      1.31   1.21     0.39
  SINCE JAN 1     43.89                     50.04  -6.15    63.79

SNOWFALL (IN)
  YESTERDAY        0.0           T    2013   0.0    0.0      0.0
                                      1977
                                      1950
  MONTH TO DATE    0.0                       0.0    0.0      0.0
  SINCE DEC 1      0.0                       0.0    0.0      0.0
  SINCE JUL 1      0.0                       0.0    0.0      0.0
  SNOW DEPTH       0

DEGREE DAYS
 HEATING
  YESTERDAY       17                        19     -2       15
  MONTH TO DATE  111                       110      1      108
  SINCE DEC 1    111                       110      1      108
  SINCE JUL 1    405                       632   -227      449

 COOLING
  YESTERDAY        0                         0      0        0
  MONTH TO DATE    0                         0      0        0
  SINCE DEC 1      0                         0      0        0
  SINCE JAN 1   2539                      2044    495     2148
..................................................................


WIND (MPH)
  HIGHEST WIND SPEED    16   HIGHEST WIND DIRECTION    SW (240)
  HIGHEST GUST SPEED    26   HIGHEST GUST DIRECTION    SW (240)
  AVERAGE WIND SPEED     6.8


SKY COVER
  POSSIBLE SUNSHINE  MM
  AVERAGE SKY COVER 0.8


WEATHER CONDITIONS
 THE FOLLOWING WEATHER WAS RECORDED YESTERDAY.
  THUNDERSTORM
  HEAVY RAIN
  RAIN
  LIGHT RAIN
  FOG


RELATIVE HUMIDITY (PERCENT)
 HIGHEST    96           100 AM
 LOWEST     74           400 PM
 AVERAGE    85

..........................................................


THE TUPELO CLIMATE NORMALS FOR TODAY
                         NORMAL    RECORD    YEAR
 MAXIMUM TEMPERATURE (F)   56        81      1951
 MINIMUM TEMPERATURE (F)   36        12      1937


SUNRISE AND SUNSET
DECEMBER  7 2016......SUNRISE   648 AM CST   SUNSET   445 PM CST
DECEMBER  8 2016......SUNRISE   649 AM CST   SUNSET   445 PM CST


-  INDICATES NEGATIVE NUMBERS.
R  INDICATES RECORD WAS SET OR TIED.
MM INDICATES DATA IS MISSING.
T  INDICATES TRACE AMOUNT.




$$
