000
CDUS44 KMEG 162255
CLITUP


CLIMATE REPORT
NATIONAL WEATHER SERVICE MEMPHIS TN
455 PM CST MON JAN 16 2017


...................................

...THE TUPELO CLIMATE SUMMARY FOR JANUARY 16 2017...
VALID TODAY AS OF 0400 PM LOCAL TIME.

CLIMATE NORMAL PERIOD 1981 TO 2010
CLIMATE RECORD PERIOD 1930 TO 2017


WEATHER ITEM   OBSERVED TIME   RECORD YEAR NORMAL DEPARTURE LAST
                VALUE   (LST)  VALUE       VALUE  FROM      YEAR
                                                  NORMAL
..................................................................
TEMPERATURE (F)
 TODAY
  MAXIMUM         72    344 PM  78    1943  51     21       47
                                      1932
  MINIMUM         50    254 AM   6    1972  31     19       35
  AVERAGE         61                        41     20       41

PRECIPITATION (IN)
  TODAY            0.08          1.71 2010   0.14  -0.06     0.00
  MONTH TO DATE    1.23                      2.32  -1.09     0.58
  SINCE DEC 1      6.13                      8.60  -2.47     7.94
  SINCE JAN 1      1.23                      2.32  -1.09     0.58

SNOWFALL (IN)
  TODAY            0.0

DEGREE DAYS
 HEATING
  TODAY            4                        24    -20       24
  MONTH TO DATE  251                       380   -129      384
  SINCE DEC 1    827                      1031   -204      746
  SINCE JUL 1   1121                      1553   -432     1087

 COOLING
  TODAY            0                         0      0        0
  MONTH TO DATE    8                         0      8        0
  SINCE DEC 1     15                         2     13       27
  SINCE JAN 1      8                         0      8        0
..................................................................


WIND (MPH)
  HIGHEST WIND SPEED    21   HIGHEST WIND DIRECTION    SE (150)
  HIGHEST GUST SPEED    24   HIGHEST GUST DIRECTION    SE (140)
  AVERAGE WIND SPEED     5.1


SKY COVER
  POSSIBLE SUNSHINE  MM
  AVERAGE SKY COVER 0.5


WEATHER CONDITIONS
 THE FOLLOWING WEATHER WAS RECORDED TODAY.
  LIGHT RAIN


RELATIVE HUMIDITY (PERCENT)
 HIGHEST    89          1200 AM
 LOWEST     61           200 PM
 AVERAGE    75

..........................................................


THE TUPELO CLIMATE NORMALS FOR TOMORROW
                         NORMAL    RECORD    YEAR
 MAXIMUM TEMPERATURE (F)   52        75      1937
                                             1936
 MINIMUM TEMPERATURE (F)   31         1      1977


SUNRISE AND SUNSET
JANUARY 16 2017.......SUNRISE   701 AM CST   SUNSET   510 PM CST
JANUARY 17 2017.......SUNRISE   700 AM CST   SUNSET   511 PM CST


-  INDICATES NEGATIVE NUMBERS.
R  INDICATES RECORD WAS SET OR TIED.
MM INDICATES DATA IS MISSING.
T  INDICATES TRACE AMOUNT.




$$
