000
CDUS44 KMEG 170637
CLITUP


CLIMATE REPORT
NATIONAL WEATHER SERVICE MEMPHIS TN
137 AM CDT WED SEP 17 2014


...................................

...THE TUPELO CLIMATE SUMMARY FOR SEPTEMBER 16 2014...

CLIMATE NORMAL PERIOD 1981 TO 2010
CLIMATE RECORD PERIOD 1930 TO 2014


WEATHER ITEM   OBSERVED TIME   RECORD YEAR NORMAL DEPARTURE LAST
                VALUE   (LST)  VALUE       VALUE  FROM      YEAR
                                                  NORMAL
..................................................................
TEMPERATURE (F)
 YESTERDAY
  MAXIMUM         88    216 PM 104    1980  86      2       93
  MINIMUM         68   1159 PM  46    1961  63      5       59
  AVERAGE         78                        74      4       76

PRECIPITATION (IN)
  YESTERDAY        0.00          2.92 1968   0.12  -0.12     0.00
  MONTH TO DATE    1.45                      1.69  -0.24      T
  SINCE SEP 1      1.45                      1.69  -0.24      T
  SINCE JAN 1     37.38                     38.16  -0.78    37.28

SNOWFALL (IN)
  YESTERDAY        0.0          MM      MM   0.0    0.0      0.0
  MONTH TO DATE    0.0                       0.0    0.0      0.0
  SINCE SEP 1      0.0                       0.0    0.0      0.0
  SINCE JUL 1      0.0                       0.0    0.0      0.0
  SNOW DEPTH       0

DEGREE DAYS
 HEATING
  YESTERDAY        0                         0      0        0
  MONTH TO DATE    1                         0      1        0
  SINCE SEP 1      1                         0      1        0
  SINCE JUL 1      1                         0      1        0

 COOLING
  YESTERDAY       13                         9      4       11
  MONTH TO DATE  216                       188     28      222
  SINCE SEP 1    216                       188     28      222
  SINCE JAN 1   1763                      1860    -97     1817
..................................................................


WIND (MPH)
  HIGHEST WIND SPEED    16   HIGHEST WIND DIRECTION    NE (50)
  HIGHEST GUST SPEED    19   HIGHEST GUST DIRECTION    NE (50)
  AVERAGE WIND SPEED     5.4


SKY COVER
  POSSIBLE SUNSHINE  MM
  AVERAGE SKY COVER 0.5


WEATHER CONDITIONS
 THE FOLLOWING WEATHER WAS RECORDED YESTERDAY.
  THUNDERSTORM


RELATIVE HUMIDITY (PERCENT)
 HIGHEST    90           300 AM
 LOWEST     50           100 PM
 AVERAGE    70

..........................................................


THE TUPELO CLIMATE NORMALS FOR TODAY
                         NORMAL    RECORD    YEAR
 MAXIMUM TEMPERATURE (F)   85        97      1953
                                             1933
 MINIMUM TEMPERATURE (F)   62        47      2000


SUNRISE AND SUNSET
SEPTEMBER 17 2014.....SUNRISE   640 AM CDT   SUNSET   659 PM CDT
SEPTEMBER 18 2014.....SUNRISE   640 AM CDT   SUNSET   657 PM CDT


-  INDICATES NEGATIVE NUMBERS.
R  INDICATES RECORD WAS SET OR TIED.
MM INDICATES DATA IS MISSING.
T  INDICATES TRACE AMOUNT.




$$
