000
CDUS45 KTWC 310026
CLITUS

CLIMATE REPORT
NATIONAL WEATHER SERVICE TUCSON AZ
526 PM MST SUN AUG 30 2015


...................................

...THE TUCSON AZ CLIMATE SUMMARY FOR AUGUST 30 2015...
VALID TODAY AS OF 0500 PM LOCAL TIME.

CLIMATE NORMAL PERIOD 1981 TO 2010
CLIMATE RECORD PERIOD 1895 TO 2015


WEATHER ITEM   OBSERVED TIME   RECORD YEAR NORMAL DEPARTURE LAST
                VALUE   (LST)  VALUE       VALUE  FROM      YEAR
                                                  NORMAL
..................................................................
TEMPERATURE (F)
 TODAY
  MAXIMUM         99    214 PM 107    2011  98      1      104
  MINIMUM         79    602 AM  61    1920  72      7       74
                                      1906
  AVERAGE         89                        85      4       89

PRECIPITATION (IN)
  TODAY            0.00          1.35 1914   0.07  -0.07     0.00
  MONTH TO DATE    1.51                      2.33  -0.82     1.89
  SINCE OCT 1     11.35                     10.24   1.11     6.98
  SINCE JAN 1      7.85                      7.85   0.00     3.93

DEGREE DAYS
 HEATING
  TODAY            0                         0      0        0
  MONTH TO DATE    0                         0      0        0
  SINCE JUN 1      0                         0      0        0
  SINCE JUL 1      0                         0      0        0

 COOLING
  TODAY           24                        20      4       24
  MONTH TO DATE  731                       606    125      610
  SINCE JUN 1   2145                      1883    262     2065
  SINCE JAN 1   2659                      2385    274     2668
..................................................................


WIND (MPH)
  HIGHEST WIND SPEED    22   HIGHEST WIND DIRECTION     S (180)
  HIGHEST GUST SPEED    26   HIGHEST GUST DIRECTION     S (170)
  AVERAGE WIND SPEED     8.3


SKY COVER
  POSSIBLE SUNSHINE  MM
  AVERAGE SKY COVER 0.0


WEATHER CONDITIONS
 THE FOLLOWING WEATHER WAS RECORDED TODAY.
  THUNDERSTORM


RELATIVE HUMIDITY (PERCENT)
 HIGHEST    48
 LOWEST     25
 AVERAGE    37

..........................................................


THE TUCSON AZ CLIMATE NORMALS FOR TOMORROW
                         NORMAL    RECORD    YEAR
 MAXIMUM TEMPERATURE (F)   97       108      2011
                                             1950
 MINIMUM TEMPERATURE (F)   72        62      1895


SUNRISE AND SUNSET
AUGUST 30 2015........SUNRISE   558 AM MST   SUNSET   651 PM MST
AUGUST 31 2015........SUNRISE   558 AM MST   SUNSET   649 PM MST


-  INDICATES NEGATIVE NUMBERS.
R  INDICATES RECORD WAS SET OR TIED.
MM INDICATES DATA IS MISSING.
T  INDICATES TRACE AMOUNT.




$$
