000
CDUS45 KTWC 281429
CLITUS

CLIMATE REPORT
NATIONAL WEATHER SERVICE TUCSON AZ
728 AM MST TUE MAR 28 2017


...................................

...THE TUCSON AZ CLIMATE SUMMARY FOR MARCH 28 2017...
VALID AS OF 0700 AM LOCAL TIME.

CLIMATE NORMAL PERIOD 1981 TO 2010
CLIMATE RECORD PERIOD 1895 TO 2017


WEATHER ITEM   OBSERVED TIME   RECORD YEAR NORMAL DEPARTURE LAST
                VALUE   (LST)  VALUE       VALUE  FROM      YEAR
                                                  NORMAL
..................................................................
TEMPERATURE (F)
 TODAY
  MINIMUM         51    659 AM  28    1898  48      3       55

PRECIPITATION (IN)
  TODAY            0.21          0.45 1992   0.02   0.19     0.00
  MONTH TO DATE    0.21                      0.68  -0.47     0.11
  SINCE OCT 1      3.27                      4.87  -1.60     4.70
  SINCE JAN 1      1.59                      2.48  -0.89     1.82

DEGREE DAYS
 HEATING
  TODAY            9                         4      5        0

 COOLING
  TODAY            0                         2     -2        4
..................................................................


WIND (MPH)
  HIGHEST WIND SPEED    29   HIGHEST WIND DIRECTION     W (270)
  HIGHEST GUST SPEED    42   HIGHEST GUST DIRECTION     W (280)
  AVERAGE WIND SPEED     7.1


SKY COVER
  POSSIBLE SUNSHINE  MM
  AVERAGE SKY COVER 0.4


WEATHER CONDITIONS
 THE FOLLOWING WEATHER WAS RECORDED TODAY.
  THUNDERSTORM
  LIGHT RAIN


RELATIVE HUMIDITY (PERCENT)
 HIGHEST    77           600 AM

..........................................................


THE TUCSON AZ CLIMATE NORMALS FOR TOMORROW
                         NORMAL    RECORD    YEAR
 MAXIMUM TEMPERATURE (F)   77        92      2015
 MINIMUM TEMPERATURE (F)   48        27      1907


SUNRISE AND SUNSET
MARCH 28 2017.........SUNRISE   617 AM MST   SUNSET   641 PM MST
MARCH 29 2017.........SUNRISE   615 AM MST   SUNSET   642 PM MST


-  INDICATES NEGATIVE NUMBERS.
R  INDICATES RECORD WAS SET OR TIED.
MM INDICATES DATA IS MISSING.
T  INDICATES TRACE AMOUNT.




$$
