000
CDUS45 KTWC 020028
CLITUS

CLIMATE REPORT
NATIONAL WEATHER SERVICE TUCSON AZ
527 PM MST WED JUL 1 2015


...................................

...THE TUCSON AZ CLIMATE SUMMARY FOR JULY 1 2015...
VALID TODAY AS OF 0500 PM LOCAL TIME.

CLIMATE NORMAL PERIOD 1981 TO 2010
CLIMATE RECORD PERIOD 1895 TO 2015


WEATHER ITEM   OBSERVED TIME   RECORD YEAR NORMAL DEPARTURE LAST
                VALUE   (LST)  VALUE       VALUE  FROM      YEAR
                                                  NORMAL
..................................................................
TEMPERATURE (F)
 TODAY
  MAXIMUM         96    103 PM 111    1990 102     -6      106
  MINIMUM         71    539 AM  58    1913  73     -2       77
  AVERAGE         84                        88     -4       92

PRECIPITATION (IN)
  TODAY            0.00          0.71 1898   0.03  -0.03     0.00
  MONTH TO DATE    0.00                      0.03  -0.03     0.00
  SINCE OCT 1      7.76                      5.69   2.07     3.66
  SINCE JAN 1      4.26                      3.30   0.96     0.61

DEGREE DAYS
 HEATING
  TODAY            0                         0      0        0
  MONTH TO DATE    0                         0      0        0
  SINCE JUN 1      0                         0      0        0
  SINCE JUL 1      0                         0      0        0

 COOLING
  TODAY           19                        23     -4       27
  MONTH TO DATE   19                        23     -4       27
  SINCE JUN 1    732                       617    115      752
  SINCE JAN 1   1246                      1119    127     1355
..................................................................


WIND (MPH)
  HIGHEST WIND SPEED    16   HIGHEST WIND DIRECTION    SE (130)
  HIGHEST GUST SPEED    20   HIGHEST GUST DIRECTION    NW (320)
  AVERAGE WIND SPEED     8.1


SKY COVER
  POSSIBLE SUNSHINE  MM
  AVERAGE SKY COVER 0.0


WEATHER CONDITIONS
 THE FOLLOWING WEATHER WAS RECORDED TODAY.
  NO SIGNIFICANT WEATHER WAS OBSERVED.


RELATIVE HUMIDITY (PERCENT)
 HIGHEST    79
 LOWEST     30
 AVERAGE    55

..........................................................


THE TUCSON AZ CLIMATE NORMALS FOR TOMORROW
                         NORMAL    RECORD    YEAR
 MAXIMUM TEMPERATURE (F)  102       111      2011
                                             2001
                                             1994
 MINIMUM TEMPERATURE (F)   74        59      1992


SUNRISE AND SUNSET
JULY  1 2015..........SUNRISE   521 AM MST   SUNSET   734 PM MST
JULY  2 2015..........SUNRISE   521 AM MST   SUNSET   734 PM MST


-  INDICATES NEGATIVE NUMBERS.
R  INDICATES RECORD WAS SET OR TIED.
MM INDICATES DATA IS MISSING.
T  INDICATES TRACE AMOUNT.




$$
