000
CDUS45 KTWC 200735
CLITUS

CLIMATE REPORT
NATIONAL WEATHER SERVICE TUCSON AZ
1234 AM MST SAT DEC 20 2014


...................................

...THE TUCSON AZ CLIMATE SUMMARY FOR DECEMBER 19 2014...

CLIMATE NORMAL PERIOD 1981 TO 2010
CLIMATE RECORD PERIOD 1895 TO 2014


WEATHER ITEM   OBSERVED TIME   RECORD YEAR NORMAL DEPARTURE LAST
                VALUE   (LST)  VALUE       VALUE  FROM      YEAR
                                                  NORMAL
..................................................................
TEMPERATURE (F)
 YESTERDAY
  MAXIMUM         61    344 PM  81    1917  64     -3       70
  MINIMUM         37    640 AM  19    1895  39     -2       47
  AVERAGE         49                        51     -2       59

PRECIPITATION (IN)
  YESTERDAY        0.00          0.46 1967   0.03  -0.03     0.00
  MONTH TO DATE    1.47                      0.59   0.88     0.43
  SINCE OCT 1      2.80                      2.05   0.75     2.65
  SINCE JAN 1      9.49                     11.25  -1.76     8.13

DEGREE DAYS
 HEATING
  YESTERDAY       16                        14      2        6
  MONTH TO DATE  140                       240   -100      209
  SINCE DEC 1    140                       240   -100      209
  SINCE JUL 1    276                       446   -170      315

 COOLING
  YESTERDAY        0                         0      0        0
  MONTH TO DATE    3                         0      3        0
  SINCE DEC 1      3                         0      3        0
  SINCE JAN 1   3619                      3146    473     3653
..................................................................


WIND (MPH)
  HIGHEST WIND SPEED     9   HIGHEST WIND DIRECTION     N (350)
  HIGHEST GUST SPEED    13   HIGHEST GUST DIRECTION     N (360)
  AVERAGE WIND SPEED     4.3


SKY COVER
  POSSIBLE SUNSHINE  MM
  AVERAGE SKY COVER 0.0


WEATHER CONDITIONS
 THE FOLLOWING WEATHER WAS RECORDED YESTERDAY.
  NO SIGNIFICANT WEATHER WAS OBSERVED.


RELATIVE HUMIDITY (PERCENT)
 HIGHEST    92
 LOWEST     40
 AVERAGE    66

..........................................................


THE TUCSON AZ CLIMATE NORMALS FOR TODAY
                         NORMAL    RECORD    YEAR
 MAXIMUM TEMPERATURE (F)   64        80      2003
                                             1921
 MINIMUM TEMPERATURE (F)   39        20      1897


SUNRISE AND SUNSET
DECEMBER 20 2014......SUNRISE   720 AM MST   SUNSET   523 PM MST
DECEMBER 21 2014......SUNRISE   720 AM MST   SUNSET   523 PM MST


-  INDICATES NEGATIVE NUMBERS.
R  INDICATES RECORD WAS SET OR TIED.
MM INDICATES DATA IS MISSING.
T  INDICATES TRACE AMOUNT.




$$
