000
CDUS45 KTWC 240742
CLITUS

CLIMATE REPORT
NATIONAL WEATHER SERVICE TUCSON AZ
1242 AM MST FRI NOV 24 2017

...................................

...THE TUCSON AZ CLIMATE SUMMARY FOR NOVEMBER 23 2017...

CLIMATE NORMAL PERIOD 1981 TO 2010
CLIMATE RECORD PERIOD 1895 TO 2017


WEATHER ITEM   OBSERVED TIME   RECORD YEAR NORMAL DEPARTURE LAST
                VALUE   (LST)  VALUE       VALUE  FROM      YEAR
                                                  NORMAL
..................................................................
TEMPERATURE (F)
 YESTERDAY
  MAXIMUM         89R   335 PM  87    1917  70     19       77
                                      1903
  MINIMUM         53    634 AM  25    1916  43     10       43
                                      1898
  AVERAGE         71                        57     14       60

PRECIPITATION (IN)
  YESTERDAY        0.00          1.83 1895   0.02  -0.02     0.00
  MONTH TO DATE    0.09                      0.40  -0.31     0.42
  SINCE OCT 1      0.09                      1.29  -1.20     0.52
  SINCE JAN 1     10.27                     10.49  -0.22    10.65

DEGREE DAYS
 HEATING
  YESTERDAY        0                         8     -8        5
  MONTH TO DATE    3                       116   -113       24
  SINCE SEP 1      3                       140   -137       24
  SINCE JUL 1      3                       140   -137       24

 COOLING
  YESTERDAY        6                         0      6        0
  MONTH TO DATE  104                        25     79       69
  SINCE SEP 1   1039                       734    305      941
  SINCE JAN 1   3878                      3144    734     3651
..................................................................


WIND (MPH)
  HIGHEST WIND SPEED    13   HIGHEST WIND DIRECTION     E (110)
  HIGHEST GUST SPEED    17   HIGHEST GUST DIRECTION     E (80)
  AVERAGE WIND SPEED     5.3


SKY COVER
  POSSIBLE SUNSHINE  MM
  AVERAGE SKY COVER  MM


WEATHER CONDITIONS
 THE FOLLOWING WEATHER WAS RECORDED YESTERDAY.
  NO SIGNIFICANT WEATHER WAS OBSERVED.


RELATIVE HUMIDITY (PERCENT)
 HIGHEST    MM
 LOWEST     MM
 AVERAGE    MM

..........................................................


THE TUCSON AZ CLIMATE NORMALS FOR TODAY
                         NORMAL    RECORD    YEAR
 MAXIMUM TEMPERATURE (F)   70        86      1981
                                             1909
                                             1904
 MINIMUM TEMPERATURE (F)   43        28      1979
                                             1924


SUNRISE AND SUNSET
NOVEMBER 24 2017......SUNRISE   701 AM MST   SUNSET   520 PM MST
NOVEMBER 25 2017......SUNRISE   702 AM MST   SUNSET   520 PM MST


-  INDICATES NEGATIVE NUMBERS.
R  INDICATES RECORD WAS SET OR TIED.
MM INDICATES DATA IS MISSING.
T  INDICATES TRACE AMOUNT.

$$
