373
CDUS45 KTWC 310025
CLITUS

CLIMATE REPORT
NATIONAL WEATHER SERVICE TUCSON AZ
525 PM MST MON MAY 30 2016


...................................

...THE TUCSON AZ CLIMATE SUMMARY FOR MAY 30 2016...
VALID TODAY AS OF 0500 PM LOCAL TIME.

CLIMATE NORMAL PERIOD 1981 TO 2010
CLIMATE RECORD PERIOD 1895 TO 2016


WEATHER ITEM   OBSERVED TIME   RECORD YEAR NORMAL DEPARTURE LAST
                VALUE   (LST)  VALUE       VALUE  FROM      YEAR
                                                  NORMAL
..................................................................
TEMPERATURE (F)
 TODAY
  MAXIMUM         93    453 PM 110    1910  96     -3      102
  MINIMUM         67    554 AM  42    1909  64      3       67
  AVERAGE         80                        80      0       85

PRECIPITATION (IN)
  TODAY            0.00          0.44 1986   0.00   0.00     0.00
  MONTH TO DATE    0.00                      0.22  -0.22     0.09
  SINCE OCT 1      5.41                      5.45  -0.04     7.20
  SINCE JAN 1      2.53                      3.06  -0.53     3.70

DEGREE DAYS
 HEATING
  TODAY            0                         0      0        0
  MONTH TO DATE    0                         3     -3        3
  SINCE MAR 1     89                       242   -153       63
  SINCE JUL 1   1217                      1509   -292      905

 COOLING
  TODAY           15                        15      0       20
  MONTH TO DATE  306                       332    -26      249
  SINCE MAR 1    521                       482     39      484
  SINCE JAN 1    555                       486     69      492
..................................................................


WIND (MPH)
  HIGHEST WIND SPEED    20   HIGHEST WIND DIRECTION     W (250)
  HIGHEST GUST SPEED    31   HIGHEST GUST DIRECTION    SW (240)
  AVERAGE WIND SPEED     6.2


SKY COVER
  POSSIBLE SUNSHINE  MM
  AVERAGE SKY COVER 0.0


WEATHER CONDITIONS
 THE FOLLOWING WEATHER WAS RECORDED TODAY.
  NO SIGNIFICANT WEATHER WAS OBSERVED.


RELATIVE HUMIDITY (PERCENT)
 HIGHEST    26
 LOWEST      7
 AVERAGE    17

..........................................................


THE TUCSON AZ CLIMATE NORMALS FOR TOMORROW
                         NORMAL    RECORD    YEAR
 MAXIMUM TEMPERATURE (F)   97       107      2002
                                             1910
 MINIMUM TEMPERATURE (F)   65        44      1918


SUNRISE AND SUNSET
MAY 30 2016...........SUNRISE   519 AM MST   SUNSET   724 PM MST
MAY 31 2016...........SUNRISE   518 AM MST   SUNSET   725 PM MST


-  INDICATES NEGATIVE NUMBERS.
R  INDICATES RECORD WAS SET OR TIED.
MM INDICATES DATA IS MISSING.
T  INDICATES TRACE AMOUNT.




$$
