000
CDUS43 KAPX 240528
CLITVC


CLIMATE REPORT
NATIONAL WEATHER SERVICE GAYLORD MI
127 AM EDT FRI MAR 24 2017


...................................

...THE TRAVERSE CITY MI CLIMATE SUMMARY FOR MARCH 23 2017...

CLIMATE NORMAL PERIOD 1981 TO 2010
CLIMATE RECORD PERIOD 1896 TO 2017


WEATHER ITEM   OBSERVED TIME   RECORD YEAR NORMAL DEPARTURE LAST
                VALUE   (LST)  VALUE       VALUE  FROM      YEAR
                                                  NORMAL
..................................................................
TEMPERATURE (F)
 YESTERDAY
  MAXIMUM         43   1118 PM  70    1938  43      0       44
  MINIMUM         18    125 AM  -4    1916  24     -6       28
  AVERAGE         31                        33     -2       36

PRECIPITATION (IN)
  YESTERDAY        T             1.24 1938   0.06  -0.06     0.16
  MONTH TO DATE    1.05                      1.32  -0.27     1.30
  SINCE MAR 1      1.05                      1.32  -0.27     1.30
  SINCE JAN 1      4.38                      5.64  -1.26     4.09

DEGREE DAYS
 HEATING
  YESTERDAY       34                        32      2       29
  MONTH TO DATE  824                       824      0      646
  SINCE MAR 1    824                       824      0      646
  SINCE JUL 1   4997                      6164  -1167     4956

 COOLING
  YESTERDAY        0                         0      0        0
  MONTH TO DATE    0                         0      0        0
  SINCE MAR 1      0                         0      0        0
  SINCE JAN 1      0                         0      0        0
..................................................................


WIND (MPH)
  HIGHEST WIND SPEED    13   HIGHEST WIND DIRECTION    SE (140)
  HIGHEST GUST SPEED    19   HIGHEST GUST DIRECTION     S (190)
  AVERAGE WIND SPEED     5.0




RELATIVE HUMIDITY (PERCENT)
 HIGHEST    80
 LOWEST     20
 AVERAGE    50

..........................................................


THE TRAVERSE CITY MI CLIMATE NORMALS FOR TODAY
                         NORMAL    RECORD    YEAR
 MAXIMUM TEMPERATURE (F)   43        71      1987
 MINIMUM TEMPERATURE (F)   24        -9      1965


SUNRISE AND SUNSET
MARCH 24 2017.........SUNRISE   737 AM EDT   SUNSET   800 PM EDT
MARCH 25 2017.........SUNRISE   736 AM EDT   SUNSET   801 PM EDT


-  INDICATES NEGATIVE NUMBERS.
R  INDICATES RECORD WAS SET OR TIED.
MM INDICATES DATA IS MISSING.
T  INDICATES TRACE AMOUNT.




$$
