000
CDUS43 KAPX 010626
CLITVC


CLIMATE REPORT
NATIONAL WEATHER SERVICE GAYLORD MI
226 AM EDT TUE SEP 1 2015


...................................

...THE TRAVERSE CITY MI CLIMATE SUMMARY FOR AUGUST 31 2015...

CLIMATE NORMAL PERIOD 1981 TO 2010
CLIMATE RECORD PERIOD 1896 TO 2015


WEATHER ITEM   OBSERVED TIME   RECORD YEAR NORMAL DEPARTURE LAST
                VALUE   (LST)  VALUE       VALUE  FROM      YEAR
                                                  NORMAL
..................................................................
TEMPERATURE (F)
 YESTERDAY
  MAXIMUM         83    509 PM  95    1937  76      7       75
  MINIMUM         64    305 AM  39    1931  55      9       63
  AVERAGE         74                        65      9       69

PRECIPITATION (IN)
  YESTERDAY        0.00          3.13 1945   0.11  -0.11     0.00
  MONTH TO DATE    2.08                      3.38  -1.30     2.35
  SINCE JUN 1      5.17                      9.56  -4.39     7.12
  SINCE JAN 1     11.65                     21.11  -9.46    16.80

DEGREE DAYS
 HEATING
  YESTERDAY        0                         3     -3        0
  MONTH TO DATE   19                        40    -21       24
  SINCE JUN 1    135                       181    -46      151
  SINCE JUL 1     47                        69    -22       79

 COOLING
  YESTERDAY        9                         3      6        4
  MONTH TO DATE  177                       116     61      125
  SINCE JUN 1    398                       349     49      323
  SINCE JAN 1    433                       369     64      332
..................................................................


WIND (MPH)
  HIGHEST WIND SPEED    13   HIGHEST WIND DIRECTION    SW (230)
  HIGHEST GUST SPEED    19   HIGHEST GUST DIRECTION    SW (230)
  AVERAGE WIND SPEED     5.2




RELATIVE HUMIDITY (PERCENT)
 HIGHEST    93
 LOWEST     55
 AVERAGE    74

..........................................................


THE TRAVERSE CITY MI CLIMATE NORMALS FOR TODAY
                         NORMAL    RECORD    YEAR
 MAXIMUM TEMPERATURE (F)   75        96      1953
 MINIMUM TEMPERATURE (F)   54        40      1991


SUNRISE AND SUNSET
SEPTEMBER  1 2015.....SUNRISE   704 AM EDT   SUNSET   819 PM EDT
SEPTEMBER  2 2015.....SUNRISE   705 AM EDT   SUNSET   818 PM EDT


-  INDICATES NEGATIVE NUMBERS.
R  INDICATES RECORD WAS SET OR TIED.
MM INDICATES DATA IS MISSING.
T  INDICATES TRACE AMOUNT.




$$
