000
CDUS43 KAPX 200531
CLITVC


CLIMATE REPORT
NATIONAL WEATHER SERVICE GAYLORD MI
130 AM EDT SUN AUG 20 2017


...................................

...THE TRAVERSE CITY MI CLIMATE SUMMARY FOR AUGUST 19 2017...

CLIMATE NORMAL PERIOD 1981 TO 2010
CLIMATE RECORD PERIOD 1896 TO 2017


WEATHER ITEM   OBSERVED TIME   RECORD YEAR NORMAL DEPARTURE LAST
                VALUE   (LST)  VALUE       VALUE  FROM      YEAR
                                                  NORMAL
..................................................................
TEMPERATURE (F)
 YESTERDAY
  MAXIMUM         80    422 PM  99    1955  78      2       81
  MINIMUM         60    633 AM  41    1998  57      3       69
  AVERAGE         70                        67      3       75

PRECIPITATION (IN)
  YESTERDAY        0.00          1.58 2005   0.11  -0.11     0.78
  MONTH TO DATE    4.50                      2.07   2.43     2.40
  SINCE JUN 1     10.12                      8.25   1.87     6.61
  SINCE JAN 1     20.09                     19.80   0.29    16.47

DEGREE DAYS
 HEATING
  YESTERDAY        0                         1     -1        0
  MONTH TO DATE    2                        19    -17        0
  SINCE JUN 1     52                       159   -107       73
  SINCE JUL 1      5                        47    -42        9

 COOLING
  YESTERDAY        5                         3      2       10
  MONTH TO DATE   70                        81    -11      200
  SINCE JUN 1    333                       314     19      542
  SINCE JAN 1    354                       334     20      592
..................................................................


WIND (MPH)
  HIGHEST WIND SPEED    16   HIGHEST WIND DIRECTION     W (280)
  HIGHEST GUST SPEED    21   HIGHEST GUST DIRECTION     W (270)
  AVERAGE WIND SPEED     6.1




RELATIVE HUMIDITY (PERCENT)
 HIGHEST    97
 LOWEST     45
 AVERAGE    71

..........................................................


THE TRAVERSE CITY MI CLIMATE NORMALS FOR TODAY
                         NORMAL    RECORD    YEAR
 MAXIMUM TEMPERATURE (F)   78        98      1916
 MINIMUM TEMPERATURE (F)   57        38      1977


SUNRISE AND SUNSET
AUGUST 20 2017........SUNRISE   651 AM EDT   SUNSET   840 PM EDT
AUGUST 21 2017........SUNRISE   652 AM EDT   SUNSET   838 PM EDT


-  INDICATES NEGATIVE NUMBERS.
R  INDICATES RECORD WAS SET OR TIED.
MM INDICATES DATA IS MISSING.
T  INDICATES TRACE AMOUNT.




$$
