000
CDUS43 KAPX 240529
CLITVC


CLIMATE REPORT
NATIONAL WEATHER SERVICE GAYLORD MI
127 AM EDT SAT JUN 24 2017


...................................

...THE TRAVERSE CITY MI CLIMATE SUMMARY FOR JUNE 23 2017...

CLIMATE NORMAL PERIOD 1981 TO 2010
CLIMATE RECORD PERIOD 1896 TO 2017


WEATHER ITEM   OBSERVED TIME   RECORD YEAR NORMAL DEPARTURE LAST
                VALUE   (LST)  VALUE       VALUE  FROM      YEAR
                                                  NORMAL
..................................................................
TEMPERATURE (F)
 YESTERDAY
  MAXIMUM         80    402 PM  96    1930  78      2       78
  MINIMUM         60   1159 PM  37    1979  55      5       55
  AVERAGE         70                        66      4       67

PRECIPITATION (IN)
  YESTERDAY        0.28          1.81 1960   0.12   0.16      T
  MONTH TO DATE    3.25                      2.35   0.90     1.68
  SINCE JUN 1      3.25                      2.35   0.90     1.68
  SINCE JAN 1     13.22                     13.90  -0.68    11.54

DEGREE DAYS
 HEATING
  YESTERDAY        0                         2     -2        0
  MONTH TO DATE   26                       100    -74       56
  SINCE JUN 1     26                       100    -74       56
  SINCE JUL 1   6101                      7536  -1435     6224

 COOLING
  YESTERDAY        5                         4      1        2
  MONTH TO DATE   93                        51     42       59
  SINCE JUN 1     93                        51     42       59
  SINCE JAN 1    114                        71     43      109
..................................................................


WIND (MPH)
  HIGHEST WIND SPEED    21   HIGHEST WIND DIRECTION     W (280)
  HIGHEST GUST SPEED    26   HIGHEST GUST DIRECTION     W (280)
  AVERAGE WIND SPEED     7.2




RELATIVE HUMIDITY (PERCENT)
 HIGHEST    93
 LOWEST     25
 AVERAGE    59

..........................................................


THE TRAVERSE CITY MI CLIMATE NORMALS FOR TODAY
                         NORMAL    RECORD    YEAR
 MAXIMUM TEMPERATURE (F)   78        95      2009
                                             2005
                                             1997
 MINIMUM TEMPERATURE (F)   55        33      1979


SUNRISE AND SUNSET
JUNE 24 2017..........SUNRISE   558 AM EDT   SUNSET   932 PM EDT
JUNE 25 2017..........SUNRISE   558 AM EDT   SUNSET   932 PM EDT


-  INDICATES NEGATIVE NUMBERS.
R  INDICATES RECORD WAS SET OR TIED.
MM INDICATES DATA IS MISSING.
T  INDICATES TRACE AMOUNT.




$$
