000
CDUS43 KAPX 220527
CLITVC


CLIMATE REPORT
NATIONAL WEATHER SERVICE GAYLORD MI
127 AM EDT WED OCT 22 2014


...................................

...THE TRAVERSE CITY MI CLIMATE SUMMARY FOR OCTOBER 21 2014...

CLIMATE NORMAL PERIOD 1981 TO 2010
CLIMATE RECORD PERIOD 1896 TO 2014


WEATHER ITEM   OBSERVED TIME   RECORD YEAR NORMAL DEPARTURE LAST
                VALUE   (LST)  VALUE       VALUE  FROM      YEAR
                                                  NORMAL
..................................................................
TEMPERATURE (F)
 YESTERDAY
  MAXIMUM         49    232 PM  82    1953  55     -6       50
  MINIMUM         32   1159 PM  21    1959  38     -6       35
  AVERAGE         41                        46     -5       43

PRECIPITATION (IN)
  YESTERDAY        0.01          1.10 1933   0.09  -0.08     0.05
  MONTH TO DATE    4.71                      2.19   2.52     5.16
  SINCE SEP 1     10.97                      5.72   5.25     8.08
  SINCE JAN 1     27.77                     26.83   0.94    28.65

DEGREE DAYS
 HEATING
  YESTERDAY       24                        19      5       22
  MONTH TO DATE  303                       321    -18      206
  SINCE SEP 1    456                       514    -58      371
  SINCE JUL 1    535                       583    -48      421

 COOLING
  YESTERDAY        0                         0      0        0
  MONTH TO DATE    0                         0      0        1
  SINCE SEP 1     42                        38      4       54
  SINCE JAN 1    374                       407    -33      531
..................................................................


WIND (MPH)
  HIGHEST WIND SPEED    17   HIGHEST WIND DIRECTION    NE (30)
  HIGHEST GUST SPEED    26   HIGHEST GUST DIRECTION    NE (40)
  AVERAGE WIND SPEED     8.3




RELATIVE HUMIDITY (PERCENT)
 HIGHEST    86
 LOWEST     56
 AVERAGE    71

..........................................................


THE TRAVERSE CITY MI CLIMATE NORMALS FOR TODAY
                         NORMAL    RECORD    YEAR
 MAXIMUM TEMPERATURE (F)   55        83      1947
 MINIMUM TEMPERATURE (F)   37        22      2008


SUNRISE AND SUNSET
OCTOBER 22 2014.......SUNRISE   807 AM EDT   SUNSET   646 PM EDT
OCTOBER 23 2014.......SUNRISE   808 AM EDT   SUNSET   644 PM EDT


-  INDICATES NEGATIVE NUMBERS.
R  INDICATES RECORD WAS SET OR TIED.
MM INDICATES DATA IS MISSING.
T  INDICATES TRACE AMOUNT.




$$
