000
CDUS43 KAPX 220529
CLITVC


CLIMATE REPORT
NATIONAL WEATHER SERVICE GAYLORD MI
1229 AM EST SUN JAN 22 2017


...................................

...THE TRAVERSE CITY MI CLIMATE SUMMARY FOR JANUARY 21 2017...

CLIMATE NORMAL PERIOD 1981 TO 2010
CLIMATE RECORD PERIOD 1896 TO 2017


WEATHER ITEM   OBSERVED TIME   RECORD YEAR NORMAL DEPARTURE LAST
                VALUE   (LST)  VALUE       VALUE  FROM      YEAR
                                                  NORMAL
..................................................................
TEMPERATURE (F)
 YESTERDAY
  MAXIMUM         47    456 PM  50    1906  27     20       27
  MINIMUM         35    603 AM -20    1984  15     20        8
  AVERAGE         41                        21     20       18

PRECIPITATION (IN)
  YESTERDAY        0.01          0.46 1993   0.09  -0.08      T
  MONTH TO DATE    1.04                      2.02  -0.98     1.17
  SINCE DEC 1      2.27                      4.51  -2.24     4.16
  SINCE JAN 1      1.04                      2.02  -0.98     1.17

DEGREE DAYS
 HEATING
  YESTERDAY       24                        44    -20       47
  MONTH TO DATE  822                       909    -87      885
  SINCE DEC 1   1942                      2098   -156     1706
  SINCE JUL 1   2901                      3717   -816     2886
..................................................................


WIND (MPH)
  HIGHEST WIND SPEED     9   HIGHEST WIND DIRECTION    SE (140)
  HIGHEST GUST SPEED    15   HIGHEST GUST DIRECTION    SE (140)
  AVERAGE WIND SPEED     2.8




RELATIVE HUMIDITY (PERCENT)
 HIGHEST    92
 LOWEST     82
 AVERAGE    87

..........................................................


THE TRAVERSE CITY MI CLIMATE NORMALS FOR TODAY
                         NORMAL    RECORD    YEAR
 MAXIMUM TEMPERATURE (F)   27        49      2002
                                             1933
 MINIMUM TEMPERATURE (F)   15       -10      1954


SUNRISE AND SUNSET
JANUARY 22 2017.......SUNRISE   811 AM EST   SUNSET   537 PM EST
JANUARY 23 2017.......SUNRISE   810 AM EST   SUNSET   539 PM EST


-  INDICATES NEGATIVE NUMBERS.
R  INDICATES RECORD WAS SET OR TIED.
MM INDICATES DATA IS MISSING.
T  INDICATES TRACE AMOUNT.




$$
