000
CDUS43 KAPX 310526
CLITVC


CLIMATE REPORT
NATIONAL WEATHER SERVICE GAYLORD MI
126 AM EDT SUN JUL 31 2016


...................................

...THE TRAVERSE CITY MI CLIMATE SUMMARY FOR JULY 30 2016...

CLIMATE NORMAL PERIOD 1981 TO 2010
CLIMATE RECORD PERIOD 1896 TO 2016


WEATHER ITEM   OBSERVED TIME   RECORD YEAR NORMAL DEPARTURE LAST
                VALUE   (LST)  VALUE       VALUE  FROM      YEAR
                                                  NORMAL
..................................................................
TEMPERATURE (F)
 YESTERDAY
  MAXIMUM         84    321 PM 102    1916  80      4       87
  MINIMUM         53    607 AM  41    1965  58     -5       70
  AVERAGE         69                        69      0       79

PRECIPITATION (IN)
  YESTERDAY        0.00          1.50 1994   0.11  -0.11     0.00
  MONTH TO DATE    2.14                      2.91  -0.77     1.07
  SINCE JUN 1      4.21                      6.07  -1.86     3.09
  SINCE JAN 1     14.07                     17.62  -3.55     9.57

DEGREE DAYS
 HEATING
  YESTERDAY        0                         1     -1        0
  MONTH TO DATE    9                        31    -22       28
  SINCE JUN 1     73                       143    -70      116
  SINCE JUL 1      9                        31    -22       28

 COOLING
  YESTERDAY        4                         5     -1       14
  MONTH TO DATE  247                       150     97      189
  SINCE JUN 1    337                       231    106      213
  SINCE JAN 1    387                       251    136      248
..................................................................


WIND (MPH)
  HIGHEST WIND SPEED    16   HIGHEST WIND DIRECTION    NE (50)
  HIGHEST GUST SPEED    22   HIGHEST GUST DIRECTION    NE (30)
  AVERAGE WIND SPEED     5.8




RELATIVE HUMIDITY (PERCENT)
 HIGHEST    93
 LOWEST     31
 AVERAGE    62

..........................................................


THE TRAVERSE CITY MI CLIMATE NORMALS FOR TODAY
                         NORMAL    RECORD    YEAR
 MAXIMUM TEMPERATURE (F)   80       102      1916
 MINIMUM TEMPERATURE (F)   58        44      1962


SUNRISE AND SUNSET
JULY 31 2016..........SUNRISE   628 AM EDT   SUNSET   909 PM EDT
AUGUST  1 2016........SUNRISE   629 AM EDT   SUNSET   907 PM EDT


-  INDICATES NEGATIVE NUMBERS.
R  INDICATES RECORD WAS SET OR TIED.
MM INDICATES DATA IS MISSING.
T  INDICATES TRACE AMOUNT.




$$
