000
CDUS43 KAPX 300530
CLITVC


CLIMATE REPORT
NATIONAL WEATHER SERVICE GAYLORD MI
130 AM EDT TUE AUG 30 2016


...................................

...THE TRAVERSE CITY MI CLIMATE SUMMARY FOR AUGUST 29 2016...

CLIMATE NORMAL PERIOD 1981 TO 2010
CLIMATE RECORD PERIOD 1896 TO 2016


WEATHER ITEM   OBSERVED TIME   RECORD YEAR NORMAL DEPARTURE LAST
                VALUE   (LST)  VALUE       VALUE  FROM      YEAR
                                                  NORMAL
..................................................................
TEMPERATURE (F)
 YESTERDAY
  MAXIMUM         86    510 PM  96    1991  76     10       76
  MINIMUM         56    341 AM  32    1982  55      1       61
  AVERAGE         71                        66      5       69

PRECIPITATION (IN)
  YESTERDAY        0.00          2.02 1932   0.11  -0.11     0.29
  MONTH TO DATE    3.67                      3.16   0.51     2.08
  SINCE JUN 1      7.88                      9.34  -1.46     5.17
  SINCE JAN 1     17.74                     20.89  -3.15    11.65

DEGREE DAYS
 HEATING
  YESTERDAY        0                         2     -2        0
  MONTH TO DATE    0                        35    -35       19
  SINCE JUN 1     73                       175   -102      135
  SINCE JUL 1      9                        63    -54       47

 COOLING
  YESTERDAY        6                         3      3        4
  MONTH TO DATE  251                       111    140      165
  SINCE JUN 1    593                       344    249      386
  SINCE JAN 1    643                       364    279      421
..................................................................


WIND (MPH)
  HIGHEST WIND SPEED    10   HIGHEST WIND DIRECTION     W (270)
  HIGHEST GUST SPEED    16   HIGHEST GUST DIRECTION    SE (140)
  AVERAGE WIND SPEED     3.4




RELATIVE HUMIDITY (PERCENT)
 HIGHEST    93
 LOWEST     44
 AVERAGE    69

..........................................................


THE TRAVERSE CITY MI CLIMATE NORMALS FOR TODAY
                         NORMAL    RECORD    YEAR
 MAXIMUM TEMPERATURE (F)   76        93      1969
 MINIMUM TEMPERATURE (F)   55        39      1976


SUNRISE AND SUNSET
AUGUST 30 2016........SUNRISE   703 AM EDT   SUNSET   822 PM EDT
AUGUST 31 2016........SUNRISE   704 AM EDT   SUNSET   820 PM EDT


-  INDICATES NEGATIVE NUMBERS.
R  INDICATES RECORD WAS SET OR TIED.
MM INDICATES DATA IS MISSING.
T  INDICATES TRACE AMOUNT.




$$
