558
CDUS43 KAPX 190534
CLITVC


CLIMATE REPORT
NATIONAL WEATHER SERVICE GAYLORD MI
1234 AM EST SUN NOV 19 2017


...................................

...THE TRAVERSE CITY MI CLIMATE SUMMARY FOR NOVEMBER 18 2017...

CLIMATE NORMAL PERIOD 1981 TO 2010
CLIMATE RECORD PERIOD 1896 TO 2017


WEATHER ITEM   OBSERVED TIME   RECORD YEAR NORMAL DEPARTURE LAST
                VALUE   (LST)  VALUE       VALUE  FROM      YEAR
                                                  NORMAL
..................................................................
TEMPERATURE (F)
 YESTERDAY
  MAXIMUM         42    507 PM  73    2016  43     -1       73
  MINIMUM         34   1054 PM  11    1924  30      4       48
  AVERAGE         38                        36      2       61

PRECIPITATION (IN)
  YESTERDAY        0.13          1.55 1931   0.09   0.04      T
  MONTH TO DATE    1.41                      1.66  -0.25     0.05
  SINCE SEP 1     10.85                      8.41   2.44     6.65
  SINCE JAN 1     31.22                     29.52   1.70    24.39

DEGREE DAYS
 HEATING
  YESTERDAY       27                        29     -2        4
  MONTH TO DATE  522                       457     65      254
  SINCE SEP 1    939                      1175   -236      641
  SINCE JUL 1    973                      1244   -271      650
..................................................................


WIND (MPH)
  HIGHEST WIND SPEED    21   HIGHEST WIND DIRECTION    NW (320)
  HIGHEST GUST SPEED    30   HIGHEST GUST DIRECTION     N (350)
  AVERAGE WIND SPEED     8.7




RELATIVE HUMIDITY (PERCENT)
 HIGHEST   100
 LOWEST     70
 AVERAGE    85

..........................................................


THE TRAVERSE CITY MI CLIMATE NORMALS FOR TODAY
                         NORMAL    RECORD    YEAR
 MAXIMUM TEMPERATURE (F)   43        69      1953
 MINIMUM TEMPERATURE (F)   29        14      1989


SUNRISE AND SUNSET
NOVEMBER 19 2017......SUNRISE   745 AM EST   SUNSET   510 PM EST
NOVEMBER 20 2017......SUNRISE   746 AM EST   SUNSET   509 PM EST


-  INDICATES NEGATIVE NUMBERS.
R  INDICATES RECORD WAS SET OR TIED.
MM INDICATES DATA IS MISSING.
T  INDICATES TRACE AMOUNT.




$$
