000
CDUS43 KAPX 280536
CLITVC


CLIMATE REPORT
NATIONAL WEATHER SERVICE GAYLORD MI
136 AM EDT THU MAY 28 2015


...................................

...THE TRAVERSE CITY MI CLIMATE SUMMARY FOR MAY 27 2015...

CLIMATE NORMAL PERIOD 1981 TO 2010
CLIMATE RECORD PERIOD 1896 TO 2015


WEATHER ITEM   OBSERVED TIME   RECORD YEAR NORMAL DEPARTURE LAST
                VALUE   (LST)  VALUE       VALUE  FROM      YEAR
                                                  NORMAL
..................................................................
TEMPERATURE (F)
 YESTERDAY
  MAXIMUM         70    548 PM  93    1978  69      1       70
  MINIMUM         60   1159 PM  28    1961  45     15       51
  AVERAGE         65                        57      8       61

PRECIPITATION (IN)
  YESTERDAY        0.02          1.84 1932   0.09  -0.07     0.00
  MONTH TO DATE    2.77                      2.25   0.52     3.18
  SINCE MAR 1      4.70                      6.89  -2.19     8.26
  SINCE JAN 1      5.48                     11.21  -5.73     9.68

DEGREE DAYS
 HEATING
  YESTERDAY        0                         9     -9        4
  MONTH TO DATE  249                       339    -90      309
  SINCE MAR 1   1982                      2066    -84     2341
  SINCE JUL 1   7714                      7406    308     8063

 COOLING
  YESTERDAY        0                         1     -1        0
  MONTH TO DATE   31                        10     21        4
  SINCE MAR 1     31                        13     18        4
  SINCE JAN 1     31                        13     18        4
..................................................................


WIND (MPH)
  HIGHEST WIND SPEED    18   HIGHEST WIND DIRECTION    SW (240)
  HIGHEST GUST SPEED    32   HIGHEST GUST DIRECTION     W (250)
  AVERAGE WIND SPEED     8.2




RELATIVE HUMIDITY (PERCENT)
 HIGHEST    84
 LOWEST     61
 AVERAGE    73

..........................................................


THE TRAVERSE CITY MI CLIMATE NORMALS FOR TODAY
                         NORMAL    RECORD    YEAR
 MAXIMUM TEMPERATURE (F)   70        95      1978
 MINIMUM TEMPERATURE (F)   46        29      2008


SUNRISE AND SUNSET
MAY 28 2015...........SUNRISE   602 AM EDT   SUNSET   917 PM EDT
MAY 29 2015...........SUNRISE   602 AM EDT   SUNSET   918 PM EDT


-  INDICATES NEGATIVE NUMBERS.
R  INDICATES RECORD WAS SET OR TIED.
MM INDICATES DATA IS MISSING.
T  INDICATES TRACE AMOUNT.




$$
