000
CDUS43 KAPX 190528
CLITVC


CLIMATE REPORT
NATIONAL WEATHER SERVICE GAYLORD MI
127 AM EDT SAT APR 19 2014


...................................

...THE TRAVERSE CITY MI CLIMATE SUMMARY FOR APRIL 18 2014...

CLIMATE NORMAL PERIOD 1981 TO 2010
CLIMATE RECORD PERIOD 1896 TO 2014


WEATHER ITEM   OBSERVED TIME   RECORD YEAR NORMAL DEPARTURE LAST
                VALUE   (LST)  VALUE       VALUE  FROM      YEAR
                                                  NORMAL
..................................................................
TEMPERATURE (F)
 YESTERDAY
  MAXIMUM         41    512 PM  85    2002  55    -14       58
  MINIMUM         29   1151 PM  20    1944  33     -4       39
  AVERAGE         35                        44     -9       49

PRECIPITATION (IN)
  YESTERDAY        0.00          1.10 1995   0.10  -0.10     0.66
  MONTH TO DATE    2.93                      1.70   1.23     3.71
  SINCE MAR 1      3.85                      3.56   0.29     5.28
  SINCE JAN 1      5.27                      7.88  -2.61     8.82

DEGREE DAYS
 HEATING
  YESTERDAY       30                        21      9       16
  MONTH TO DATE  480                       440     40      501
  SINCE MAR 1   1811                      1502    309     1615
  SINCE JUL 1   7533                      6842    691     6461

 COOLING
  YESTERDAY        0                         0      0        0
  MONTH TO DATE    0                         0      0        0
  SINCE MAR 1      0                         0      0        0
  SINCE JAN 1      0                         0      0        0
..................................................................


WIND (MPH)
  HIGHEST WIND SPEED    15   HIGHEST WIND DIRECTION     N (340)
  HIGHEST GUST SPEED    19   HIGHEST GUST DIRECTION     N (350)
  AVERAGE WIND SPEED     5.9




RELATIVE HUMIDITY (PERCENT)
 HIGHEST    92
 LOWEST     51
 AVERAGE    72

..........................................................


THE TRAVERSE CITY MI CLIMATE NORMALS FOR TODAY
                         NORMAL    RECORD    YEAR
 MAXIMUM TEMPERATURE (F)   56        84      2005
 MINIMUM TEMPERATURE (F)   33        15      1918


SUNRISE AND SUNSET
APRIL 19 2014.........SUNRISE   651 AM EDT   SUNSET   832 PM EDT
APRIL 20 2014.........SUNRISE   650 AM EDT   SUNSET   834 PM EDT


-  INDICATES NEGATIVE NUMBERS.
R  INDICATES RECORD WAS SET OR TIED.
MM INDICATES DATA IS MISSING.
T  INDICATES TRACE AMOUNT.




$$
