000
CDUS44 KJAN 012114
CLITVR


CLIMATE REPORT
NATIONAL WEATHER SERVICE JACKSON MS
412 PM CDT TUE SEP 1 2015


...................................

...THE VICKSBURG CLIMATE SUMMARY FOR SEPTEMBER 1 2015...
VALID TODAY AS OF 0400 PM LOCAL TIME.

CLIMATE NORMAL PERIOD 1981 TO 2010
CLIMATE RECORD PERIOD 1948 TO 2015


WEATHER ITEM   OBSERVED TIME   RECORD YEAR NORMAL DEPARTURE LAST
                VALUE   (LST)  VALUE       VALUE  FROM      YEAR
                                                  NORMAL
..................................................................
TEMPERATURE (F)
 TODAY
  MAXIMUM         93    242 PM 105    2000  90      3       93
  MINIMUM         67    603 AM  53    1954  68     -1       73
  AVERAGE         80                        79      1       83

PRECIPITATION (IN)
  TODAY            0.00          0.89 2008   0.13  -0.13     0.00
  MONTH TO DATE    0.00                      0.13  -0.13     0.00
  SINCE SEP 1      0.00                      0.13  -0.13     0.00
  SINCE JAN 1     40.45                     36.70   3.75    44.24

SNOWFALL (IN)
  TODAY            0.0

DEGREE DAYS
 HEATING
  TODAY            0                         0      0        0
  MONTH TO DATE    0                         0      0        0
  SINCE SEP 1      0                         0      0        0
  SINCE JUL 1      0                         0      0        0

 COOLING
  TODAY           15                        14      1       18
  MONTH TO DATE   15                        14      1       18
  SINCE SEP 1     15                        14      1       18
  SINCE JAN 1   2069                      1803    266     1676
..................................................................


WIND (MPH)
  HIGHEST WIND SPEED     8   HIGHEST WIND DIRECTION    NE (40)
  HIGHEST GUST SPEED    11   HIGHEST GUST DIRECTION     N (20)
  AVERAGE WIND SPEED     1.0


SKY COVER
  POSSIBLE SUNSHINE  MM
  AVERAGE SKY COVER 0.1


WEATHER CONDITIONS
 THE FOLLOWING WEATHER WAS RECORDED TODAY.
  FOG


RELATIVE HUMIDITY (PERCENT)
 HIGHEST    97           100 AM
 LOWEST     39           100 PM
 AVERAGE    68

..........................................................


THE VICKSBURG CLIMATE NORMALS FOR TOMORROW
                         NORMAL    RECORD    YEAR
 MAXIMUM TEMPERATURE (F)   90       104      2000
 MINIMUM TEMPERATURE (F)   67        50      1954


SUNRISE AND SUNSET
SEPTEMBER  1 2015.....SUNRISE   639 AM CDT   SUNSET   729 PM CDT
SEPTEMBER  2 2015.....SUNRISE   640 AM CDT   SUNSET   727 PM CDT


-  INDICATES NEGATIVE NUMBERS.
R  INDICATES RECORD WAS SET OR TIED.
MM INDICATES DATA IS MISSING.
T  INDICATES TRACE AMOUNT.




$$
