000
CDUS44 KJAN 300730
CLITVR


CLIMATE REPORT
NATIONAL WEATHER SERVICE JACKSON MS
225 AM CDT WED JUL 30 2014


...................................

...THE VICKSBURG CLIMATE SUMMARY FOR JULY 29 2014...

CLIMATE NORMAL PERIOD 1981 TO 2010
CLIMATE RECORD PERIOD 1948 TO 2014


WEATHER ITEM   OBSERVED TIME   RECORD YEAR NORMAL DEPARTURE LAST
                VALUE   (LST)  VALUE       VALUE  FROM      YEAR
                                                  NORMAL
..................................................................
TEMPERATURE (F)
 YESTERDAY
  MAXIMUM         90    242 PM 100    2008  93     -3       92
                                      1986
  MINIMUM         61R   433 AM  64    1994  71    -10       70
  AVERAGE         76                        82     -6       81

PRECIPITATION (IN)
  YESTERDAY        0.00          2.88 2009   0.11  -0.11     0.00
  MONTH TO DATE    2.90                      3.41  -0.51     6.45
  SINCE JUN 1      9.45                      7.40   2.05    11.78
  SINCE JAN 1     37.78                     32.70   5.08    47.10

SNOWFALL (IN)
  YESTERDAY        0.0

DEGREE DAYS
 HEATING
  YESTERDAY        0                         0      0        0
  MONTH TO DATE    0                         0      0        0
  SINCE JUN 1      0                         0      0        0
  SINCE JUL 1      0                         0      0        0

 COOLING
  YESTERDAY       11                        17     -6       16
  MONTH TO DATE  389                       479    -90      413
  SINCE JUN 1    813                       897    -84      854
  SINCE JAN 1   1163                      1267   -104     1184
..................................................................


WIND (MPH)
  HIGHEST WIND SPEED    17   HIGHEST WIND DIRECTION     N (10)
  HIGHEST GUST SPEED    21   HIGHEST GUST DIRECTION     N (10)
  AVERAGE WIND SPEED     5.3


SKY COVER
  POSSIBLE SUNSHINE  MM
  AVERAGE SKY COVER 0.0


WEATHER CONDITIONS
 THE FOLLOWING WEATHER WAS RECORDED YESTERDAY.
  FOG


RELATIVE HUMIDITY (PERCENT)
 HIGHEST    93           100 AM
 LOWEST     41           200 PM
 AVERAGE    67

..........................................................


THE VICKSBURG CLIMATE NORMALS FOR TODAY
                         NORMAL    RECORD    YEAR
 MAXIMUM TEMPERATURE (F)   93       102      1986
 MINIMUM TEMPERATURE (F)   71        63      1994


SUNRISE AND SUNSET
JULY 30 2014..........SUNRISE   617 AM CDT   SUNSET   803 PM CDT
JULY 31 2014..........SUNRISE   618 AM CDT   SUNSET   802 PM CDT


-  INDICATES NEGATIVE NUMBERS.
R  INDICATES RECORD WAS SET OR TIED.
MM INDICATES DATA IS MISSING.
T  INDICATES TRACE AMOUNT.




$$
