000
CDUS44 KJAN 210641
CLITVR


CLIMATE REPORT
NATIONAL WEATHER SERVICE JACKSON MS
139 AM CDT SAT OCT 21 2017


...................................

...THE VICKSBURG CLIMATE SUMMARY FOR OCTOBER 20 2017...

CLIMATE NORMAL PERIOD 1981 TO 2010
CLIMATE RECORD PERIOD 1948 TO 2017


WEATHER ITEM   OBSERVED TIME   RECORD YEAR NORMAL DEPARTURE LAST
                VALUE   (LST)  VALUE       VALUE  FROM      YEAR
                                                  NORMAL
..................................................................
TEMPERATURE (F)
 YESTERDAY
  MAXIMUM         82   1259 PM  90    2004  77      5       87
  MINIMUM         55    533 AM  27    2011  51      4       58
  AVERAGE         69                        64      5       73

PRECIPITATION (IN)
  YESTERDAY        0.00          3.09 2002   0.17  -0.17      T
  MONTH TO DATE    0.57                      3.05  -2.48      T
  SINCE SEP 1      2.30                      5.94  -3.64     0.12
  SINCE JAN 1     51.72                     42.51   9.21    51.67

SNOWFALL (IN)
  YESTERDAY        0.0

DEGREE DAYS
 HEATING
  YESTERDAY        0                         4     -4        0
  MONTH TO DATE   13                        40    -27        0
  SINCE SEP 1     17                        45    -28        0
  SINCE JUL 1     17                        45    -28        0

 COOLING
  YESTERDAY        4                         3      1        8
  MONTH TO DATE  164                        86     78      154
  SINCE SEP 1    510                       394    116      624
  SINCE JAN 1   2432                      2183    249     2871
..................................................................


WIND (MPH)
  HIGHEST WIND SPEED    14   HIGHEST WIND DIRECTION    SE (150)
  HIGHEST GUST SPEED    21   HIGHEST GUST DIRECTION     E (100)
  AVERAGE WIND SPEED     5.9


SKY COVER
  POSSIBLE SUNSHINE  MM
  AVERAGE SKY COVER 0.1


WEATHER CONDITIONS
 THE FOLLOWING WEATHER WAS RECORDED YESTERDAY.
  NO SIGNIFICANT WEATHER WAS OBSERVED.


RELATIVE HUMIDITY (PERCENT)
 HIGHEST   100           300 AM
 LOWEST     51           100 PM
 AVERAGE    76

..........................................................


THE VICKSBURG CLIMATE NORMALS FOR TODAY
                         NORMAL    RECORD    YEAR
 MAXIMUM TEMPERATURE (F)   77        89      2003
 MINIMUM TEMPERATURE (F)   51        29      1976


SUNRISE AND SUNSET
OCTOBER 21 2017.......SUNRISE   713 AM CDT   SUNSET   624 PM CDT
OCTOBER 22 2017.......SUNRISE   713 AM CDT   SUNSET   623 PM CDT


-  INDICATES NEGATIVE NUMBERS.
R  INDICATES RECORD WAS SET OR TIED.
MM INDICATES DATA IS MISSING.
T  INDICATES TRACE AMOUNT.




$$
