000
CDUS44 KJAN 300640
CLITVR


CLIMATE REPORT
NATIONAL WEATHER SERVICE JACKSON MS
137 AM CDT TUE AUG 30 2016


...................................

...THE VICKSBURG CLIMATE SUMMARY FOR AUGUST 29 2016...

CLIMATE NORMAL PERIOD 1981 TO 2010
CLIMATE RECORD PERIOD 1948 TO 2016


WEATHER ITEM   OBSERVED TIME   RECORD YEAR NORMAL DEPARTURE LAST
                VALUE   (LST)  VALUE       VALUE  FROM      YEAR
                                                  NORMAL
..................................................................
TEMPERATURE (F)
 YESTERDAY
  MAXIMUM         97    123 PM 104    1954  91      6       93
  MINIMUM         76   1041 PM  55    1968  68      8       63
  AVERAGE         87                        79      8       78

PRECIPITATION (IN)
  YESTERDAY        0.03          3.08 1978   0.13  -0.10     0.00
  MONTH TO DATE    6.80                      3.38   3.42     3.21
  SINCE JUN 1     16.01                     11.00   5.01    10.18
  SINCE JAN 1     51.48                     36.30  15.18    40.45

SNOWFALL (IN)
  YESTERDAY        0.0

DEGREE DAYS
 HEATING
  YESTERDAY        0                         0      0        0
  MONTH TO DATE    0                         0      0        0
  SINCE JUN 1      0                         0      0        0
  SINCE JUL 1      0                         0      0        0

 COOLING
  YESTERDAY       22                        14      8       13
  MONTH TO DATE  568                       465    103      499
  SINCE JUN 1   1691                      1393    298     1576
  SINCE JAN 1   2206                      1763    443     2022
..................................................................


WIND (MPH)
  HIGHEST WIND SPEED    23   HIGHEST WIND DIRECTION     E (100)
  HIGHEST GUST SPEED    28   HIGHEST GUST DIRECTION     E (110)
  AVERAGE WIND SPEED     4.8


SKY COVER
  POSSIBLE SUNSHINE  MM
  AVERAGE SKY COVER 0.2


WEATHER CONDITIONS
 THE FOLLOWING WEATHER WAS RECORDED YESTERDAY.
  THUNDERSTORM
  RAIN
  LIGHT RAIN


RELATIVE HUMIDITY (PERCENT)
 HIGHEST    94          1000 PM
 LOWEST     45           100 PM
 AVERAGE    70

..........................................................


THE VICKSBURG CLIMATE NORMALS FOR TODAY
                         NORMAL    RECORD    YEAR
 MAXIMUM TEMPERATURE (F)   91       104      1954
 MINIMUM TEMPERATURE (F)   68        56      1968


SUNRISE AND SUNSET
AUGUST 30 2016........SUNRISE   638 AM CDT   SUNSET   730 PM CDT
AUGUST 31 2016........SUNRISE   639 AM CDT   SUNSET   729 PM CDT


-  INDICATES NEGATIVE NUMBERS.
R  INDICATES RECORD WAS SET OR TIED.
MM INDICATES DATA IS MISSING.
T  INDICATES TRACE AMOUNT.




$$
