000
CDUS44 KJAN 262107
CLITVR


CLIMATE REPORT
NATIONAL WEATHER SERVICE JACKSON MS
406 PM CDT THU MAY 26 2016


...................................

...THE VICKSBURG CLIMATE SUMMARY FOR MAY 26 2016...
VALID TODAY AS OF 0400 PM LOCAL TIME.

CLIMATE NORMAL PERIOD 1981 TO 2010
CLIMATE RECORD PERIOD 1948 TO 2016


WEATHER ITEM   OBSERVED TIME   RECORD YEAR NORMAL DEPARTURE LAST
                VALUE   (LST)  VALUE       VALUE  FROM      YEAR
                                                  NORMAL
..................................................................
TEMPERATURE (F)
 TODAY
  MAXIMUM         91    139 PM  93    2000  87      4       85
  MINIMUM         73    133 AM  46    1979  64      9       64
  AVERAGE         82                        75      7       75

PRECIPITATION (IN)
  TODAY            0.00          1.25 1986   0.14  -0.14     0.53
  MONTH TO DATE    1.74                      4.31  -2.57     8.09
  SINCE MAR 1     24.37                     14.31  10.06    18.37
  SINCE JAN 1     34.37                     24.65   9.72    29.62

SNOWFALL (IN)
  TODAY            0.0

DEGREE DAYS
 HEATING
  TODAY            0                         0      0        0
  MONTH TO DATE    0                         9     -9        3
  SINCE MAR 1    129                       374   -245      264
  SINCE JUL 1   1507                      2350   -843     2522

 COOLING
  TODAY           17                        10      7       10
  MONTH TO DATE  213                       197     16      233
  SINCE MAR 1    429                       306    123      387
  SINCE JAN 1    441                       315    126      387
..................................................................


WIND (MPH)
  HIGHEST WIND SPEED    15   HIGHEST WIND DIRECTION     S (170)
  HIGHEST GUST SPEED    19   HIGHEST GUST DIRECTION     S (180)
  AVERAGE WIND SPEED     6.4


SKY COVER
  POSSIBLE SUNSHINE  MM
  AVERAGE SKY COVER 0.7


WEATHER CONDITIONS
 THE FOLLOWING WEATHER WAS RECORDED TODAY.
  NO SIGNIFICANT WEATHER WAS OBSERVED.


RELATIVE HUMIDITY (PERCENT)
 HIGHEST    87          1200 AM
 LOWEST     52           100 PM
 AVERAGE    70

..........................................................


THE VICKSBURG CLIMATE NORMALS FOR TOMORROW
                         NORMAL    RECORD    YEAR
 MAXIMUM TEMPERATURE (F)   87        95      1964
                                             1953
 MINIMUM TEMPERATURE (F)   65        45      1961


SUNRISE AND SUNSET
MAY 26 2016...........SUNRISE   600 AM CDT   SUNSET   803 PM CDT
MAY 27 2016...........SUNRISE   559 AM CDT   SUNSET   804 PM CDT


-  INDICATES NEGATIVE NUMBERS.
R  INDICATES RECORD WAS SET OR TIED.
MM INDICATES DATA IS MISSING.
T  INDICATES TRACE AMOUNT.




$$
