000
CDUS44 KJAN 080816
CLITVR


CLIMATE REPORT
NATIONAL WEATHER SERVICE JACKSON MS
214 AM CST MON FEB 8 2016


...................................

...THE VICKSBURG CLIMATE SUMMARY FOR FEBRUARY 7 2016...

CLIMATE NORMAL PERIOD 1981 TO 2010
CLIMATE RECORD PERIOD 1948 TO 2016


WEATHER ITEM   OBSERVED TIME   RECORD YEAR NORMAL DEPARTURE LAST
                VALUE   (LST)  VALUE       VALUE  FROM      YEAR
                                                  NORMAL
..................................................................
TEMPERATURE (F)
 YESTERDAY
  MAXIMUM         61    407 PM  76    2009  58      3       68
  MINIMUM         29    557 AM  15    1988  38     -9       30
  AVERAGE         45                        48     -3       49

PRECIPITATION (IN)
  YESTERDAY        0.00          1.90 1972   0.19  -0.19     0.00
  MONTH TO DATE    0.28                      1.20  -0.92     0.43
  SINCE DEC 1     11.53                     11.88  -0.35    10.59
  SINCE JAN 1      5.98                      6.27  -0.29     6.00

SNOWFALL (IN)
  YESTERDAY        0.0

DEGREE DAYS
 HEATING
  YESTERDAY       20                        17      3       16
  MONTH TO DATE   97                       124    -27      153
  SINCE DEC 1    960                      1266   -306     1242
  SINCE JUL 1   1149                      1668   -519     1780

 COOLING
  YESTERDAY        0                         0      0        0
  MONTH TO DATE    5                         0      5        0
  SINCE DEC 1     68                         9     59        4
  SINCE JAN 1      6                         3      3        0
..................................................................


WIND (MPH)
  HIGHEST WIND SPEED    12   HIGHEST WIND DIRECTION     W (270)
  HIGHEST GUST SPEED    15   HIGHEST GUST DIRECTION     W (260)
  AVERAGE WIND SPEED     3.2


SKY COVER
  POSSIBLE SUNSHINE  MM
  AVERAGE SKY COVER 0.0


WEATHER CONDITIONS
 THE FOLLOWING WEATHER WAS RECORDED YESTERDAY.
  FOG
  FOG W/VISIBILITY <= 1/4 MILE


RELATIVE HUMIDITY (PERCENT)
 HIGHEST    96           100 AM
 LOWEST     29           300 PM
 AVERAGE    63

..........................................................


THE VICKSBURG CLIMATE NORMALS FOR TODAY
                         NORMAL    RECORD    YEAR
 MAXIMUM TEMPERATURE (F)   58        81      1999
                                             1957
 MINIMUM TEMPERATURE (F)   38        21      1988
                                             1954


SUNRISE AND SUNSET
FEBRUARY  8 2016......SUNRISE   653 AM CST   SUNSET   544 PM CST
FEBRUARY  9 2016......SUNRISE   653 AM CST   SUNSET   544 PM CST


-  INDICATES NEGATIVE NUMBERS.
R  INDICATES RECORD WAS SET OR TIED.
MM INDICATES DATA IS MISSING.
T  INDICATES TRACE AMOUNT.




$$
