000
CDUS44 KJAN 250733
CLITVR


CLIMATE REPORT
NATIONAL WEATHER SERVICE JACKSON MS
127 AM CST SUN FEB 25 2018


...................................

...THE VICKSBURG CLIMATE SUMMARY FOR FEBRUARY 24 2018...

CLIMATE NORMAL PERIOD 1981 TO 2010
CLIMATE RECORD PERIOD 1948 TO 2018


WEATHER ITEM   OBSERVED TIME   RECORD YEAR NORMAL DEPARTURE LAST
                VALUE   (LST)  VALUE       VALUE  FROM      YEAR
                                                  NORMAL
..................................................................
TEMPERATURE (F)
 YESTERDAY
  MAXIMUM         82    252 PM  83    1982  63     19       78
  MINIMUM         59   1159 PM  20    1989  42     17       56
  AVERAGE         71                        52     19       67

PRECIPITATION (IN)
  YESTERDAY        T             3.50 1985   0.18  -0.18     0.17
  MONTH TO DATE    7.48                      4.54   2.94     1.34
  SINCE DEC 1     12.66                     15.22  -2.56    11.84
  SINCE JAN 1     10.25                      9.61   0.64     5.57

SNOWFALL (IN)
  YESTERDAY        0.0

DEGREE DAYS
 HEATING
  YESTERDAY        0                        13    -13        0
  MONTH TO DATE  224                       381   -157      166
  SINCE DEC 1   1514                      1523     -9      965
  SINCE JUL 1   1871                      1925    -54     1242

 COOLING
  YESTERDAY        6                         0      6        2
  MONTH TO DATE   48                         0     48       28
  SINCE DEC 1     54                         9     45       70
  SINCE JAN 1     48                         3     45       42
..................................................................


WIND (MPH)
  HIGHEST WIND SPEED    26   HIGHEST WIND DIRECTION    NW (320)
  HIGHEST GUST SPEED    37   HIGHEST GUST DIRECTION    NW (310)
  AVERAGE WIND SPEED    11.1


SKY COVER
  POSSIBLE SUNSHINE  MM
  AVERAGE SKY COVER 0.7


WEATHER CONDITIONS
 THE FOLLOWING WEATHER WAS RECORDED YESTERDAY.
  LIGHT RAIN
  FOG


RELATIVE HUMIDITY (PERCENT)
 HIGHEST   100          1200 AM
 LOWEST     58           200 PM
 AVERAGE    79

..........................................................


THE VICKSBURG CLIMATE NORMALS FOR TODAY
                         NORMAL    RECORD    YEAR
 MAXIMUM TEMPERATURE (F)   63        80      2000
 MINIMUM TEMPERATURE (F)   42        22      1965


SUNRISE AND SUNSET
FEBRUARY 25 2018......SUNRISE   636 AM CST   SUNSET   559 PM CST
FEBRUARY 26 2018......SUNRISE   635 AM CST   SUNSET   559 PM CST


-  INDICATES NEGATIVE NUMBERS.
R  INDICATES RECORD WAS SET OR TIED.
MM INDICATES DATA IS MISSING.
T  INDICATES TRACE AMOUNT.




$$
