000
CDUS44 KJAN 030951
CLITVR


CLIMATE REPORT
NATIONAL WEATHER SERVICE JACKSON MS
445 AM CDT FRI JUL 3 2015


...................................

...THE VICKSBURG CLIMATE SUMMARY FOR JULY 2 2015...

CLIMATE NORMAL PERIOD 1981 TO 2010
CLIMATE RECORD PERIOD 1948 TO 2015


WEATHER ITEM   OBSERVED TIME   RECORD YEAR NORMAL DEPARTURE LAST
                VALUE   (LST)  VALUE       VALUE  FROM      YEAR
                                                  NORMAL
..................................................................
TEMPERATURE (F)
 YESTERDAY
  MAXIMUM         90    143 PM  99    2011  91     -1       94
                                      2009
                                      1980
  MINIMUM         75    606 AM  59    2008  70      5       70
  AVERAGE         83                        81      2       82

PRECIPITATION (IN)
  YESTERDAY        0.00          4.32 1981   0.12  -0.12     0.15
  MONTH TO DATE    0.00                      0.25  -0.25     0.15
  SINCE JUN 1      5.25                      4.24   1.01     6.70
  SINCE JAN 1     35.52                     29.54   5.98    35.03

SNOWFALL (IN)
  YESTERDAY        0.0

DEGREE DAYS
 HEATING
  YESTERDAY        0                         0      0        0
  MONTH TO DATE    0                         0      0        0
  SINCE JUN 1      0                         0      0        0
  SINCE JUL 1      0                         0      0        0

 COOLING
  YESTERDAY       18                        16      2       17
  MONTH TO DATE   34                        32      2       33
  SINCE JUN 1    518                       450     68      457
  SINCE JAN 1    964                       820    144      807
..................................................................


WIND (MPH)
  HIGHEST WIND SPEED    10   HIGHEST WIND DIRECTION    SW (220)
  HIGHEST GUST SPEED    20   HIGHEST GUST DIRECTION    SW (210)
  AVERAGE WIND SPEED     4.7


SKY COVER
  POSSIBLE SUNSHINE  MM
  AVERAGE SKY COVER 0.0


WEATHER CONDITIONS
 THE FOLLOWING WEATHER WAS RECORDED YESTERDAY.
  NO SIGNIFICANT WEATHER WAS OBSERVED.


RELATIVE HUMIDITY (PERCENT)
 HIGHEST    94           300 AM
 LOWEST     59           100 PM
 AVERAGE    77

..........................................................


THE VICKSBURG CLIMATE NORMALS FOR TODAY
                         NORMAL    RECORD    YEAR
 MAXIMUM TEMPERATURE (F)   91       102      1980
 MINIMUM TEMPERATURE (F)   70        61      2013


SUNRISE AND SUNSET
JULY  3 2015..........SUNRISE   602 AM CDT   SUNSET   815 PM CDT
JULY  4 2015..........SUNRISE   602 AM CDT   SUNSET   815 PM CDT


-  INDICATES NEGATIVE NUMBERS.
R  INDICATES RECORD WAS SET OR TIED.
MM INDICATES DATA IS MISSING.
T  INDICATES TRACE AMOUNT.




$$
