000
CDUS45 KBOI 220931
CLITWF


CLIMATE REPORT
NATIONAL WEATHER SERVICE BOISE ID
330 AM MDT TUE JUL 22 2014


...................................

...THE TWIN FALLS ID CLIMATE SUMMARY FOR JULY 21 2014...

CLIMATE NORMAL PERIOD 1981 TO 2010
CLIMATE RECORD PERIOD 9999 TO 9999


WEATHER ITEM   OBSERVED TIME   NORMAL DEPARTURE LAST
                VALUE   (LST)  VALUE  FROM      YEAR
                                      NORMAL
......................................................
TEMPERATURE (F)
 YESTERDAY
  MAXIMUM         84   1122 AM  91     -7       99
  MINIMUM         61   1141 PM  59      2       67
  AVERAGE         73

PRECIPITATION (IN)
  YESTERDAY        0.22          0.01   0.21     0.00
  MONTH TO DATE    0.22          0.21   0.01     0.16
  SINCE OCT 1      7.14          9.72  -2.58     6.37
  SINCE JAN 1      6.67          6.47   0.20     3.19

DEGREE DAYS
 HEATING
  YESTERDAY        0             0      0        0
  MONTH TO DATE    0             3     -3        0
  SINCE JUN 1     58            90    -32       55
  SINCE JUL 1      0             3     -3        0

 COOLING
  YESTERDAY        8            10     -2       18
  MONTH TO DATE  324           176    148      304
  SINCE JUN 1    411           263    148      477
  SINCE JAN 1    444           285    159      502
......................................................


WIND (MPH)
  HIGHEST WIND SPEED    21   HIGHEST WIND DIRECTION    SW (240)
  HIGHEST GUST SPEED    26   HIGHEST GUST DIRECTION     W (250)
  AVERAGE WIND SPEED     8.4


SKY COVER
  AVERAGE SKY COVER 0.1


WEATHER CONDITIONS
 THE FOLLOWING WEATHER WAS RECORDED YESTERDAY.
  THUNDERSTORM
  RAIN
  LIGHT RAIN


RELATIVE HUMIDITY (PERCENT)
 HIGHEST    73           900 PM
 LOWEST     31          1100 AM
 AVERAGE    52

..........................................................




SUNRISE AND SUNSET
JULY 22 2014..........SUNRISE   620 AM MDT   SUNSET   908 PM MDT
JULY 23 2014..........SUNRISE   621 AM MDT   SUNSET   907 PM MDT


-  INDICATES NEGATIVE NUMBERS.
R  INDICATES RECORD WAS SET OR TIED.
MM INDICATES DATA IS MISSING.
T  INDICATES TRACE AMOUNT.




$$
