000
CDUS45 KBOI 230933
CLITWF


CLIMATE REPORT
NATIONAL WEATHER SERVICE BOISE ID
332 AM MDT THU MAR 23 2017


...................................

...THE TWIN FALLS ID CLIMATE SUMMARY FOR MARCH 22 2017...

CLIMATE NORMAL PERIOD 1981 TO 2010
CLIMATE RECORD PERIOD 9999 TO 9999


WEATHER ITEM   OBSERVED TIME   NORMAL DEPARTURE LAST
                VALUE   (LST)  VALUE  FROM      YEAR
                                      NORMAL
......................................................
TEMPERATURE (F)
 YESTERDAY
  MAXIMUM         56    110 PM  55      1       46
  MINIMUM         41   1151 PM  32      9       33
  AVERAGE         49

PRECIPITATION (IN)
  YESTERDAY        0.03          0.04  -0.01     0.00
  MONTH TO DATE    0.35          0.64  -0.29     1.09
  SINCE OCT 1      7.82          5.68   2.14     6.69
  SINCE JAN 1      3.32          2.43   0.89     2.31

DEGREE DAYS
 HEATING
  YESTERDAY       16            22     -6       25
  MONTH TO DATE  426           536   -110      460
  SINCE MAR 1    426           536   -110      460
  SINCE JUL 1   5206          5103    103     4746

 COOLING
  YESTERDAY        0             0      0        0
  MONTH TO DATE    0             0      0        0
  SINCE MAR 1      0             0      0        0
  SINCE JAN 1      0             0      0        0
......................................................


WIND (MPH)
  HIGHEST WIND SPEED    20   HIGHEST WIND DIRECTION     W (290)
  HIGHEST GUST SPEED    24   HIGHEST GUST DIRECTION     W (280)
  AVERAGE WIND SPEED     8.2


SKY COVER
  AVERAGE SKY COVER 0.8


WEATHER CONDITIONS
 THE FOLLOWING WEATHER WAS RECORDED YESTERDAY.
  LIGHT RAIN


RELATIVE HUMIDITY (PERCENT)
 HIGHEST    96           100 AM
 LOWEST     43           100 PM
 AVERAGE    70

..........................................................




SUNRISE AND SUNSET
MARCH 23 2017.........SUNRISE   735 AM MDT   SUNSET   754 PM MDT
MARCH 24 2017.........SUNRISE   734 AM MDT   SUNSET   755 PM MDT


-  INDICATES NEGATIVE NUMBERS.
R  INDICATES RECORD WAS SET OR TIED.
MM INDICATES DATA IS MISSING.
T  INDICATES TRACE AMOUNT.




$$
