000
CDUS45 KBOI 240933
CLITWF


CLIMATE REPORT
NATIONAL WEATHER SERVICE BOISE ID
233 AM MST WED JAN 24 2018


...................................

...THE TWIN FALLS ID CLIMATE SUMMARY FOR JANUARY 23 2018...

CLIMATE NORMAL PERIOD 1981 TO 2010
CLIMATE RECORD PERIOD 9999 TO 9999


WEATHER ITEM   OBSERVED TIME   NORMAL DEPARTURE LAST
                VALUE   (LST)  VALUE  FROM      YEAR
                                      NORMAL
......................................................
TEMPERATURE (F)
 YESTERDAY
  MAXIMUM         41   1157 PM  38      3       34
  MINIMUM         22    725 AM  22      0       27
  AVERAGE         32

PRECIPITATION (IN)
  YESTERDAY        0.00          0.02  -0.02     0.31
  MONTH TO DATE    0.80          0.78   0.02     1.50
  SINCE OCT 1      3.36          4.03  -0.67     6.00
  SINCE JAN 1      0.80          0.78   0.02     1.50

DEGREE DAYS
 HEATING
  YESTERDAY       33            35     -2       34
  MONTH TO DATE  704           819   -115      984
  SINCE DEC 1   1855          1948    -93     2242
  SINCE JUL 1   3389          3386      3     3544

 COOLING
  YESTERDAY        0             0      0        0
  MONTH TO DATE    0             0      0        0
  SINCE DEC 1      0             0      0        0
  SINCE JAN 1      0             0      0        0
......................................................


WIND (MPH)
  HIGHEST WIND SPEED    16   HIGHEST WIND DIRECTION     S (170)
  HIGHEST GUST SPEED    22   HIGHEST GUST DIRECTION     S (170)
  AVERAGE WIND SPEED     7.7


SKY COVER
  AVERAGE SKY COVER 0.1


WEATHER CONDITIONS
 THE FOLLOWING WEATHER WAS RECORDED YESTERDAY.
  NO SIGNIFICANT WEATHER WAS OBSERVED.


RELATIVE HUMIDITY (PERCENT)
 HIGHEST    92           100 AM
 LOWEST     64           400 PM
 AVERAGE    78

..........................................................




SUNRISE AND SUNSET
JANUARY 24 2018.......SUNRISE   759 AM MST   SUNSET   542 PM MST
JANUARY 25 2018.......SUNRISE   758 AM MST   SUNSET   543 PM MST


-  INDICATES NEGATIVE NUMBERS.
R  INDICATES RECORD WAS SET OR TIED.
MM INDICATES DATA IS MISSING.
T  INDICATES TRACE AMOUNT.




$$
