733
CDUS45 KBOI 140931
CLITWF


CLIMATE REPORT
NATIONAL WEATHER SERVICE BOISE ID
231 AM MST SUN FEB 14 2016


...................................

...THE TWIN FALLS ID CLIMATE SUMMARY FOR FEBRUARY 13 2016...

CLIMATE NORMAL PERIOD 1981 TO 2010
CLIMATE RECORD PERIOD 9999 TO 9999


WEATHER ITEM   OBSERVED TIME   NORMAL DEPARTURE LAST
                VALUE   (LST)  VALUE  FROM      YEAR
                                      NORMAL
......................................................
TEMPERATURE (F)
 YESTERDAY
  MAXIMUM         47    352 PM  42      5       61
  MINIMUM         32   1239 AM  23      9       31
  AVERAGE         40

PRECIPITATION (IN)
  YESTERDAY        0.00          0.03  -0.03     0.00
  MONTH TO DATE    0.03          0.39  -0.36     0.45
  SINCE OCT 1      5.46          4.62   0.84     4.37
  SINCE JAN 1      1.08          1.37  -0.29     1.37

DEGREE DAYS
 HEATING
  YESTERDAY       25            33     -8       19
  MONTH TO DATE  435           440     -5      229
  SINCE DEC 1   2694          2670     24     2112
  SINCE JUL 1   3905          4108   -203     3304

 COOLING
  YESTERDAY        0             0      0        0
  MONTH TO DATE    0             0      0        0
  SINCE DEC 1      0             0      0        0
  SINCE JAN 1      0             0      0        0
......................................................


WIND (MPH)
  HIGHEST WIND SPEED    23   HIGHEST WIND DIRECTION     W (260)
  HIGHEST GUST SPEED    29   HIGHEST GUST DIRECTION     W (260)
  AVERAGE WIND SPEED    13.0


SKY COVER
  AVERAGE SKY COVER 0.2


WEATHER CONDITIONS
 THE FOLLOWING WEATHER WAS RECORDED YESTERDAY.
  FOG


RELATIVE HUMIDITY (PERCENT)
 HIGHEST    92          1200 AM
 LOWEST     49           500 AM
 AVERAGE    71

..........................................................




SUNRISE AND SUNSET
FEBRUARY 14 2016......SUNRISE   736 AM MST   SUNSET   608 PM MST
FEBRUARY 15 2016......SUNRISE   735 AM MST   SUNSET   610 PM MST


-  INDICATES NEGATIVE NUMBERS.
R  INDICATES RECORD WAS SET OR TIED.
MM INDICATES DATA IS MISSING.
T  INDICATES TRACE AMOUNT.




$$
