000
CDUS45 KBOI 050932
CLITWF


CLIMATE REPORT
NATIONAL WEATHER SERVICE BOISE ID
331 AM MDT WED AUG 5 2015


...................................

...THE TWIN FALLS ID CLIMATE SUMMARY FOR AUGUST 4 2015...

CLIMATE NORMAL PERIOD 1981 TO 2010
CLIMATE RECORD PERIOD 9999 TO 9999


WEATHER ITEM   OBSERVED TIME   NORMAL DEPARTURE LAST
                VALUE   (LST)  VALUE  FROM      YEAR
                                      NORMAL
......................................................
TEMPERATURE (F)
 YESTERDAY
  MAXIMUM         91    502 PM  91      0       80
  MINIMUM         62    554 AM  59      3       66
  AVERAGE         77

PRECIPITATION (IN)
  YESTERDAY        T             0.01  -0.01     0.01
  MONTH TO DATE    T             0.04  -0.04     0.01
  SINCE OCT 1      8.11          9.85  -1.74     7.16
  SINCE JAN 1      5.11          6.60  -1.49     6.69

DEGREE DAYS
 HEATING
  YESTERDAY        0             0      0        0
  MONTH TO DATE    0             0      0        0
  SINCE JUN 1     10            93    -83       58
  SINCE JUL 1      3             6     -3        0

 COOLING
  YESTERDAY       12            10      2        8
  MONTH TO DATE   62            40     22       51
  SINCE JUN 1    620           404    216      572
  SINCE JAN 1    636           426    210      605
......................................................


WIND (MPH)
  HIGHEST WIND SPEED    22   HIGHEST WIND DIRECTION     E (110)
  HIGHEST GUST SPEED    31   HIGHEST GUST DIRECTION     S (190)
  AVERAGE WIND SPEED     9.7


SKY COVER
  AVERAGE SKY COVER 0.0


WEATHER CONDITIONS
 THE FOLLOWING WEATHER WAS RECORDED YESTERDAY.
  LIGHT RAIN


RELATIVE HUMIDITY (PERCENT)
 HIGHEST    56           600 AM
 LOWEST     23           600 PM
 AVERAGE    40

..........................................................




SUNRISE AND SUNSET
AUGUST  5 2015........SUNRISE   634 AM MDT   SUNSET   853 PM MDT
AUGUST  6 2015........SUNRISE   635 AM MDT   SUNSET   852 PM MDT


-  INDICATES NEGATIVE NUMBERS.
R  INDICATES RECORD WAS SET OR TIED.
MM INDICATES DATA IS MISSING.
T  INDICATES TRACE AMOUNT.




$$
