000
CDUS45 KBOI 220930
CLITWF


CLIMATE REPORT
NATIONAL WEATHER SERVICE BOISE ID
330 AM MDT TUE AUG 22 2017


...................................

...THE TWIN FALLS ID CLIMATE SUMMARY FOR AUGUST 21 2017...

CLIMATE NORMAL PERIOD 1981 TO 2010
CLIMATE RECORD PERIOD 9999 TO 9999


WEATHER ITEM   OBSERVED TIME   NORMAL DEPARTURE LAST
                VALUE   (LST)  VALUE  FROM      YEAR
                                      NORMAL
......................................................
TEMPERATURE (F)
 YESTERDAY
  MAXIMUM         84    446 PM  87     -3       91
  MINIMUM         58    932 PM  55      3       52
  AVERAGE         71

PRECIPITATION (IN)
  YESTERDAY        0.00          0.01  -0.01     0.00
  MONTH TO DATE    0.02          0.21  -0.19     0.01
  SINCE OCT 1     11.89         10.02   1.87    10.97
  SINCE JAN 1      7.39          6.77   0.62     6.59

DEGREE DAYS
 HEATING
  YESTERDAY        0             0      0        0
  MONTH TO DATE    2             0      2        1
  SINCE JUN 1     76            93    -17       75
  SINCE JUL 1      2             6     -4       22

 COOLING
  YESTERDAY        6             6      0        7
  MONTH TO DATE  175           177     -2      165
  SINCE JUN 1    652           541    111      564
  SINCE JAN 1    661           563     98      567
......................................................


WIND (MPH)
  HIGHEST WIND SPEED    17   HIGHEST WIND DIRECTION     S (190)
  HIGHEST GUST SPEED    18   HIGHEST GUST DIRECTION     S (190)
  AVERAGE WIND SPEED     9.8


SKY COVER
  AVERAGE SKY COVER 0.0


WEATHER CONDITIONS
 THE FOLLOWING WEATHER WAS RECORDED YESTERDAY.
  NO SIGNIFICANT WEATHER WAS OBSERVED.


RELATIVE HUMIDITY (PERCENT)
 HIGHEST    62           800 PM
 LOWEST     20           200 PM
 AVERAGE    41

..........................................................




SUNRISE AND SUNSET
AUGUST 22 2017........SUNRISE   653 AM MDT   SUNSET   828 PM MDT
AUGUST 23 2017........SUNRISE   654 AM MDT   SUNSET   826 PM MDT


-  INDICATES NEGATIVE NUMBERS.
R  INDICATES RECORD WAS SET OR TIED.
MM INDICATES DATA IS MISSING.
T  INDICATES TRACE AMOUNT.




$$
