000
CDUS45 KBOI 310930
CLITWF


CLIMATE REPORT
NATIONAL WEATHER SERVICE BOISE ID
330 AM MDT FRI OCT 31 2014


...................................

...THE TWIN FALLS ID CLIMATE SUMMARY FOR OCTOBER 30 2014...

CLIMATE NORMAL PERIOD 1981 TO 2010
CLIMATE RECORD PERIOD 9999 TO 9999


WEATHER ITEM   OBSERVED TIME   NORMAL DEPARTURE LAST
                VALUE   (LST)  VALUE  FROM      YEAR
                                      NORMAL
......................................................
TEMPERATURE (F)
 YESTERDAY
  MAXIMUM         74    327 PM  57     17       47
  MINIMUM         31    716 AM  33     -2       34
  AVERAGE         53

PRECIPITATION (IN)
  YESTERDAY        0.00          0.03  -0.03     0.00
  MONTH TO DATE    0.13          0.77  -0.64     0.12
  SINCE OCT 1      0.13          0.77  -0.64     0.12
  SINCE JAN 1     13.17          8.22   4.95     4.23

DEGREE DAYS
 HEATING
  YESTERDAY       12            20     -8       24
  MONTH TO DATE  272           437   -165      485
  SINCE SEP 1    355           577   -222      592
  SINCE JUL 1    374           598   -224      592

 COOLING
  YESTERDAY        0             0      0        0
  MONTH TO DATE    6             0      6        0
  SINCE SEP 1     92            61     31       99
  SINCE JAN 1    851           678    173     1138
......................................................


WIND (MPH)
  HIGHEST WIND SPEED    15   HIGHEST WIND DIRECTION     S (170)
  HIGHEST GUST SPEED    20   HIGHEST GUST DIRECTION    NE (40)
  AVERAGE WIND SPEED     6.9


SKY COVER
  AVERAGE SKY COVER 0.0


WEATHER CONDITIONS
 THE FOLLOWING WEATHER WAS RECORDED YESTERDAY.
  NO SIGNIFICANT WEATHER WAS OBSERVED.


RELATIVE HUMIDITY (PERCENT)
 HIGHEST    78           700 AM
 LOWEST     21           700 PM
 AVERAGE    50

..........................................................




SUNRISE AND SUNSET
OCTOBER 31 2014.......SUNRISE   810 AM MDT   SUNSET   632 PM MDT
NOVEMBER  1 2014......SUNRISE   812 AM MDT   SUNSET   631 PM MDT


-  INDICATES NEGATIVE NUMBERS.
R  INDICATES RECORD WAS SET OR TIED.
MM INDICATES DATA IS MISSING.
T  INDICATES TRACE AMOUNT.




$$
