000
CDUS45 KBOI 300930
CLITWF


CLIMATE REPORT
NATIONAL WEATHER SERVICE BOISE ID
330 AM MDT SUN APR 30 2017


...................................

...THE TWIN FALLS ID CLIMATE SUMMARY FOR APRIL 29 2017...

CLIMATE NORMAL PERIOD 1981 TO 2010
CLIMATE RECORD PERIOD 9999 TO 9999


WEATHER ITEM   OBSERVED TIME   NORMAL DEPARTURE LAST
                VALUE   (LST)  VALUE  FROM      YEAR
                                      NORMAL
......................................................
TEMPERATURE (F)
 YESTERDAY
  MAXIMUM         58    404 PM  65     -7       61
  MINIMUM         33    526 AM  38     -5       40
  AVERAGE         46

PRECIPITATION (IN)
  YESTERDAY        0.00          0.05  -0.05      T
  MONTH TO DATE    1.14          1.10   0.04     1.46
  SINCE OCT 1      9.75          7.18   2.57     8.66
  SINCE JAN 1      5.25          3.93   1.32     4.28

DEGREE DAYS
 HEATING
  YESTERDAY       19            14      5       14
  MONTH TO DATE  572           496     76      385
  SINCE MAR 1   1186          1218    -32     1062
  SINCE JUL 1   5966          5785    181     5348

 COOLING
  YESTERDAY        0             0      0        0
  MONTH TO DATE    0             0      0        0
  SINCE MAR 1      0             0      0        0
  SINCE JAN 1      0             0      0        0
......................................................


WIND (MPH)
  HIGHEST WIND SPEED    16   HIGHEST WIND DIRECTION     W (260)
  HIGHEST GUST SPEED    23   HIGHEST GUST DIRECTION    SW (240)
  AVERAGE WIND SPEED     9.8


SKY COVER
  AVERAGE SKY COVER 0.0


WEATHER CONDITIONS
 THE FOLLOWING WEATHER WAS RECORDED YESTERDAY.
  NO SIGNIFICANT WEATHER WAS OBSERVED.


RELATIVE HUMIDITY (PERCENT)
 HIGHEST    82           300 AM
 LOWEST     24           600 PM
 AVERAGE    53

..........................................................




SUNRISE AND SUNSET
APRIL 30 2017.........SUNRISE   634 AM MDT   SUNSET   837 PM MDT
MAY  1 2017...........SUNRISE   632 AM MDT   SUNSET   838 PM MDT


-  INDICATES NEGATIVE NUMBERS.
R  INDICATES RECORD WAS SET OR TIED.
MM INDICATES DATA IS MISSING.
T  INDICATES TRACE AMOUNT.




$$
