000
CDUS45 KBOI 240943
CLITWF


CLIMATE REPORT
NATIONAL WEATHER SERVICE BOISE ID
343 AM MDT TUE OCT 24 2017


...................................

...THE TWIN FALLS ID CLIMATE SUMMARY FOR OCTOBER 23 2017...

CLIMATE NORMAL PERIOD 1981 TO 2010
CLIMATE RECORD PERIOD 9999 TO 9999


WEATHER ITEM   OBSERVED TIME   NORMAL DEPARTURE LAST
                VALUE   (LST)  VALUE  FROM      YEAR
                                      NORMAL
......................................................
TEMPERATURE (F)
 YESTERDAY
  MAXIMUM         59    220 PM  60     -1       66
  MINIMUM         39   1159 PM  35      4       36
  AVERAGE         49

PRECIPITATION (IN)
  YESTERDAY        0.00          0.02  -0.02     0.00
  MONTH TO DATE    0.65          0.57   0.08     1.24
  SINCE OCT 1      0.65          0.57   0.08     1.24
  SINCE JAN 1      8.78          8.02   0.76    10.15

DEGREE DAYS
 HEATING
  YESTERDAY       16            17     -1       14
  MONTH TO DATE  434           305    129      336
  SINCE SEP 1    664           445    219      514
  SINCE JUL 1    666           466    200      538

 COOLING
  YESTERDAY        0             0      0        0
  MONTH TO DATE    0             0      0        0
  SINCE SEP 1    119            61     58       26
  SINCE JAN 1    871           678    193      642
......................................................


WIND (MPH)
  HIGHEST WIND SPEED    18   HIGHEST WIND DIRECTION     W (270)
  HIGHEST GUST SPEED    23   HIGHEST GUST DIRECTION     W (270)
  AVERAGE WIND SPEED    12.0


SKY COVER
  AVERAGE SKY COVER 0.2


WEATHER CONDITIONS
 THE FOLLOWING WEATHER WAS RECORDED YESTERDAY.
  NO SIGNIFICANT WEATHER WAS OBSERVED.


RELATIVE HUMIDITY (PERCENT)
 HIGHEST   100           700 AM
 LOWEST     51           400 PM
 AVERAGE    76

..........................................................




SUNRISE AND SUNSET
OCTOBER 24 2017.......SUNRISE   802 AM MDT   SUNSET   641 PM MDT
OCTOBER 25 2017.......SUNRISE   803 AM MDT   SUNSET   640 PM MDT


-  INDICATES NEGATIVE NUMBERS.
R  INDICATES RECORD WAS SET OR TIED.
MM INDICATES DATA IS MISSING.
T  INDICATES TRACE AMOUNT.




$$
