000
CDUS45 KBOI 050931
CLITWF


CLIMATE REPORT
NATIONAL WEATHER SERVICE BOISE ID
330 AM MDT SUN JUL 5 2015


...................................

...THE TWIN FALLS ID CLIMATE SUMMARY FOR JULY 4 2015...

CLIMATE NORMAL PERIOD 1981 TO 2010
CLIMATE RECORD PERIOD 9999 TO 9999


WEATHER ITEM   OBSERVED TIME   NORMAL DEPARTURE LAST
                VALUE   (LST)  VALUE  FROM      YEAR
                                      NORMAL
......................................................
TEMPERATURE (F)
 YESTERDAY
  MAXIMUM         99    420 PM  87     12       98
  MINIMUM         76    512 AM  56     20       60
  AVERAGE         88

PRECIPITATION (IN)
  YESTERDAY        0.00          0.01  -0.01     0.00
  MONTH TO DATE    0.00          0.06  -0.06     0.00
  SINCE OCT 1      7.40          9.57  -2.17     6.92
  SINCE JAN 1      4.40          6.32  -1.92     6.45

DEGREE DAYS
 HEATING
  YESTERDAY        0             0      0        0
  MONTH TO DATE    0             3     -3        0
  SINCE JUN 1      7            90    -83       58
  SINCE JUL 1      0             3     -3        0

 COOLING
  YESTERDAY       23             7     16       14
  MONTH TO DATE   89            25     64       44
  SINCE JUN 1    355           112    243      131
  SINCE JAN 1    371           134    237      164
......................................................


WIND (MPH)
  HIGHEST WIND SPEED    24   HIGHEST WIND DIRECTION     S (170)
  HIGHEST GUST SPEED    32   HIGHEST GUST DIRECTION     S (180)
  AVERAGE WIND SPEED    11.5


SKY COVER
  AVERAGE SKY COVER 0.0


WEATHER CONDITIONS
 THE FOLLOWING WEATHER WAS RECORDED YESTERDAY.
  NO SIGNIFICANT WEATHER WAS OBSERVED.


RELATIVE HUMIDITY (PERCENT)
 HIGHEST    33           400 AM
 LOWEST     12           300 PM
 AVERAGE    23

..........................................................




SUNRISE AND SUNSET
JULY  5 2015..........SUNRISE   607 AM MDT   SUNSET   918 PM MDT
JULY  6 2015..........SUNRISE   607 AM MDT   SUNSET   918 PM MDT


-  INDICATES NEGATIVE NUMBERS.
R  INDICATES RECORD WAS SET OR TIED.
MM INDICATES DATA IS MISSING.
T  INDICATES TRACE AMOUNT.




$$
