000
CDUS45 KBOI 220931
CLITWF


CLIMATE REPORT
NATIONAL WEATHER SERVICE BOISE ID
231 AM MST WED FEB 22 2017


...................................

...THE TWIN FALLS ID CLIMATE SUMMARY FOR FEBRUARY 21 2017...

CLIMATE NORMAL PERIOD 1981 TO 2010
CLIMATE RECORD PERIOD 9999 TO 9999


WEATHER ITEM   OBSERVED TIME   NORMAL DEPARTURE LAST
                VALUE   (LST)  VALUE  FROM      YEAR
                                      NORMAL
......................................................
TEMPERATURE (F)
 YESTERDAY
  MAXIMUM         51    920 AM  45      6       50
  MINIMUM         34   1142 PM  24     10       27
  AVERAGE         43

PRECIPITATION (IN)
  YESTERDAY        0.02          0.03  -0.01     0.00
  MONTH TO DATE    1.11          0.63   0.48     0.17
  SINCE OCT 1      7.12          4.86   2.26     5.60
  SINCE JAN 1      2.62          1.61   1.01     1.22

DEGREE DAYS
 HEATING
  YESTERDAY       22            31     -9       26
  MONTH TO DATE  582           694   -112      610
  SINCE DEC 1   3201          2924    277     2869
  SINCE JUL 1   4503          4362    141     4080

 COOLING
  YESTERDAY        0             0      0        0
  MONTH TO DATE    0             0      0        0
  SINCE DEC 1      0             0      0        0
  SINCE JAN 1      0             0      0        0
......................................................


WIND (MPH)
  HIGHEST WIND SPEED    37   HIGHEST WIND DIRECTION     W (250)
  HIGHEST GUST SPEED    46   HIGHEST GUST DIRECTION     W (250)
  AVERAGE WIND SPEED    16.5


SKY COVER
  AVERAGE SKY COVER 0.6


WEATHER CONDITIONS
 THE FOLLOWING WEATHER WAS RECORDED YESTERDAY.
  LIGHT RAIN


RELATIVE HUMIDITY (PERCENT)
 HIGHEST    82           200 AM
 LOWEST     49           400 PM
 AVERAGE    66

..........................................................




SUNRISE AND SUNSET
FEBRUARY 22 2017......SUNRISE   724 AM MST   SUNSET   619 PM MST
FEBRUARY 23 2017......SUNRISE   722 AM MST   SUNSET   621 PM MST


-  INDICATES NEGATIVE NUMBERS.
R  INDICATES RECORD WAS SET OR TIED.
MM INDICATES DATA IS MISSING.
T  INDICATES TRACE AMOUNT.




$$
