000
CDUS45 KBOI 200931
CLITWF


CLIMATE REPORT
NATIONAL WEATHER SERVICE BOISE ID
331 AM MDT MON OCT 20 2014


...................................

...THE TWIN FALLS ID CLIMATE SUMMARY FOR OCTOBER 19 2014...

CLIMATE NORMAL PERIOD 1981 TO 2010
CLIMATE RECORD PERIOD 9999 TO 9999


WEATHER ITEM   OBSERVED TIME   NORMAL DEPARTURE LAST
                VALUE   (LST)  VALUE  FROM      YEAR
                                      NORMAL
......................................................
TEMPERATURE (F)
 YESTERDAY
  MAXIMUM         78    337 PM  62     16       66
  MINIMUM         36    707 AM  37     -1       37
  AVERAGE         57

PRECIPITATION (IN)
  YESTERDAY        0.00          0.02  -0.02     0.00
  MONTH TO DATE    0.00          0.48  -0.48     0.09
  SINCE OCT 1      0.00          0.48  -0.48     0.09
  SINCE JAN 1     13.04          7.93   5.11     4.20

DEGREE DAYS
 HEATING
  YESTERDAY        8            16     -8       13
  MONTH TO DATE  132           238   -106      324
  SINCE SEP 1    215           378   -163      431
  SINCE JUL 1    234           399   -165      431

 COOLING
  YESTERDAY        0             0      0        0
  MONTH TO DATE    6             0      6        0
  SINCE SEP 1     92            61     31       99
  SINCE JAN 1    851           678    173     1138
......................................................


WIND (MPH)
  HIGHEST WIND SPEED    18   HIGHEST WIND DIRECTION     S (170)
  HIGHEST GUST SPEED    24   HIGHEST GUST DIRECTION     S (170)
  AVERAGE WIND SPEED     9.4


SKY COVER
  AVERAGE SKY COVER 0.0


WEATHER CONDITIONS
 THE FOLLOWING WEATHER WAS RECORDED YESTERDAY.
  NO SIGNIFICANT WEATHER WAS OBSERVED.


RELATIVE HUMIDITY (PERCENT)
 HIGHEST    64           700 AM
 LOWEST     22           300 PM
 AVERAGE    43

..........................................................




SUNRISE AND SUNSET
OCTOBER 20 2014.......SUNRISE   757 AM MDT   SUNSET   648 PM MDT
OCTOBER 21 2014.......SUNRISE   758 AM MDT   SUNSET   646 PM MDT


-  INDICATES NEGATIVE NUMBERS.
R  INDICATES RECORD WAS SET OR TIED.
MM INDICATES DATA IS MISSING.
T  INDICATES TRACE AMOUNT.




$$
