000
CDUS44 KSHV 270751
CLITXK


CLIMATE REPORT
NATIONAL WEATHER SERVICE SHREVEPORT, LA
251 AM CDT FRI MAR 27 2015


...................................

...THE TEXARKANA CLIMATE SUMMARY FOR MARCH 26 2015...

CLIMATE NORMAL PERIOD 1981 TO 2010
CLIMATE RECORD PERIOD 1896 TO 2015


WEATHER ITEM   OBSERVED TIME   RECORD YEAR NORMAL DEPARTURE LAST
                VALUE   (LST)  VALUE       VALUE  FROM      YEAR
                                                  NORMAL
..................................................................
TEMPERATURE (F)
 YESTERDAY
  MAXIMUM         68   1208 AM  89    1902  70     -2       63
  MINIMUM         47   1159 PM  21    1955  47      0       35
  AVERAGE         58                        59     -1       49

PRECIPITATION (IN)
  YESTERDAY        0.15          1.55 1950   0.12   0.03     0.04
  MONTH TO DATE    9.01                      3.53   5.48     2.66
  SINCE DEC 1     19.78                     15.97   3.81    12.41
  SINCE JAN 1     17.10                     10.92   6.18     6.58

SNOWFALL (IN)
  YESTERDAY       MM
  MONTH TO DATE    1.0
  SINCE MAR 1      1.0
  SINCE JUL 1      5.2
  SNOW DEPTH       0

DEGREE DAYS
 HEATING
  YESTERDAY        7                         7      0       16
  MONTH TO DATE  317                       267     50      371
  SINCE MAR 1    317                       267     50      371
  SINCE JUL 1   2698                      2461    237     2839

 COOLING
  YESTERDAY        0                         1     -1        0
  MONTH TO DATE   12                        14     -2        2
  SINCE MAR 1     12                        14     -2        2
  SINCE JAN 1     12                        18     -6        2
..................................................................


WIND (MPH)
  HIGHEST WIND SPEED    21   HIGHEST WIND DIRECTION     N (360)
  HIGHEST GUST SPEED    28   HIGHEST GUST DIRECTION     N (340)
  AVERAGE WIND SPEED     8.2


SKY COVER
  POSSIBLE SUNSHINE  MM
  AVERAGE SKY COVER 0.6


WEATHER CONDITIONS
 THE FOLLOWING WEATHER WAS RECORDED YESTERDAY.
  THUNDERSTORM
  HEAVY RAIN
  RAIN
  LIGHT RAIN
  FOG


RELATIVE HUMIDITY (PERCENT)
 HIGHEST   100           400 AM
 LOWEST     39           600 PM
 AVERAGE    70

..........................................................


THE TEXARKANA CLIMATE NORMALS FOR TODAY
                         NORMAL    RECORD    YEAR
 MAXIMUM TEMPERATURE (F)   71        88      1972
 MINIMUM TEMPERATURE (F)   47        21      1955


SUNRISE AND SUNSET
MARCH 27 2015.........SUNRISE   711 AM CDT   SUNSET   733 PM CDT
MARCH 28 2015.........SUNRISE   709 AM CDT   SUNSET   733 PM CDT


-  INDICATES NEGATIVE NUMBERS.
R  INDICATES RECORD WAS SET OR TIED.
MM INDICATES DATA IS MISSING.
T  INDICATES TRACE AMOUNT.




$$
