000
CDUS44 KSHV 180854
CLITXK


CLIMATE REPORT
NATIONAL WEATHER SERVICE SHREVEPORT, LA
254 AM CST SAT NOV 18 2017


...................................

...THE TEXARKANA CLIMATE SUMMARY FOR NOVEMBER 17 2017...

CLIMATE NORMAL PERIOD 1981 TO 2010
CLIMATE RECORD PERIOD 1896 TO 2017


WEATHER ITEM   OBSERVED TIME   RECORD YEAR NORMAL DEPARTURE LAST
                VALUE   (LST)  VALUE       VALUE  FROM      YEAR
                                                  NORMAL
..................................................................
TEMPERATURE (F)
 YESTERDAY
  MAXIMUM         76    135 PM  85    2013  64     12       80
  MINIMUM         57    135 AM  22    1920  43     14       56
  AVERAGE         67                        54     13       68

PRECIPITATION (IN)
  YESTERDAY        0.00          2.21 2015   0.16  -0.16     0.00
  MONTH TO DATE    1.53                      2.62  -1.09     0.50
  SINCE DEC 1     49.86                     47.45   2.41    45.98
  SINCE JAN 1     43.44                     42.40   1.04    40.00

SNOWFALL (IN)
  YESTERDAY        0.0
  MONTH TO DATE    0.0
  SINCE SEP 1      0.0
  SINCE JUL 1      0.0
  SNOW DEPTH       0

DEGREE DAYS
 HEATING
  YESTERDAY        0                        12    -12        0
  MONTH TO DATE   99                       156    -57       64
  SINCE SEP 1    209                       274    -65       81
  SINCE JUL 1    209                       274    -65       81

 COOLING
  YESTERDAY        2                         0      2        3
  MONTH TO DATE   54                        14     40       37
  SINCE SEP 1    503                       414     89      647
  SINCE JAN 1   2207                      2202      5     2587
..................................................................


WIND (MPH)
  HIGHEST WIND SPEED    21   HIGHEST WIND DIRECTION    SW (210)
  HIGHEST GUST SPEED    28   HIGHEST GUST DIRECTION     S (190)
  AVERAGE WIND SPEED    11.0


SKY COVER
  POSSIBLE SUNSHINE  MM
  AVERAGE SKY COVER 0.8


WEATHER CONDITIONS
 THE FOLLOWING WEATHER WAS RECORDED YESTERDAY.
  HAZE


RELATIVE HUMIDITY (PERCENT)
 HIGHEST   100           200 AM
 LOWEST     69           200 PM
 AVERAGE    85

..........................................................


THE TEXARKANA CLIMATE NORMALS FOR TODAY
                         NORMAL    RECORD    YEAR
 MAXIMUM TEMPERATURE (F)   64        83      1921
 MINIMUM TEMPERATURE (F)   43        19      2014


SUNRISE AND SUNSET
NOVEMBER 18 2017......SUNRISE   650 AM CST   SUNSET   512 PM CST
NOVEMBER 19 2017......SUNRISE   651 AM CST   SUNSET   511 PM CST


-  INDICATES NEGATIVE NUMBERS.
R  INDICATES RECORD WAS SET OR TIED.
MM INDICATES DATA IS MISSING.
T  INDICATES TRACE AMOUNT.




$$
