000
CDUS44 KSHV 220735
CLITXK


CLIMATE REPORT
NATIONAL WEATHER SERVICE SHREVEPORT, LA
234 AM CDT TUE JUL 22 2014


...................................

...THE TEXARKANA CLIMATE SUMMARY FOR JULY 21 2014...

CLIMATE NORMAL PERIOD 1981 TO 2010
CLIMATE RECORD PERIOD 1896 TO 2014


WEATHER ITEM   OBSERVED TIME   RECORD YEAR NORMAL DEPARTURE LAST
                VALUE   (LST)  VALUE       VALUE  FROM      YEAR
                                                  NORMAL
..................................................................
TEMPERATURE (F)
 YESTERDAY
  MAXIMUM         86    426 PM 107    1939  93     -7       95
  MINIMUM         63    527 AM  62    1984  72     -9       72
  AVERAGE         75                        83     -8       84

PRECIPITATION (IN)
  YESTERDAY        0.00          2.03 1940   0.09  -0.09      T
  MONTH TO DATE    1.64                      2.50  -0.86     0.60
  SINCE DEC 1     26.97                     32.62  -5.65    21.47
  SINCE JAN 1     21.14                     27.57  -6.43    17.01

SNOWFALL (IN)
  YESTERDAY        0.0
  MONTH TO DATE    0.0
  SINCE JUN 1      0.0
  SINCE JUL 1      0.0
  SNOW DEPTH       0

DEGREE DAYS
 HEATING
  YESTERDAY        0                         0      0        0
  MONTH TO DATE    0                         0      0        0
  SINCE JUN 1      0                         0      0        0
  SINCE JUL 1      0                         0      0        0

 COOLING
  YESTERDAY       10                        18     -8       19
  MONTH TO DATE  281                       356    -75      338
  SINCE JUN 1    710                       761    -51      789
  SINCE JAN 1   1004                      1081    -77     1087
..................................................................


WIND (MPH)
  HIGHEST WIND SPEED     9   HIGHEST WIND DIRECTION    NE (40)
  HIGHEST GUST SPEED    13   HIGHEST GUST DIRECTION    NE (40)
  AVERAGE WIND SPEED     2.4


SKY COVER
  POSSIBLE SUNSHINE  MM
  AVERAGE SKY COVER 0.3


WEATHER CONDITIONS
 THE FOLLOWING WEATHER WAS RECORDED YESTERDAY.
  FOG


RELATIVE HUMIDITY (PERCENT)
 HIGHEST   100           100 AM
 LOWEST     59           500 PM
 AVERAGE    80

..........................................................


THE TEXARKANA CLIMATE NORMALS FOR TODAY
                         NORMAL    RECORD    YEAR
 MAXIMUM TEMPERATURE (F)   94       110      1939
 MINIMUM TEMPERATURE (F)   72        58      1970


SUNRISE AND SUNSET
JULY 22 2014..........SUNRISE   622 AM CDT   SUNSET   823 PM CDT
JULY 23 2014..........SUNRISE   622 AM CDT   SUNSET   822 PM CDT


-  INDICATES NEGATIVE NUMBERS.
R  INDICATES RECORD WAS SET OR TIED.
MM INDICATES DATA IS MISSING.
T  INDICATES TRACE AMOUNT.




$$
