000
CDUS44 KSHV 040823
CLITXK


CLIMATE REPORT
NATIONAL WEATHER SERVICE SHREVEPORT, LA
312 AM CDT SAT JUL 4 2015


...................................

...THE TEXARKANA CLIMATE SUMMARY FOR JULY 3 2015...

CLIMATE NORMAL PERIOD 1981 TO 2010
CLIMATE RECORD PERIOD 1896 TO 2015


WEATHER ITEM   OBSERVED TIME   RECORD YEAR NORMAL DEPARTURE LAST
                VALUE   (LST)  VALUE       VALUE  FROM      YEAR
                                                  NORMAL
..................................................................
TEMPERATURE (F)
 YESTERDAY
  MAXIMUM         83   1146 AM 105    1933  92     -9       87
  MINIMUM         77    940 PM  56    1929  71      6       69
  AVERAGE         80                        81     -1       78

PRECIPITATION (IN)
  YESTERDAY        0.09          1.35 1967   0.13  -0.04     0.00
  MONTH TO DATE    0.09                      0.38  -0.29     0.02
  SINCE DEC 1     40.02                     30.50   9.52    25.35
  SINCE JAN 1     37.34                     25.45  11.89    19.52

SNOWFALL (IN)
  YESTERDAY        0.0
  MONTH TO DATE    0.0
  SINCE JUN 1      0.0
  SINCE JUL 1      0.0
  SNOW DEPTH       0

DEGREE DAYS
 HEATING
  YESTERDAY        0                         0      0        0
  MONTH TO DATE    0                         0      0        0
  SINCE JUN 1      0                         0      0        0
  SINCE JUL 1      0                         0      0        0

 COOLING
  YESTERDAY       15                        16     -1       13
  MONTH TO DATE   50                        48      2       48
  SINCE JUN 1    529                       453     76      477
  SINCE JAN 1    853                       773     80      771
..................................................................


WIND (MPH)
  HIGHEST WIND SPEED    20   HIGHEST WIND DIRECTION    SW (220)
  HIGHEST GUST SPEED    26   HIGHEST GUST DIRECTION    SW (230)
  AVERAGE WIND SPEED     9.6


SKY COVER
  POSSIBLE SUNSHINE  MM
  AVERAGE SKY COVER 0.5


WEATHER CONDITIONS
 THE FOLLOWING WEATHER WAS RECORDED YESTERDAY.
  RAIN
  LIGHT RAIN
  FOG
  HAZE


RELATIVE HUMIDITY (PERCENT)
 HIGHEST    91           100 PM
 LOWEST     74          1000 AM
 AVERAGE    83

..........................................................


THE TEXARKANA CLIMATE NORMALS FOR TODAY
                         NORMAL    RECORD    YEAR
 MAXIMUM TEMPERATURE (F)   92       103      1933
 MINIMUM TEMPERATURE (F)   71        56      1924


SUNRISE AND SUNSET
JULY  4 2015..........SUNRISE   611 AM CDT   SUNSET   830 PM CDT
JULY  5 2015..........SUNRISE   612 AM CDT   SUNSET   829 PM CDT


-  INDICATES NEGATIVE NUMBERS.
R  INDICATES RECORD WAS SET OR TIED.
MM INDICATES DATA IS MISSING.
T  INDICATES TRACE AMOUNT.




$$
