000
CDUS44 KSHV 062233
CLITXK


CLIMATE REPORT
NATIONAL WEATHER SERVICE SHREVEPORT, LA
431 PM CST FRI MAR 6 2015


...................................

...THE TEXARKANA CLIMATE SUMMARY FOR MARCH 6 2015...
VALID TODAY AS OF 0400 PM LOCAL TIME.

CLIMATE NORMAL PERIOD 1981 TO 2010
CLIMATE RECORD PERIOD 1896 TO 2015


WEATHER ITEM   OBSERVED TIME   RECORD YEAR NORMAL DEPARTURE LAST
                VALUE   (LST)  VALUE       VALUE  FROM      YEAR
                                                  NORMAL
..................................................................
TEMPERATURE (F)
 TODAY
  MAXIMUM         49    348 PM  85    1956  64    -15       59
  MINIMUM         22R   509 AM  24    1989  42    -20       37
  AVERAGE         36                        53    -17       48

PRECIPITATION (IN)
  TODAY            0.00          1.16 1946   0.15  -0.15     0.00
  MONTH TO DATE    3.20                      0.85   2.35     1.32
  SINCE DEC 1     13.97                     13.29   0.68    11.07
  SINCE JAN 1     11.29                      8.24   3.05     5.24

SNOWFALL (IN)
  TODAY            0.0
  MONTH TO DATE    1.0
  SINCE MAR 1      1.0
  SINCE JUL 1      5.2
  SNOW DEPTH       0

DEGREE DAYS
 HEATING
  TODAY           29                        12     17       17
  MONTH TO DATE  148                        76     72      136
  SINCE MAR 1    148                        76     72      136
  SINCE JUL 1   2529                      2270    259     2604

 COOLING
  TODAY            0                         0      0        0
  MONTH TO DATE    0                         0      0        0
  SINCE MAR 1      0                         0      0        0
  SINCE JAN 1      0                         4     -4        0
..................................................................


WIND (MPH)
  HIGHEST WIND SPEED     7   HIGHEST WIND DIRECTION     E (70)
  HIGHEST GUST SPEED    11   HIGHEST GUST DIRECTION     W (270)
  AVERAGE WIND SPEED     1.0


SKY COVER
  POSSIBLE SUNSHINE  MM
  AVERAGE SKY COVER 0.0


WEATHER CONDITIONS
 THE FOLLOWING WEATHER WAS RECORDED TODAY.
  NO SIGNIFICANT WEATHER WAS OBSERVED.


RELATIVE HUMIDITY (PERCENT)
 HIGHEST   100           500 AM
 LOWEST     34           300 PM
 AVERAGE    67

..........................................................


THE TEXARKANA CLIMATE NORMALS FOR TOMORROW
                         NORMAL    RECORD    YEAR
 MAXIMUM TEMPERATURE (F)   65        89      1907
 MINIMUM TEMPERATURE (F)   43        18      1943


SUNRISE AND SUNSET
MARCH  6 2015.........SUNRISE   638 AM CST   SUNSET   617 PM CST
MARCH  7 2015.........SUNRISE   637 AM CST   SUNSET   617 PM CST


-  INDICATES NEGATIVE NUMBERS.
R  INDICATES RECORD WAS SET OR TIED.
MM INDICATES DATA IS MISSING.
T  INDICATES TRACE AMOUNT.




$$
