000
CDUS44 KSHV 290732
CLITXK


CLIMATE REPORT
NATIONAL WEATHER SERVICE SHREVEPORT, LA
232 AM CDT FRI AUG 29 2014


...................................

...THE TEXARKANA CLIMATE SUMMARY FOR AUGUST 28 2014...

CLIMATE NORMAL PERIOD 1981 TO 2010
CLIMATE RECORD PERIOD 1896 TO 2014


WEATHER ITEM   OBSERVED TIME   RECORD YEAR NORMAL DEPARTURE LAST
                VALUE   (LST)  VALUE       VALUE  FROM      YEAR
                                                  NORMAL
..................................................................
TEMPERATURE (F)
 YESTERDAY
  MAXIMUM         94    231 PM 106    1924  92      2      100
  MINIMUM         67    540 AM  52    1906  69     -2       72
  AVERAGE         81                        80      1       86

PRECIPITATION (IN)
  YESTERDAY        0.28          1.44 1933   0.10   0.18     0.00
  MONTH TO DATE    2.33                      2.58  -0.25     0.27
  SINCE DEC 1     30.76                     36.14  -5.38    24.04
  SINCE JAN 1     24.93                     31.09  -6.16    19.58

SNOWFALL (IN)
  YESTERDAY        0.0
  MONTH TO DATE    0.0
  SINCE JUN 1      0.0
  SINCE JUL 1      0.0
  SNOW DEPTH       0

DEGREE DAYS
 HEATING
  YESTERDAY        0                         0      0        0
  MONTH TO DATE    0                         0      0        0
  SINCE JUN 1      0                         0      0        0
  SINCE JUL 1      0                         0      0        0

 COOLING
  YESTERDAY       16                        15      1       21
  MONTH TO DATE  457                       484    -27      499
  SINCE JUN 1   1304                      1424   -120     1448
  SINCE JAN 1   1598                      1744   -146     1746
..................................................................


WIND (MPH)
  HIGHEST WIND SPEED    22   HIGHEST WIND DIRECTION    SE (140)
  HIGHEST GUST SPEED    28   HIGHEST GUST DIRECTION    SE (140)
  AVERAGE WIND SPEED     2.4


SKY COVER
  POSSIBLE SUNSHINE  MM
  AVERAGE SKY COVER 0.3


WEATHER CONDITIONS
 THE FOLLOWING WEATHER WAS RECORDED YESTERDAY.
  THUNDERSTORM
  HEAVY RAIN
  LIGHT RAIN
  FOG


RELATIVE HUMIDITY (PERCENT)
 HIGHEST    93           600 AM
 LOWEST     44           100 PM
 AVERAGE    69

..........................................................


THE TEXARKANA CLIMATE NORMALS FOR TODAY
                         NORMAL    RECORD    YEAR
 MAXIMUM TEMPERATURE (F)   92       104      1954
 MINIMUM TEMPERATURE (F)   69        51      1986


SUNRISE AND SUNSET
AUGUST 29 2014........SUNRISE   648 AM CDT   SUNSET   745 PM CDT
AUGUST 30 2014........SUNRISE   649 AM CDT   SUNSET   744 PM CDT


-  INDICATES NEGATIVE NUMBERS.
R  INDICATES RECORD WAS SET OR TIED.
MM INDICATES DATA IS MISSING.
T  INDICATES TRACE AMOUNT.




$$
