000
CDUS44 KSHV 290849
CLITXK


CLIMATE REPORT
NATIONAL WEATHER SERVICE SHREVEPORT, LA
236 AM CST MON DEC 29 2014


...................................

...THE TEXARKANA CLIMATE SUMMARY FOR DECEMBER 28 2014...

CLIMATE NORMAL PERIOD 1981 TO 2010
CLIMATE RECORD PERIOD 1896 TO 2014


WEATHER ITEM   OBSERVED TIME   RECORD YEAR NORMAL DEPARTURE LAST
                VALUE   (LST)  VALUE       VALUE  FROM      YEAR
                                                  NORMAL
..................................................................
TEMPERATURE (F)
 YESTERDAY
  MAXIMUM         43    400 PM  79    1984  53    -10       52
  MINIMUM         35   1159 PM  13    1925  34      1       37
  AVERAGE         39                        44     -5       45

PRECIPITATION (IN)
  YESTERDAY        T             1.42 1969   0.13  -0.13      T
  MONTH TO DATE    2.68                      4.68  -2.00     5.83
  SINCE DEC 1      2.68                      4.68  -2.00     5.83
  SINCE JAN 1     35.24                     49.28 -14.04    45.34

SNOWFALL (IN)
  YESTERDAY       MM
  MONTH TO DATE    0.0
  SINCE DEC 1      0.0
  SINCE JUL 1      T
  SNOW DEPTH       0

DEGREE DAYS
 HEATING
  YESTERDAY       26                        21      5       20
  MONTH TO DATE  465                       543    -78      565
  SINCE DEC 1    465                       543    -78      565
  SINCE JUL 1    975                      1001    -26     1090

 COOLING
  YESTERDAY        0                         0      0        0
  MONTH TO DATE    1                         0      1        2
  SINCE DEC 1      1                         0      1        2
  SINCE JAN 1   2134                      2204    -70     2354
..................................................................


WIND (MPH)
  HIGHEST WIND SPEED    12   HIGHEST WIND DIRECTION    NW (300)
  HIGHEST GUST SPEED    15   HIGHEST GUST DIRECTION    NW (320)
  AVERAGE WIND SPEED     3.8


SKY COVER
  POSSIBLE SUNSHINE  MM
  AVERAGE SKY COVER 0.9


WEATHER CONDITIONS
 THE FOLLOWING WEATHER WAS RECORDED YESTERDAY.
  LIGHT RAIN
  FOG


RELATIVE HUMIDITY (PERCENT)
 HIGHEST   100           200 AM
 LOWEST     76          1200 PM
 AVERAGE    88

..........................................................


THE TEXARKANA CLIMATE NORMALS FOR TODAY
                         NORMAL    RECORD    YEAR
 MAXIMUM TEMPERATURE (F)   53        80      1984
 MINIMUM TEMPERATURE (F)   34        15      1983


SUNRISE AND SUNSET
DECEMBER 29 2014......SUNRISE   719 AM CST   SUNSET   517 PM CST
DECEMBER 30 2014......SUNRISE   720 AM CST   SUNSET   518 PM CST


-  INDICATES NEGATIVE NUMBERS.
R  INDICATES RECORD WAS SET OR TIED.
MM INDICATES DATA IS MISSING.
T  INDICATES TRACE AMOUNT.




$$
