000
CDUS44 KSHV 210839
CLITXK


CLIMATE REPORT
NATIONAL WEATHER SERVICE SHREVEPORT, LA
239 AM CST SUN JAN 21 2018


...................................

...THE TEXARKANA CLIMATE SUMMARY FOR JANUARY 20 2018...

CLIMATE NORMAL PERIOD 1981 TO 2010
CLIMATE RECORD PERIOD 1896 TO 2018


WEATHER ITEM   OBSERVED TIME   RECORD YEAR NORMAL DEPARTURE LAST
                VALUE   (LST)  VALUE       VALUE  FROM      YEAR
                                                  NORMAL
..................................................................
TEMPERATURE (F)
 YESTERDAY
  MAXIMUM         62   1152 PM  80    1954  54      8       73
  MINIMUM         46    247 AM  11    1985  34     12       54
  AVERAGE         54                        44     10       64

PRECIPITATION (IN)
  YESTERDAY        0.00          1.79 1958   0.10  -0.10     0.00
  MONTH TO DATE    2.05                      2.18  -0.13     3.94
  SINCE DEC 1      8.64                      7.23   1.41    10.36
  SINCE JAN 1      2.05                      2.18  -0.13     3.94

SNOWFALL (IN)
  YESTERDAY        0.0
  MONTH TO DATE    T
  SINCE DEC 1      T
  SINCE JUL 1      T
  SNOW DEPTH       0

DEGREE DAYS
 HEATING
  YESTERDAY       11                        21    -10        1
  MONTH TO DATE  580                       433    147      292
  SINCE DEC 1   1174                      1042    132      797
  SINCE JUL 1   1530                      1500     30     1031

 COOLING
  YESTERDAY        0                         0      0        0
  MONTH TO DATE    0                         0      0       14
  SINCE DEC 1      2                         3     -1       21
  SINCE JAN 1      0                         0      0       14
..................................................................


WIND (MPH)
  HIGHEST WIND SPEED    16   HIGHEST WIND DIRECTION     S (170)
  HIGHEST GUST SPEED    23   HIGHEST GUST DIRECTION     S (170)
  AVERAGE WIND SPEED     9.7


SKY COVER
  POSSIBLE SUNSHINE  MM
  AVERAGE SKY COVER 1.0


WEATHER CONDITIONS
 THE FOLLOWING WEATHER WAS RECORDED YESTERDAY.
  NO SIGNIFICANT WEATHER WAS OBSERVED.


RELATIVE HUMIDITY (PERCENT)
 HIGHEST    97          1000 PM
 LOWEST     46          1200 AM
 AVERAGE    72

..........................................................


THE TEXARKANA CLIMATE NORMALS FOR TODAY
                         NORMAL    RECORD    YEAR
 MAXIMUM TEMPERATURE (F)   54        77      1986
 MINIMUM TEMPERATURE (F)   34        14      1984


SUNRISE AND SUNSET
JANUARY 21 2018.......SUNRISE   718 AM CST   SUNSET   537 PM CST
JANUARY 22 2018.......SUNRISE   718 AM CST   SUNSET   538 PM CST


-  INDICATES NEGATIVE NUMBERS.
R  INDICATES RECORD WAS SET OR TIED.
MM INDICATES DATA IS MISSING.
T  INDICATES TRACE AMOUNT.




$$
