000
CDUS44 KSHV 052136
CLITYR


CLIMATE REPORT
NATIONAL WEATHER SERVICE SHREVEPORT, LA
432 PM CDT SUN JUL 5 2015


...................................

...THE TYLER CLIMATE SUMMARY FOR JULY 5 2015...
VALID TODAY AS OF 0400 PM LOCAL TIME.

CLIMATE NORMAL PERIOD 1981 TO 2010
CLIMATE RECORD PERIOD 1896 TO 2015


WEATHER ITEM   OBSERVED TIME   RECORD YEAR NORMAL DEPARTURE LAST
                VALUE   (LST)  VALUE       VALUE  FROM      YEAR
                                                  NORMAL
..................................................................
TEMPERATURE (F)
 TODAY
  MAXIMUM         93    259 PM 104    1909  91      2       89
  MINIMUM         75    310 AM  54    1968  73      2       69
  AVERAGE         84                        82      2       79

PRECIPITATION (IN)
  TODAY            0.00          2.61 2007   0.12  -0.12     0.00
  MONTH TO DATE    0.00                      0.61  -0.61     0.28
  SINCE DEC 1     39.93                     28.61  11.32    20.16
  SINCE JAN 1     38.46                     24.37  14.09    17.14

DEGREE DAYS
 HEATING
  TODAY            0                         0      0        0
  MONTH TO DATE    0                         0      0        0
  SINCE JUN 1      0                         0      0        0
  SINCE JUL 1      0                         0      0        0

 COOLING
  TODAY           19                        17      2       14
  MONTH TO DATE   92                        85      7       82
  SINCE JUN 1    595                       518     77      550
  SINCE JAN 1   1057                       887    170      943
..................................................................


WIND (MPH)
  HIGHEST WIND SPEED    17   HIGHEST WIND DIRECTION     S (200)
  HIGHEST GUST SPEED    21   HIGHEST GUST DIRECTION     S (200)
  AVERAGE WIND SPEED    10.2


SKY COVER
  POSSIBLE SUNSHINE  MM
  AVERAGE SKY COVER 0.4


WEATHER CONDITIONS
 THE FOLLOWING WEATHER WAS RECORDED TODAY.
  NO SIGNIFICANT WEATHER WAS OBSERVED.


RELATIVE HUMIDITY (PERCENT)
 HIGHEST    94           300 AM
 LOWEST     46           300 PM
 AVERAGE    70

..........................................................


THE TYLER CLIMATE NORMALS FOR TOMORROW
                         NORMAL    RECORD    YEAR
 MAXIMUM TEMPERATURE (F)   91       106      1920
 MINIMUM TEMPERATURE (F)   73        56      1972


SUNRISE AND SUNSET
JULY  5 2015..........SUNRISE   620 AM CDT   SUNSET   832 PM CDT
JULY  6 2015..........SUNRISE   620 AM CDT   SUNSET   832 PM CDT


-  INDICATES NEGATIVE NUMBERS.
R  INDICATES RECORD WAS SET OR TIED.
MM INDICATES DATA IS MISSING.
T  INDICATES TRACE AMOUNT.




$$
