738
CDUS44 KSHV 180854
CLITYR


CLIMATE REPORT
NATIONAL WEATHER SERVICE SHREVEPORT, LA
254 AM CST SAT NOV 18 2017


...................................

...THE TYLER CLIMATE SUMMARY FOR NOVEMBER 17 2017...

CLIMATE NORMAL PERIOD 1981 TO 2010
CLIMATE RECORD PERIOD 1896 TO 2017


WEATHER ITEM   OBSERVED TIME   RECORD YEAR NORMAL DEPARTURE LAST
                VALUE   (LST)  VALUE       VALUE  FROM      YEAR
                                                  NORMAL
..................................................................
TEMPERATURE (F)
 YESTERDAY
  MAXIMUM         79    356 PM  85    2013  65     14       81
  MINIMUM         65    235 AM  23    1959  45     20       59
  AVERAGE         72                        55     17       70

PRECIPITATION (IN)
  YESTERDAY        0.00          2.81 1907   0.14  -0.14     0.00
  MONTH TO DATE    1.38                      2.47  -1.09     0.08
  SINCE DEC 1     37.53                     44.16  -6.63    42.67
  SINCE JAN 1     34.88                     39.92  -5.04    32.90

SNOWFALL (IN)
  YESTERDAY        0.0
  MONTH TO DATE    0.0
  SINCE SEP 1      0.0
  SINCE JUL 1      0.0
  SNOW DEPTH       0

DEGREE DAYS
 HEATING
  YESTERDAY        0                        10    -10        0
  MONTH TO DATE   58                       131    -73       18
  SINCE SEP 1    146                       208    -62       24
  SINCE JUL 1    146                       208    -62       24

 COOLING
  YESTERDAY        7                         0      7        5
  MONTH TO DATE   69                        14     55       58
  SINCE SEP 1    633                       485    148      793
  SINCE JAN 1   2767                      2407    360     3092
..................................................................


WIND (MPH)
  HIGHEST WIND SPEED    24   HIGHEST WIND DIRECTION     S (200)
  HIGHEST GUST SPEED    32   HIGHEST GUST DIRECTION     S (200)
  AVERAGE WIND SPEED    15.0


SKY COVER
  POSSIBLE SUNSHINE  MM
  AVERAGE SKY COVER 0.7


WEATHER CONDITIONS
 THE FOLLOWING WEATHER WAS RECORDED YESTERDAY.
  NO SIGNIFICANT WEATHER WAS OBSERVED.


RELATIVE HUMIDITY (PERCENT)
 HIGHEST   100           600 AM
 LOWEST     62           200 PM
 AVERAGE    81

..........................................................


THE TYLER CLIMATE NORMALS FOR TODAY
                         NORMAL    RECORD    YEAR
 MAXIMUM TEMPERATURE (F)   64        83      1957
 MINIMUM TEMPERATURE (F)   45        17      1959


SUNRISE AND SUNSET
NOVEMBER 18 2017......SUNRISE   654 AM CST   SUNSET   519 PM CST
NOVEMBER 19 2017......SUNRISE   655 AM CST   SUNSET   519 PM CST


-  INDICATES NEGATIVE NUMBERS.
R  INDICATES RECORD WAS SET OR TIED.
MM INDICATES DATA IS MISSING.
T  INDICATES TRACE AMOUNT.




$$
