000
CDUS44 KSHV 290737
CLITYR


CLIMATE REPORT
NATIONAL WEATHER SERVICE SHREVEPORT, LA
237 AM CDT TUE JUL 29 2014


...................................

...THE TYLER CLIMATE SUMMARY FOR JULY 28 2014...

CLIMATE NORMAL PERIOD 1981 TO 2010
CLIMATE RECORD PERIOD 1896 TO 2014


WEATHER ITEM   OBSERVED TIME   RECORD YEAR NORMAL DEPARTURE LAST
                VALUE   (LST)  VALUE       VALUE  FROM      YEAR
                                                  NORMAL
..................................................................
TEMPERATURE (F)
 YESTERDAY
  MAXIMUM         96    232 PM 105    1944  94      2       92
  MINIMUM         75   1159 PM  62    1994  74      1       68
  AVERAGE         86                        84      2       80

PRECIPITATION (IN)
  YESTERDAY        0.01          2.80 1928   0.05  -0.04     0.00
  MONTH TO DATE    1.53                      2.44  -0.91     3.37
  SINCE DEC 1     21.41                     30.44  -9.03    22.27
  SINCE JAN 1     18.39                     26.20  -7.81    19.38

SNOWFALL (IN)
  YESTERDAY        0.0
  MONTH TO DATE    0.0
  SINCE JUN 1      0.0
  SINCE JUL 1      0.0
  SNOW DEPTH       0

DEGREE DAYS
 HEATING
  YESTERDAY        0                         0      0        0
  MONTH TO DATE    0                         0      0        0
  SINCE JUN 1      0                         0      0        0
  SINCE JUL 1      0                         0      0        0

 COOLING
  YESTERDAY       21                        19      2       15
  MONTH TO DATE  471                       501    -30      489
  SINCE JUN 1    939                       934      5     1001
  SINCE JAN 1   1332                      1303     29     1398
..................................................................


WIND (MPH)
  HIGHEST WIND SPEED    16   HIGHEST WIND DIRECTION    SW (220)
  HIGHEST GUST SPEED    20   HIGHEST GUST DIRECTION    SW (240)
  AVERAGE WIND SPEED     4.6


SKY COVER
  POSSIBLE SUNSHINE  MM
  AVERAGE SKY COVER 0.4


WEATHER CONDITIONS
 THE FOLLOWING WEATHER WAS RECORDED YESTERDAY.
  THUNDERSTORM
  LIGHT RAIN


RELATIVE HUMIDITY (PERCENT)
 HIGHEST    94           900 PM
 LOWEST     56          1200 PM
 AVERAGE    75

..........................................................


THE TYLER CLIMATE NORMALS FOR TODAY
                         NORMAL    RECORD    YEAR
 MAXIMUM TEMPERATURE (F)   94       107      1912
 MINIMUM TEMPERATURE (F)   74        60      1902


SUNRISE AND SUNSET
JULY 29 2014..........SUNRISE   634 AM CDT   SUNSET   821 PM CDT
JULY 30 2014..........SUNRISE   635 AM CDT   SUNSET   821 PM CDT


-  INDICATES NEGATIVE NUMBERS.
R  INDICATES RECORD WAS SET OR TIED.
MM INDICATES DATA IS MISSING.
T  INDICATES TRACE AMOUNT.




$$
