000
CDUS44 KSHV 040733
CLITYR


CLIMATE REPORT
NATIONAL WEATHER SERVICE SHREVEPORT, LA
232 AM CDT WED MAY 4 2016


...................................

...THE TYLER CLIMATE SUMMARY FOR MAY 3 2016...

CLIMATE NORMAL PERIOD 1981 TO 2010
CLIMATE RECORD PERIOD 1896 TO 2016


WEATHER ITEM   OBSERVED TIME   RECORD YEAR NORMAL DEPARTURE LAST
                VALUE   (LST)  VALUE       VALUE  FROM      YEAR
                                                  NORMAL
..................................................................
TEMPERATURE (F)
 YESTERDAY
  MAXIMUM         73    516 PM  93    1943  80     -7       81
  MINIMUM         49    602 AM  41    2013  60    -11       58
  AVERAGE         61                        70     -9       70

PRECIPITATION (IN)
  YESTERDAY        0.00          3.51 1959   0.14  -0.14     0.00
  MONTH TO DATE    0.09                      0.45  -0.36     0.00
  SINCE DEC 1     28.93                     18.85  10.08    24.50
  SINCE JAN 1     19.16                     14.61   4.55    23.03

SNOWFALL (IN)
  YESTERDAY        0.0
  MONTH TO DATE    0.0
  SINCE MAR 1      0.0
  SINCE JUL 1      0.0
  SNOW DEPTH       0

DEGREE DAYS
 HEATING
  YESTERDAY        4                         1      3        0
  MONTH TO DATE    8                         3      5        0
  SINCE MAR 1    154                       373   -219      307
  SINCE JUL 1   1463                      2265   -802     2194

 COOLING
  YESTERDAY        0                         5     -5        5
  MONTH TO DATE    6                        15     -9       16
  SINCE MAR 1    183                       115     68      189
  SINCE JAN 1    193                       127     66      189
..................................................................


WIND (MPH)
  HIGHEST WIND SPEED    15   HIGHEST WIND DIRECTION    NW (330)
  HIGHEST GUST SPEED    21   HIGHEST GUST DIRECTION    NW (330)
  AVERAGE WIND SPEED     5.1


SKY COVER
  POSSIBLE SUNSHINE  MM
  AVERAGE SKY COVER 0.0


WEATHER CONDITIONS
 THE FOLLOWING WEATHER WAS RECORDED YESTERDAY.
  NO SIGNIFICANT WEATHER WAS OBSERVED.


RELATIVE HUMIDITY (PERCENT)
 HIGHEST    93           500 AM
 LOWEST     38           500 PM
 AVERAGE    66

..........................................................


THE TYLER CLIMATE NORMALS FOR TODAY
                         NORMAL    RECORD    YEAR
 MAXIMUM TEMPERATURE (F)   80        92      1943
 MINIMUM TEMPERATURE (F)   60        38      2013
                                             1954


SUNRISE AND SUNSET
MAY  4 2016...........SUNRISE   632 AM CDT   SUNSET   805 PM CDT
MAY  5 2016...........SUNRISE   631 AM CDT   SUNSET   806 PM CDT


-  INDICATES NEGATIVE NUMBERS.
R  INDICATES RECORD WAS SET OR TIED.
MM INDICATES DATA IS MISSING.
T  INDICATES TRACE AMOUNT.




$$
