000
CDUS44 KSHV 040734
CLITYR


CLIMATE REPORT
NATIONAL WEATHER SERVICE SHREVEPORT, LA
231 AM CDT FRI SEP 4 2015


...................................

...THE TYLER CLIMATE SUMMARY FOR SEPTEMBER 3 2015...

CLIMATE NORMAL PERIOD 1981 TO 2010
CLIMATE RECORD PERIOD 1896 TO 2015


WEATHER ITEM   OBSERVED TIME   RECORD YEAR NORMAL DEPARTURE LAST
                VALUE   (LST)  VALUE       VALUE  FROM      YEAR
                                                  NORMAL
..................................................................
TEMPERATURE (F)
 YESTERDAY
  MAXIMUM         92    443 PM 109    2000  90      2       96
  MINIMUM         71    639 AM  54    1955  70      1       76
  AVERAGE         82                        80      2       86

PRECIPITATION (IN)
  YESTERDAY        0.00          2.70 1953   0.12  -0.12     0.00
  MONTH TO DATE    T                         0.37  -0.37     0.00
  SINCE DEC 1     41.98                     33.87   8.11    24.62
  SINCE JAN 1     40.51                     29.63  10.88    21.60

SNOWFALL (IN)
  YESTERDAY        0.0
  MONTH TO DATE    0.0
  SINCE SEP 1      0.0
  SINCE JUL 1      0.0
  SNOW DEPTH       0

DEGREE DAYS
 HEATING
  YESTERDAY        0                         0      0        0
  MONTH TO DATE    0                         0      0        0
  SINCE SEP 1      0                         0      0        0
  SINCE JUL 1      0                         0      0        0

 COOLING
  YESTERDAY       17                        15      2       21
  MONTH TO DATE   49                        46      3       65
  SINCE SEP 1     49                        46      3       65
  SINCE JAN 1   2319                      1968    351     2031
..................................................................


WIND (MPH)
  HIGHEST WIND SPEED    14   HIGHEST WIND DIRECTION     E (110)
  HIGHEST GUST SPEED    18   HIGHEST GUST DIRECTION     E (110)
  AVERAGE WIND SPEED     6.5


SKY COVER
  POSSIBLE SUNSHINE  MM
  AVERAGE SKY COVER 0.2


WEATHER CONDITIONS
 THE FOLLOWING WEATHER WAS RECORDED YESTERDAY.
  NO SIGNIFICANT WEATHER WAS OBSERVED.


RELATIVE HUMIDITY (PERCENT)
 HIGHEST    84           500 AM
 LOWEST     47           200 PM
 AVERAGE    66

..........................................................


THE TYLER CLIMATE NORMALS FOR TODAY
                         NORMAL    RECORD    YEAR
 MAXIMUM TEMPERATURE (F)   90       109      2000
 MINIMUM TEMPERATURE (F)   70        48      1974


SUNRISE AND SUNSET
SEPTEMBER  4 2015.....SUNRISE   658 AM CDT   SUNSET   742 PM CDT
SEPTEMBER  5 2015.....SUNRISE   659 AM CDT   SUNSET   741 PM CDT


-  INDICATES NEGATIVE NUMBERS.
R  INDICATES RECORD WAS SET OR TIED.
MM INDICATES DATA IS MISSING.
T  INDICATES TRACE AMOUNT.




$$
