000
CDUS44 KSHV 290747
CLITYR


CLIMATE REPORT
NATIONAL WEATHER SERVICE SHREVEPORT, LA
247 AM CDT WED JUL 29 2015


...................................

...THE TYLER CLIMATE SUMMARY FOR JULY 28 2015...

CLIMATE NORMAL PERIOD 1981 TO 2010
CLIMATE RECORD PERIOD 1896 TO 2015


WEATHER ITEM   OBSERVED TIME   RECORD YEAR NORMAL DEPARTURE LAST
                VALUE   (LST)  VALUE       VALUE  FROM      YEAR
                                                  NORMAL
..................................................................
TEMPERATURE (F)
 YESTERDAY
  MAXIMUM         99    453 PM 105    1944  94      5       96
  MINIMUM         78    528 AM  62    1994  74      4       75
  AVERAGE         89                        84      5       86

PRECIPITATION (IN)
  YESTERDAY        0.00          2.80 1928   0.05  -0.05     0.01
  MONTH TO DATE    0.04                      2.44  -2.40     1.52
  SINCE DEC 1     39.97                     30.44   9.53    21.40
  SINCE JAN 1     38.50                     26.20  12.30    18.38

SNOWFALL (IN)
  YESTERDAY        0.0
  MONTH TO DATE    0.0
  SINCE JUN 1      0.0
  SINCE JUL 1      0.0
  SNOW DEPTH       0

DEGREE DAYS
 HEATING
  YESTERDAY        0                         0      0        0
  MONTH TO DATE    0                         0      0        0
  SINCE JUN 1      0                         0      0        0
  SINCE JUL 1      0                         0      0        0

 COOLING
  YESTERDAY       24                        19      5       21
  MONTH TO DATE  603                       501    102      471
  SINCE JUN 1   1106                       934    172      939
  SINCE JAN 1   1568                      1303    265     1332
..................................................................


WIND (MPH)
  HIGHEST WIND SPEED    14   HIGHEST WIND DIRECTION     S (200)
  HIGHEST GUST SPEED    21   HIGHEST GUST DIRECTION     S (160)
  AVERAGE WIND SPEED     7.0


SKY COVER
  POSSIBLE SUNSHINE  MM
  AVERAGE SKY COVER 0.0


WEATHER CONDITIONS
 THE FOLLOWING WEATHER WAS RECORDED YESTERDAY.
  NO SIGNIFICANT WEATHER WAS OBSERVED.


RELATIVE HUMIDITY (PERCENT)
 HIGHEST    79           400 AM
 LOWEST     29           400 PM
 AVERAGE    54

..........................................................


THE TYLER CLIMATE NORMALS FOR TODAY
                         NORMAL    RECORD    YEAR
 MAXIMUM TEMPERATURE (F)   94       107      1912
 MINIMUM TEMPERATURE (F)   74        60      1902


SUNRISE AND SUNSET
JULY 29 2015..........SUNRISE   634 AM CDT   SUNSET   822 PM CDT
JULY 30 2015..........SUNRISE   635 AM CDT   SUNSET   821 PM CDT


-  INDICATES NEGATIVE NUMBERS.
R  INDICATES RECORD WAS SET OR TIED.
MM INDICATES DATA IS MISSING.
T  INDICATES TRACE AMOUNT.




$$
