000
CDUS44 KSHV 070838
CLITYR


CLIMATE REPORT
NATIONAL WEATHER SERVICE SHREVEPORT, LA
237 AM CST SUN FEB 7 2016


...................................

...THE TYLER CLIMATE SUMMARY FOR FEBRUARY 6 2016...

CLIMATE NORMAL PERIOD 1981 TO 2010
CLIMATE RECORD PERIOD 1896 TO 2016


WEATHER ITEM   OBSERVED TIME   RECORD YEAR NORMAL DEPARTURE LAST
                VALUE   (LST)  VALUE       VALUE  FROM      YEAR
                                                  NORMAL
..................................................................
TEMPERATURE (F)
 YESTERDAY
  MAXIMUM         55    351 PM  84    1911  59     -4       51
  MINIMUM         35   1039 PM  16    1982  39     -4       36
  AVERAGE         45                        49     -4       44

PRECIPITATION (IN)
  YESTERDAY        0.04          1.84 1955   0.12  -0.08     0.00
  MONTH TO DATE    0.04                      0.74  -0.70     0.25
  SINCE DEC 1     11.24                      8.04   3.20     5.83
  SINCE JAN 1      1.47                      3.80  -2.33     4.36

SNOWFALL (IN)
  YESTERDAY       MM
  MONTH TO DATE    0.0
  SINCE DEC 1      0.0
  SINCE JUL 1      0.0
  SNOW DEPTH       0

DEGREE DAYS
 HEATING
  YESTERDAY       20                        17      3       21
  MONTH TO DATE   90                       102    -12      125
  SINCE DEC 1    919                      1206   -287     1126
  SINCE JUL 1   1112                      1580   -468     1507

 COOLING
  YESTERDAY        0                         0      0        0
  MONTH TO DATE    0                         0      0        0
  SINCE DEC 1     29                        10     19        3
  SINCE JAN 1      2                         4     -2        0
..................................................................


WIND (MPH)
  HIGHEST WIND SPEED    15   HIGHEST WIND DIRECTION    SE (130)
  HIGHEST GUST SPEED    21   HIGHEST GUST DIRECTION    SE (130)
  AVERAGE WIND SPEED     7.2


SKY COVER
  POSSIBLE SUNSHINE  MM
  AVERAGE SKY COVER 0.5


WEATHER CONDITIONS
 THE FOLLOWING WEATHER WAS RECORDED YESTERDAY.
  LIGHT RAIN


RELATIVE HUMIDITY (PERCENT)
 HIGHEST    82           600 AM
 LOWEST     41           100 AM
 AVERAGE    62

..........................................................


THE TYLER CLIMATE NORMALS FOR TODAY
                         NORMAL    RECORD    YEAR
 MAXIMUM TEMPERATURE (F)   59        82      1950
 MINIMUM TEMPERATURE (F)   39        11      1983


SUNRISE AND SUNSET
FEBRUARY  7 2016......SUNRISE   712 AM CST   SUNSET   600 PM CST
FEBRUARY  8 2016......SUNRISE   711 AM CST   SUNSET   601 PM CST


-  INDICATES NEGATIVE NUMBERS.
R  INDICATES RECORD WAS SET OR TIED.
MM INDICATES DATA IS MISSING.
T  INDICATES TRACE AMOUNT.




$$
