000
CDUS44 KMRX 110855
CLITYS


CLIMATE REPORT
NATIONAL WEATHER SERVICE MORRISTOWN TN
355 AM EST THU FEB 11 2016


...................................

...THE KNOXVILLE    ASOS CLIMATE SUMMARY FOR FEBRUARY 10 2016...

CLIMATE NORMAL PERIOD 1981 TO 2010
CLIMATE RECORD PERIOD 1871 TO 2016


WEATHER ITEM   OBSERVED TIME   RECORD YEAR NORMAL DEPARTURE LAST
                VALUE   (LST)  VALUE       VALUE  FROM      YEAR
                                                  NORMAL
..................................................................
TEMPERATURE (F)
 YESTERDAY
  MAXIMUM         30    400 PM  73    1932  51    -21       45
                                      1887
  MINIMUM         19    815 AM  -3    1899  31    -12       29
  AVERAGE         25                        41    -16       37

PRECIPITATION (IN)
  YESTERDAY        T             2.70 1994   0.14  -0.14      T
  MONTH TO DATE    3.09                      1.51   1.58     0.74
  SINCE DEC 1     13.70                     10.33   3.37     8.37
  SINCE JAN 1      5.86                      5.83   0.03     4.13

SNOWFALL (IN)
  YESTERDAY        0.1                       0.1    0.0       T
  MONTH TO DATE    0.4                       0.7   -0.3       T
  SINCE DEC 1      3.0                       4.2   -1.2      1.1
  SINCE JUL 1      3.0                       4.2   -1.2      1.1
  SNOW DEPTH       0

DEGREE DAYS
 HEATING
  YESTERDAY       40                        24     16       28
  MONTH TO DATE  227                       248    -21      245
  SINCE DEC 1   1503                      1829   -326     1770
  SINCE JUL 1   2013                      2510   -497     2596

 COOLING
  YESTERDAY        0                         0      0        0
  MONTH TO DATE    0                         0      0        0
  SINCE DEC 1      5                         0      5        0
  SINCE JAN 1      0                         0      0        0
..................................................................


WIND (MPH)
  HIGHEST WIND SPEED    24   HIGHEST WIND DIRECTION     W (260)
  HIGHEST GUST SPEED    30   HIGHEST GUST DIRECTION     W (270)
  AVERAGE WIND SPEED    13.9


SKY COVER
  POSSIBLE SUNSHINE  MM
  AVERAGE SKY COVER 0.8


WEATHER CONDITIONS
 THE FOLLOWING WEATHER WAS RECORDED YESTERDAY.
  LIGHT SNOW


RELATIVE HUMIDITY (PERCENT)
 HIGHEST    68           200 AM
 LOWEST     32           300 PM
 AVERAGE    50

..........................................................


THE KNOXVILLE    ASOS CLIMATE NORMALS FOR TODAY
                         NORMAL    RECORD    YEAR
 MAXIMUM TEMPERATURE (F)   51        76      1932
 MINIMUM TEMPERATURE (F)   32         1      1885


SUNRISE AND SUNSET
FEBRUARY 11 2016......SUNRISE   728 AM EST   SUNSET   613 PM EST
FEBRUARY 12 2016......SUNRISE   727 AM EST   SUNSET   614 PM EST


-  INDICATES NEGATIVE NUMBERS.
R  INDICATES RECORD WAS SET OR TIED.
MM INDICATES DATA IS MISSING.
T  INDICATES TRACE AMOUNT.




$$
