000
CDUS44 KMRX 282130
CLITYS

CLIMATE REPORT
NATIONAL WEATHER SERVICE MORRISTOWN TN
528 PM EDT THU AUG 28 2014


...................................

...THE KNOXVILLE CLIMATE SUMMARY FOR AUGUST 28 2014...
VALID TODAY AS OF 500 PM LOCAL TIME.

CLIMATE NORMAL PERIOD 1981 TO 2010
CLIMATE RECORD PERIOD 1871 TO 2014


WEATHER ITEM   OBSERVED TIME   RECORD YEAR NORMAL DEPARTURE LAST
                VALUE   (LST)  VALUE       VALUE  FROM      YEAR
                                                  NORMAL
..................................................................
TEMPERATURE (F)
 TODAY
  MAXIMUM         91    347 PM  98    1936  87      4       88
  MINIMUM         64    635 AM  54    1927  66     -2       68
  AVERAGE         78                        77      1       78

PRECIPITATION (IN)
  TODAY            T             2.01 1874   0.09  -0.09     0.00
  MONTH TO DATE    3.31                      3.01   0.30     2.97
  SINCE JUN 1     12.53                     11.90   0.63    19.72
  SINCE JAN 1     28.56                     33.34  -4.78    51.14

SNOWFALL (IN)
  TODAY            0.0                       0.0    0.0      0.0
  MONTH TO DATE    0.0                       0.0    0.0      0.0
  SINCE JUN 1      0.0                       0.0    0.0      0.0
  SINCE JUL 1      0.0                       0.0    0.0      0.0
  SNOW DEPTH       0

DEGREE DAYS
 HEATING
  TODAY            0                         0      0        0
  MONTH TO DATE    0                         0      0        0
  SINCE JUN 1      0                         4     -4        0
  SINCE JUL 1      0                         0      0        0

 COOLING
  TODAY           13                        12      1       13
  MONTH TO DATE  307                       358    -51      315
  SINCE JUN 1    954                      1080   -126      985
  SINCE JAN 1   1159                      1242    -83     1141
..................................................................


WIND (MPH)
  HIGHEST WIND SPEED    10   HIGHEST WIND DIRECTION    NE (50)
  HIGHEST GUST SPEED    13   HIGHEST GUST DIRECTION     E (70)
  AVERAGE WIND SPEED     1.4


SKY COVER
  POSSIBLE SUNSHINE  MM
  AVERAGE SKY COVER  MM


WEATHER CONDITIONS
 THE FOLLOWING WEATHER WAS RECORDED TODAY.
  LIGHT RAIN


RELATIVE HUMIDITY (PERCENT)
 HIGHEST    93           600 AM
 LOWEST     47           400 PM
 AVERAGE    70

..........................................................


THE KNOXVILLE    ASOS CLIMATE NORMALS FOR TOMORROW
                         NORMAL    RECORD    YEAR
 MAXIMUM TEMPERATURE (F)   87       102      1948
 MINIMUM TEMPERATURE (F)   66        53      1986
                                             1968


SUNRISE AND SUNSET
AUGUST 28 2014........SUNRISE   705 AM EDT   SUNSET   809 PM EDT
AUGUST 29 2014........SUNRISE   706 AM EDT   SUNSET   807 PM EDT


-  INDICATES NEGATIVE NUMBERS.
R  INDICATES RECORD WAS SET OR TIED.
MM INDICATES DATA IS MISSING.
T  INDICATES TRACE AMOUNT.




$$
