000
CDUS44 KMRX 190813
CLITYS


CLIMATE REPORT
NATIONAL WEATHER SERVICE MORRISTOWN TN
413 AM EDT TUE SEP 19 2017


...................................

...THE KNOXVILLE    ASOS CLIMATE SUMMARY FOR SEPTEMBER 18 2017...

CLIMATE NORMAL PERIOD 1981 TO 2010
CLIMATE RECORD PERIOD 1871 TO 2017


WEATHER ITEM   OBSERVED TIME   RECORD YEAR NORMAL DEPARTURE LAST
                VALUE   (LST)  VALUE       VALUE  FROM      YEAR
                                                  NORMAL
..................................................................
TEMPERATURE (F)
 YESTERDAY
  MAXIMUM         86    241 PM  98    1931  81      5       81
  MINIMUM         60    610 AM  45    1903  60      0       68
  AVERAGE         73                        70      3       75

PRECIPITATION (IN)
  YESTERDAY        0.00          3.16 2012   0.11  -0.11     0.56
  MONTH TO DATE    2.35                      1.93   0.42     0.91
  SINCE SEP 1      2.35                      1.93   0.42     0.91
  SINCE JAN 1     39.87                     35.53   4.34    31.73

SNOWFALL (IN)
  YESTERDAY        0.0                       0.0    0.0      0.0
  MONTH TO DATE    0.0                       0.0    0.0      0.0
  SINCE SEP 1      0.0                       0.0    0.0      0.0
  SINCE JUL 1      0.0                       0.0    0.0      0.0
  SNOW DEPTH       0

DEGREE DAYS
 HEATING
  YESTERDAY        0                         1     -1        0
  MONTH TO DATE   15                         3     12        0
  SINCE SEP 1     15                         3     12        0
  SINCE JUL 1     15                         3     12        0

 COOLING
  YESTERDAY        8                         6      2       10
  MONTH TO DATE   61                       154    -93      247
  SINCE SEP 1     61                       154    -93      247
  SINCE JAN 1   1349                      1435    -86     1897
..................................................................


WIND (MPH)
  HIGHEST WIND SPEED     9   HIGHEST WIND DIRECTION    NW (330)
  HIGHEST GUST SPEED    13   HIGHEST GUST DIRECTION    NW (330)
  AVERAGE WIND SPEED     3.1


SKY COVER
  POSSIBLE SUNSHINE  MM
  AVERAGE SKY COVER 0.2


WEATHER CONDITIONS
 THE FOLLOWING WEATHER WAS RECORDED YESTERDAY.
  NO SIGNIFICANT WEATHER WAS OBSERVED.


RELATIVE HUMIDITY (PERCENT)
 HIGHEST    97           600 AM
 LOWEST     43           400 PM
 AVERAGE    70

..........................................................


THE KNOXVILLE    ASOS CLIMATE NORMALS FOR TODAY
                         NORMAL    RECORD    YEAR
 MAXIMUM TEMPERATURE (F)   81        98      1925
 MINIMUM TEMPERATURE (F)   59        42      1901


SUNRISE AND SUNSET
SEPTEMBER 19 2017.....SUNRISE   722 AM EDT   SUNSET   737 PM EDT
SEPTEMBER 20 2017.....SUNRISE   722 AM EDT   SUNSET   735 PM EDT


-  INDICATES NEGATIVE NUMBERS.
R  INDICATES RECORD WAS SET OR TIED.
MM INDICATES DATA IS MISSING.
T  INDICATES TRACE AMOUNT.




$$
