000
CDUS44 KMRX 030847
CLITYS


CLIMATE REPORT
NATIONAL WEATHER SERVICE MORRISTOWN TN
447 AM EDT TUE MAY 3 2016


...................................

...THE KNOXVILLE    ASOS CLIMATE SUMMARY FOR MAY 2 2016...

CLIMATE NORMAL PERIOD 1981 TO 2010
CLIMATE RECORD PERIOD 1871 TO 2016


WEATHER ITEM   OBSERVED TIME   RECORD YEAR NORMAL DEPARTURE LAST
                VALUE   (LST)  VALUE       VALUE  FROM      YEAR
                                                  NORMAL
..................................................................
TEMPERATURE (F)
 YESTERDAY
  MAXIMUM         79    136 PM  90    2010  75      4       75
  MINIMUM         61   1002 PM  34    1963  52      9       43
  AVERAGE         70                        63      7       59

PRECIPITATION (IN)
  YESTERDAY        0.27          1.42 1984   0.15   0.12     0.00
  MONTH TO DATE    0.46                      0.30   0.16     0.00
  SINCE MAR 1      5.78                      8.65  -2.87     8.58
  SINCE JAN 1     15.66                     17.23  -1.57    15.72

SNOWFALL (IN)
  YESTERDAY        0.0                       0.0    0.0      0.0
  MONTH TO DATE    0.0                       0.0    0.0      0.0
  SINCE MAR 1      0.0                       1.4   -1.4       T
  SINCE JUL 1      5.2                       6.5   -1.3      9.3
  SNOW DEPTH       0

DEGREE DAYS
 HEATING
  YESTERDAY        0                         4     -4        6
  MONTH TO DATE    0                         8     -8       19
  SINCE MAR 1    470                       687   -217      569
  SINCE JUL 1   2903                      3583   -680     3834

 COOLING
  YESTERDAY        5                         2      3        0
  MONTH TO DATE   12                         4      8        0
  SINCE MAR 1     85                        41     44       25
  SINCE JAN 1     85                        41     44       25
..................................................................


WIND (MPH)
  HIGHEST WIND SPEED    18   HIGHEST WIND DIRECTION     W (280)
  HIGHEST GUST SPEED    25   HIGHEST GUST DIRECTION     W (260)
  AVERAGE WIND SPEED     6.1


SKY COVER
  POSSIBLE SUNSHINE  MM
  AVERAGE SKY COVER 0.8


WEATHER CONDITIONS
 THE FOLLOWING WEATHER WAS RECORDED YESTERDAY.
  THUNDERSTORM
  HEAVY RAIN
  LIGHT RAIN
  FOG


RELATIVE HUMIDITY (PERCENT)
 HIGHEST   100          1000 PM
 LOWEST     60          1100 AM
 AVERAGE    80

..........................................................


THE KNOXVILLE    ASOS CLIMATE NORMALS FOR TODAY
                         NORMAL    RECORD    YEAR
 MAXIMUM TEMPERATURE (F)   75        90      1894
 MINIMUM TEMPERATURE (F)   52        37      1988


SUNRISE AND SUNSET
MAY  3 2016...........SUNRISE   641 AM EDT   SUNSET   825 PM EDT
MAY  4 2016...........SUNRISE   640 AM EDT   SUNSET   826 PM EDT


-  INDICATES NEGATIVE NUMBERS.
R  INDICATES RECORD WAS SET OR TIED.
MM INDICATES DATA IS MISSING.
T  INDICATES TRACE AMOUNT.




$$
