121
CDUS44 KMRX 200906
CLITYS


CLIMATE REPORT
NATIONAL WEATHER SERVICE MORRISTOWN TN
406 AM EST MON NOV 20 2017


...................................

...THE KNOXVILLE    ASOS CLIMATE SUMMARY FOR NOVEMBER 19 2017...

CLIMATE NORMAL PERIOD 1981 TO 2010
CLIMATE RECORD PERIOD 1871 TO 2017


WEATHER ITEM   OBSERVED TIME   RECORD YEAR NORMAL DEPARTURE LAST
                VALUE   (LST)  VALUE       VALUE  FROM      YEAR
                                                  NORMAL
..................................................................
TEMPERATURE (F)
 YESTERDAY
  MAXIMUM         48   1221 AM  83    1985  59    -11       64
  MINIMUM         34   1159 PM  17    1914  38     -4       39
  AVERAGE         41                        48     -7       52

PRECIPITATION (IN)
  YESTERDAY        T             1.50 1974   0.14  -0.14     0.16
  MONTH TO DATE    3.16                      2.35   0.81     0.16
  SINCE SEP 1     10.95                      8.10   2.85     1.76
  SINCE JAN 1     48.47                     41.70   6.77    32.58

SNOWFALL (IN)
  YESTERDAY        0.0                       0.0    0.0      0.0
  MONTH TO DATE    0.0                       0.0    0.0      0.0
  SINCE SEP 1      T                         0.0    0.0      0.0
  SINCE JUL 1      T                         0.0    0.0      0.0
  SNOW DEPTH       0

DEGREE DAYS
 HEATING
  YESTERDAY       24                        17      7       13
  MONTH TO DATE  217                       258    -41      173
  SINCE SEP 1    405                       477    -72      225
  SINCE JUL 1    405                       477    -72      225

 COOLING
  YESTERDAY        0                         0      0        0
  MONTH TO DATE    6                         0      6       14
  SINCE SEP 1    270                       242     28      471
  SINCE JAN 1   1558                      1523     35     2121
..................................................................


WIND (MPH)
  HIGHEST WIND SPEED    24   HIGHEST WIND DIRECTION     W (280)
  HIGHEST GUST SPEED    32   HIGHEST GUST DIRECTION     W (270)
  AVERAGE WIND SPEED     6.9


SKY COVER
  POSSIBLE SUNSHINE  MM
  AVERAGE SKY COVER 0.6


WEATHER CONDITIONS
 THE FOLLOWING WEATHER WAS RECORDED YESTERDAY.
  LIGHT RAIN


RELATIVE HUMIDITY (PERCENT)
 HIGHEST    93           500 AM
 LOWEST     53           200 PM
 AVERAGE    73

..........................................................


THE KNOXVILLE    ASOS CLIMATE NORMALS FOR TODAY
                         NORMAL    RECORD    YEAR
 MAXIMUM TEMPERATURE (F)   59        80      1906
 MINIMUM TEMPERATURE (F)   38        13      1914


SUNRISE AND SUNSET
NOVEMBER 20 2017......SUNRISE   717 AM EST   SUNSET   526 PM EST
NOVEMBER 21 2017......SUNRISE   718 AM EST   SUNSET   525 PM EST


-  INDICATES NEGATIVE NUMBERS.
R  INDICATES RECORD WAS SET OR TIED.
MM INDICATES DATA IS MISSING.
T  INDICATES TRACE AMOUNT.




$$
