000
CDUS44 KMRX 232134
CLITYS


CLIMATE REPORT
NATIONAL WEATHER SERVICE MORRISTOWN TN
534 PM EDT SAT JUL 23 2016


...................................

...THE KNOXVILLE    ASOS CLIMATE SUMMARY FOR JULY 23 2016...
VALID TODAY AS OF 0500 PM LOCAL TIME.

CLIMATE NORMAL PERIOD 1981 TO 2010
CLIMATE RECORD PERIOD 1871 TO 2016


WEATHER ITEM   OBSERVED TIME   RECORD YEAR NORMAL DEPARTURE LAST
                VALUE   (LST)  VALUE       VALUE  FROM      YEAR
                                                  NORMAL
..................................................................
TEMPERATURE (F)
 TODAY
  MAXIMUM         96    151 PM 101    1952  88      8       76
  MINIMUM         76    638 AM  53    1947  69      7       71
  AVERAGE         86                        79      7       74

PRECIPITATION (IN)
  TODAY            T             1.10 1874   0.17  -0.17     0.64
  MONTH TO DATE    3.80                      3.87  -0.07     6.48
  SINCE JUN 1      8.23                      7.68   0.55    11.77
  SINCE JAN 1     27.49                     29.12  -1.63    29.25

SNOWFALL (IN)
  TODAY            0.0                       0.0    0.0      0.0
  MONTH TO DATE    0.0                       0.0    0.0      0.0
  SINCE JUN 1      0.0                       0.0    0.0      0.0
  SINCE JUL 1      0.0                       0.0    0.0      0.0
  SNOW DEPTH       0

DEGREE DAYS
 HEATING
  TODAY            0                         0      0        0
  MONTH TO DATE    0                         0      0        0
  SINCE JUN 1      0                         4     -4        0
  SINCE JUL 1      0                         0      0        0

 COOLING
  TODAY           21                        14      7        9
  MONTH TO DATE  377                       312     65      296
  SINCE JUN 1    776                       617    159      695
  SINCE JAN 1    987                       779    208      929
..................................................................


WIND (MPH)
  HIGHEST WIND SPEED    18   HIGHEST WIND DIRECTION     S (190)
  HIGHEST GUST SPEED    22   HIGHEST GUST DIRECTION     S (190)
  AVERAGE WIND SPEED     3.1


SKY COVER
  POSSIBLE SUNSHINE  MM
  AVERAGE SKY COVER 0.8


WEATHER CONDITIONS
 THE FOLLOWING WEATHER WAS RECORDED TODAY.
  THUNDERSTORM


RELATIVE HUMIDITY (PERCENT)
 HIGHEST    87           600 AM
 LOWEST     43           200 PM
 AVERAGE    65

..........................................................


THE KNOXVILLE    ASOS CLIMATE NORMALS FOR TOMORROW
                         NORMAL    RECORD    YEAR
 MAXIMUM TEMPERATURE (F)   88       101      1934
 MINIMUM TEMPERATURE (F)   69        57      1947


SUNRISE AND SUNSET
JULY 23 2016..........SUNRISE   637 AM EDT   SUNSET   847 PM EDT
JULY 24 2016..........SUNRISE   638 AM EDT   SUNSET   847 PM EDT


-  INDICATES NEGATIVE NUMBERS.
R  INDICATES RECORD WAS SET OR TIED.
MM INDICATES DATA IS MISSING.
T  INDICATES TRACE AMOUNT.




$$
