000
CDUS44 KMRX 232220
CLITYS


CLIMATE REPORT
NATIONAL WEATHER SERVICE MORRISTOWN TN
520 PM EST MON JAN 23 2017


...................................

...THE KNOXVILLE    ASOS CLIMATE SUMMARY FOR JANUARY 23 2017...
VALID TODAY AS OF 0500 PM LOCAL TIME.

CLIMATE NORMAL PERIOD 1981 TO 2010
CLIMATE RECORD PERIOD 1871 TO 2017


WEATHER ITEM   OBSERVED TIME   RECORD YEAR NORMAL DEPARTURE LAST
                VALUE   (LST)  VALUE       VALUE  FROM      YEAR
                                                  NORMAL
..................................................................
TEMPERATURE (F)
 TODAY
  MAXIMUM         56    246 PM  72    1999  48      8       28
  MINIMUM         48    921 AM   2    1963  29     19       23
                                      1936
  AVERAGE         52                        38     14       26

PRECIPITATION (IN)
  TODAY            0.12          3.40 2002   0.14  -0.02     0.03
  MONTH TO DATE    2.98                      3.21  -0.23     2.05
  SINCE DEC 1      9.94                      7.71   2.23     9.89
  SINCE JAN 1      2.98                      3.21  -0.23     2.05

SNOWFALL (IN)
  TODAY            0.0                       0.1   -0.1      0.5
  MONTH TO DATE    2.3                       2.0    0.3      2.6
  SINCE DEC 1      2.3                       2.8   -0.5      2.6
  SINCE JUL 1      2.3                       2.8   -0.5      2.6
  SNOW DEPTH       0

DEGREE DAYS
 HEATING
  TODAY           13                        27    -14       39
  MONTH TO DATE  374                       621   -247      702
  SINCE DEC 1   1055                      1373   -318     1085
  SINCE JUL 1   1459                      2054   -595     1595

 COOLING
  TODAY            0                         0      0        0
  MONTH TO DATE    0                         0      0        0
  SINCE DEC 1      0                         0      0        5
  SINCE JAN 1      0                         0      0        0
..................................................................


WIND (MPH)
  HIGHEST WIND SPEED    14   HIGHEST WIND DIRECTION    NW (310)
  HIGHEST GUST SPEED    28   HIGHEST GUST DIRECTION    NW (310)
  AVERAGE WIND SPEED     9.3


SKY COVER
  POSSIBLE SUNSHINE  MM
  AVERAGE SKY COVER 0.9


WEATHER CONDITIONS
 THE FOLLOWING WEATHER WAS RECORDED TODAY.
  RAIN
  LIGHT RAIN
  FOG


RELATIVE HUMIDITY (PERCENT)
 HIGHEST    93           800 AM
 LOWEST     71           500 PM
 AVERAGE    82

..........................................................


THE KNOXVILLE    ASOS CLIMATE NORMALS FOR TOMORROW
                         NORMAL    RECORD    YEAR
 MAXIMUM TEMPERATURE (F)   48        74      1950
 MINIMUM TEMPERATURE (F)   29        -6      1963


SUNRISE AND SUNSET
JANUARY 23 2017.......SUNRISE   742 AM EST   SUNSET   554 PM EST
JANUARY 24 2017.......SUNRISE   741 AM EST   SUNSET   555 PM EST


-  INDICATES NEGATIVE NUMBERS.
R  INDICATES RECORD WAS SET OR TIED.
MM INDICATES DATA IS MISSING.
T  INDICATES TRACE AMOUNT.




$$
