000
CDUS43 KLOT 270636
CLIUGN


CLIMATE REPORT
NATIONAL WEATHER SERVICE CHICAGO IL
136 AM CDT THU APR 27 2017


...................................

...THE WAUKEGAN   CLIMATE SUMMARY FOR APRIL 26 2017...

CLIMATE NORMAL PERIOD 1981 TO 2010
CLIMATE RECORD PERIOD 2000 TO 2017


WEATHER ITEM   OBSERVED TIME   RECORD YEAR NORMAL DEPARTURE LAST
                VALUE   (LST)  VALUE       VALUE  FROM      YEAR
                                                  NORMAL
..................................................................
TEMPERATURE (F)
 YESTERDAY
  MAXIMUM         74    101 PM  77    2001  60     14       47
  MINIMUM         55    409 AM  27    2006  41     14       40
  AVERAGE         65

PRECIPITATION (IN)
  YESTERDAY        0.16          0.97 2011   0.12   0.04     0.00
  MONTH TO DATE    3.05                      2.84   0.21     1.71
  SINCE MAR 1      6.48                      5.16   1.32     4.95
  SINCE JAN 1     10.70                      8.21   2.49     6.46

DEGREE DAYS
 HEATING
  YESTERDAY        0                        15    -15       21
  MONTH TO DATE  368                       515   -147      551
  SINCE MAR 1   1261                      1439   -178     1328
  SINCE JUL 1   5373                      6385  -1012     5673

 COOLING
  YESTERDAY        0                         0      0        0
  MONTH TO DATE    4                         0      4        0
  SINCE MAR 1      4                         0      4        0
  SINCE JAN 1      4                         0      4        0
..................................................................


WIND (MPH)
  RESULTANT WIND SPEED   7   RESULTANT WIND DIRECTION   S (190)
  HIGHEST WIND SPEED    24   HIGHEST WIND DIRECTION    SW (210)
  HIGHEST GUST SPEED    29   HIGHEST GUST DIRECTION    SW (210)
  AVERAGE WIND SPEED     8.2


SKY COVER
  POSSIBLE SUNSHINE  MM
  AVERAGE SKY COVER 0.7


WEATHER CONDITIONS
 THE FOLLOWING WEATHER WAS RECORDED YESTERDAY.
  LIGHT RAIN
  FOG


RELATIVE HUMIDITY (PERCENT)
 HIGHEST   100
 LOWEST     61
 AVERAGE    81

..........................................................


THE WAUKEGAN   CLIMATE NORMALS FOR TODAY
                         NORMAL    RECORD    YEAR
 MAXIMUM TEMPERATURE (F)   60        75      2003
 MINIMUM TEMPERATURE (F)   41        31      2010
                                             2008


SUNRISE AND SUNSET
APRIL 27 2017.........SUNRISE   552 AM CDT   SUNSET   747 PM CDT
APRIL 28 2017.........SUNRISE   550 AM CDT   SUNSET   748 PM CDT


-  INDICATES NEGATIVE NUMBERS.
R  INDICATES RECORD WAS SET OR TIED.
MM INDICATES DATA IS MISSING.
T  INDICATES TRACE AMOUNT.




$$
