000
CDUS43 KLOT 280709
CLIUGN


CLIMATE REPORT
NATIONAL WEATHER SERVICE CHICAGO IL
209 AM CDT THU APR 28 2016


...................................

...THE WAUKEGAN   CLIMATE SUMMARY FOR APRIL 27 2016...

CLIMATE NORMAL PERIOD 1981 TO 2010
CLIMATE RECORD PERIOD 2000 TO 2016


WEATHER ITEM   OBSERVED TIME   RECORD YEAR NORMAL DEPARTURE LAST
                VALUE   (LST)  VALUE       VALUE  FROM      YEAR
                                                  NORMAL
..................................................................
TEMPERATURE (F)
 YESTERDAY
  MAXIMUM         48    151 PM  75    2003  60    -12       52
  MINIMUM         39    416 AM  31    2010  41     -2       36
                                      2008
  AVERAGE         44

PRECIPITATION (IN)
  YESTERDAY        0.16          0.43 2002   0.15   0.01     0.00
  MONTH TO DATE    1.87                      2.99  -1.12     4.24
  SINCE MAR 1      5.11                      5.31  -0.20     4.88
  SINCE JAN 1      6.62                      8.36  -1.74     5.42

DEGREE DAYS
 HEATING
  YESTERDAY       21                        15      6       21
  MONTH TO DATE  572                       530     42      513
  SINCE MAR 1   1349                      1454   -105     1519
  SINCE JUL 1   5694                      6400   -706     7044

 COOLING
  YESTERDAY        0                         0      0        0
  MONTH TO DATE    0                         0      0        0
  SINCE MAR 1      0                         0      0        0
  SINCE JAN 1      0                         0      0        0
..................................................................


WIND (MPH)
  RESULTANT WIND SPEED  12   RESULTANT WIND DIRECTION  NE (60)
  HIGHEST WIND SPEED    20   HIGHEST WIND DIRECTION    NE (60)
  HIGHEST GUST SPEED    29   HIGHEST GUST DIRECTION    NE (60)
  AVERAGE WIND SPEED    12.2


SKY COVER
  POSSIBLE SUNSHINE  MM
  AVERAGE SKY COVER 0.6


WEATHER CONDITIONS
 THE FOLLOWING WEATHER WAS RECORDED YESTERDAY.
  LIGHT RAIN


RELATIVE HUMIDITY (PERCENT)
 HIGHEST    92
 LOWEST     60
 AVERAGE    76

..........................................................


THE WAUKEGAN   CLIMATE NORMALS FOR TODAY
                         NORMAL    RECORD    YEAR
 MAXIMUM TEMPERATURE (F)   60        78      2004
 MINIMUM TEMPERATURE (F)   41        29      2010


SUNRISE AND SUNSET
APRIL 28 2016.........SUNRISE   550 AM CDT   SUNSET   748 PM CDT
APRIL 29 2016.........SUNRISE   549 AM CDT   SUNSET   750 PM CDT


-  INDICATES NEGATIVE NUMBERS.
R  INDICATES RECORD WAS SET OR TIED.
MM INDICATES DATA IS MISSING.
T  INDICATES TRACE AMOUNT.




$$
