000
CDUS43 KLOT 270634
CLIUGN


CLIMATE REPORT
NATIONAL WEATHER SERVICE CHICAGO IL
132 AM CDT TUE JUN 27 2017


...................................

...THE WAUKEGAN   CLIMATE SUMMARY FOR JUNE 26 2017...

CLIMATE NORMAL PERIOD 1981 TO 2010
CLIMATE RECORD PERIOD 2000 TO 2017


WEATHER ITEM   OBSERVED TIME   RECORD YEAR NORMAL DEPARTURE LAST
                VALUE   (LST)  VALUE       VALUE  FROM      YEAR
                                                  NORMAL
..................................................................
TEMPERATURE (F)
 YESTERDAY
  MAXIMUM         70    102 PM  89    2016  79     -9       89
  MINIMUM         51   1150 PM  48    2012  60     -9       70
  AVERAGE         61

PRECIPITATION (IN)
  YESTERDAY        0.00          0.70 2002   0.09  -0.09     0.01
  MONTH TO DATE    2.75                      3.50  -0.75     1.35
  SINCE JUN 1      2.75                      3.50  -0.75     1.35
  SINCE JAN 1     16.86                     16.36   0.50    13.29

DEGREE DAYS
 HEATING
  YESTERDAY        4                         1      3        0
  MONTH TO DATE   34                        82    -48       33
  SINCE JUN 1     34                        82    -48       33
  SINCE JUL 1   5835                      6833   -998     6090

 COOLING
  YESTERDAY        0                         5     -5       15
  MONTH TO DATE  127                        81     46      117
  SINCE JUN 1    127                        81     46      117
  SINCE JAN 1    148                       106     42      161
..................................................................


WIND (MPH)
  RESULTANT WIND SPEED   5   RESULTANT WIND DIRECTION  NW (300)
  HIGHEST WIND SPEED    17   HIGHEST WIND DIRECTION    NW (320)
  HIGHEST GUST SPEED    27   HIGHEST GUST DIRECTION    NW (310)
  AVERAGE WIND SPEED     5.8


SKY COVER
  POSSIBLE SUNSHINE  MM
  AVERAGE SKY COVER 0.3


WEATHER CONDITIONS
 THE FOLLOWING WEATHER WAS RECORDED YESTERDAY.
  NO SIGNIFICANT WEATHER WAS OBSERVED.


RELATIVE HUMIDITY (PERCENT)
 HIGHEST    93
 LOWEST     40
 AVERAGE    67

..........................................................


THE WAUKEGAN   CLIMATE NORMALS FOR TODAY
                         NORMAL    RECORD    YEAR
 MAXIMUM TEMPERATURE (F)   79        93      2012
 MINIMUM TEMPERATURE (F)   60        52      2015


SUNRISE AND SUNSET
JUNE 27 2017..........SUNRISE   516 AM CDT   SUNSET   833 PM CDT
JUNE 28 2017..........SUNRISE   517 AM CDT   SUNSET   833 PM CDT


-  INDICATES NEGATIVE NUMBERS.
R  INDICATES RECORD WAS SET OR TIED.
MM INDICATES DATA IS MISSING.
T  INDICATES TRACE AMOUNT.




$$
