000
CDUS43 KLOT 270654
CLIUGN


CLIMATE REPORT
NATIONAL WEATHER SERVICE CHICAGO IL
1253 AM CST THU NOV 27 2014


...................................

...THE WAUKEGAN   CLIMATE SUMMARY FOR NOVEMBER 26 2014...

CLIMATE NORMAL PERIOD 1981 TO 2010
CLIMATE RECORD PERIOD 2000 TO 2014


WEATHER ITEM   OBSERVED TIME   RECORD YEAR NORMAL DEPARTURE LAST
                VALUE   (LST)  VALUE       VALUE  FROM      YEAR
                                                  NORMAL
..................................................................
TEMPERATURE (F)
 YESTERDAY
  MAXIMUM         29    407 PM  57    2006  41    -12       32
  MINIMUM          9R   408 AM  15    2013  27    -18       15
  AVERAGE         19

PRECIPITATION (IN)
  YESTERDAY        0.00          0.66 2011   0.08  -0.08      T
  MONTH TO DATE    1.26                      2.42  -1.16     1.94
  SINCE SEP 1      8.43                      8.80  -0.37     6.34
  SINCE JAN 1     31.38                     33.25  -1.87    28.18

DEGREE DAYS
 HEATING
  YESTERDAY       46                        31     15       41
  MONTH TO DATE  838                       650    188      713
  SINCE SEP 1   1474                      1228    246     1314
  SINCE JUL 1   1517                      1256    261     1353

 COOLING
  YESTERDAY        0                         0      0        0
  MONTH TO DATE    0                         0      0        0
  SINCE SEP 1     53                        62     -9      100
  SINCE JAN 1    424                       564   -140      590
..................................................................


WIND (MPH)
  RESULTANT WIND SPEED   2   RESULTANT WIND DIRECTION  NW (310)
  HIGHEST WIND SPEED    10   HIGHEST WIND DIRECTION    NW (300)
  HIGHEST GUST SPEED    15   HIGHEST GUST DIRECTION    NW (300)
  AVERAGE WIND SPEED     3.3


SKY COVER
  POSSIBLE SUNSHINE  MM
  AVERAGE SKY COVER 0.8


WEATHER CONDITIONS
 THE FOLLOWING WEATHER WAS RECORDED YESTERDAY.
  FOG
  HAZE


RELATIVE HUMIDITY (PERCENT)
 HIGHEST    92
 LOWEST     75
 AVERAGE    84

..........................................................


THE WAUKEGAN   CLIMATE NORMALS FOR TODAY
                         NORMAL    RECORD    YEAR
 MAXIMUM TEMPERATURE (F)   40        61      2006
 MINIMUM TEMPERATURE (F)   26         9      2013


SUNRISE AND SUNSET
NOVEMBER 27 2014......SUNRISE   657 AM CST   SUNSET   421 PM CST
NOVEMBER 28 2014......SUNRISE   658 AM CST   SUNSET   421 PM CST


-  INDICATES NEGATIVE NUMBERS.
R  INDICATES RECORD WAS SET OR TIED.
MM INDICATES DATA IS MISSING.
T  INDICATES TRACE AMOUNT.




$$
