000
CDUS43 KLOT 280634
CLIUGN


CLIMATE REPORT
NATIONAL WEATHER SERVICE CHICAGO IL
1232 AM CST SAT FEB 28 2015


...................................

...THE WAUKEGAN   CLIMATE SUMMARY FOR FEBRUARY 27 2015...

CLIMATE NORMAL PERIOD 1981 TO 2010
CLIMATE RECORD PERIOD 2000 TO 2015


WEATHER ITEM   OBSERVED TIME   RECORD YEAR NORMAL DEPARTURE LAST
                VALUE   (LST)  VALUE       VALUE  FROM      YEAR
                                                  NORMAL
..................................................................
TEMPERATURE (F)
 YESTERDAY
  MAXIMUM         16    207 PM  51    2000  38    -22       15
  MINIMUM         -7   1251 AM  -9    2014  22    -29       -9
  AVERAGE          5

PRECIPITATION (IN)
  YESTERDAY        0.00          0.46 2013   0.06  -0.06      T
  MONTH TO DATE    T                         1.60  -1.60     0.95
  SINCE DEC 1      1.34                      4.99  -3.65     2.58
  SINCE JAN 1      0.54                      2.99  -2.45     2.02

DEGREE DAYS
 HEATING
  YESTERDAY       60                        35     25       62
  MONTH TO DATE 1405                      1061    344     1341
  SINCE DEC 1   3803                      3527    276     4301
  SINCE JUL 1   5466                      4912    554     5813

 COOLING
  YESTERDAY        0                         0      0        0
  MONTH TO DATE    0                         0      0        0
  SINCE DEC 1      0                         0      0        0
  SINCE JAN 1      0                         0      0        0
..................................................................


WIND (MPH)
  RESULTANT WIND SPEED   4   RESULTANT WIND DIRECTION   W (270)
  HIGHEST WIND SPEED    12   HIGHEST WIND DIRECTION    SW (220)
  HIGHEST GUST SPEED    18   HIGHEST GUST DIRECTION    SW (220)
  AVERAGE WIND SPEED     6.2


SKY COVER
  POSSIBLE SUNSHINE  MM
  AVERAGE SKY COVER 0.0


WEATHER CONDITIONS
 THE FOLLOWING WEATHER WAS RECORDED YESTERDAY.
  NO SIGNIFICANT WEATHER WAS OBSERVED.


RELATIVE HUMIDITY (PERCENT)
 HIGHEST    82
 LOWEST     40
 AVERAGE    61

..........................................................


THE WAUKEGAN   CLIMATE NORMALS FOR TODAY
                         NORMAL    RECORD    YEAR
 MAXIMUM TEMPERATURE (F)   38        54      2004
 MINIMUM TEMPERATURE (F)   22       -10      2014


SUNRISE AND SUNSET
FEBRUARY 28 2015......SUNRISE   629 AM CST   SUNSET   540 PM CST
MARCH  1 2015.........SUNRISE   627 AM CST   SUNSET   541 PM CST


-  INDICATES NEGATIVE NUMBERS.
R  INDICATES RECORD WAS SET OR TIED.
MM INDICATES DATA IS MISSING.
T  INDICATES TRACE AMOUNT.




$$
