000
CDUS43 KLOT 190634
CLIUGN


CLIMATE REPORT
NATIONAL WEATHER SERVICE CHICAGO IL
133 AM CDT FRI SEP 19 2014


...................................

...THE WAUKEGAN   CLIMATE SUMMARY FOR SEPTEMBER 18 2014...

CLIMATE NORMAL PERIOD 1981 TO 2010
CLIMATE RECORD PERIOD 2000 TO 2014


WEATHER ITEM   OBSERVED TIME   RECORD YEAR NORMAL DEPARTURE LAST
                VALUE   (LST)  VALUE       VALUE  FROM      YEAR
                                                  NORMAL
..................................................................
TEMPERATURE (F)
 YESTERDAY
  MAXIMUM         62   1249 PM  87    2007  70     -8       79
  MINIMUM         45   1232 AM  40    2012  52     -7       60
  AVERAGE         54

PRECIPITATION (IN)
  YESTERDAY        0.00          0.61 2002   0.13  -0.13     0.02
  MONTH TO DATE    2.85                      1.95   0.90     1.07
  SINCE SEP 1      2.85                      1.95   0.90     1.07
  SINCE JAN 1     25.80                     26.40  -0.60    22.91

DEGREE DAYS
 HEATING
  YESTERDAY       11                         5      6        0
  MONTH TO DATE  107                        49     58       53
  SINCE SEP 1    107                        49     58       53
  SINCE JUL 1    150                        77     73       92

 COOLING
  YESTERDAY        0                         1     -1        5
  MONTH TO DATE   44                        46     -2       82
  SINCE SEP 1     44                        46     -2       82
  SINCE JAN 1    415                       548   -133      572
..................................................................


WIND (MPH)
  RESULTANT WIND SPEED   5   RESULTANT WIND DIRECTION   N (20)
  HIGHEST WIND SPEED    13   HIGHEST WIND DIRECTION     N (20)
  HIGHEST GUST SPEED    17   HIGHEST GUST DIRECTION     N (20)
  AVERAGE WIND SPEED     5.6


SKY COVER
  POSSIBLE SUNSHINE  MM
  AVERAGE SKY COVER 0.6


WEATHER CONDITIONS
 THE FOLLOWING WEATHER WAS RECORDED YESTERDAY.
  FOG


RELATIVE HUMIDITY (PERCENT)
 HIGHEST   100
 LOWEST     78
 AVERAGE    89

..........................................................


THE WAUKEGAN   CLIMATE NORMALS FOR TODAY
                         NORMAL    RECORD    YEAR
 MAXIMUM TEMPERATURE (F)   70        83      2005
                                             2000
 MINIMUM TEMPERATURE (F)   52        34      2012


SUNRISE AND SUNSET
SEPTEMBER 19 2014.....SUNRISE   636 AM CDT   SUNSET   654 PM CDT
SEPTEMBER 20 2014.....SUNRISE   637 AM CDT   SUNSET   652 PM CDT


-  INDICATES NEGATIVE NUMBERS.
R  INDICATES RECORD WAS SET OR TIED.
MM INDICATES DATA IS MISSING.
T  INDICATES TRACE AMOUNT.




$$
