000
CDUS43 KLOT 290632
CLIUGN


CLIMATE REPORT
NATIONAL WEATHER SERVICE CHICAGO IL
132 AM CDT FRI AUG 29 2014


...................................

...THE WAUKEGAN   CLIMATE SUMMARY FOR AUGUST 28 2014...

CLIMATE NORMAL PERIOD 1981 TO 2010
CLIMATE RECORD PERIOD 2000 TO 2014


WEATHER ITEM   OBSERVED TIME   RECORD YEAR NORMAL DEPARTURE LAST
                VALUE   (LST)  VALUE       VALUE  FROM      YEAR
                                                  NORMAL
..................................................................
TEMPERATURE (F)
 YESTERDAY
  MAXIMUM         72   1227 PM  91    2007  78     -6       82
                                      2003
  MINIMUM         58    206 AM  55    2009  60     -2       64
  AVERAGE         65

PRECIPITATION (IN)
  YESTERDAY        T             0.35 2006   0.11  -0.11     0.00
  MONTH TO DATE    3.61                      3.50   0.11     1.14
  SINCE JUN 1     12.01                     11.26   0.75     7.76
  SINCE JAN 1     22.85                     24.12  -1.27    21.62

DEGREE DAYS
 HEATING
  YESTERDAY        0                         1     -1        0
  MONTH TO DATE    9                         4      5       12
  SINCE JUN 1    116                       102     14      136
  SINCE JUL 1     43                        16     27       39

 COOLING
  YESTERDAY        0                         5     -5        8
  MONTH TO DATE  133                       157    -24      138
  SINCE JUN 1    317                       467   -150      415
  SINCE JAN 1    340                       492   -152      462
..................................................................


WIND (MPH)
  RESULTANT WIND SPEED   7   RESULTANT WIND DIRECTION   E (80)
  HIGHEST WIND SPEED    15   HIGHEST WIND DIRECTION     E (70)
  HIGHEST GUST SPEED    18   HIGHEST GUST DIRECTION     E (100)
  AVERAGE WIND SPEED     7.2


SKY COVER
  POSSIBLE SUNSHINE  MM
  AVERAGE SKY COVER 0.1


WEATHER CONDITIONS
 THE FOLLOWING WEATHER WAS RECORDED YESTERDAY.
  NO SIGNIFICANT WEATHER WAS OBSERVED.


RELATIVE HUMIDITY (PERCENT)
 HIGHEST    93
 LOWEST     49
 AVERAGE    71

..........................................................


THE WAUKEGAN   CLIMATE NORMALS FOR TODAY
                         NORMAL    RECORD    YEAR
 MAXIMUM TEMPERATURE (F)   78        92      2010
 MINIMUM TEMPERATURE (F)   59        51      2004


SUNRISE AND SUNSET
AUGUST 29 2014........SUNRISE   613 AM CDT   SUNSET   731 PM CDT
AUGUST 30 2014........SUNRISE   614 AM CDT   SUNSET   729 PM CDT


-  INDICATES NEGATIVE NUMBERS.
R  INDICATES RECORD WAS SET OR TIED.
MM INDICATES DATA IS MISSING.
T  INDICATES TRACE AMOUNT.




$$
