000
CDUS46 KSEW 030833
CLIUIL


CLIMATE REPORT
NATIONAL WEATHER SERVICE SEATTLE WA
133 AM PDT TUE MAY 3 2016


...................................

...THE QUILLAYUTE WA AIRPORT CLIMATE SUMMARY FOR MAY 2 2016...

CLIMATE NORMAL PERIOD 1981 TO 2010
CLIMATE RECORD PERIOD 1966 TO 2016


WEATHER ITEM   OBSERVED TIME   RECORD YEAR NORMAL DEPARTURE LAST
                VALUE   (LST)  VALUE       VALUE  FROM      YEAR
                                                  NORMAL
..................................................................
TEMPERATURE (F)
 YESTERDAY
  MAXIMUM         81R  1005 AM  77    1991  58     23       61
  MINIMUM         47    159 AM  33    1974  41      6       39
  AVERAGE         64                        49     15       50

PRECIPITATION (IN)
  YESTERDAY        T             2.74 1975   0.19  -0.19     0.00
  MONTH TO DATE    T                         0.38  -0.38     0.01
  SINCE OCT 1     93.49                     83.02  10.47    85.49
  SINCE JAN 1     49.51                     44.02   5.49    40.74

DEGREE DAYS
 HEATING
  YESTERDAY        1                        16    -15       15
  MONTH TO DATE    9                        32    -23       30
  SINCE MAR 1    925                      1229   -304     1089
  SINCE JUL 1   4048                      5074  -1026     3999

 COOLING
  YESTERDAY        0                         0      0        0
  MONTH TO DATE    0                         0      0        0
  SINCE MAR 1      0                         0      0        0
  SINCE JAN 1      0                         0      0        0
..................................................................


WIND (MPH)
  RESULTANT WIND SPEED   4   RESULTANT WIND DIRECTION   S (160)
  HIGHEST WIND SPEED    17   HIGHEST WIND DIRECTION    SW (210)
  HIGHEST GUST SPEED    25   HIGHEST GUST DIRECTION     S (190)
  AVERAGE WIND SPEED     5.2


SKY COVER
  AVERAGE SKY COVER 0.1


WEATHER CONDITIONS
 THE FOLLOWING WEATHER WAS RECORDED YESTERDAY.
  LIGHT RAIN


RELATIVE HUMIDITY (PERCENT)
 HIGHEST   100          1100 PM
 LOWEST     30          1000 AM
 AVERAGE    65

..........................................................


THE QUILLAYUTE WA AIRPORT CLIMATE NORMALS FOR TODAY
                         NORMAL    RECORD    YEAR
 MAXIMUM TEMPERATURE (F)   58        83      1992
 MINIMUM TEMPERATURE (F)   41        32      2006
                                             1980


SUNRISE AND SUNSET
MAY  3 2016...........SUNRISE   556 AM PDT   SUNSET   835 PM PDT
MAY  4 2016...........SUNRISE   554 AM PDT   SUNSET   836 PM PDT


-  INDICATES NEGATIVE NUMBERS.
R  INDICATES RECORD WAS SET OR TIED.
MM INDICATES DATA IS MISSING.
T  INDICATES TRACE AMOUNT.




$$
