000
CDUS46 KSEW 170831
CLIUIL


CLIMATE REPORT
NATIONAL WEATHER SERVICE SEATTLE WA
1231 AM PST WED JAN 17 2018


...................................

...THE QUILLAYUTE WA AIRPORT CLIMATE SUMMARY FOR JANUARY 16 2018...

CLIMATE NORMAL PERIOD 1981 TO 2010
CLIMATE RECORD PERIOD 1966 TO 2018


WEATHER ITEM   OBSERVED TIME   RECORD YEAR NORMAL DEPARTURE LAST
                VALUE   (LST)  VALUE       VALUE  FROM      YEAR
                                                  NORMAL
..................................................................
TEMPERATURE (F)
 YESTERDAY
  MAXIMUM         50    357 PM  60    2014  47      3       53
  MINIMUM         44   1159 PM  18    1984  36      8       33
  AVERAGE         47                        42      5       43

PRECIPITATION (IN)
  YESTERDAY        0.43          2.51 1982   0.50  -0.07     0.08
  MONTH TO DATE    6.19                      7.76  -1.57     1.39
  SINCE OCT 1     44.41                     46.76  -2.35    61.32
  SINCE JAN 1      6.19                      7.76  -1.57     1.39

DEGREE DAYS
 HEATING
  YESTERDAY       18                        23     -5       22
  MONTH TO DATE  323                       380    -57      497
  SINCE DEC 1   1085                      1144    -59     1358
  SINCE JUL 1   2619                      2858   -239     2785

 COOLING
  YESTERDAY        0                         0      0        0
  MONTH TO DATE    0                         0      0        0
  SINCE DEC 1      0                         0      0        0
  SINCE JAN 1      0                         0      0        0
..................................................................


WIND (MPH)
  RESULTANT WIND SPEED   6   RESULTANT WIND DIRECTION  SE (140)
  HIGHEST WIND SPEED    21   HIGHEST WIND DIRECTION     S (170)
  HIGHEST GUST SPEED    33   HIGHEST GUST DIRECTION     S (200)
  AVERAGE WIND SPEED     9.6


SKY COVER
  AVERAGE SKY COVER 0.9


WEATHER CONDITIONS
 THE FOLLOWING WEATHER WAS RECORDED YESTERDAY.
  THUNDERSTORM
  RAIN
  LIGHT RAIN
  FOG


RELATIVE HUMIDITY (PERCENT)
 HIGHEST    93           600 AM
 LOWEST     86          1200 AM
 AVERAGE    90

..........................................................


THE QUILLAYUTE WA AIRPORT CLIMATE NORMALS FOR TODAY
                         NORMAL    RECORD    YEAR
 MAXIMUM TEMPERATURE (F)   47        64      2014
 MINIMUM TEMPERATURE (F)   36        15      1984


SUNRISE AND SUNSET
JANUARY 17 2018.......SUNRISE   801 AM PST   SUNSET   456 PM PST
JANUARY 18 2018.......SUNRISE   801 AM PST   SUNSET   457 PM PST


-  INDICATES NEGATIVE NUMBERS.
R  INDICATES RECORD WAS SET OR TIED.
MM INDICATES DATA IS MISSING.
T  INDICATES TRACE AMOUNT.




$$
