000
CDUS46 KSEW 230829
CLIUIL


CLIMATE REPORT
NATIONAL WEATHER SERVICE SEATTLE WA
128 AM PDT WED APR 23 2014


...................................

...THE QUILLAYUTE WA AIRPORT CLIMATE SUMMARY FOR APRIL 22 2014...

CLIMATE NORMAL PERIOD 1981 TO 2010
CLIMATE RECORD PERIOD 1966 TO 2014


WEATHER ITEM   OBSERVED TIME   RECORD YEAR NORMAL DEPARTURE LAST
                VALUE   (LST)  VALUE       VALUE  FROM      YEAR
                                                  NORMAL
..................................................................
TEMPERATURE (F)
 YESTERDAY
  MAXIMUM         54    101 PM  76    2005  56     -2       65
  MINIMUM         35    458 AM  27    1999  39     -4       33
  AVERAGE         45                        47     -2       49

PRECIPITATION (IN)
  YESTERDAY        0.30          1.63 2001   0.24   0.06     0.00
  MONTH TO DATE    7.35                      6.07   1.28     9.24
  SINCE OCT 1     62.96                     80.86 -17.90    94.31
  SINCE JAN 1     45.73                     41.86   3.87    47.34

DEGREE DAYS
 HEATING
  YESTERDAY       20                        18      2       16
  MONTH TO DATE  389                       414    -25      363
  SINCE MAR 1    975                      1062    -87      946
  SINCE JUL 1   4169                      4907   -738     4639

 COOLING
  YESTERDAY        0                         0      0        0
  MONTH TO DATE    0                         0      0        0
  SINCE MAR 1      0                         0      0        0
  SINCE JAN 1      0                         0      0        0
..................................................................


WIND (MPH)
  RESULTANT WIND SPEED   3   RESULTANT WIND DIRECTION  SE (140)
  HIGHEST WIND SPEED    20   HIGHEST WIND DIRECTION    SW (210)
  HIGHEST GUST SPEED    30   HIGHEST GUST DIRECTION     S (200)
  AVERAGE WIND SPEED     4.4


SKY COVER
  AVERAGE SKY COVER 0.8


WEATHER CONDITIONS
 THE FOLLOWING WEATHER WAS RECORDED YESTERDAY.
  RAIN
  LIGHT RAIN
  FOG
  FOG W/VISIBILITY <= 1/4 MILE


RELATIVE HUMIDITY (PERCENT)
 HIGHEST   100          1200 AM
 LOWEST     68           100 PM
 AVERAGE    84

..........................................................


THE QUILLAYUTE WA AIRPORT CLIMATE NORMALS FOR TODAY
                         NORMAL    RECORD    YEAR
 MAXIMUM TEMPERATURE (F)   56        71      1995
 MINIMUM TEMPERATURE (F)   39        30      1999


SUNRISE AND SUNSET
APRIL 23 2014.........SUNRISE   614 AM PDT   SUNSET   820 PM PDT
APRIL 24 2014.........SUNRISE   612 AM PDT   SUNSET   821 PM PDT


-  INDICATES NEGATIVE NUMBERS.
R  INDICATES RECORD WAS SET OR TIED.
MM INDICATES DATA IS MISSING.
T  INDICATES TRACE AMOUNT.




$$
