000
CDUS46 KSEW 180118
CLIUIL


CLIMATE REPORT
NATIONAL WEATHER SERVICE SEATTLE WA
517 PM PST FRI NOV 17 2017


...................................

...THE QUILLAYUTE WA AIRPORT CLIMATE SUMMARY FOR NOVEMBER 17 2017...
VALID TODAY AS OF 0500 PM LOCAL TIME.

CLIMATE NORMAL PERIOD 1981 TO 2010
CLIMATE RECORD PERIOD 1966 TO 2017


WEATHER ITEM   OBSERVED TIME   RECORD YEAR NORMAL DEPARTURE LAST
                VALUE   (LST)  VALUE       VALUE  FROM      YEAR
                                                  NORMAL
..................................................................
TEMPERATURE (F)
 TODAY
  MAXIMUM         49    220 PM  60    2008  50     -1       51
  MINIMUM         34    548 AM  24    2014  38     -4       37
  AVERAGE         42                        44     -2       44

PRECIPITATION (IN)
  TODAY            0.09          1.94 1995   0.53  -0.44     0.01
  MONTH TO DATE    8.32                      8.62  -0.30    14.09
  SINCE OCT 1     15.58                     19.11  -3.53    35.17
  SINCE JAN 1     86.97                     79.65   7.32    97.54

DEGREE DAYS
 HEATING
  TODAY           23                        21      2       21
  MONTH TO DATE  352                       334     18      233
  SINCE SEP 1    993                      1055    -62      896
  SINCE JUL 1   1299                      1424   -125     1172

 COOLING
  TODAY            0                         0      0        0
  MONTH TO DATE    0                         0      0        0
  SINCE SEP 1     20                         2     18        0
  SINCE JAN 1     73                        19     54       54
..................................................................


WIND (MPH)
  RESULTANT WIND SPEED   1   RESULTANT WIND DIRECTION   E (90)
  HIGHEST WIND SPEED     9   HIGHEST WIND DIRECTION    SW (230)
  HIGHEST GUST SPEED    13   HIGHEST GUST DIRECTION    SW (210)
  AVERAGE WIND SPEED     1.7


SKY COVER
  AVERAGE SKY COVER 0.5


WEATHER CONDITIONS
 THE FOLLOWING WEATHER WAS RECORDED TODAY.
  RAIN
  LIGHT RAIN
  FOG


RELATIVE HUMIDITY (PERCENT)
 HIGHEST   100          1200 AM
 LOWEST     80           200 PM
 AVERAGE    90

..........................................................


THE QUILLAYUTE WA AIRPORT CLIMATE NORMALS FOR TOMORROW
                         NORMAL    RECORD    YEAR
 MAXIMUM TEMPERATURE (F)   50        61      2001
 MINIMUM TEMPERATURE (F)   38        21      2000


SUNRISE AND SUNSET
NOVEMBER 17 2017......SUNRISE   728 AM PST   SUNSET   438 PM PST
NOVEMBER 18 2017......SUNRISE   729 AM PST   SUNSET   437 PM PST


-  INDICATES NEGATIVE NUMBERS.
R  INDICATES RECORD WAS SET OR TIED.
MM INDICATES DATA IS MISSING.
T  INDICATES TRACE AMOUNT.




$$
