000
CDUS46 KSEW 050827
CLIUIL


CLIMATE REPORT
NATIONAL WEATHER SERVICE SEATTLE WA
126 AM PDT WED AUG 5 2015


...................................

...THE QUILLAYUTE WA AIRPORT CLIMATE SUMMARY FOR AUGUST 4 2015...

CLIMATE NORMAL PERIOD 1981 TO 2010
CLIMATE RECORD PERIOD 1966 TO 2015


WEATHER ITEM   OBSERVED TIME   RECORD YEAR NORMAL DEPARTURE LAST
                VALUE   (LST)  VALUE       VALUE  FROM      YEAR
                                                  NORMAL
..................................................................
TEMPERATURE (F)
 YESTERDAY
  MAXIMUM         67    204 PM  95    2012  69     -2       67
  MINIMUM         52   1229 AM  43    1998  51      1       47
                                      1981
  AVERAGE         60                        60      0       57

PRECIPITATION (IN)
  YESTERDAY        0.00          0.44 2002   0.06  -0.06     0.00
  MONTH TO DATE    T                         0.23  -0.23     0.00
  SINCE OCT 1     87.32                     93.46  -6.14    72.39
  SINCE JAN 1     42.57                     54.46 -11.89    55.16

DEGREE DAYS
 HEATING
  YESTERDAY        5                         5      0        8
  MONTH TO DATE   10                        20    -10       18
  SINCE JUN 1    271                       508   -237      403
  SINCE JUL 1     81                       214   -133      154

 COOLING
  YESTERDAY        0                         0      0        0
  MONTH TO DATE    4                         0      4        0
  SINCE JUN 1     34                        10     24        6
  SINCE JAN 1     34                        11     23       10
..................................................................


WIND (MPH)
  RESULTANT WIND SPEED   4   RESULTANT WIND DIRECTION   W (270)
  HIGHEST WIND SPEED    16   HIGHEST WIND DIRECTION     W (270)
  HIGHEST GUST SPEED    21   HIGHEST GUST DIRECTION     W (270)
  AVERAGE WIND SPEED     5.6


SKY COVER
  AVERAGE SKY COVER 0.8


WEATHER CONDITIONS
 THE FOLLOWING WEATHER WAS RECORDED YESTERDAY.
  FOG


RELATIVE HUMIDITY (PERCENT)
 HIGHEST   100           100 AM
 LOWEST     63          1000 AM
 AVERAGE    82

..........................................................


THE QUILLAYUTE WA AIRPORT CLIMATE NORMALS FOR TODAY
                         NORMAL    RECORD    YEAR
 MAXIMUM TEMPERATURE (F)   69        84      2008
 MINIMUM TEMPERATURE (F)   51        40      1974


SUNRISE AND SUNSET
AUGUST  5 2015........SUNRISE   600 AM PDT   SUNSET   848 PM PDT
AUGUST  6 2015........SUNRISE   601 AM PDT   SUNSET   846 PM PDT


-  INDICATES NEGATIVE NUMBERS.
R  INDICATES RECORD WAS SET OR TIED.
MM INDICATES DATA IS MISSING.
T  INDICATES TRACE AMOUNT.




$$
