000
CDUS46 KSEW 260830
CLIUIL


CLIMATE REPORT
NATIONAL WEATHER SERVICE SEATTLE WA
130 AM PDT FRI AUG 26 2016


...................................

...THE QUILLAYUTE WA AIRPORT CLIMATE SUMMARY FOR AUGUST 25 2016...

CLIMATE NORMAL PERIOD 1981 TO 2010
CLIMATE RECORD PERIOD 1966 TO 2016


WEATHER ITEM   OBSERVED TIME   RECORD YEAR NORMAL DEPARTURE LAST
                VALUE   (LST)  VALUE       VALUE  FROM      YEAR
                                                  NORMAL
..................................................................
TEMPERATURE (F)
 YESTERDAY
  MAXIMUM         92R   153 PM  84    2005  69     23       75
                                      1967
  MINIMUM         51    513 AM  39    1973  50      1       43
  AVERAGE         72                        59     13       59

PRECIPITATION (IN)
  YESTERDAY        0.00          1.02 1997   0.10  -0.10     0.00
  MONTH TO DATE    0.30                      1.87  -1.57     0.21
  SINCE OCT 1    101.80                     95.10   6.70    87.53
  SINCE JAN 1     57.82                     56.10   1.72    42.78

DEGREE DAYS
 HEATING
  YESTERDAY        0                         6     -6        6
  MONTH TO DATE   94                       138    -44       66
  SINCE JUN 1    498                       626   -128      327
  SINCE JUL 1    249                       332    -83      137

 COOLING
  YESTERDAY        7                         0      7        0
  MONTH TO DATE   38                         0     38       25
  SINCE JUN 1     49                        10     39       55
  SINCE JAN 1     49                        11     38       55
..................................................................


WIND (MPH)
  RESULTANT WIND SPEED   3   RESULTANT WIND DIRECTION  NW (320)
  HIGHEST WIND SPEED    15   HIGHEST WIND DIRECTION     N (340)
  HIGHEST GUST SPEED    20   HIGHEST GUST DIRECTION     N (340)
  AVERAGE WIND SPEED     4.7


SKY COVER
  AVERAGE SKY COVER 0.0


WEATHER CONDITIONS
 THE FOLLOWING WEATHER WAS RECORDED YESTERDAY.
  NO SIGNIFICANT WEATHER WAS OBSERVED.


RELATIVE HUMIDITY (PERCENT)
 HIGHEST    96           600 AM
 LOWEST     24           300 PM
 AVERAGE    60

..........................................................


THE QUILLAYUTE WA AIRPORT CLIMATE NORMALS FOR TODAY
                         NORMAL    RECORD    YEAR
 MAXIMUM TEMPERATURE (F)   68        84      1972
 MINIMUM TEMPERATURE (F)   50        36      1985


SUNRISE AND SUNSET
AUGUST 26 2016........SUNRISE   629 AM PDT   SUNSET   810 PM PDT
AUGUST 27 2016........SUNRISE   630 AM PDT   SUNSET   808 PM PDT


-  INDICATES NEGATIVE NUMBERS.
R  INDICATES RECORD WAS SET OR TIED.
MM INDICATES DATA IS MISSING.
T  INDICATES TRACE AMOUNT.




$$
