159
CDUS46 KSEW 250847
CLIUIL


CLIMATE REPORT
NATIONAL WEATHER SERVICE SEATTLE WA
147 AM PDT MON SEP 25 2017


...................................

...THE QUILLAYUTE WA AIRPORT CLIMATE SUMMARY FOR SEPTEMBER 24 2017...

CLIMATE NORMAL PERIOD 1981 TO 2010
CLIMATE RECORD PERIOD 1966 TO 2017


WEATHER ITEM   OBSERVED TIME   RECORD YEAR NORMAL DEPARTURE LAST
                VALUE   (LST)  VALUE       VALUE  FROM      YEAR
                                                  NORMAL
..................................................................
TEMPERATURE (F)
 YESTERDAY
  MAXIMUM         66   1255 PM  87    1974  65      1       61
  MINIMUM         47   1238 AM  33    2000  45      2       45
                                      1984
  AVERAGE         57                        55      2       53

PRECIPITATION (IN)
  YESTERDAY        0.00          1.54 1988   0.15  -0.15      T
  MONTH TO DATE    2.95                      2.80   0.15     4.15
  SINCE OCT 1    130.48                     98.52  31.96   106.32
  SINCE JAN 1     70.55                     59.52  11.03    62.34

DEGREE DAYS
 HEATING
  YESTERDAY        8                        10     -2       12
  MONTH TO DATE  161                       192    -31      209
  SINCE SEP 1    161                       192    -31      209
  SINCE JUL 1    467                       561    -94      485

 COOLING
  YESTERDAY        0                         0      0        0
  MONTH TO DATE   20                         0     20        0
  SINCE SEP 1     20                         0     20        0
  SINCE JAN 1     73                        17     56       54
..................................................................


WIND (MPH)
  RESULTANT WIND SPEED   1   RESULTANT WIND DIRECTION   W (270)
  HIGHEST WIND SPEED    14   HIGHEST WIND DIRECTION     W (280)
  HIGHEST GUST SPEED    16   HIGHEST GUST DIRECTION     W (280)
  AVERAGE WIND SPEED     2.8


SKY COVER
  AVERAGE SKY COVER 0.5


WEATHER CONDITIONS
 THE FOLLOWING WEATHER WAS RECORDED YESTERDAY.
  FOG
  FOG W/VISIBILITY <= 1/4 MILE


RELATIVE HUMIDITY (PERCENT)
 HIGHEST   100          1200 AM
 LOWEST     63           100 PM
 AVERAGE    82

..........................................................


THE QUILLAYUTE WA AIRPORT CLIMATE NORMALS FOR TODAY
                         NORMAL    RECORD    YEAR
 MAXIMUM TEMPERATURE (F)   65        88      1991
 MINIMUM TEMPERATURE (F)   45        31      1972


SUNRISE AND SUNSET
SEPTEMBER 25 2017.....SUNRISE   710 AM PDT   SUNSET   709 PM PDT
SEPTEMBER 26 2017.....SUNRISE   711 AM PDT   SUNSET   707 PM PDT


-  INDICATES NEGATIVE NUMBERS.
R  INDICATES RECORD WAS SET OR TIED.
MM INDICATES DATA IS MISSING.
T  INDICATES TRACE AMOUNT.




$$
