000
CDUS46 KSEW 260839
CLIUIL


CLIMATE REPORT
NATIONAL WEATHER SERVICE SEATTLE WA
1238 AM PST SUN FEB 26 2017


...................................

...THE QUILLAYUTE WA AIRPORT CLIMATE SUMMARY FOR FEBRUARY 25 2017...

CLIMATE NORMAL PERIOD 1981 TO 2010
CLIMATE RECORD PERIOD 1966 TO 2017


WEATHER ITEM   OBSERVED TIME   RECORD YEAR NORMAL DEPARTURE LAST
                VALUE   (LST)  VALUE       VALUE  FROM      YEAR
                                                  NORMAL
..................................................................
TEMPERATURE (F)
 YESTERDAY
  MAXIMUM         42   1127 AM  70    2016  50     -8       70
  MINIMUM         23    721 AM  20    1993  35    -12       42
  AVERAGE         33                        42     -9       56

PRECIPITATION (IN)
  YESTERDAY        0.08          1.43 1977   0.37  -0.29     0.00
  MONTH TO DATE   10.79                      9.27   1.52    14.75
  SINCE OCT 1     79.00                     62.88  16.12    74.45
  SINCE JAN 1     19.07                     23.88  -4.81    30.47

DEGREE DAYS
 HEATING
  YESTERDAY       32                        22     10        9
  MONTH TO DATE  610                       574     36      434
  SINCE DEC 1   2309                      2065    244     1743
  SINCE JUL 1   3736                      3779    -43     3054

 COOLING
  YESTERDAY        0                         0      0        0
  MONTH TO DATE    0                         0      0        0
  SINCE DEC 1      0                         0      0        0
  SINCE JAN 1      0                         0      0        0
..................................................................


WIND (MPH)
  RESULTANT WIND SPEED   1   RESULTANT WIND DIRECTION  SE (130)
  HIGHEST WIND SPEED    12   HIGHEST WIND DIRECTION     W (250)
  HIGHEST GUST SPEED    16   HIGHEST GUST DIRECTION    SW (230)
  AVERAGE WIND SPEED     2.3


SKY COVER
  AVERAGE SKY COVER 0.5


WEATHER CONDITIONS
 THE FOLLOWING WEATHER WAS RECORDED YESTERDAY.
  RAIN
  LIGHT RAIN
  FOG


RELATIVE HUMIDITY (PERCENT)
 HIGHEST   100          1200 AM
 LOWEST     79          1100 AM
 AVERAGE    90

..........................................................


THE QUILLAYUTE WA AIRPORT CLIMATE NORMALS FOR TODAY
                         NORMAL    RECORD    YEAR
 MAXIMUM TEMPERATURE (F)   50        73      1992
 MINIMUM TEMPERATURE (F)   35        18      1993


SUNRISE AND SUNSET
FEBRUARY 26 2017......SUNRISE   704 AM PST   SUNSET   559 PM PST
FEBRUARY 27 2017......SUNRISE   702 AM PST   SUNSET   600 PM PST


-  INDICATES NEGATIVE NUMBERS.
R  INDICATES RECORD WAS SET OR TIED.
MM INDICATES DATA IS MISSING.
T  INDICATES TRACE AMOUNT.




$$
