000
CDUS46 KSEW 240900
CLIUIL


CLIMATE REPORT
NATIONAL WEATHER SERVICE SEATTLE WA
159 AM PDT MON APR 24 2017


...................................

...THE QUILLAYUTE WA AIRPORT CLIMATE SUMMARY FOR APRIL 23 2017...

CLIMATE NORMAL PERIOD 1981 TO 2010
CLIMATE RECORD PERIOD 1966 TO 2017


WEATHER ITEM   OBSERVED TIME   RECORD YEAR NORMAL DEPARTURE LAST
                VALUE   (LST)  VALUE       VALUE  FROM      YEAR
                                                  NORMAL
..................................................................
TEMPERATURE (F)
 YESTERDAY
  MAXIMUM         49    448 PM  71    1995  56     -7       60
  MINIMUM         43   1159 PM  30    1999  39      4       48
  AVERAGE         46                        48     -2       54

PRECIPITATION (IN)
  YESTERDAY        1.23R         1.15 1991   0.25   0.98     0.38
  MONTH TO DATE   13.14                      6.32   6.82     2.12
  SINCE OCT 1    116.09                     81.11  34.98    93.40
  SINCE JAN 1     56.16                     42.11  14.05    49.42

DEGREE DAYS
 HEATING
  YESTERDAY       19                        17      2       11
  MONTH TO DATE  401                       431    -30      275
  SINCE MAR 1   1060                      1079    -19      803
  SINCE JUL 1   4882                      4924    -42     3926

 COOLING
  YESTERDAY        0                         0      0        0
  MONTH TO DATE    0                         0      0        0
  SINCE MAR 1      0                         0      0        0
  SINCE JAN 1      0                         0      0        0
..................................................................


WIND (MPH)
  RESULTANT WIND SPEED   4   RESULTANT WIND DIRECTION  SE (120)
  HIGHEST WIND SPEED    15   HIGHEST WIND DIRECTION    SE (130)
  HIGHEST GUST SPEED    22   HIGHEST GUST DIRECTION    SE (130)
  AVERAGE WIND SPEED     5.0


SKY COVER
  AVERAGE SKY COVER 1.0


WEATHER CONDITIONS
 THE FOLLOWING WEATHER WAS RECORDED YESTERDAY.
  RAIN
  LIGHT RAIN
  FOG


RELATIVE HUMIDITY (PERCENT)
 HIGHEST   100          1200 AM
 LOWEST     92          1000 PM
 AVERAGE    96

..........................................................


THE QUILLAYUTE WA AIRPORT CLIMATE NORMALS FOR TODAY
                         NORMAL    RECORD    YEAR
 MAXIMUM TEMPERATURE (F)   56        72      2006
                                             1989
 MINIMUM TEMPERATURE (F)   39        30      2009


SUNRISE AND SUNSET
APRIL 24 2017.........SUNRISE   612 AM PDT   SUNSET   822 PM PDT
APRIL 25 2017.........SUNRISE   610 AM PDT   SUNSET   823 PM PDT


-  INDICATES NEGATIVE NUMBERS.
R  INDICATES RECORD WAS SET OR TIED.
MM INDICATES DATA IS MISSING.
T  INDICATES TRACE AMOUNT.




$$
