000
CDUS43 KLSX 210745
CLIUIN


CLIMATE REPORT
NATIONAL WEATHER SERVICE ST LOUIS MO
145 AM CST SAT JAN 21 2017


...................................

...THE QUINCY IL CLIMATE SUMMARY FOR JANUARY 20 2017...

CLIMATE NORMAL PERIOD 1981 TO 2010
CLIMATE RECORD PERIOD 1901 TO 2017


WEATHER ITEM   OBSERVED TIME   RECORD YEAR NORMAL DEPARTURE LAST
                VALUE   (LST)  VALUE       VALUE  FROM      YEAR
                                                  NORMAL
..................................................................
TEMPERATURE (F)
 YESTERDAY
  MAXIMUM         49   1132 PM  66    1906  34     15       21
  MINIMUM         41    722 AM -21    1985  18     23       10
  AVERAGE         45                        26     19

PRECIPITATION (IN)
  YESTERDAY        0.01          1.24 1904   0.04  -0.03      T
  MONTH TO DATE    1.18                      1.00   0.18     0.40
  SINCE DEC 1      2.21                      3.25  -1.04     6.22
  SINCE JAN 1      1.18                      1.00   0.18     0.40

DEGREE DAYS
 HEATING
  YESTERDAY       20                        39    -19
  MONTH TO DATE  720                       776    -56
  SINCE DEC 1   1833                      1867    -34
  SINCE JUL 1   2521                      2967   -446

 COOLING
  YESTERDAY        0                         0      0
  MONTH TO DATE    0                         0      0
  SINCE DEC 1      0                         0      0
  SINCE JAN 1      0                         0      0
..................................................................


WIND (MPH)
  HIGHEST WIND SPEED    17   HIGHEST WIND DIRECTION    SE (130)
  HIGHEST GUST SPEED    21   HIGHEST GUST DIRECTION    SE (140)
  AVERAGE WIND SPEED     5.6


SKY COVER
  AVERAGE SKY COVER 1.0



RELATIVE HUMIDITY (PERCENT)
 HIGHEST   100          1200 AM
 LOWEST     93          1200 PM
 AVERAGE    97

..........................................................


THE QUINCY IL CLIMATE NORMALS FOR TODAY
                         NORMAL    RECORD    YEAR
 MAXIMUM TEMPERATURE (F)   34        69      1957
 MINIMUM TEMPERATURE (F)   18       -16      1970


SUNRISE AND SUNSET
JANUARY 21 2017.......SUNRISE   721 AM CST   SUNSET   511 PM CST
JANUARY 22 2017.......SUNRISE   721 AM CST   SUNSET   513 PM CST


-  INDICATES NEGATIVE NUMBERS.
R  INDICATES RECORD WAS SET OR TIED.
MM INDICATES DATA IS MISSING.
T  INDICATES TRACE AMOUNT.




$$
