000
CDUS43 KLSX 240737
CLIUIN


CLIMATE REPORT
NATIONAL WEATHER SERVICE ST LOUIS MO
236 AM CDT SAT JUN 24 2017


...................................

...THE QUINCY IL CLIMATE SUMMARY FOR JUNE 23 2017...

CLIMATE NORMAL PERIOD 1981 TO 2010
CLIMATE RECORD PERIOD 1901 TO 2017


WEATHER ITEM   OBSERVED TIME   RECORD YEAR NORMAL DEPARTURE LAST
                VALUE   (LST)  VALUE       VALUE  FROM      YEAR
                                                  NORMAL
..................................................................
TEMPERATURE (F)
 YESTERDAY
  MAXIMUM         83    219 PM 100    1934  84     -1       90
                                      1923
  MINIMUM         63   1159 PM  50    1905  65     -2       66
  AVERAGE         73                        74     -1

PRECIPITATION (IN)
  YESTERDAY        0.14          2.46 1960   0.13   0.01     0.00
  MONTH TO DATE    2.22                      3.13  -0.91     0.57
  SINCE JUN 1      2.22                      3.13  -0.91     0.57
  SINCE JAN 1     19.00                     17.22   1.78     9.25

DEGREE DAYS
 HEATING
  YESTERDAY        0                         0      0
  MONTH TO DATE    0                        14    -14
  SINCE JUN 1      0                        14    -14
  SINCE JUL 1   4433                      5580  -1147

 COOLING
  YESTERDAY        8                         9     -1
  MONTH TO DATE  238                       158     80
  SINCE JUN 1    238                       158     80
  SINCE JAN 1    347                       244    103
..................................................................


WIND (MPH)
  HIGHEST WIND SPEED    23   HIGHEST WIND DIRECTION     W (270)
  HIGHEST GUST SPEED    28   HIGHEST GUST DIRECTION     W (290)
  AVERAGE WIND SPEED    12.0


SKY COVER
  AVERAGE SKY COVER 0.3



RELATIVE HUMIDITY (PERCENT)
 HIGHEST   100           600 AM
 LOWEST     34           100 PM
 AVERAGE    67

..........................................................


THE QUINCY IL CLIMATE NORMALS FOR TODAY
                         NORMAL    RECORD    YEAR
 MAXIMUM TEMPERATURE (F)   84        99      1988
                                             1923
 MINIMUM TEMPERATURE (F)   65        49      1974
                                             1961


SUNRISE AND SUNSET
JUNE 24 2017..........SUNRISE   537 AM CDT   SUNSET   837 PM CDT
JUNE 25 2017..........SUNRISE   538 AM CDT   SUNSET   837 PM CDT


-  INDICATES NEGATIVE NUMBERS.
R  INDICATES RECORD WAS SET OR TIED.
MM INDICATES DATA IS MISSING.
T  INDICATES TRACE AMOUNT.




$$
