000
CDUS43 KLSX 300731
CLIUIN


CLIMATE REPORT
NATIONAL WEATHER SERVICE ST LOUIS MO
228 AM CDT THU OCT 30 2014


...................................

...THE QUINCY IL CLIMATE SUMMARY FOR OCTOBER 29 2014...

CLIMATE NORMAL PERIOD 1981 TO 2010
CLIMATE RECORD PERIOD 1901 TO 2014


WEATHER ITEM   OBSERVED TIME   RECORD YEAR NORMAL DEPARTURE LAST
                VALUE   (LST)  VALUE       VALUE  FROM      YEAR
                                                  NORMAL
..................................................................
TEMPERATURE (F)
 YESTERDAY
  MAXIMUM         54    323 PM  85    1937  60     -6       55
  MINIMUM         38   1159 PM  18    1952  41     -3       43
  AVERAGE         46                        50     -4

PRECIPITATION (IN)
  YESTERDAY        0.00          1.92 1929   0.10  -0.10      T
  MONTH TO DATE    6.02                      2.82   3.20     0.69
  SINCE SEP 1     12.29                      6.12   6.17     2.49
  SINCE JAN 1     37.91                     31.87   6.04    30.59

DEGREE DAYS
 HEATING
  YESTERDAY       19                        15      4
  MONTH TO DATE  276                       305    -29
  SINCE SEP 1    363                       387    -24
  SINCE JUL 1    368                       392    -24

 COOLING
  YESTERDAY        0                         0      0
  MONTH TO DATE    5                        14     -9
  SINCE SEP 1     92                       137    -45
  SINCE JAN 1   1021                      1090    -69
..................................................................


WIND (MPH)
  HIGHEST WIND SPEED    20   HIGHEST WIND DIRECTION    NW (300)
  HIGHEST GUST SPEED    24   HIGHEST GUST DIRECTION    NW (320)
  AVERAGE WIND SPEED     7.6


SKY COVER
  AVERAGE SKY COVER 0.0



RELATIVE HUMIDITY (PERCENT)
 HIGHEST    85           700 AM
 LOWEST     46           100 PM
 AVERAGE    66

..........................................................


THE QUINCY IL CLIMATE NORMALS FOR TODAY
                         NORMAL    RECORD    YEAR
 MAXIMUM TEMPERATURE (F)   60        90      1950
 MINIMUM TEMPERATURE (F)   40        10      1925


SUNRISE AND SUNSET
OCTOBER 30 2014.......SUNRISE   732 AM CDT   SUNSET   605 PM CDT
OCTOBER 31 2014.......SUNRISE   733 AM CDT   SUNSET   604 PM CDT


-  INDICATES NEGATIVE NUMBERS.
R  INDICATES RECORD WAS SET OR TIED.
MM INDICATES DATA IS MISSING.
T  INDICATES TRACE AMOUNT.




$$
