000
CDUS46 KEKA 051214
CLIUKI


CLIMATE REPORT
NATIONAL WEATHER SERVICE EUREKA CA
414 AM PST THU MAR 5 2015


...................................

...THE UKIAH CA CLIMATE SUMMARY FOR MARCH 4 2015...

CLIMATE NORMAL PERIOD 1981 TO 2010
CLIMATE RECORD PERIOD 1903 TO 2015


WEATHER ITEM   OBSERVED TIME   RECORD YEAR NORMAL DEPARTURE LAST
                VALUE   (LST)  VALUE       VALUE  FROM      YEAR
                                                  NORMAL
..................................................................
TEMPERATURE (F)
 YESTERDAY
  MAXIMUM         70    355 PM  84    1959  63      7       63
  MINIMUM         34    716 AM  22    1923  40     -6       52
  AVERAGE         52                        51      1       58

PRECIPITATION (IN)
  YESTERDAY        0.00          2.32 2001   0.21  -0.21      T
  MONTH TO DATE    0.00                      0.96  -0.96     1.72
  SINCE OCT 1     22.95                     27.89  -4.94    12.23
  SINCE JAN 1      5.18                     14.51  -9.33    10.89

SNOWFALL (IN)
  YESTERDAY        0.0          MM      MM  MM     MM        0.0
  MONTH TO DATE    0.0                      MM     MM        0.0
  SINCE MAR 1      0.0                      MM     MM        0.0
  SINCE JUL 1      0.0                      MM     MM        0.0
  SNOW DEPTH       0

DEGREE DAYS
 HEATING
  YESTERDAY       13                        14     -1        7
  MONTH TO DATE   55                        56     -1       37
  SINCE MAR 1     55                        56     -1       37
  SINCE JUL 1   1569                      2289   -720     2044

 COOLING
  YESTERDAY        0                         0      0        0
  MONTH TO DATE    0                         0      0        0
  SINCE MAR 1      0                         0      0        0
  SINCE JAN 1      0                         0      0        0
..................................................................


WIND (MPH)
  HIGHEST WIND SPEED    13   HIGHEST WIND DIRECTION    NW (310)
  HIGHEST GUST SPEED    15   HIGHEST GUST DIRECTION    NW (320)
  AVERAGE WIND SPEED     1.5


SKY COVER
  AVERAGE SKY COVER 0.0


WEATHER CONDITIONS
 THE FOLLOWING WEATHER WAS RECORDED YESTERDAY.
  NO SIGNIFICANT WEATHER WAS OBSERVED.


RELATIVE HUMIDITY (PERCENT)
 HIGHEST    82
 LOWEST     28
 AVERAGE    55

..........................................................


THE UKIAH CA CLIMATE NORMALS FOR TODAY
                         NORMAL    RECORD    YEAR
 MAXIMUM TEMPERATURE (F)   63        82      1953
 MINIMUM TEMPERATURE (F)   40        23      1918


SUNRISE AND SUNSET
MARCH  5 2015.........SUNRISE   640 AM PST   SUNSET   609 PM PST
MARCH  6 2015.........SUNRISE   638 AM PST   SUNSET   610 PM PST


-  INDICATES NEGATIVE NUMBERS.
R  INDICATES RECORD WAS SET OR TIED.
MM INDICATES DATA IS MISSING.
T  INDICATES TRACE AMOUNT.




$$
