000
CDUS46 KEKA 291212
CLIUKI


CLIMATE REPORT
NATIONAL WEATHER SERVICE EUREKA CA
509 AM PDT FRI AUG 29 2014


...................................

...THE UKIAH CA CLIMATE SUMMARY FOR AUGUST 28 2014...

CLIMATE NORMAL PERIOD 1981 TO 2010
CLIMATE RECORD PERIOD 1903 TO 2014


WEATHER ITEM   OBSERVED TIME   RECORD YEAR NORMAL DEPARTURE LAST
                VALUE   (LST)  VALUE       VALUE  FROM      YEAR
                                                  NORMAL
..................................................................
TEMPERATURE (F)
 YESTERDAY
  MAXIMUM        100    250 PM 108    2008  90     10       91
  MINIMUM         59    555 AM  40    1921  53      6       54
  AVERAGE         80                        71      9       73

PRECIPITATION (IN)
  YESTERDAY        0.00          0.50 1954   0.01  -0.01     0.00
  MONTH TO DATE    0.01                      0.07  -0.06      T
  SINCE JUL 1      0.01                      0.11  -0.10     0.03
  SINCE JAN 1     16.64                     23.49  -6.85     5.61

SNOWFALL (IN)
  YESTERDAY        0.0          MM      MM  MM     MM        0.0
  MONTH TO DATE    0.0                      MM     MM        0.0
  SINCE JUN 1      0.0                      MM     MM        0.0
  SINCE JUL 1      0.0                      MM     MM        0.0
  SNOW DEPTH       0

DEGREE DAYS
 HEATING
  YESTERDAY        0                         0      0        0
  MONTH TO DATE    0                         0      0        0
  SINCE JUN 1      2                        33    -31       18
  SINCE JUL 1      0                         1     -1        0

 COOLING
  YESTERDAY       15                         7      8        8
  MONTH TO DATE  275                       221     54      223
  SINCE JUN 1    879                       612    267      772
  SINCE JAN 1    968                       664    304      831
..................................................................


WIND (MPH)
  HIGHEST WIND SPEED    16   HIGHEST WIND DIRECTION    NW (330)
  HIGHEST GUST SPEED    21   HIGHEST GUST DIRECTION     N (340)
  AVERAGE WIND SPEED     3.2


SKY COVER
  AVERAGE SKY COVER 0.0


WEATHER CONDITIONS
 THE FOLLOWING WEATHER WAS RECORDED YESTERDAY.
  NO SIGNIFICANT WEATHER WAS OBSERVED.


RELATIVE HUMIDITY (PERCENT)
 HIGHEST    78
 LOWEST     17
 AVERAGE    48

..........................................................


THE UKIAH CA CLIMATE NORMALS FOR TODAY
                         NORMAL    RECORD    YEAR
 MAXIMUM TEMPERATURE (F)   90       107      1924
 MINIMUM TEMPERATURE (F)   53        40      1921


SUNRISE AND SUNSET
AUGUST 29 2014........SUNRISE   639 AM PDT   SUNSET   748 PM PDT
AUGUST 30 2014........SUNRISE   640 AM PDT   SUNSET   746 PM PDT


-  INDICATES NEGATIVE NUMBERS.
R  INDICATES RECORD WAS SET OR TIED.
MM INDICATES DATA IS MISSING.
T  INDICATES TRACE AMOUNT.




$$
