000
CDUS46 KEKA 211218
CLIUKI


CLIMATE REPORT
NATIONAL WEATHER SERVICE EUREKA CA
417 AM PST SAT JAN 21 2017


...................................

...THE UKIAH CA CLIMATE SUMMARY FOR JANUARY 20 2017...

CLIMATE NORMAL PERIOD 1981 TO 2010
CLIMATE RECORD PERIOD 1903 TO 2017


WEATHER ITEM   OBSERVED TIME   RECORD YEAR NORMAL DEPARTURE LAST
                VALUE   (LST)  VALUE       VALUE  FROM      YEAR
                                                  NORMAL
..................................................................
TEMPERATURE (F)
 YESTERDAY
  MAXIMUM         49    249 PM  73    1975  57     -8       56
  MINIMUM         43    609 PM  17    1922  37      6       41
  AVERAGE         46                        47     -1       49

PRECIPITATION (IN)
  YESTERDAY        1.56          4.29 1993   0.15   1.41      T
  MONTH TO DATE   12.83                      5.70   7.13     8.47
  SINCE OCT 1     29.94                     19.08  10.86    20.68
  SINCE JAN 1     12.83                      5.70   7.13     8.47

SNOWFALL (IN)
  YESTERDAY       MM            MM      MM  MM     MM       MM
  MONTH TO DATE    0.0                      MM     MM        0.0
  SINCE DEC 1      0.0                      MM     MM        0.0
  SINCE JUL 1      0.0                      MM     MM        0.0
  SNOW DEPTH       0

DEGREE DAYS
 HEATING
  YESTERDAY       19                        18      1       16
  MONTH TO DATE  381                       376      5      352
  SINCE DEC 1   1018                       983     35      953
  SINCE JUL 1   1555                      1606    -51     1476

 COOLING
  YESTERDAY        0                         0      0        0
  MONTH TO DATE    0                         0      0        0
  SINCE DEC 1      0                         0      0        0
  SINCE JAN 1      0                         0      0        0
..................................................................


WIND (MPH)
  HIGHEST WIND SPEED    18   HIGHEST WIND DIRECTION    SE (150)
  HIGHEST GUST SPEED    26   HIGHEST GUST DIRECTION     S (160)
  AVERAGE WIND SPEED     5.5


SKY COVER
  AVERAGE SKY COVER 1.0


WEATHER CONDITIONS
 THE FOLLOWING WEATHER WAS RECORDED YESTERDAY.
  HEAVY RAIN
  FOG


RELATIVE HUMIDITY (PERCENT)
 HIGHEST    93
 LOWEST     82
 AVERAGE    88

..........................................................


THE UKIAH CA CLIMATE NORMALS FOR TODAY
                         NORMAL    RECORD    YEAR
 MAXIMUM TEMPERATURE (F)   57        74      1975
 MINIMUM TEMPERATURE (F)   37        17      1937


SUNRISE AND SUNSET
JANUARY 21 2017.......SUNRISE   727 AM PST   SUNSET   521 PM PST
JANUARY 22 2017.......SUNRISE   727 AM PST   SUNSET   523 PM PST


-  INDICATES NEGATIVE NUMBERS.
R  INDICATES RECORD WAS SET OR TIED.
MM INDICATES DATA IS MISSING.
T  INDICATES TRACE AMOUNT.




$$
