000
CDUS46 KEKA 290012
CLIUKI


CLIMATE REPORT
NATIONAL WEATHER SERVICE EUREKA CA
511 PM PDT THU MAY 28 2015


...................................

...THE UKIAH CA CLIMATE SUMMARY FOR MAY 28 2015...
VALID TODAY AS OF 0500 PM LOCAL TIME.

CLIMATE NORMAL PERIOD 1981 TO 2010
CLIMATE RECORD PERIOD 1903 TO 2015


WEATHER ITEM   OBSERVED RECORD YEAR NORMAL DEPARTURE LAST
                VALUE   VALUE       VALUE  FROM      YEAR
                                           NORMAL
...........................................................
TEMPERATURE (F)
 TODAY
  MAXIMUM         88    105    1984  79      9       77
  MINIMUM         48     34    1918  48      0       51
  AVERAGE         68                 64      4       64

PRECIPITATION (IN)
  TODAY            0.00   1.71 1998   0.03  -0.03     0.00
  MONTH TO DATE    0.40               1.34  -0.94      T
  SINCE OCT 1     25.84              36.34 -10.50    17.97
  SINCE JAN 1      8.07              22.96 -14.89    16.63

SNOWFALL (IN)
  TODAY            0.0   MM          MM     MM        0.0
  MONTH TO DATE    0.0               MM     MM        0.0
  SINCE MAR 1      0.0               MM     MM        0.0
  SINCE JUL 1      0.0               MM     MM        0.0
  SNOW DEPTH       0

...........................................................


WIND (MPH)
  HIGHEST WIND SPEED    12   HIGHEST WIND DIRECTION    SE (140)
  HIGHEST GUST SPEED    15   HIGHEST GUST DIRECTION    SE (120)
  AVERAGE WIND SPEED     2.7


SKY COVER
  AVERAGE SKY COVER 0.0


WEATHER CONDITIONS
 THE FOLLOWING WEATHER WAS RECORDED TODAY.
  NO SIGNIFICANT WEATHER WAS OBSERVED.


RELATIVE HUMIDITY (PERCENT)
 HIGHEST    83
 LOWEST     24
 AVERAGE    54

..........................................................


THE UKIAH CA CLIMATE NORMALS FOR TOMORROW
                         NORMAL    RECORD    YEAR
 MAXIMUM TEMPERATURE (F)   79       105      1950
 MINIMUM TEMPERATURE (F)   48        35      1927


SUNRISE AND SUNSET
MAY 28 2015...........SUNRISE   551 AM PDT   SUNSET   830 PM PDT
MAY 29 2015...........SUNRISE   550 AM PDT   SUNSET   831 PM PDT


-  INDICATES NEGATIVE NUMBERS.
R  INDICATES RECORD WAS SET OR TIED.
MM INDICATES DATA IS MISSING.
T  INDICATES TRACE AMOUNT.




$$
