000
CDUS46 KEKA 290017
CLIUKI


CLIMATE REPORT
NATIONAL WEATHER SERVICE EUREKA CA
516 PM PDT THU JUL 28 2016


...................................

...THE UKIAH CA CLIMATE SUMMARY FOR JULY 28 2016...
VALID TODAY AS OF 0500 PM LOCAL TIME.

CLIMATE NORMAL PERIOD 1981 TO 2010
CLIMATE RECORD PERIOD 1903 TO 2016


WEATHER ITEM   OBSERVED RECORD YEAR NORMAL DEPARTURE LAST
                VALUE   VALUE       VALUE  FROM      YEAR
                                           NORMAL
...........................................................
TEMPERATURE (F)
 TODAY
  MAXIMUM        107    111    1923  94     13      104
  MINIMUM         58     43    1924  55      3       56
  AVERAGE         83                 75      8       80

PRECIPITATION (IN)
  TODAY            0.00   0.14 1964   0.00   0.00     0.00
  MONTH TO DATE    T                  0.04  -0.04     0.13
  SINCE OCT 1     36.52              36.80  -0.28    26.00
  SINCE JAN 1     24.31              23.42   0.89     8.23

SNOWFALL (IN)
  TODAY            0.0   MM          MM     MM        0.0
  MONTH TO DATE    0.0               MM     MM        0.0
  SINCE JUN 1      0.0               MM     MM        0.0
  SINCE JUL 1      0.0               MM     MM        0.0
  SNOW DEPTH       0

...........................................................


WIND (MPH)
  HIGHEST WIND SPEED    10   HIGHEST WIND DIRECTION    SW (220)
  HIGHEST GUST SPEED    14   HIGHEST GUST DIRECTION    SW (230)
  AVERAGE WIND SPEED     2.8


SKY COVER
  AVERAGE SKY COVER 0.0


WEATHER CONDITIONS
 THE FOLLOWING WEATHER WAS RECORDED TODAY.
  NO SIGNIFICANT WEATHER WAS OBSERVED.


RELATIVE HUMIDITY (PERCENT)
 HIGHEST    72
 LOWEST     12
 AVERAGE    42

..........................................................


THE UKIAH CA CLIMATE NORMALS FOR TOMORROW
                         NORMAL    RECORD    YEAR
 MAXIMUM TEMPERATURE (F)   94       107      2015
                                             1922
 MINIMUM TEMPERATURE (F)   55        43      1919


SUNRISE AND SUNSET
JULY 28 2016..........SUNRISE   610 AM PDT   SUNSET   828 PM PDT
JULY 29 2016..........SUNRISE   611 AM PDT   SUNSET   827 PM PDT


-  INDICATES NEGATIVE NUMBERS.
R  INDICATES RECORD WAS SET OR TIED.
MM INDICATES DATA IS MISSING.
T  INDICATES TRACE AMOUNT.




$$
