000
CDUS46 KEKA 300015
CLIUKI


CLIMATE REPORT
NATIONAL WEATHER SERVICE EUREKA CA
514 PM PDT SUN MAY 29 2016


...................................

...THE UKIAH CA CLIMATE SUMMARY FOR MAY 29 2016...
VALID TODAY AS OF 0500 PM LOCAL TIME.

CLIMATE NORMAL PERIOD 1981 TO 2010
CLIMATE RECORD PERIOD 1903 TO 2016


WEATHER ITEM   OBSERVED RECORD YEAR NORMAL DEPARTURE LAST
                VALUE   VALUE       VALUE  FROM      YEAR
                                           NORMAL
...........................................................
TEMPERATURE (F)
 TODAY
  MAXIMUM         90    105    1950  79     11       91
  MINIMUM         51     35    1927  48      3       50
  AVERAGE         71                 64      7       71

PRECIPITATION (IN)
  TODAY            0.00   1.55 1998   0.03  -0.03     0.00
  MONTH TO DATE    0.45               1.37  -0.92     0.40
  SINCE OCT 1     36.16              36.37  -0.21    25.84
  SINCE JAN 1     23.95              22.99   0.96     8.07

SNOWFALL (IN)
  TODAY            0.0   MM          MM     MM        0.0
  MONTH TO DATE    0.0               MM     MM        0.0
  SINCE MAR 1      0.0               MM     MM        0.0
  SINCE JUL 1      0.0               MM     MM        0.0
  SNOW DEPTH       0

...........................................................


WIND (MPH)
  HIGHEST WIND SPEED    13   HIGHEST WIND DIRECTION    NW (330)
  HIGHEST GUST SPEED    17   HIGHEST GUST DIRECTION    NW (330)
  AVERAGE WIND SPEED     2.7


SKY COVER
  AVERAGE SKY COVER 0.0


WEATHER CONDITIONS
 THE FOLLOWING WEATHER WAS RECORDED TODAY.
  NO SIGNIFICANT WEATHER WAS OBSERVED.


RELATIVE HUMIDITY (PERCENT)
 HIGHEST    83
 LOWEST     21
 AVERAGE    52

..........................................................


THE UKIAH CA CLIMATE NORMALS FOR TOMORROW
                         NORMAL    RECORD    YEAR
 MAXIMUM TEMPERATURE (F)   79       104      1910
 MINIMUM TEMPERATURE (F)   49        34      1977


SUNRISE AND SUNSET
MAY 29 2016...........SUNRISE   550 AM PDT   SUNSET   831 PM PDT
MAY 30 2016...........SUNRISE   549 AM PDT   SUNSET   832 PM PDT


-  INDICATES NEGATIVE NUMBERS.
R  INDICATES RECORD WAS SET OR TIED.
MM INDICATES DATA IS MISSING.
T  INDICATES TRACE AMOUNT.




$$
