522
CDUS46 KEKA 241210
CLIUKI


CLIMATE REPORT
NATIONAL WEATHER SERVICE EUREKA CA
510 AM PDT SUN SEP 24 2017


...................................

...THE UKIAH CA CLIMATE SUMMARY FOR SEPTEMBER 23 2017...

CLIMATE NORMAL PERIOD 1981 TO 2010
CLIMATE RECORD PERIOD 1903 TO 2017


WEATHER ITEM   OBSERVED TIME   RECORD YEAR NORMAL DEPARTURE LAST
                VALUE   (LST)  VALUE       VALUE  FROM      YEAR
                                                  NORMAL
..................................................................
TEMPERATURE (F)
 YESTERDAY
  MAXIMUM         80    237 PM 108    1964  86     -6       80
  MINIMUM         40    635 AM  37    1941  48     -8       43
  AVERAGE         60                        67     -7       62

PRECIPITATION (IN)
  YESTERDAY        0.00          0.35 1920   0.01  -0.01     0.00
  MONTH TO DATE    0.03                      0.33  -0.30     0.00
  SINCE OCT 1     51.65                     37.23  14.42    36.52
  SINCE JAN 1     34.54                     23.85  10.69    24.31

SNOWFALL (IN)
  YESTERDAY        0.0          MM      MM  MM     MM        0.0
  MONTH TO DATE    0.0                      MM     MM        0.0
  SINCE SEP 1      0.0                      MM     MM        0.0
  SINCE JUL 1      0.0                      MM     MM        0.0
  SNOW DEPTH       0

DEGREE DAYS
 HEATING
  YESTERDAY        5                         1      4        3
  MONTH TO DATE   32                        13     19        8
  SINCE SEP 1     32                        13     19        8
  SINCE JUL 1     32                        16     16        8

 COOLING
  YESTERDAY        0                         3     -3        0
  MONTH TO DATE  168                       111     57      112
  SINCE SEP 1    168                       111     57      112
  SINCE JAN 1   1258                       794    464      940
..................................................................


WIND (MPH)
  HIGHEST WIND SPEED    16   HIGHEST WIND DIRECTION    NW (310)
  HIGHEST GUST SPEED    22   HIGHEST GUST DIRECTION     W (290)
  AVERAGE WIND SPEED     2.5


SKY COVER
  AVERAGE SKY COVER 0.0


WEATHER CONDITIONS
 THE FOLLOWING WEATHER WAS RECORDED YESTERDAY.
  NO SIGNIFICANT WEATHER WAS OBSERVED.


RELATIVE HUMIDITY (PERCENT)
 HIGHEST   100
 LOWEST     15
 AVERAGE    58

..........................................................


THE UKIAH CA CLIMATE NORMALS FOR TODAY
                         NORMAL    RECORD    YEAR
 MAXIMUM TEMPERATURE (F)   86       106      1964
 MINIMUM TEMPERATURE (F)   48        36      1958


SUNRISE AND SUNSET
SEPTEMBER 24 2017.....SUNRISE   703 AM PDT   SUNSET   706 PM PDT
SEPTEMBER 25 2017.....SUNRISE   704 AM PDT   SUNSET   704 PM PDT


-  INDICATES NEGATIVE NUMBERS.
R  INDICATES RECORD WAS SET OR TIED.
MM INDICATES DATA IS MISSING.
T  INDICATES TRACE AMOUNT.




$$
