000
CDUS46 KEKA 241217
CLIUKI


CLIMATE REPORT
NATIONAL WEATHER SERVICE EUREKA CA
517 AM PDT FRI OCT 24 2014


...................................

...THE UKIAH CA CLIMATE SUMMARY FOR OCTOBER 23 2014...

CLIMATE NORMAL PERIOD 1981 TO 2010
CLIMATE RECORD PERIOD 1903 TO 2014


WEATHER ITEM   OBSERVED TIME   RECORD YEAR NORMAL DEPARTURE LAST
                VALUE   (LST)  VALUE       VALUE  FROM      YEAR
                                                  NORMAL
..................................................................
TEMPERATURE (F)
 YESTERDAY
  MAXIMUM         65    328 PM  99    1959  74     -9       88
  MINIMUM         56   1159 PM  29    1916  43     13       40
  AVERAGE         61                        58      3       64

PRECIPITATION (IN)
  YESTERDAY        0.13          2.23 1989   0.08   0.05     0.00
  MONTH TO DATE    0.62                      1.03  -0.41     0.00
  SINCE JUL 1      1.31                      1.62  -0.31     0.58
  SINCE JAN 1     17.94                     25.00  -7.06     6.16

SNOWFALL (IN)
  YESTERDAY        0.0          MM      MM  MM     MM        0.0
  MONTH TO DATE    0.0                      MM     MM        0.0
  SINCE SEP 1      0.0                      MM     MM        0.0
  SINCE JUL 1      0.0                      MM     MM        0.0
  SNOW DEPTH       0

DEGREE DAYS
 HEATING
  YESTERDAY        4                         7     -3        1
  MONTH TO DATE   48                       100    -52       90
  SINCE SEP 1     53                       130    -77      126
  SINCE JUL 1     53                       133    -80      126

 COOLING
  YESTERDAY        0                         0      0        0
  MONTH TO DATE   91                        19     72        0
  SINCE SEP 1    290                       149    141      127
  SINCE JAN 1   1290                       832    458      974
..................................................................


WIND (MPH)
  HIGHEST WIND SPEED    12   HIGHEST WIND DIRECTION     E (100)
  HIGHEST GUST SPEED    15   HIGHEST GUST DIRECTION     N (340)
  AVERAGE WIND SPEED     1.9


SKY COVER
  AVERAGE SKY COVER 0.9


WEATHER CONDITIONS
 THE FOLLOWING WEATHER WAS RECORDED YESTERDAY.
  HEAVY RAIN
  LIGHT RAIN
  FOG


RELATIVE HUMIDITY (PERCENT)
 HIGHEST    93
 LOWEST     72
 AVERAGE    83

..........................................................


THE UKIAH CA CLIMATE NORMALS FOR TODAY
                         NORMAL    RECORD    YEAR
 MAXIMUM TEMPERATURE (F)   73        96      1959
 MINIMUM TEMPERATURE (F)   42        28      1919


SUNRISE AND SUNSET
OCTOBER 24 2014.......SUNRISE   732 AM PDT   SUNSET   622 PM PDT
OCTOBER 25 2014.......SUNRISE   733 AM PDT   SUNSET   620 PM PDT


-  INDICATES NEGATIVE NUMBERS.
R  INDICATES RECORD WAS SET OR TIED.
MM INDICATES DATA IS MISSING.
T  INDICATES TRACE AMOUNT.




$$
