000
CDUS43 KSGF 260625
CLIUNO


CLIMATE REPORT
NATIONAL WEATHER SERVICE SPRINGFIELD MO
125 AM CDT SAT JUL 26 2014


...................................

...THE WEST PLAINS MO CLIMATE SUMMARY FOR JULY 25 2014...

CLIMATE NORMAL PERIOD 1981 TO 2010
CLIMATE RECORD PERIOD 1947 TO 2014


WEATHER ITEM   OBSERVED TIME   RECORD YEAR NORMAL DEPARTURE LAST
                VALUE   (LST)  VALUE       VALUE  FROM      YEAR
                                                  NORMAL
..................................................................
TEMPERATURE (F)
 YESTERDAY
  MAXIMUM         85    430 PM 104    1986  90     -5       80
  MINIMUM         61    446 AM  54    1957  66     -5       57
  AVERAGE         73                        78     -5       69

PRECIPITATION (IN)
  YESTERDAY        0.00          1.77 1960   0.10  -0.10     0.00
  MONTH TO DATE    1.62                      2.98  -1.36     3.85
  SINCE JUN 1      6.85                      7.00  -0.15     7.52
  SINCE JAN 1     18.83                     26.27  -7.44    29.34

DEGREE DAYS
 HEATING
  YESTERDAY        0                         0      0        0
  MONTH TO DATE    2                         0      2        0
  SINCE JUN 1      4                         5     -1        9
  SINCE JUL 1      2                         0      2        0

 COOLING
  YESTERDAY        8                        13     -5        4
  MONTH TO DATE  183                       321   -138      235
  SINCE JUN 1    448                       587   -139      383
  SINCE JAN 1    598                       709   -111      495
..................................................................


WIND (MPH)
  HIGHEST WIND SPEED    14   HIGHEST WIND DIRECTION    SE (150)
  HIGHEST GUST SPEED    18   HIGHEST GUST DIRECTION     S (160)
  AVERAGE WIND SPEED     6.6


SKY COVER
  AVERAGE SKY COVER 0.1


WEATHER CONDITIONS
 THE FOLLOWING WEATHER WAS RECORDED YESTERDAY.
  NO SIGNIFICANT WEATHER WAS OBSERVED.


RELATIVE HUMIDITY (PERCENT)
 HIGHEST    84          1200 AM
 LOWEST     51           300 PM
 AVERAGE    68

..........................................................


THE WEST PLAINS MO CLIMATE NORMALS FOR TODAY
                         NORMAL    RECORD    YEAR
 MAXIMUM TEMPERATURE (F)   90       103      2012
 MINIMUM TEMPERATURE (F)   66        55      1957


SUNRISE AND SUNSET
JULY 26 2014..........SUNRISE   608 AM CDT   SUNSET   820 PM CDT
JULY 27 2014..........SUNRISE   609 AM CDT   SUNSET   819 PM CDT


-  INDICATES NEGATIVE NUMBERS.
R  INDICATES RECORD WAS SET OR TIED.
MM INDICATES DATA IS MISSING.
T  INDICATES TRACE AMOUNT.




$$
