000
CDUS43 KSGF 140642
CLIUNO


CLIMATE REPORT
NATIONAL WEATHER SERVICE SPRINGFIELD MO
142 AM CDT MON JUL 14 2014


...................................

...THE WEST PLAINS MO CLIMATE SUMMARY FOR JULY 13 2014...

CLIMATE NORMAL PERIOD 1981 TO 2010
CLIMATE RECORD PERIOD 1947 TO 2014


WEATHER ITEM   OBSERVED TIME   RECORD YEAR NORMAL DEPARTURE LAST
                VALUE   (LST)  VALUE       VALUE  FROM      YEAR
                                                  NORMAL
..................................................................
TEMPERATURE (F)
 YESTERDAY
  MAXIMUM         88    441 PM 105    1954  89     -1       88
  MINIMUM         72   1159 PM  51    1964  67      5       54
  AVERAGE         80                        78      2       71

PRECIPITATION (IN)
  YESTERDAY        0.16          3.10 1956   0.14   0.02     0.00
  MONTH TO DATE    1.04                      1.56  -0.52     0.00
  SINCE JUN 1      6.27                      5.58   0.69     3.67
  SINCE JAN 1     18.25                     24.85  -6.60    25.49

DEGREE DAYS
 HEATING
  YESTERDAY        0                         0      0        0
  MONTH TO DATE    0                         0      0        0
  SINCE JUN 1      2                         5     -3        9
  SINCE JUL 1      0                         0      0        0

 COOLING
  YESTERDAY       15                        13      2        6
  MONTH TO DATE  114                       165    -51      116
  SINCE JUN 1    379                       431    -52      264
  SINCE JAN 1    529                       553    -24      376
..................................................................


WIND (MPH)
  HIGHEST WIND SPEED    21   HIGHEST WIND DIRECTION    NW (310)
  HIGHEST GUST SPEED    30   HIGHEST GUST DIRECTION    NW (300)
  AVERAGE WIND SPEED     6.5


SKY COVER
  AVERAGE SKY COVER 0.3


WEATHER CONDITIONS
 THE FOLLOWING WEATHER WAS RECORDED YESTERDAY.
  THUNDERSTORM
  HEAVY RAIN
  LIGHT RAIN
  FOG


RELATIVE HUMIDITY (PERCENT)
 HIGHEST    93           400 AM
 LOWEST     55           100 PM
 AVERAGE    74

..........................................................


THE WEST PLAINS MO CLIMATE NORMALS FOR TODAY
                         NORMAL    RECORD    YEAR
 MAXIMUM TEMPERATURE (F)   90       107      1954
 MINIMUM TEMPERATURE (F)   67        49      1967


SUNRISE AND SUNSET
JULY 14 2014..........SUNRISE   559 AM CDT   SUNSET   827 PM CDT
JULY 15 2014..........SUNRISE   600 AM CDT   SUNSET   827 PM CDT


-  INDICATES NEGATIVE NUMBERS.
R  INDICATES RECORD WAS SET OR TIED.
MM INDICATES DATA IS MISSING.
T  INDICATES TRACE AMOUNT.




$$
