431
CDUS43 KSGF 280635
CLIUNO


CLIMATE REPORT
NATIONAL WEATHER SERVICE SPRINGFIELD MO
133 AM CDT FRI APR 28 2017


...................................

...THE WEST PLAINS MO CLIMATE SUMMARY FOR APRIL 27 2017...

CLIMATE NORMAL PERIOD 1981 TO 2010
CLIMATE RECORD PERIOD 1947 TO 2017


WEATHER ITEM   OBSERVED TIME   RECORD YEAR NORMAL DEPARTURE LAST
                VALUE   (LST)  VALUE       VALUE  FROM      YEAR
                                                  NORMAL
..................................................................
TEMPERATURE (F)
 YESTERDAY
  MAXIMUM         66    407 PM  87    1989  73     -7       77
  MINIMUM         45    625 AM  33    1953  49     -4       57
                                      1992
  AVERAGE         56                        61     -5       67

PRECIPITATION (IN)
  YESTERDAY        T             1.39 1969   0.16  -0.16     0.24
  MONTH TO DATE    8.73                      4.00   4.73     1.30
  SINCE MAR 1     15.02                      8.29   6.73     5.23
  SINCE JAN 1     19.65                     13.85   5.80     7.87

DEGREE DAYS
 HEATING
  YESTERDAY        9                         5      4        0
  MONTH TO DATE  152                       237    -85      176
  SINCE MAR 1    581                       783   -202      570
  SINCE JUL 1   3230                      4247  -1017     3403

 COOLING
  YESTERDAY        0                         1     -1        2
  MONTH TO DATE   20                        22     -2       10
  SINCE MAR 1     24                        26     -2       14
  SINCE JAN 1     25                        26     -1       14
..................................................................


WIND (MPH)
  HIGHEST WIND SPEED    14   HIGHEST WIND DIRECTION    NW (300)
  HIGHEST GUST SPEED    21   HIGHEST GUST DIRECTION     W (270)
  AVERAGE WIND SPEED     6.4


SKY COVER
  AVERAGE SKY COVER 0.5


WEATHER CONDITIONS
 THE FOLLOWING WEATHER WAS RECORDED YESTERDAY.
  LIGHT RAIN


RELATIVE HUMIDITY (PERCENT)
 HIGHEST    93          1200 AM
 LOWEST     43           400 PM
 AVERAGE    68

..........................................................


THE WEST PLAINS MO CLIMATE NORMALS FOR TODAY
                         NORMAL    RECORD    YEAR
 MAXIMUM TEMPERATURE (F)   73        88      1970
 MINIMUM TEMPERATURE (F)   49        27      1992


SUNRISE AND SUNSET
APRIL 28 2017.........SUNRISE   617 AM CDT   SUNSET   754 PM CDT
APRIL 29 2017.........SUNRISE   615 AM CDT   SUNSET   755 PM CDT


-  INDICATES NEGATIVE NUMBERS.
R  INDICATES RECORD WAS SET OR TIED.
MM INDICATES DATA IS MISSING.
T  INDICATES TRACE AMOUNT.




$$
