000
CDUS43 KSGF 010625
CLIUNO


CLIMATE REPORT
NATIONAL WEATHER SERVICE SPRINGFIELD MO
125 AM CDT WED OCT 1 2014


...................................

...THE WEST PLAINS MO CLIMATE SUMMARY FOR SEPTEMBER 30 2014...

CLIMATE NORMAL PERIOD 1981 TO 2010
CLIMATE RECORD PERIOD 1947 TO 2014


WEATHER ITEM   OBSERVED TIME   RECORD YEAR NORMAL DEPARTURE LAST
                VALUE   (LST)  VALUE       VALUE  FROM      YEAR
                                                  NORMAL
..................................................................
TEMPERATURE (F)
 YESTERDAY
  MAXIMUM         83    147 PM  92    1952  75      8       MM
  MINIMUM         55    630 AM  31    1949  50      5       62
  AVERAGE         69                        63      6       MM

PRECIPITATION (IN)
  YESTERDAY        0.00          1.87 1962   0.14  -0.14    MM
  MONTH TO DATE    2.20                      4.09  -1.89     1.65
  SINCE SEP 1      2.20                      4.09  -1.89     1.65
  SINCE JAN 1     23.82                     34.16 -10.34    43.88

DEGREE DAYS
 HEATING
  YESTERDAY        0                         4     -4       MM
  MONTH TO DATE   44                        39      5       16
  SINCE SEP 1     44                        41      3       16
  SINCE JUL 1     46                        42      4       20

 COOLING
  YESTERDAY        4                         2      2       MM
  MONTH TO DATE  140                       156    -16      196
  SINCE SEP 1    140                       156    -16      196
  SINCE JAN 1   1195                      1328   -133     1038
..................................................................


WIND (MPH)
  HIGHEST WIND SPEED    12   HIGHEST WIND DIRECTION     S (170)
  HIGHEST GUST SPEED    17   HIGHEST GUST DIRECTION     S (190)
  AVERAGE WIND SPEED     2.3


SKY COVER
  AVERAGE SKY COVER 0.1


WEATHER CONDITIONS
 THE FOLLOWING WEATHER WAS RECORDED YESTERDAY.
  FOG


RELATIVE HUMIDITY (PERCENT)
 HIGHEST    93           200 AM
 LOWEST     34           200 PM
 AVERAGE    64

..........................................................


THE WEST PLAINS MO CLIMATE NORMALS FOR TODAY
                         NORMAL    RECORD    YEAR
 MAXIMUM TEMPERATURE (F)   75        94      1952
 MINIMUM TEMPERATURE (F)   50        30      1985


SUNRISE AND SUNSET
OCTOBER  1 2014.......SUNRISE   703 AM CDT   SUNSET   651 PM CDT
OCTOBER  2 2014.......SUNRISE   704 AM CDT   SUNSET   649 PM CDT


-  INDICATES NEGATIVE NUMBERS.
R  INDICATES RECORD WAS SET OR TIED.
MM INDICATES DATA IS MISSING.
T  INDICATES TRACE AMOUNT.




$$
