000
CDUS43 KSGF 310628
CLIUNO


CLIMATE REPORT
NATIONAL WEATHER SERVICE SPRINGFIELD MO
128 AM CDT FRI JUL 31 2015


...................................

...THE WEST PLAINS MO CLIMATE SUMMARY FOR JULY 30 2015...

CLIMATE NORMAL PERIOD 1981 TO 2010
CLIMATE RECORD PERIOD 1947 TO 2015


WEATHER ITEM   OBSERVED TIME   RECORD YEAR NORMAL DEPARTURE LAST
                VALUE   (LST)  VALUE       VALUE  FROM      YEAR
                                                  NORMAL
..................................................................
TEMPERATURE (F)
 YESTERDAY
  MAXIMUM         87    238 PM 107    2012  91     -4       74
  MINIMUM         65   1157 PM  53    1971  66     -1       58
                                      1991
  AVERAGE         76                        78     -2       66

PRECIPITATION (IN)
  YESTERDAY        0.00          1.98 2013   0.10  -0.10     0.01
  MONTH TO DATE    7.86                      3.46   4.40     1.63
  SINCE JUN 1     13.58                      7.48   6.10     6.86
  SINCE JAN 1     31.19                     26.75   4.44    18.84

DEGREE DAYS
 HEATING
  YESTERDAY        0                         0      0        0
  MONTH TO DATE    0                         0      0        2
  SINCE JUN 1      5                         5      0        4
  SINCE JUL 1      0                         0      0        2

 COOLING
  YESTERDAY       11                        13     -2        1
  MONTH TO DATE  432                       386     46      230
  SINCE JUN 1    747                       652     95      495
  SINCE JAN 1    869                       774     95      645
..................................................................


WIND (MPH)
  HIGHEST WIND SPEED    12   HIGHEST WIND DIRECTION    NE (60)
  HIGHEST GUST SPEED    15   HIGHEST GUST DIRECTION    NE (40)
  AVERAGE WIND SPEED     3.6


SKY COVER
  AVERAGE SKY COVER 0.0


WEATHER CONDITIONS
 THE FOLLOWING WEATHER WAS RECORDED YESTERDAY.
  NO SIGNIFICANT WEATHER WAS OBSERVED.


RELATIVE HUMIDITY (PERCENT)
 HIGHEST    87           600 AM
 LOWEST     37           400 PM
 AVERAGE    62

..........................................................


THE WEST PLAINS MO CLIMATE NORMALS FOR TODAY
                         NORMAL    RECORD    YEAR
 MAXIMUM TEMPERATURE (F)   91       102      1953
 MINIMUM TEMPERATURE (F)   66        47      1971


SUNRISE AND SUNSET
JULY 31 2015..........SUNRISE   612 AM CDT   SUNSET   815 PM CDT
AUGUST  1 2015........SUNRISE   613 AM CDT   SUNSET   814 PM CDT


-  INDICATES NEGATIVE NUMBERS.
R  INDICATES RECORD WAS SET OR TIED.
MM INDICATES DATA IS MISSING.
T  INDICATES TRACE AMOUNT.




$$
