000
CDUS43 KUNR 270834
CLIUNR


CLIMATE REPORT
NATIONAL WEATHER SERVICE RAPID CITY SD
233 AM MDT SAT MAY 27 2017


...................................

...THE EAST RAPID CITY SD CLIMATE SUMMARY FOR MAY 26 2017...

CLIMATE NORMAL PERIOD 1981 TO 2010
CLIMATE RECORD PERIOD 1888 TO 2017


WEATHER ITEM   OBSERVED RECORD YEAR NORMAL DEPARTURE LAST
                VALUE   VALUE       VALUE  FROM      YEAR
                                           NORMAL
...........................................................
TEMPERATURE (F)
 YESTERDAY
  MAXIMUM         65     96    1969  69     -4       68
  MINIMUM         48     32    1893  48      0       48
  AVERAGE         57                 59     -2       58

PRECIPITATION (IN)
  YESTERDAY        0.11   1.25 1996   0.14  -0.03     0.08
  MONTH TO DATE    1.39               3.43  -2.04     1.11
  SINCE MAR 1      3.82               6.52  -2.70     3.34
  SINCE JAN 1      4.61               7.29  -2.68     4.15

SNOWFALL (IN)
  YESTERDAY        0.0    0.2  1893   0.0    0.0      0.0
  MONTH TO DATE    0.0                2.0   -2.0       T
  SINCE MAR 1      6.0               22.6  -16.6     11.7
  SINCE JUL 1     39.2               49.3  -10.1     41.6
  SNOW DEPTH       0

DEGREE DAYS
 HEATING
  YESTERDAY        8                  7      1        7
  MONTH TO DATE  246                275    -29      244
  SINCE MAR 1   1559               1787   -228     1441
  SINCE JUL 1   6155               6741   -586     5690

 COOLING
  YESTERDAY        0                  1     -1        0
  MONTH TO DATE   13                 10      3        4
  SINCE MAR 1     13                 11      2        6
  SINCE JAN 1     13                 11      2        6
...........................................................


WIND (MPH)
  HIGHEST GUST SPEED    25   HIGHEST GUST DIRECTION     N (360)



WEATHER CONDITIONS
 THE FOLLOWING WEATHER WAS RECORDED YESTERDAY.
  LIGHT RAIN


..........................................................


THE EAST RAPID CITY SD CLIMATE NORMALS FOR TODAY
                         NORMAL    RECORD    YEAR
 MAXIMUM TEMPERATURE (F)   70        99      1969
 MINIMUM TEMPERATURE (F)   48        33      2008
                                             1918


SUNRISE AND SUNSET
MAY 27 2017...........SUNRISE   516 AM MDT   SUNSET   825 PM MDT
MAY 28 2017...........SUNRISE   515 AM MDT   SUNSET   826 PM MDT


-  INDICATES NEGATIVE NUMBERS.
R  INDICATES RECORD WAS SET OR TIED.
MM INDICATES DATA IS MISSING.
T  INDICATES TRACE AMOUNT.




$$
