000
CDUS43 KUNR 310043
CLIUNR


CLIMATE REPORT
NATIONAL WEATHER SERVICE RAPID CITY SD
643 PM MDT SAT JUL 30 2016


...................................

...THE EAST RAPID CITY SD CLIMATE SUMMARY FOR JULY 30 2016...
VALID TODAY AS OF 0500 PM LOCAL TIME.

CLIMATE NORMAL PERIOD 1981 TO 2010
CLIMATE RECORD PERIOD 1888 TO 2016


WEATHER ITEM   OBSERVED RECORD YEAR NORMAL DEPARTURE LAST
                VALUE   VALUE       VALUE  FROM      YEAR
                                           NORMAL
...........................................................
TEMPERATURE (F)
 TODAY
  MAXIMUM         89    104    2006  86      3       86
  MINIMUM         60     47    1971  62     -2       61
  AVERAGE         75                 74      1       74

PRECIPITATION (IN)
  TODAY            0.02   1.40 1915   0.10  -0.08     0.00
  MONTH TO DATE    2.47               2.40   0.07     3.62
  SINCE JUN 1      3.05               5.56  -2.51    10.49
  SINCE JAN 1      7.59              13.61  -6.02    19.85

SNOWFALL (IN)
  TODAY            0.0    0.0  2002   0.0    0.0      0.0
                               2001
                               2000
  MONTH TO DATE    0.0                0.0    0.0      0.0
  SINCE JUN 1      0.0                0.0    0.0      0.0
  SINCE JUL 1      0.0                0.0    0.0      0.0
  SNOW DEPTH       0

DEGREE DAYS
 HEATING
  TODAY            0                  0      0        0
  MONTH TO DATE    1                  6     -5        1
  SINCE JUN 1      6                 94    -88       34
  SINCE JUL 1      1                  6     -5        1

 COOLING
  TODAY           10                  9      1        9
  MONTH TO DATE  274                248     26      213
  SINCE JUN 1    519                339    180      320
  SINCE JAN 1    525                357    168      328
...........................................................





WEATHER CONDITIONS
 THE FOLLOWING WEATHER WAS RECORDED TODAY.
  THUNDERSTORM
  RAIN
  LIGHT RAIN


..........................................................


THE EAST RAPID CITY SD CLIMATE NORMALS FOR TOMORROW
                         NORMAL    RECORD    YEAR
 MAXIMUM TEMPERATURE (F)   86       102      1900
 MINIMUM TEMPERATURE (F)   62        45      1925


SUNRISE AND SUNSET
JULY 30 2016..........SUNRISE   539 AM MDT   SUNSET   819 PM MDT
JULY 31 2016..........SUNRISE   540 AM MDT   SUNSET   817 PM MDT


-  INDICATES NEGATIVE NUMBERS.
R  INDICATES RECORD WAS SET OR TIED.
MM INDICATES DATA IS MISSING.
T  INDICATES TRACE AMOUNT.




$$
