708
CDUS43 KUNR 290039
CLIUNR


CLIMATE REPORT
NATIONAL WEATHER SERVICE RAPID CITY SD
639 PM MDT SUN AUG 28 2016


...................................

...THE EAST RAPID CITY SD CLIMATE SUMMARY FOR AUGUST 28 2016...
VALID TODAY AS OF 0500 PM LOCAL TIME.

CLIMATE NORMAL PERIOD 1981 TO 2010
CLIMATE RECORD PERIOD 1888 TO 2016


WEATHER ITEM   OBSERVED RECORD YEAR NORMAL DEPARTURE LAST
                VALUE   VALUE       VALUE  FROM      YEAR
                                           NORMAL
...........................................................
TEMPERATURE (F)
 TODAY
  MAXIMUM         89     98    2012  81      8       85
                               1924
  MINIMUM         59     36    1911  57      2       62
  AVERAGE         74                 69      5       74

PRECIPITATION (IN)
  TODAY            0.00   0.78 1933   0.05  -0.05     0.00
  MONTH TO DATE    3.32               1.82   1.50     1.87
  SINCE JUN 1      6.76               7.48  -0.72    12.36
  SINCE JAN 1     11.30              15.53  -4.23    21.72

SNOWFALL (IN)
  TODAY            0.0    0.0  2002   0.0    0.0      0.0
                               2001
                               2000
  MONTH TO DATE    0.0                0.0    0.0      0.0
  SINCE JUN 1      0.0                0.0    0.0      0.0
  SINCE JUL 1      0.0                0.0    0.0      0.0
  SNOW DEPTH       0

DEGREE DAYS
 HEATING
  TODAY            0                  1     -1        0
  MONTH TO DATE   24                  8     16       29
  SINCE JUN 1     30                108    -78       63
  SINCE JUL 1     25                 20      5       30

 COOLING
  TODAY            9                  5      4        9
  MONTH TO DATE  203                211     -8      203
  SINCE JUN 1    733                562    171      533
  SINCE JAN 1    739                580    159      541
...........................................................





WEATHER CONDITIONS
 THE FOLLOWING WEATHER WAS RECORDED TODAY.
  NO SIGNIFICANT WEATHER WAS OBSERVED.


..........................................................


THE EAST RAPID CITY SD CLIMATE NORMALS FOR TOMORROW
                         NORMAL    RECORD    YEAR
 MAXIMUM TEMPERATURE (F)   81       106      2012
 MINIMUM TEMPERATURE (F)   57        43      1935


SUNRISE AND SUNSET
AUGUST 28 2016........SUNRISE   612 AM MDT   SUNSET   735 PM MDT
AUGUST 29 2016........SUNRISE   613 AM MDT   SUNSET   733 PM MDT


-  INDICATES NEGATIVE NUMBERS.
R  INDICATES RECORD WAS SET OR TIED.
MM INDICATES DATA IS MISSING.
T  INDICATES TRACE AMOUNT.




$$
