000
CDUS43 KUNR 270832
CLIUNR


CLIMATE REPORT
NATIONAL WEATHER SERVICE RAPID CITY SD
232 AM MDT FRI MAY 27 2016


...................................

...THE EAST RAPID CITY SD CLIMATE SUMMARY FOR MAY 26 2016...

CLIMATE NORMAL PERIOD 1981 TO 2010
CLIMATE RECORD PERIOD 1888 TO 2016


WEATHER ITEM   OBSERVED RECORD YEAR NORMAL DEPARTURE LAST
                VALUE   VALUE       VALUE  FROM      YEAR
                                           NORMAL
...........................................................
TEMPERATURE (F)
 YESTERDAY
  MAXIMUM         68     96    1969  69     -1       68
  MINIMUM         48     32    1893  48      0       50
  AVERAGE         58                 59     -1       59

PRECIPITATION (IN)
  YESTERDAY        0.08   1.25 1996   0.14  -0.06      T
  MONTH TO DATE    1.11               3.43  -2.32     6.99
  SINCE MAR 1      3.34               6.52  -3.18     8.04
  SINCE JAN 1      4.15               7.29  -3.14     8.59

SNOWFALL (IN)
  YESTERDAY        0.0    0.2  1893   0.0    0.0      0.0
  MONTH TO DATE    T                  2.0   -2.0     13.6
  SINCE MAR 1     11.7               22.6  -10.9     15.0
  SINCE JUL 1     41.6               49.3   -7.7     50.7
  SNOW DEPTH       0

DEGREE DAYS
 HEATING
  YESTERDAY        7                  7      0        6
  MONTH TO DATE  244                275    -31      365
  SINCE MAR 1   1441               1787   -346     1504
  SINCE JUL 1   5690               6741  -1051     6200

 COOLING
  YESTERDAY        0                  1     -1        0
  MONTH TO DATE    4                 10     -6        2
  SINCE MAR 1      6                 11     -5        8
  SINCE JAN 1      6                 11     -5        8
...........................................................


WIND (MPH)
  HIGHEST GUST SPEED    25   HIGHEST GUST DIRECTION     N (360)



WEATHER CONDITIONS
 THE FOLLOWING WEATHER WAS RECORDED YESTERDAY.
  THUNDERSTORM
  LIGHT RAIN


..........................................................


THE EAST RAPID CITY SD CLIMATE NORMALS FOR TODAY
                         NORMAL    RECORD    YEAR
 MAXIMUM TEMPERATURE (F)   70        99      1969
 MINIMUM TEMPERATURE (F)   48        33      2008
                                             1918


SUNRISE AND SUNSET
MAY 27 2016...........SUNRISE   515 AM MDT   SUNSET   825 PM MDT
MAY 28 2016...........SUNRISE   515 AM MDT   SUNSET   826 PM MDT


-  INDICATES NEGATIVE NUMBERS.
R  INDICATES RECORD WAS SET OR TIED.
MM INDICATES DATA IS MISSING.
T  INDICATES TRACE AMOUNT.




$$
