000
CDUS43 KUNR 220831
CLIUNR


CLIMATE REPORT
NATIONAL WEATHER SERVICE RAPID CITY SD
231 AM MDT WED OCT 22 2014


...................................

...THE EAST RAPID CITY SD CLIMATE SUMMARY FOR OCTOBER 21 2014...

CLIMATE NORMAL PERIOD 1981 TO 2010
CLIMATE RECORD PERIOD 1888 TO 2014


WEATHER ITEM   OBSERVED RECORD YEAR NORMAL DEPARTURE LAST
                VALUE   VALUE       VALUE  FROM      YEAR
                                           NORMAL
...........................................................
TEMPERATURE (F)
 YESTERDAY
  MAXIMUM         82     85    1927  57     25       54
  MINIMUM         48     16    1936  36     12       31
  AVERAGE         65                 47     18       43

PRECIPITATION (IN)
  YESTERDAY        0.00   0.42 1931   0.05  -0.05     0.01
  MONTH TO DATE    0.47               1.16  -0.69     5.30
  SINCE SEP 1      5.29               2.70   2.59     6.25
  SINCE JAN 1     22.69              18.38   4.31    22.00

SNOWFALL (IN)
  YESTERDAY        0.0                0.1   -0.1      0.0
  MONTH TO DATE    0.0                0.9   -0.9     24.2
  SINCE SEP 1      1.6                1.0    0.6     24.2
  SINCE JUL 1      1.6                1.0    0.6     24.2
  SNOW DEPTH       0

DEGREE DAYS
 HEATING
  YESTERDAY        0                 18    -18       22
  MONTH TO DATE  226                318    -92      397
  SINCE SEP 1    411                497    -86      486
  SINCE JUL 1    435                527    -92      492

 COOLING
  YESTERDAY        0                  0      0        0
  MONTH TO DATE    0                  0      0        0
  SINCE SEP 1     78                 66     12      145
  SINCE JAN 1    514                661   -147      830
...........................................................


WIND (MPH)
  HIGHEST GUST SPEED    25   HIGHEST GUST DIRECTION     S (190)



WEATHER CONDITIONS
 THE FOLLOWING WEATHER WAS RECORDED YESTERDAY.
  NO SIGNIFICANT WEATHER WAS OBSERVED.


..........................................................


THE EAST RAPID CITY SD CLIMATE NORMALS FOR TODAY
                         NORMAL    RECORD    YEAR
 MAXIMUM TEMPERATURE (F)   57        81      1915
 MINIMUM TEMPERATURE (F)   36        10      1936


SUNRISE AND SUNSET
OCTOBER 22 2014.......SUNRISE   716 AM MDT   SUNSET   558 PM MDT
OCTOBER 23 2014.......SUNRISE   718 AM MDT   SUNSET   556 PM MDT


-  INDICATES NEGATIVE NUMBERS.
R  INDICATES RECORD WAS SET OR TIED.
MM INDICATES DATA IS MISSING.
T  INDICATES TRACE AMOUNT.




$$
