000
CDUS43 KUNR 040842
CLIUNR


CLIMATE REPORT
NATIONAL WEATHER SERVICE RAPID CITY SD
140 AM MST WED MAR 4 2015


...................................

...THE EAST RAPID CITY SD CLIMATE SUMMARY FOR MARCH 3 2015...

CLIMATE NORMAL PERIOD 1981 TO 2010
CLIMATE RECORD PERIOD 1888 TO 2015


WEATHER ITEM   OBSERVED RECORD YEAR NORMAL DEPARTURE LAST
                VALUE   VALUE       VALUE  FROM      YEAR
                                           NORMAL
...........................................................
TEMPERATURE (F)
 YESTERDAY
  MAXIMUM         29     78    1921  43    -14       22
  MINIMUM          8    -17    1891  22    -14       -8
  AVERAGE         19                 32    -13        7

PRECIPITATION (IN)
  YESTERDAY        0.09   0.64 1966   0.01   0.08     0.00
  MONTH TO DATE    0.09               0.05   0.04     0.13
  SINCE MAR 1      0.09               0.05   0.04     0.13
  SINCE JAN 1      0.64               0.82  -0.18     0.64

SNOWFALL (IN)
  YESTERDAY        1.4    5.9  1966   0.3    1.1      0.0
  MONTH TO DATE    1.4                0.9    0.5      3.0
  SINCE MAR 1      1.4                0.9    0.5      3.0
  SINCE JUL 1     37.1               27.6    9.5     53.1
  SNOW DEPTH       1

DEGREE DAYS
 HEATING
  YESTERDAY       46                 33     13       58
  MONTH TO DATE  125                100     25      203
  SINCE MAR 1    125                100     25      203
  SINCE JUL 1   4821               5054   -233     5551

 COOLING
  YESTERDAY        0                  0      0        0
  MONTH TO DATE    0                  0      0        0
  SINCE MAR 1      0                  0      0        0
  SINCE JAN 1      0                  0      0        0
...........................................................


WIND (MPH)
  HIGHEST GUST SPEED    49   HIGHEST GUST DIRECTION     N (340)



WEATHER CONDITIONS
 THE FOLLOWING WEATHER WAS RECORDED YESTERDAY.
  LIGHT SNOW
  BLOWING SNOW


..........................................................


THE EAST RAPID CITY SD CLIMATE NORMALS FOR TODAY
                         NORMAL    RECORD    YEAR
 MAXIMUM TEMPERATURE (F)   43        75      1905
 MINIMUM TEMPERATURE (F)   22       -14      1960


SUNRISE AND SUNSET
MARCH  4 2015.........SUNRISE   625 AM MST   SUNSET   545 PM MST
MARCH  5 2015.........SUNRISE   623 AM MST   SUNSET   546 PM MST


-  INDICATES NEGATIVE NUMBERS.
R  INDICATES RECORD WAS SET OR TIED.
MM INDICATES DATA IS MISSING.
T  INDICATES TRACE AMOUNT.




$$
