000
CDUS43 KUNR 270831
CLIUNR


CLIMATE REPORT
NATIONAL WEATHER SERVICE RAPID CITY SD
131 AM MST SAT DEC 27 2014


...................................

...THE EAST RAPID CITY SD CLIMATE SUMMARY FOR DECEMBER 26 2014...

CLIMATE NORMAL PERIOD 1981 TO 2010
CLIMATE RECORD PERIOD 1888 TO 2014


WEATHER ITEM   OBSERVED RECORD YEAR NORMAL DEPARTURE LAST
                VALUE   VALUE       VALUE  FROM      YEAR
                                           NORMAL
...........................................................
TEMPERATURE (F)
 YESTERDAY
  MAXIMUM         21     66    1946  37    -16       48
  MINIMUM         11    -18    1996  17     -6       35
  AVERAGE         16                 27    -11       42

PRECIPITATION (IN)
  YESTERDAY        T      0.13 2009   0.01  -0.01     0.00
  MONTH TO DATE    0.28               0.26   0.02     0.54
  SINCE DEC 1      0.28               0.26   0.02     0.54
  SINCE JAN 1     23.63              19.73   3.90    23.00

SNOWFALL (IN)
  YESTERDAY        T      2.5  2009   0.2   -0.2      0.0
  MONTH TO DATE    4.7                4.4    0.3      9.0
  SINCE DEC 1      4.7                4.4    0.3      9.0
  SINCE JUL 1     20.0               13.0    7.0     38.8
  SNOW DEPTH       3

DEGREE DAYS
 HEATING
  YESTERDAY       49                 38     11       23
  MONTH TO DATE  791                971   -180     1165
  SINCE DEC 1    791                971   -180     1165
  SINCE JUL 1   2405               2551   -146     2754

 COOLING
  YESTERDAY        0                  0      0        0
  MONTH TO DATE    0                  0      0        0
  SINCE DEC 1      0                  0      0        0
  SINCE JAN 1    514                665   -151      830
...........................................................


WIND (MPH)
  HIGHEST GUST SPEED    22   HIGHEST GUST DIRECTION     N (340)



WEATHER CONDITIONS
 THE FOLLOWING WEATHER WAS RECORDED YESTERDAY.
  LIGHT SNOW


..........................................................


THE EAST RAPID CITY SD CLIMATE NORMALS FOR TODAY
                         NORMAL    RECORD    YEAR
 MAXIMUM TEMPERATURE (F)   37        66      1928
 MINIMUM TEMPERATURE (F)   17       -18      1925


SUNRISE AND SUNSET
DECEMBER 27 2014......SUNRISE   727 AM MST   SUNSET   421 PM MST
DECEMBER 28 2014......SUNRISE   727 AM MST   SUNSET   422 PM MST


-  INDICATES NEGATIVE NUMBERS.
R  INDICATES RECORD WAS SET OR TIED.
MM INDICATES DATA IS MISSING.
T  INDICATES TRACE AMOUNT.




$$
