000
CDUS44 KCRP 090758 RRA
CLIVCT

CLIMATE REPORT
NATIONAL WEATHER SERVICE CORPUS CHRISTI TX
156 AM CST TUE FEB 9 2016


...................................

...THE VICTORIA CLIMATE SUMMARY FOR FEBRUARY 8 2016...

CLIMATE NORMAL PERIOD 1981 TO 2010
CLIMATE RECORD PERIOD 1893 TO 2016


WEATHER ITEM   OBSERVED TIME   RECORD YEAR NORMAL DEPARTURE LAST
                VALUE   (LST)  VALUE       VALUE  FROM      YEAR
                                                  NORMAL
..................................................................
TEMPERATURE (F)
 YESTERDAY
  MAXIMUM         67    254 PM  87    1926  67      0       80
  MINIMUM         39   1045 PM  16    1933  45     -6       54
  AVERAGE         53                        56     -3       67

PRECIPITATION (IN)
  YESTERDAY        0.00          1.07 1980   0.07  -0.07     0.00
  MONTH TO DATE    T                         0.57  -0.57     0.61
  SINCE DEC 1      4.75                      5.40  -0.65     5.89
  SINCE JAN 1      3.15                      3.09   0.06     3.68

SNOWFALL (IN)
  YESTERDAY        0.0
  MONTH TO DATE    0.0
  SINCE DEC 1      0.0
  SINCE JUL 1      0.0
  SNOW DEPTH       0

DEGREE DAYS
 HEATING
  YESTERDAY       12                        10      2        0
  MONTH TO DATE   96                        81     15       86
  SINCE DEC 1    676                       770    -94      685
  SINCE JUL 1    774                       933   -159      876

 COOLING
  YESTERDAY        0                         1     -1        2
  MONTH TO DATE    5                         8     -3        3
  SINCE DEC 1     66                        49     17       30
  SINCE JAN 1     10                        22    -12        4
..................................................................


WIND (MPH)
  HIGHEST WIND SPEED    25   HIGHEST WIND DIRECTION     N (10)
  HIGHEST GUST SPEED    32   HIGHEST GUST DIRECTION    NW (310)
  AVERAGE WIND SPEED    11.2


SKY COVER
  POSSIBLE SUNSHINE  MM
  AVERAGE SKY COVER 0.0


WEATHER CONDITIONS
 THE FOLLOWING WEATHER WAS RECORDED YESTERDAY.
  FOG


RELATIVE HUMIDITY (PERCENT)
 HIGHEST   100           200 AM
 LOWEST     16           200 PM
 AVERAGE    58

..........................................................


THE VICTORIA CLIMATE NORMALS FOR TODAY
                         NORMAL    RECORD    YEAR
 MAXIMUM TEMPERATURE (F)   67        90      1962
 MINIMUM TEMPERATURE (F)   45        17      1933


SUNRISE AND SUNSET
FEBRUARY  9 2016......SUNRISE   711 AM CST   SUNSET   613 PM CST
FEBRUARY 10 2016......SUNRISE   710 AM CST   SUNSET   614 PM CST


-  INDICATES NEGATIVE NUMBERS.
R  INDICATES RECORD WAS SET OR TIED.
MM INDICATES DATA IS MISSING.
T  INDICATES TRACE AMOUNT.

$$

GW
