000
CDUS44 KCRP 210921
CLIVCT

CLIMATE REPORT
NATIONAL WEATHER SERVICE CORPUS CHRISTI TX
320 AM CST SUN DEC 21 2014

...................................

...THE VICTORIA CLIMATE SUMMARY FOR DECEMBER 20 2014...

CLIMATE NORMAL PERIOD 1981 TO 2010
CLIMATE RECORD PERIOD 1893 TO 2014


WEATHER ITEM   OBSERVED TIME   RECORD YEAR NORMAL DEPARTURE LAST
                VALUE   (LST)  VALUE       VALUE  FROM      YEAR
                                                  NORMAL
..................................................................
TEMPERATURE (F)
 YESTERDAY
  MAXIMUM         58    325 PM  84    1951  65     -7       78
  MINIMUM         51    800 AM  19    1924  44      7       68
  AVERAGE         55                        54      1       73

PRECIPITATION (IN)
  YESTERDAY        0.00          2.23 1958   0.07  -0.07      T
  MONTH TO DATE    1.61                      1.49   0.12     0.11
  SINCE DEC 1      1.61                      1.49   0.12     0.11
  SINCE JAN 1     29.59                     40.40 -10.81    25.22

SNOWFALL (IN)
  YESTERDAY        0.0
  MONTH TO DATE    0.0
  SINCE DEC 1      0.0
  SINCE JUL 1      0.0
  SNOW DEPTH       0

DEGREE DAYS
 HEATING
  YESTERDAY       10                        11     -1        0
  MONTH TO DATE   73                       200   -127      243
  SINCE DEC 1     73                       200   -127      243
  SINCE JUL 1    264                       363    -99      440

 COOLING
  YESTERDAY        0                         1     -1        8
  MONTH TO DATE   24                        20      4       31
  SINCE DEC 1     24                        20      4       31
  SINCE JAN 1   3513                      3143    370     3433
..................................................................


WIND (MPH)
  HIGHEST WIND SPEED    18   HIGHEST WIND DIRECTION     N (360)
  HIGHEST GUST SPEED    24   HIGHEST GUST DIRECTION     N (10)
  AVERAGE WIND SPEED     8.9


SKY COVER
  POSSIBLE SUNSHINE  MM
  AVERAGE SKY COVER 1.0


WEATHER CONDITIONS
 THE FOLLOWING WEATHER WAS RECORDED YESTERDAY.
  FOG


RELATIVE HUMIDITY (PERCENT)
 HIGHEST    93           900 PM
 LOWEST     72           100 PM
 AVERAGE    83

..........................................................


THE VICTORIA CLIMATE NORMALS FOR TODAY
                         NORMAL    RECORD    YEAR
 MAXIMUM TEMPERATURE (F)   65        83      1948
                                             1921
 MINIMUM TEMPERATURE (F)   44        23      1924


SUNRISE AND SUNSET
DECEMBER 21 2014......SUNRISE   717 AM CST   SUNSET   535 PM CST
DECEMBER 22 2014......SUNRISE   717 AM CST   SUNSET   535 PM CST


-  INDICATES NEGATIVE NUMBERS.
R  INDICATES RECORD WAS SET OR TIED.
MM INDICATES DATA IS MISSING.
T  INDICATES TRACE AMOUNT.

$$
