000
CDUS44 KCRP 250642
CLIVCT

CLIMATE REPORT
NATIONAL WEATHER SERVICE CORPUS CHRISTI TX
138 AM CDT FRI JUL 25 2014


...................................

...THE VICTORIA CLIMATE SUMMARY FOR JULY 24 2014...

CLIMATE NORMAL PERIOD 1981 TO 2010
CLIMATE RECORD PERIOD 1893 TO 2014


WEATHER ITEM   OBSERVED TIME   RECORD YEAR NORMAL DEPARTURE LAST
                VALUE   (LST)  VALUE       VALUE  FROM      YEAR
                                                  NORMAL
..................................................................
TEMPERATURE (F)
 YESTERDAY
  MAXIMUM         96    418 PM 107    1934  94      2       94
  MINIMUM         78    607 AM  64    1915  74      4       76
  AVERAGE         87                        84      3       85

PRECIPITATION (IN)
  YESTERDAY        T             1.97 1987   0.11  -0.11     0.00
  MONTH TO DATE    2.33                      3.39  -1.06     3.48
  SINCE JUN 1      6.44                      7.85  -1.41     3.66
  SINCE JAN 1     17.72                     23.23  -5.51    13.04

SNOWFALL (IN)
  YESTERDAY        0.0
  MONTH TO DATE    0.0
  SINCE JUN 1      0.0
  SINCE JUL 1      0.0
  SNOW DEPTH       0

DEGREE DAYS
 HEATING
  YESTERDAY        0                         0      0        0
  MONTH TO DATE    0                         0      0        0
  SINCE JUN 1      0                         0      0        0
  SINCE JUL 1      0                         0      0        0

 COOLING
  YESTERDAY       22                        19      3       20
  MONTH TO DATE  477                       451     26      461
  SINCE JUN 1   1035                       959     76     1053
  SINCE JAN 1   1685                      1618     67     1687
..................................................................


WIND (MPH)
  HIGHEST WIND SPEED    20   HIGHEST WIND DIRECTION    SE (140)
  HIGHEST GUST SPEED    23   HIGHEST GUST DIRECTION    SE (130)
  AVERAGE WIND SPEED     6.5


SKY COVER
  POSSIBLE SUNSHINE  MM
  AVERAGE SKY COVER 0.2


WEATHER CONDITIONS
 THE FOLLOWING WEATHER WAS RECORDED YESTERDAY.
  THUNDERSTORM
  LIGHT RAIN
  FOG
  HAZE


RELATIVE HUMIDITY (PERCENT)
 HIGHEST    91           200 AM
 LOWEST     41           600 PM
 AVERAGE    66

..........................................................


THE VICTORIA CLIMATE NORMALS FOR TODAY
                         NORMAL    RECORD    YEAR
 MAXIMUM TEMPERATURE (F)   95       105      1954
 MINIMUM TEMPERATURE (F)   74        64      1915


SUNRISE AND SUNSET
JULY 25 2014..........SUNRISE   645 AM CDT   SUNSET   823 PM CDT
JULY 26 2014..........SUNRISE   645 AM CDT   SUNSET   823 PM CDT


-  INDICATES NEGATIVE NUMBERS.
R  INDICATES RECORD WAS SET OR TIED.
MM INDICATES DATA IS MISSING.
T  INDICATES TRACE AMOUNT.




$$
