000
CDUS44 KCRP 162310
CLIVCT

CLIMATE REPORT
NATIONAL WEATHER SERVICE CORPUS CHRISTI TX
609 PM CDT MON OCT 16 2017

...................................

...THE VICTORIA CLIMATE SUMMARY FOR OCTOBER 16 2017...
VALID AS OF 609 PM LOCAL TIME.

CLIMATE NORMAL PERIOD 1981 TO 2010
CLIMATE RECORD PERIOD 1893 TO 2017


WEATHER ITEM   OBSERVED TIME   RECORD YEAR NORMAL DEPARTURE LAST
                VALUE   (LST)  VALUE       VALUE  FROM      YEAR
                                                  NORMAL
..................................................................
TEMPERATURE (F)
 TODAY
  MAXIMUM         79    238 PM  96    1933  84     -5       93
  MINIMUM         59    721 AM  45    1974  61     -2       67
  AVERAGE         69                        72     -3       80

PRECIPITATION (IN)
  TODAY            0.00          4.30 1960   0.17  -0.17     0.00
  MONTH TO DATE    0.06                      2.38  -2.32     0.01
  SINCE SEP 1      3.18                      6.54  -3.36     2.56
  SINCE JAN 1     43.58                     33.41  10.17    32.14

SNOWFALL (IN)
  TODAY            0.0
  MONTH TO DATE    0.0
  SINCE SEP 1      0.0
  SINCE JUL 1      0.0
  SNOW DEPTH       0

DEGREE DAYS
 HEATING
  TODAY            0                         1     -1        0
  MONTH TO DATE    0                         1     -1        0
  SINCE SEP 1      0                         2     -2        0
  SINCE JUL 1      0                         2     -2        0

 COOLING
  TODAY            4                         8     -4       15
  MONTH TO DATE  213                       150     63      179
  SINCE SEP 1    665                       595     70      680
  SINCE JAN 1   3498                      2948    550     3167
..................................................................


WIND (MPH)
  HIGHEST WIND SPEED    23   HIGHEST WIND DIRECTION     N (20)
  HIGHEST GUST SPEED    29   HIGHEST GUST DIRECTION     N (10)


SKY COVER
  POSSIBLE SUNSHINE  MM
  AVERAGE SKY COVER 0.2


WEATHER CONDITIONS
 THE FOLLOWING WEATHER WAS RECORDED TODAY.
  NO SIGNIFICANT WEATHER WAS OBSERVED.


RELATIVE HUMIDITY (PERCENT)
 HIGHEST    56           800 AM
 LOWEST     28           200 PM
 AVERAGE    42

..........................................................


THE VICTORIA CLIMATE NORMALS FOR TOMORROW
                         NORMAL    RECORD    YEAR
 MAXIMUM TEMPERATURE (F)   83       100      1926
 MINIMUM TEMPERATURE (F)   61        45      2001


SUNRISE AND SUNSET
OCTOBER 16 2017.......SUNRISE   729 AM CDT   SUNSET   656 PM CDT
OCTOBER 17 2017.......SUNRISE   730 AM CDT   SUNSET   655 PM CDT


-  INDICATES NEGATIVE NUMBERS.
R  INDICATES RECORD WAS SET OR TIED.
MM INDICATES DATA IS MISSING.
T  INDICATES TRACE AMOUNT.




$$
