000
CDUS44 KCRP 010646 RRA
CLIVCT

CLIMATE REPORT
NATIONAL WEATHER SERVICE CORPUS CHRISTI TX
144 AM CDT SUN MAY 1 2016


...................................

...THE VICTORIA CLIMATE SUMMARY FOR APRIL 30 2016...

CLIMATE NORMAL PERIOD 1981 TO 2010
CLIMATE RECORD PERIOD 1893 TO 2016


WEATHER ITEM   OBSERVED TIME   RECORD YEAR NORMAL DEPARTURE LAST
                VALUE   (LST)  VALUE       VALUE  FROM      YEAR
                                                  NORMAL
..................................................................
TEMPERATURE (F)
 YESTERDAY
  MAXIMUM         89    215 PM  95    1953  83      6       82
                                      1940
  MINIMUM         75   1159 PM  40    1907  63     12       52
  AVERAGE         82                        73      9       67

PRECIPITATION (IN)
  YESTERDAY        0.18          1.00 1993   0.13   0.05     0.00
  MONTH TO DATE    4.59                      2.82   1.77     6.81
  SINCE MAR 1      8.91                      5.59   3.32    15.18
  SINCE JAN 1     13.85                     10.19   3.66    19.23

SNOWFALL (IN)
  YESTERDAY        0.0
  MONTH TO DATE    0.0
  SINCE MAR 1      0.0
  SINCE JUL 1      0.0
  SNOW DEPTH       0

DEGREE DAYS
 HEATING
  YESTERDAY        0                         0      0        0
  MONTH TO DATE    9                        29    -20        1
  SINCE MAR 1     63                       155    -92      140
  SINCE JUL 1    913                      1248   -335     1220

 COOLING
  YESTERDAY       17                         8      9        2
  MONTH TO DATE  194                       177     17      232
  SINCE MAR 1    316                       251     65      292
  SINCE JAN 1    351                       289     62      307
..................................................................


WIND (MPH)
  HIGHEST WIND SPEED    15   HIGHEST WIND DIRECTION    NE (40)
  HIGHEST GUST SPEED    19   HIGHEST GUST DIRECTION    NE (30)
  AVERAGE WIND SPEED     6.2


SKY COVER
  POSSIBLE SUNSHINE  MM
  AVERAGE SKY COVER 0.7


WEATHER CONDITIONS
 THE FOLLOWING WEATHER WAS RECORDED YESTERDAY.
  THUNDERSTORM
  HEAVY RAIN
  RAIN
  LIGHT RAIN
  FOG
  HAZE


RELATIVE HUMIDITY (PERCENT)
 HIGHEST    94           700 AM
 LOWEST     63           300 PM
 AVERAGE    79

..........................................................


THE VICTORIA CLIMATE NORMALS FOR TODAY
                         NORMAL    RECORD    YEAR
 MAXIMUM TEMPERATURE (F)   83        92      2006
                                             1947
 MINIMUM TEMPERATURE (F)   64        45      2005
                                             1925
                                             1903


SUNRISE AND SUNSET
MAY  1 2016...........SUNRISE   646 AM CDT   SUNSET   804 PM CDT
MAY  2 2016...........SUNRISE   645 AM CDT   SUNSET   804 PM CDT


-  INDICATES NEGATIVE NUMBERS.
R  INDICATES RECORD WAS SET OR TIED.
MM INDICATES DATA IS MISSING.
T  INDICATES TRACE AMOUNT.




$$
