000
CDUS44 KCRP 280900
CLIVCT

CLIMATE REPORT
NATIONAL WEATHER SERVICE CORPUS CHRISTI TX
258 AM CST FRI NOV 28 2014


...................................

...THE VICTORIA CLIMATE SUMMARY FOR NOVEMBER 27 2014...

CLIMATE NORMAL PERIOD 1981 TO 2010
CLIMATE RECORD PERIOD 1893 TO 2014


WEATHER ITEM   OBSERVED TIME   RECORD YEAR NORMAL DEPARTURE LAST
                VALUE   (LST)  VALUE       VALUE  FROM      YEAR
                                                  NORMAL
..................................................................
TEMPERATURE (F)
 YESTERDAY
  MAXIMUM         70    310 PM  89    1994  70      0       55
  MINIMUM         44    722 AM  26    1993  48     -4       33
  AVERAGE         57                        59     -2       44

PRECIPITATION (IN)
  YESTERDAY        0.00          1.96 1963   0.10  -0.10     0.00
  MONTH TO DATE    4.53                      2.95   1.58     1.79
  SINCE SEP 1      9.09                     11.75  -2.66    10.19
  SINCE JAN 1     27.98                     38.62 -10.64    25.11

SNOWFALL (IN)
  YESTERDAY        0.0
  MONTH TO DATE    0.0
  SINCE SEP 1      0.0
  SINCE JUL 1      0.0
  SNOW DEPTH       0

DEGREE DAYS
 HEATING
  YESTERDAY        8                         7      1       21
  MONTH TO DATE  187                       116     71      161
  SINCE SEP 1    187                       139     48      165
  SINCE JUL 1    187                       139     48      165

 COOLING
  YESTERDAY        0                         1     -1        0
  MONTH TO DATE   39                        76    -37       80
  SINCE SEP 1    919                       766    153      908
  SINCE JAN 1   3485                      3119    366     3402
..................................................................


WIND (MPH)
  HIGHEST WIND SPEED    20   HIGHEST WIND DIRECTION    NE (60)
  HIGHEST GUST SPEED    24   HIGHEST GUST DIRECTION    NE (60)
  AVERAGE WIND SPEED     7.8


SKY COVER
  POSSIBLE SUNSHINE  MM
  AVERAGE SKY COVER 0.0


WEATHER CONDITIONS
 THE FOLLOWING WEATHER WAS RECORDED YESTERDAY.
  NO SIGNIFICANT WEATHER WAS OBSERVED.


RELATIVE HUMIDITY (PERCENT)
 HIGHEST    86           100 AM
 LOWEST     32           200 PM
 AVERAGE    59

..........................................................


THE VICTORIA CLIMATE NORMALS FOR TODAY
                         NORMAL    RECORD    YEAR
 MAXIMUM TEMPERATURE (F)   70        88      1927
 MINIMUM TEMPERATURE (F)   48        27      2011
                                             1976


SUNRISE AND SUNSET
NOVEMBER 28 2014......SUNRISE   701 AM CST   SUNSET   530 PM CST
NOVEMBER 29 2014......SUNRISE   702 AM CST   SUNSET   530 PM CST


-  INDICATES NEGATIVE NUMBERS.
R  INDICATES RECORD WAS SET OR TIED.
MM INDICATES DATA IS MISSING.
T  INDICATES TRACE AMOUNT.




$$
