443
CDUS44 KCRP 031052 RRA
CLIVCT

CLIMATE REPORT
NATIONAL WEATHER SERVICE CORPUS CHRISTI TX
450 AM CST SAT DEC 3 2016

...THE VICTORIA CLIMATE SUMMARY FOR DECEMBER 2 2016...

CLIMATE NORMAL PERIOD 1981 TO 2010
CLIMATE RECORD PERIOD 1893 TO 2016


WEATHER ITEM   OBSERVED TIME   RECORD YEAR NORMAL DEPARTURE LAST
                VALUE   (LST)  VALUE       VALUE  FROM      YEAR
                                                  NORMAL
..................................................................
TEMPERATURE (F)
 YESTERDAY
  MAXIMUM         69    154 PM  85    2012  69      0       65
                                      1926
  MINIMUM         53    200 AM  32    1985  47      6       43
                                      1911
  AVERAGE         61                        58      3       54

PRECIPITATION (IN)
  YESTERDAY        0.04          3.55 1994   0.09  -0.05     0.00
  MONTH TO DATE    0.04                      0.19  -0.15     0.04
  SINCE DEC 1      0.04                      0.19  -0.15     0.04
  SINCE JAN 1     36.28                     39.10  -2.82    52.12

SNOWFALL (IN)
  YESTERDAY        0.0
  MONTH TO DATE    0.0
  SINCE DEC 1      0.0
  SINCE JUL 1      0.0
  SNOW DEPTH       0

DEGREE DAYS
 HEATING
  YESTERDAY        4                         9     -5       11
  MONTH TO DATE   14                        17     -3       22
  SINCE DEC 1     14                        17     -3       22
  SINCE JUL 1     64                       180   -116      120

 COOLING
  YESTERDAY        0                         1     -1        0
  MONTH TO DATE    0                         2     -2        0
  SINCE DEC 1      0                         2     -2        0
  SINCE JAN 1   3427                      3125    302     3280
..................................................................


WIND (MPH)
  HIGHEST WIND SPEED    22   HIGHEST WIND DIRECTION     E (70)
  HIGHEST GUST SPEED    28   HIGHEST GUST DIRECTION    NE (60)
  AVERAGE WIND SPEED    12.2


SKY COVER
  POSSIBLE SUNSHINE  MM
  AVERAGE SKY COVER 0.9


WEATHER CONDITIONS
 THE FOLLOWING WEATHER WAS RECORDED YESTERDAY.
  LIGHT RAIN
  FOG


RELATIVE HUMIDITY (PERCENT)
 HIGHEST    93           100 AM
 LOWEST     73          1000 AM
 AVERAGE    83

..........................................................


THE VICTORIA CLIMATE NORMALS FOR TODAY
                         NORMAL    RECORD    YEAR
 MAXIMUM TEMPERATURE (F)   69        86      2013
                                             1933
 MINIMUM TEMPERATURE (F)   46        25      1929


SUNRISE AND SUNSET
DECEMBER  3 2016......SUNRISE   705 AM CST   SUNSET   530 PM CST
DECEMBER  4 2016......SUNRISE   706 AM CST   SUNSET   530 PM CST


-  INDICATES NEGATIVE NUMBERS.
R  INDICATES RECORD WAS SET OR TIED.
MM INDICATES DATA IS MISSING.
T  INDICATES TRACE AMOUNT.

$$

87
