000
CDUS44 KCRP 260834
CLIVCT
CLIVCT

CLIMATE REPORT
NATIONAL WEATHER SERVICE CORPUS CHRISTI TX
328 AM CDT TUE MAY 26 2015


...................................

...THE VICTORIA CLIMATE SUMMARY FOR MAY 25 2015...

CLIMATE NORMAL PERIOD 1981 TO 2010
CLIMATE RECORD PERIOD 1893 TO 2015


WEATHER ITEM   OBSERVED TIME   RECORD YEAR NORMAL DEPARTURE LAST
                VALUE   (LST)  VALUE       VALUE  FROM      YEAR
                                                  NORMAL
..................................................................
TEMPERATURE (F)
 YESTERDAY
  MAXIMUM         87    207 PM  97    1928  88     -1       89
                                      1912
  MINIMUM         68   1038 PM  58    1910  69     -1       71
  AVERAGE         78                        79     -1       80

PRECIPITATION (IN)
  YESTERDAY        0.64          1.83 2013   0.17   0.47     0.00
  MONTH TO DATE    7.19                      4.17   3.02     2.35
  SINCE MAR 1     22.37                      9.76  12.61     4.35
  SINCE JAN 1     26.42                     14.36  12.06     6.01

SNOWFALL (IN)
  YESTERDAY        0.0
  MONTH TO DATE    0.0
  SINCE MAR 1      0.0
  SINCE JUL 1      0.0
  SNOW DEPTH       0

DEGREE DAYS
 HEATING
  YESTERDAY        0                         0      0        0
  MONTH TO DATE    0                         0      0        3
  SINCE MAR 1    140                       155    -15      240
  SINCE JUL 1   1220                      1248    -28     1493

 COOLING
  YESTERDAY       13                        14     -1       15
  MONTH TO DATE  306                       283     23      251
  SINCE MAR 1    598                       534     64      506
  SINCE JAN 1    613                       572     41      564
..................................................................


WIND (MPH)
  HIGHEST WIND SPEED    32   HIGHEST WIND DIRECTION     S (160)
  HIGHEST GUST SPEED    42   HIGHEST GUST DIRECTION    SE (150)
  AVERAGE WIND SPEED    15.7


SKY COVER
  POSSIBLE SUNSHINE  MM
  AVERAGE SKY COVER 0.7


WEATHER CONDITIONS
 THE FOLLOWING WEATHER WAS RECORDED YESTERDAY.
  THUNDERSTORM
  HEAVY RAIN
  RAIN
  LIGHT RAIN
  FOG
  HAZE


RELATIVE HUMIDITY (PERCENT)
 HIGHEST   100          1200 AM
 LOWEST     70           200 PM
 AVERAGE    85

..........................................................


THE VICTORIA CLIMATE NORMALS FOR TODAY
                         NORMAL    RECORD    YEAR
 MAXIMUM TEMPERATURE (F)   89        97      1928
 MINIMUM TEMPERATURE (F)   70        56      1913


SUNRISE AND SUNSET
MAY 26 2015...........SUNRISE   631 AM CDT   SUNSET   818 PM CDT
MAY 27 2015...........SUNRISE   631 AM CDT   SUNSET   819 PM CDT


-  INDICATES NEGATIVE NUMBERS.
R  INDICATES RECORD WAS SET OR TIED.
MM INDICATES DATA IS MISSING.
T  INDICATES TRACE AMOUNT.




$$
