000
CDUS44 KCRP 232316 RRB
CLIVCT

CLIMATE REPORT
NATIONAL WEATHER SERVICE CORPUS CHRISTI TX
616 PM CDT SUN APR 23 2017

...................................

...THE VICTORIA CLIMATE SUMMARY FOR APRIL 23 2017...
VALID AS OF 616 PM LOCAL TIME.

CLIMATE NORMAL PERIOD 1981 TO 2010
CLIMATE RECORD PERIOD 1893 TO 2017


WEATHER ITEM   OBSERVED TIME   RECORD YEAR NORMAL DEPARTURE LAST
                VALUE   (LST)  VALUE       VALUE  FROM      YEAR
                                                  NORMAL
..................................................................
TEMPERATURE (F)
 TODAY
  MAXIMUM         77    408 PM  93    1958  82     -5       83
                                      1955
  MINIMUM         54    637 AM  46    1927  61     -7       57
  AVERAGE         66                        72     -6       70

PRECIPITATION (IN)
  TODAY            0.00          1.65 1962   0.09  -0.09     0.00
  MONTH TO DATE    2.78                      2.06   0.72     3.77
  SINCE MAR 1      7.76                      4.83   2.93     8.09
  SINCE JAN 1     16.36                      9.43   6.93    13.03

SNOWFALL (IN)
  TODAY            0.0
  MONTH TO DATE    0.0
  SINCE MAR 1      0.0
  SINCE JUL 1      0.0
  SNOW DEPTH       0

DEGREE DAYS
 HEATING
  TODAY            0                         0      0        0
  MONTH TO DATE    2                        29    -27        9
  SINCE MAR 1     36                       154   -118       63
  SINCE JUL 1    567                      1247   -680      913

 COOLING
  TODAY            1                         7     -6        5
  MONTH TO DATE  180                       122     58      106
  SINCE MAR 1    360                       196    164      228
  SINCE JAN 1    567                       234    333      263
..................................................................


WIND (MPH)
  HIGHEST WIND SPEED    23   HIGHEST WIND DIRECTION     N (10)
  HIGHEST GUST SPEED    32   HIGHEST GUST DIRECTION     N (20)


SKY COVER
  POSSIBLE SUNSHINE  MM
  AVERAGE SKY COVER 0.3


WEATHER CONDITIONS
 THE FOLLOWING WEATHER WAS RECORDED TODAY.
  NO SIGNIFICANT WEATHER WAS OBSERVED.


RELATIVE HUMIDITY (PERCENT)
 HIGHEST    77           600 AM
 LOWEST     33           200 PM
 AVERAGE    55

..........................................................


THE VICTORIA CLIMATE NORMALS FOR TOMORROW
                         NORMAL    RECORD    YEAR
 MAXIMUM TEMPERATURE (F)   82        92      1955
 MINIMUM TEMPERATURE (F)   62        44      1995


SUNRISE AND SUNSET
APRIL 23 2017.........SUNRISE   654 AM CDT   SUNSET   759 PM CDT
APRIL 24 2017.........SUNRISE   653 AM CDT   SUNSET   759 PM CDT


-  INDICATES NEGATIVE NUMBERS.
R  INDICATES RECORD WAS SET OR TIED.
MM INDICATES DATA IS MISSING.
T  INDICATES TRACE AMOUNT.




$$
