000
CDUS44 KCRP 242324
CLIVCT

CLIMATE REPORT
NATIONAL WEATHER SERVICE CORPUS CHRISTI TX
623 PM CDT SAT JUN 24 2017

...................................

...THE VICTORIA CLIMATE SUMMARY FOR JUNE 24 2017...
VALID AS OF 623 PM LOCAL TIME.

CLIMATE NORMAL PERIOD 1981 TO 2010
CLIMATE RECORD PERIOD 1893 TO 2017


WEATHER ITEM   OBSERVED TIME   RECORD YEAR NORMAL DEPARTURE LAST
                VALUE   (LST)  VALUE       VALUE  FROM      YEAR
                                                  NORMAL
..................................................................
TEMPERATURE (F)
 TODAY
  MAXIMUM         86    514 PM 102    2012  92     -6       93
                                      2009
  MINIMUM         75   1256 PM  68    2005  73      2       73
  AVERAGE         81                        83     -2       83

PRECIPITATION (IN)
  TODAY            0.76          2.20 2007   0.15   0.61     0.02
  MONTH TO DATE    1.09                      3.63  -2.54     2.58
  SINCE JUN 1      1.09                      3.63  -2.54     2.58
  SINCE JAN 1     20.67                     19.01   1.66    22.80

SNOWFALL (IN)
  TODAY            0.0
  MONTH TO DATE    0.0
  SINCE JUN 1      0.0
  SINCE JUL 1      0.0
  SNOW DEPTH       0

DEGREE DAYS
 HEATING
  TODAY            0                         0      0        0
  MONTH TO DATE    0                         0      0        0
  SINCE JUN 1      0                         0      0        0
  SINCE JUL 1    567                      1249   -682      913

 COOLING
  TODAY           16                        18     -2       18
  MONTH TO DATE  451                       400     51      415
  SINCE JUN 1    451                       400     51      415
  SINCE JAN 1   1463                      1059    404     1128
..................................................................


WIND (MPH)
  HIGHEST WIND SPEED    21   HIGHEST WIND DIRECTION     N (360)
  HIGHEST GUST SPEED    27   HIGHEST GUST DIRECTION     N (360)


SKY COVER
  POSSIBLE SUNSHINE  MM
  AVERAGE SKY COVER 0.7


WEATHER CONDITIONS
 THE FOLLOWING WEATHER WAS RECORDED TODAY.
  THUNDERSTORM
  HEAVY RAIN
  RAIN
  LIGHT RAIN
  FOG
  HAZE


RELATIVE HUMIDITY (PERCENT)
 HIGHEST    97           300 AM
 LOWEST     79           200 PM
 AVERAGE    88

..........................................................


THE VICTORIA CLIMATE NORMALS FOR TOMORROW
                         NORMAL    RECORD    YEAR
 MAXIMUM TEMPERATURE (F)   92       106      2012
 MINIMUM TEMPERATURE (F)   73        60      1974


SUNRISE AND SUNSET
JUNE 24 2017..........SUNRISE   631 AM CDT   SUNSET   830 PM CDT
JUNE 25 2017..........SUNRISE   631 AM CDT   SUNSET   830 PM CDT


-  INDICATES NEGATIVE NUMBERS.
R  INDICATES RECORD WAS SET OR TIED.
MM INDICATES DATA IS MISSING.
T  INDICATES TRACE AMOUNT.




$$
