000
CDUS45 KGJT 280917
CLIVEL


CLIMATE REPORT
NATIONAL WEATHER SERVICE GRAND JUNCTION CO
215 AM MST TUE FEB 28 2017


...................................

...THE VERNAL UT CLIMATE SUMMARY FOR FEBRUARY 27 2017...

CLIMATE NORMAL PERIOD 1981 TO 2010
CLIMATE RECORD PERIOD 9999 TO 9999


WEATHER ITEM   OBSERVED TIME   RECORD YEAR NORMAL DEPARTURE LAST
                VALUE   (LST)  VALUE       VALUE  FROM      YEAR
                                                  NORMAL
..................................................................
TEMPERATURE (F)
 YESTERDAY
  MAXIMUM         36    245 PM  MM      MM  42     -6       56
  MINIMUM         20   1245 AM  MM      MM  21     -1       26
  AVERAGE         28                        31     -3       41

PRECIPITATION (IN)
  YESTERDAY        0.05         MM      MM   0.02   0.03     0.00
  MONTH TO DATE    1.53                      0.50   1.03     0.20
  SINCE DEC 1      4.18                      1.64   2.54     1.02
  SINCE JAN 1      3.16                      1.00   2.16     0.56

SNOWFALL (IN)
  YESTERDAY       MM            MM      MM   0.0   MM       MM
  MONTH TO DATE   MM                         3.1   MM       MM
  SINCE DEC 1     MM                        14.2   MM       MM
  SINCE JUL 1     MM                        15.8   MM       MM
  SNOW DEPTH      MM

DEGREE DAYS
 HEATING
  YESTERDAY       37                        34      3       24
  MONTH TO DATE  950                      1063   -113     1034
  SINCE DEC 1   3661                      3827   -166     4010
  SINCE JUL 1   5018                      5458   -440     5302

 COOLING
  YESTERDAY        0                         0      0        0
  MONTH TO DATE    0                         0      0        0
  SINCE DEC 1      0                         0      0        0
  SINCE JAN 1      0                         0      0        0
..................................................................


WIND (MPH)
  HIGHEST WIND SPEED    14   HIGHEST WIND DIRECTION    NW (300)
  HIGHEST GUST SPEED    16   HIGHEST GUST DIRECTION    NW (300)
  AVERAGE WIND SPEED     3.7


SKY COVER
  POSSIBLE SUNSHINE  MM
  AVERAGE SKY COVER 0.9


WEATHER CONDITIONS
 THE FOLLOWING WEATHER WAS RECORDED YESTERDAY.
  SNOW
  LIGHT SNOW
  FOG


RELATIVE HUMIDITY (PERCENT)
 HIGHEST    92           700 PM
 LOWEST     58          1000 AM
 AVERAGE    75

..........................................................


THE VERNAL UT CLIMATE NORMALS FOR TODAY
                         NORMAL    RECORD    YEAR
 MAXIMUM TEMPERATURE (F)   42        MM        MM
 MINIMUM TEMPERATURE (F)   21        MM        MM


SUNRISE AND SUNSET
FEBRUARY 28 2017......SUNRISE   653 AM MST   SUNSET   609 PM MST
MARCH  1 2017.........SUNRISE   651 AM MST   SUNSET   610 PM MST


-  INDICATES NEGATIVE NUMBERS.
R  INDICATES RECORD WAS SET OR TIED.
MM INDICATES DATA IS MISSING.
T  INDICATES TRACE AMOUNT.




$$
