000
CDUS45 KGJT 050845
CLIVEL


CLIMATE REPORT
NATIONAL WEATHER SERVICE GRAND JUNCTION CO
244 AM MDT SAT SEP 5 2015


...................................

...THE VERNAL UT CLIMATE SUMMARY FOR SEPTEMBER 4 2015...

CLIMATE NORMAL PERIOD 1981 TO 2010
CLIMATE RECORD PERIOD 9999 TO 9999


WEATHER ITEM   OBSERVED TIME   RECORD YEAR NORMAL DEPARTURE LAST
                VALUE   (LST)  VALUE       VALUE  FROM      YEAR
                                                  NORMAL
..................................................................
TEMPERATURE (F)
 YESTERDAY
  MAXIMUM         82    354 PM  MM      MM  80      2       83
  MINIMUM         54   1149 PM  MM      MM  50      4       53
  AVERAGE         68                        65      3       68

PRECIPITATION (IN)
  YESTERDAY        0.39         MM      MM   0.04   0.35     0.01
  MONTH TO DATE    0.39                      0.13   0.26     0.01
  SINCE SEP 1      0.39                      0.13   0.26     0.01
  SINCE JAN 1      6.70                      5.74   0.96     6.75

SNOWFALL (IN)
  YESTERDAY       MM            MM      MM   0.0   MM       MM
  MONTH TO DATE   MM                         0.0   MM       MM
  SINCE SEP 1     MM                         0.0   MM       MM
  SINCE JUL 1     MM                         0.0   MM       MM
  SNOW DEPTH      MM

DEGREE DAYS
 HEATING
  YESTERDAY        0                         2     -2        0
  MONTH TO DATE    0                         7     -7        2
  SINCE SEP 1      0                         7     -7        2
  SINCE JUL 1      0                        23    -23       24

 COOLING
  YESTERDAY        3                         2      1        3
  MONTH TO DATE   17                         8      9       10
  SINCE SEP 1     17                         8      9       10
  SINCE JAN 1    668                       497    171      597
..................................................................


WIND (MPH)
  HIGHEST WIND SPEED    25   HIGHEST WIND DIRECTION     W (280)
  HIGHEST GUST SPEED    39   HIGHEST GUST DIRECTION     W (260)
  AVERAGE WIND SPEED     7.6


SKY COVER
  POSSIBLE SUNSHINE  MM
  AVERAGE SKY COVER 0.4


WEATHER CONDITIONS
 THE FOLLOWING WEATHER WAS RECORDED YESTERDAY.
  THUNDERSTORM
  HEAVY RAIN
  LIGHT RAIN
  HAZE


RELATIVE HUMIDITY (PERCENT)
 HIGHEST    93          1000 PM
 LOWEST     22           400 PM
 AVERAGE    58

..........................................................


THE VERNAL UT CLIMATE NORMALS FOR TODAY
                         NORMAL    RECORD    YEAR
 MAXIMUM TEMPERATURE (F)   79        MM        MM
 MINIMUM TEMPERATURE (F)   50        MM        MM


SUNRISE AND SUNSET
SEPTEMBER  5 2015.....SUNRISE   649 AM MDT   SUNSET   744 PM MDT
SEPTEMBER  6 2015.....SUNRISE   650 AM MDT   SUNSET   742 PM MDT


-  INDICATES NEGATIVE NUMBERS.
R  INDICATES RECORD WAS SET OR TIED.
MM INDICATES DATA IS MISSING.
T  INDICATES TRACE AMOUNT.




$$
