000
CDUS45 KGJT 292331
CLIVEL


CLIMATE REPORT
NATIONAL WEATHER SERVICE GRAND JUNCTION CO
527 PM MDT SUN MAY 29 2016


...................................

...THE VERNAL UT CLIMATE SUMMARY FOR MAY 29 2016...
VALID TODAY AS OF 0500 PM LOCAL TIME.

CLIMATE NORMAL PERIOD 1981 TO 2010
CLIMATE RECORD PERIOD 9999 TO 9999


WEATHER ITEM   OBSERVED TIME   RECORD YEAR NORMAL DEPARTURE LAST
                VALUE   (LST)  VALUE       VALUE  FROM      YEAR
                                                  NORMAL
..................................................................
TEMPERATURE (F)
 TODAY
  MAXIMUM         76    114 PM  MM      MM  74      2       70
  MINIMUM         44    448 AM  MM      MM  47     -3       44
  AVERAGE         60                        60      0       57

PRECIPITATION (IN)
  TODAY            T            MM      MM   0.03  -0.03     0.00
  MONTH TO DATE    3.19                      0.84   2.35     3.37
  SINCE MAR 1      5.71                      2.34   3.37     4.56
  SINCE JAN 1      6.27                      3.36   2.91     4.82

SNOWFALL (IN)
  TODAY           MM            MM      MM    MM   MM       MM
  MONTH TO DATE   MM                          MM   MM       MM
  SINCE MAR 1     MM                          MM   MM       MM
  SINCE JUL 1     MM                          MM   MM       MM
  SNOW DEPTH      MM

DEGREE DAYS
 HEATING
  TODAY            5                         5      0        8
  MONTH TO DATE  286                       259     27      296
  SINCE MAR 1   1507                      1647   -140     1400
  SINCE JUL 1   6857                      7138   -281     5953

 COOLING
  TODAY            0                         1     -1        0
  MONTH TO DATE    0                         4     -4        0
  SINCE MAR 1      0                         4     -4        0
  SINCE JAN 1      0                         4     -4        0
..................................................................


WIND (MPH)
  HIGHEST WIND SPEED    32   HIGHEST WIND DIRECTION     W (290)
  HIGHEST GUST SPEED    45   HIGHEST GUST DIRECTION     W (290)
  AVERAGE WIND SPEED     5.5


SKY COVER
  POSSIBLE SUNSHINE  MM
  AVERAGE SKY COVER 0.0


WEATHER CONDITIONS
 THE FOLLOWING WEATHER WAS RECORDED TODAY.
  LIGHT RAIN


RELATIVE HUMIDITY (PERCENT)
 HIGHEST    71           100 AM
 LOWEST     27           100 PM
 AVERAGE    49

..........................................................


THE VERNAL UT CLIMATE NORMALS FOR TOMORROW
                         NORMAL    RECORD    YEAR
 MAXIMUM TEMPERATURE (F)   75        MM        MM
 MINIMUM TEMPERATURE (F)   47        MM        MM


SUNRISE AND SUNSET
MAY 29 2016...........SUNRISE   551 AM MDT   SUNSET   840 PM MDT
MAY 30 2016...........SUNRISE   551 AM MDT   SUNSET   841 PM MDT


-  INDICATES NEGATIVE NUMBERS.
R  INDICATES RECORD WAS SET OR TIED.
MM INDICATES DATA IS MISSING.
T  INDICATES TRACE AMOUNT.




$$
