582
CDUS43 KSGF 242226
CLIVIH


CLIMATE REPORT
NATIONAL WEATHER SERVICE SPRINGFIELD MO
426 PM CST TUE JAN 24 2017


...................................

...THE VICHY-ROLLA MO CLIMATE SUMMARY FOR JANUARY 24 2017...
VALID AS OF 0400 PM LOCAL TIME.

CLIMATE NORMAL PERIOD 1981 TO 2010
CLIMATE RECORD PERIOD 1888 TO 2017


WEATHER ITEM   OBSERVED TIME   RECORD YEAR NORMAL DEPARTURE LAST
                VALUE   (LST)  VALUE       VALUE  FROM      YEAR
                                                  NORMAL
..................................................................
TEMPERATURE (F)
 TODAY
  MAXIMUM         56    359 PM  76    1950  41     15       51
  MINIMUM         25    318 AM -14    1905  22      3       27
  AVERAGE         41                        31     10       39

PRECIPITATION (IN)
  TODAY            0.00          0.38 2010   0.06  -0.06     0.00
  MONTH TO DATE    1.55                      1.74  -0.19     0.74
  SINCE DEC 1      2.41                      4.38  -1.97    11.06
  SINCE JAN 1      1.55                      1.74  -0.19     0.74

DEGREE DAYS
 HEATING
  TODAY           24                        34    -10       26
  MONTH TO DATE  697                       816   -119      878
  SINCE DEC 1   1642                      1786   -144     1553
  SINCE JUL 1   2270                      2733   -463     2274

 COOLING
  TODAY            0                         0      0        0
  MONTH TO DATE    0                         0      0        0
  SINCE DEC 1      0                         0      0        0
  SINCE JAN 1      0                         0      0        0
..................................................................


WIND (MPH)
  HIGHEST WIND SPEED    24   HIGHEST WIND DIRECTION    SE (150)
  HIGHEST GUST SPEED    32   HIGHEST GUST DIRECTION    SE (150)


SKY COVER
  AVERAGE SKY COVER 0.2


WEATHER CONDITIONS
 THE FOLLOWING WEATHER WAS RECORDED TODAY.
  FOG
  FOG W/VISIBILITY <= 1/4 MILE


RELATIVE HUMIDITY (PERCENT)
 HIGHEST   100           100 AM
 LOWEST     61          1200 PM
 AVERAGE    81

..........................................................


THE VICHY-ROLLA MO CLIMATE NORMALS FOR TOMORROW
                         NORMAL    RECORD    YEAR
 MAXIMUM TEMPERATURE (F)   41        75      1950
 MINIMUM TEMPERATURE (F)   22       -14      1905


SUNRISE AND SUNSET
JANUARY 24 2017.......SUNRISE   718 AM CST   SUNSET   521 PM CST
JANUARY 25 2017.......SUNRISE   717 AM CST   SUNSET   522 PM CST


-  INDICATES NEGATIVE NUMBERS.
R  INDICATES RECORD WAS SET OR TIED.
MM INDICATES DATA IS MISSING.
T  INDICATES TRACE AMOUNT.




$$
