000
CDUS43 KSGF 270636
CLIVIH


CLIMATE REPORT
NATIONAL WEATHER SERVICE SPRINGFIELD MO
135 AM CDT THU JUL 27 2017


...................................

...THE VICHY-ROLLA MO CLIMATE SUMMARY FOR JULY 26 2017...

CLIMATE NORMAL PERIOD 1981 TO 2010
CLIMATE RECORD PERIOD 1888 TO 2017


WEATHER ITEM   OBSERVED TIME   RECORD YEAR NORMAL DEPARTURE LAST
                VALUE   (LST)  VALUE       VALUE  FROM      YEAR
                                                  NORMAL
..................................................................
TEMPERATURE (F)
 YESTERDAY
  MAXIMUM         94    117 PM 101    1999  89      5       89
  MINIMUM         72    456 AM  54    2004  67      5       70
  AVERAGE         83                        78      5       80

PRECIPITATION (IN)
  YESTERDAY        0.00          2.21 1968   0.14  -0.14     0.01
  MONTH TO DATE    6.97                      3.76   3.21     5.36
  SINCE JUN 1      9.90                      8.39   1.51     7.30
  SINCE JAN 1     32.34                     25.20   7.14    21.54

DEGREE DAYS
 HEATING
  YESTERDAY        0                         0      0        0
  MONTH TO DATE    0                         0      0        0
  SINCE JUN 1      1                        14    -13        0
  SINCE JUL 1      0                         0      0        0

 COOLING
  YESTERDAY       18                        13      5       15
  MONTH TO DATE  369                       319     50      351
  SINCE JUN 1    600                       554     46      698
  SINCE JAN 1    704                       661     43      776
..................................................................


WIND (MPH)
  HIGHEST WIND SPEED    13   HIGHEST WIND DIRECTION    SW (230)
  HIGHEST GUST SPEED    19   HIGHEST GUST DIRECTION    NE (30)
  AVERAGE WIND SPEED     6.4


SKY COVER
  AVERAGE SKY COVER 0.1


WEATHER CONDITIONS
 THE FOLLOWING WEATHER WAS RECORDED YESTERDAY.
  NO SIGNIFICANT WEATHER WAS OBSERVED.


RELATIVE HUMIDITY (PERCENT)
 HIGHEST   100           200 AM
 LOWEST     49           400 PM
 AVERAGE    75

..........................................................


THE VICHY-ROLLA MO CLIMATE NORMALS FOR TODAY
                         NORMAL    RECORD    YEAR
 MAXIMUM TEMPERATURE (F)   89       102      1899
 MINIMUM TEMPERATURE (F)   67        48      2004


SUNRISE AND SUNSET
JULY 27 2017..........SUNRISE   606 AM CDT   SUNSET   821 PM CDT
JULY 28 2017..........SUNRISE   607 AM CDT   SUNSET   820 PM CDT


-  INDICATES NEGATIVE NUMBERS.
R  INDICATES RECORD WAS SET OR TIED.
MM INDICATES DATA IS MISSING.
T  INDICATES TRACE AMOUNT.




$$
