775
CDUS43 KSGF 300632
CLIVIH


CLIMATE REPORT
NATIONAL WEATHER SERVICE SPRINGFIELD MO
131 AM CDT THU MAR 30 2017


...................................

...THE VICHY-ROLLA MO CLIMATE SUMMARY FOR MARCH 29 2017...

CLIMATE NORMAL PERIOD 1981 TO 2010
CLIMATE RECORD PERIOD 1888 TO 2017


WEATHER ITEM   OBSERVED TIME   RECORD YEAR NORMAL DEPARTURE LAST
                VALUE   (LST)  VALUE       VALUE  FROM      YEAR
                                                  NORMAL
..................................................................
TEMPERATURE (F)
 YESTERDAY
  MAXIMUM         71    319 PM  82    1968  61     10       66
  MINIMUM         50    246 AM  18    1899  38     12       40
  AVERAGE         61                        50     11       53

PRECIPITATION (IN)
  YESTERDAY        0.43          1.46 1902   0.15   0.28     0.00
  MONTH TO DATE    3.00                      3.15  -0.15     1.73
  SINCE MAR 1      3.00                      3.15  -0.15     1.73
  SINCE JAN 1      5.06                      7.25  -2.19     3.85

DEGREE DAYS
 HEATING
  YESTERDAY        4                        16    -12       12
  MONTH TO DATE  474                       584   -110      431
  SINCE MAR 1    474                       584   -110      431
  SINCE JUL 1   3460                      4374   -914     3634

 COOLING
  YESTERDAY        0                         0      0        0
  MONTH TO DATE    3                         0      3        0
  SINCE MAR 1      3                         0      3        0
  SINCE JAN 1      4                         0      4        0
..................................................................


WIND (MPH)
  HIGHEST WIND SPEED    25   HIGHEST WIND DIRECTION    SE (120)
  HIGHEST GUST SPEED    32   HIGHEST GUST DIRECTION    SE (150)
  AVERAGE WIND SPEED    14.7


SKY COVER
  AVERAGE SKY COVER 0.7


WEATHER CONDITIONS
 THE FOLLOWING WEATHER WAS RECORDED YESTERDAY.
  THUNDERSTORM
  HEAVY RAIN
  LIGHT RAIN
  FOG


RELATIVE HUMIDITY (PERCENT)
 HIGHEST   100          1000 PM
 LOWEST     61           300 PM
 AVERAGE    81

..........................................................


THE VICHY-ROLLA MO CLIMATE NORMALS FOR TODAY
                         NORMAL    RECORD    YEAR
 MAXIMUM TEMPERATURE (F)   62        80      1967
 MINIMUM TEMPERATURE (F)   39        13      1899


SUNRISE AND SUNSET
MARCH 30 2017.........SUNRISE   655 AM CDT   SUNSET   729 PM CDT
MARCH 31 2017.........SUNRISE   653 AM CDT   SUNSET   730 PM CDT


-  INDICATES NEGATIVE NUMBERS.
R  INDICATES RECORD WAS SET OR TIED.
MM INDICATES DATA IS MISSING.
T  INDICATES TRACE AMOUNT.




$$
