000
CDUS43 KSGF 282326
CLIVIH


CLIMATE REPORT
NATIONAL WEATHER SERVICE SPRINGFIELD MO
526 PM CST SUN DEC 28 2014


...................................

...THE VICHY-ROLLA MO CLIMATE SUMMARY FOR DECEMBER 28 2014...
VALID TODAY AS OF 0500 PM LOCAL TIME.

CLIMATE NORMAL PERIOD 1981 TO 2010
CLIMATE RECORD PERIOD 1888 TO 2014


WEATHER ITEM   OBSERVED TIME   RECORD YEAR NORMAL DEPARTURE LAST
                VALUE   (LST)  VALUE       VALUE  FROM      YEAR
                                                  NORMAL
..................................................................
TEMPERATURE (F)
 TODAY
  MAXIMUM         37    320 PM  60    1898  41     -4       56
  MINIMUM         27    923 AM  -1    1904  22      5       33
  AVERAGE         32                        31      1       45

PRECIPITATION (IN)
  TODAY            0.00          0.66 1946   0.07  -0.07     0.00
  MONTH TO DATE    2.37                      2.41  -0.04     1.87
  SINCE DEC 1      2.37                      2.41  -0.04     1.87
  SINCE JAN 1     29.65                     43.38 -13.73    41.62

DEGREE DAYS
 HEATING
  TODAY           33                        34     -1       20
  MONTH TO DATE  749                       868   -119      923
  SINCE DEC 1    749                       868   -119      923
  SINCE JUL 1   1891                      1815     76     1973

 COOLING
  TODAY            0                         0      0        0
  MONTH TO DATE    0                         0      0        0
  SINCE DEC 1      0                         0      0        0
  SINCE JAN 1   1186                      1246    -60     1125
..................................................................


WIND (MPH)
  HIGHEST WIND SPEED    12   HIGHEST WIND DIRECTION    NW (310)
  HIGHEST GUST SPEED    15   HIGHEST GUST DIRECTION    NW (320)


SKY COVER
  AVERAGE SKY COVER 0.7


WEATHER CONDITIONS
 THE FOLLOWING WEATHER WAS RECORDED TODAY.
  NO SIGNIFICANT WEATHER WAS OBSERVED.


RELATIVE HUMIDITY (PERCENT)
 HIGHEST    85          1200 AM
 LOWEST     64           300 PM
 AVERAGE    75

..........................................................


THE VICHY-ROLLA MO CLIMATE NORMALS FOR TOMORROW
                         NORMAL    RECORD    YEAR
 MAXIMUM TEMPERATURE (F)   40        71      1898
 MINIMUM TEMPERATURE (F)   22         9      1904


SUNRISE AND SUNSET
DECEMBER 28 2014......SUNRISE   723 AM CST   SUNSET   455 PM CST
DECEMBER 29 2014......SUNRISE   723 AM CST   SUNSET   456 PM CST


-  INDICATES NEGATIVE NUMBERS.
R  INDICATES RECORD WAS SET OR TIED.
MM INDICATES DATA IS MISSING.
T  INDICATES TRACE AMOUNT.




$$
