000
CDUS43 KSGF 300626
CLIVIH


CLIMATE REPORT
NATIONAL WEATHER SERVICE SPRINGFIELD MO
125 AM CDT WED JUL 30 2014


...................................

...THE VICHY-ROLLA MO CLIMATE SUMMARY FOR JULY 29 2014...

CLIMATE NORMAL PERIOD 1981 TO 2010
CLIMATE RECORD PERIOD 1888 TO 2014


WEATHER ITEM   OBSERVED TIME   RECORD YEAR NORMAL DEPARTURE LAST
                VALUE   (LST)  VALUE       VALUE  FROM      YEAR
                                                  NORMAL
..................................................................
TEMPERATURE (F)
 YESTERDAY
  MAXIMUM         82    407 PM 102    1999  89     -7       75
  MINIMUM         53R   525 AM  56    1971  67    -14       58
  AVERAGE         68                        78    -10       67

PRECIPITATION (IN)
  YESTERDAY        0.00          2.21 1956   0.13  -0.13      T
  MONTH TO DATE    0.11                      4.16  -4.05     3.04
  SINCE JUN 1      3.42                      8.79  -5.37     6.83
  SINCE JAN 1     13.04                     25.60 -12.56    28.13

DEGREE DAYS
 HEATING
  YESTERDAY        0                         0      0        0
  MONTH TO DATE    3                         0      3        2
  SINCE JUN 1      4                        14    -10       19
  SINCE JUL 1      3                         0      3        2

 COOLING
  YESTERDAY        3                        13    -10        2
  MONTH TO DATE  232                       358   -126      265
  SINCE JUN 1    490                       593   -103      482
  SINCE JAN 1    637                       700    -63      589
..................................................................


WIND (MPH)
  HIGHEST WIND SPEED    14   HIGHEST WIND DIRECTION     N (350)
  HIGHEST GUST SPEED    19   HIGHEST GUST DIRECTION    NW (300)
  AVERAGE WIND SPEED     3.9


SKY COVER
  AVERAGE SKY COVER 0.3


WEATHER CONDITIONS
 THE FOLLOWING WEATHER WAS RECORDED YESTERDAY.
  NO SIGNIFICANT WEATHER WAS OBSERVED.


RELATIVE HUMIDITY (PERCENT)
 HIGHEST    89           200 AM
 LOWEST     36           200 PM
 AVERAGE    63

..........................................................


THE VICHY-ROLLA MO CLIMATE NORMALS FOR TODAY
                         NORMAL    RECORD    YEAR
 MAXIMUM TEMPERATURE (F)   89       107      1980
 MINIMUM TEMPERATURE (F)   67        55      1971


SUNRISE AND SUNSET
JULY 30 2014..........SUNRISE   608 AM CDT   SUNSET   818 PM CDT
JULY 31 2014..........SUNRISE   609 AM CDT   SUNSET   817 PM CDT


-  INDICATES NEGATIVE NUMBERS.
R  INDICATES RECORD WAS SET OR TIED.
MM INDICATES DATA IS MISSING.
T  INDICATES TRACE AMOUNT.




$$
