000
CDUS43 KSGF 200625
CLIVIH


CLIMATE REPORT
NATIONAL WEATHER SERVICE SPRINGFIELD MO
125 AM CDT SUN APR 20 2014


...................................

...THE VICHY-ROLLA MO CLIMATE SUMMARY FOR APRIL 19 2014...

CLIMATE NORMAL PERIOD 1981 TO 2010
CLIMATE RECORD PERIOD 1888 TO 2014


WEATHER ITEM   OBSERVED TIME   RECORD YEAR NORMAL DEPARTURE LAST
                VALUE   (LST)  VALUE       VALUE  FROM      YEAR
                                                  NORMAL
..................................................................
TEMPERATURE (F)
 YESTERDAY
  MAXIMUM         76    447 PM  86    2011  68      8       50
                                      1966
  MINIMUM         49    414 AM  27    1953  45      4       33
  AVERAGE         63                        56      7       42

PRECIPITATION (IN)
  YESTERDAY        0.00          1.18 1972   0.14  -0.14     0.00
  MONTH TO DATE    2.14                      2.56  -0.42     4.08
  SINCE MAR 1      2.85                      6.01  -3.16     7.34
  SINCE JAN 1      4.31                     10.11  -5.80    12.05

DEGREE DAYS
 HEATING
  YESTERDAY        2                         9     -7       23
  MONTH TO DATE  237                       228      9      249
  SINCE MAR 1    988                       842    146     1068
  SINCE JUL 1   5294                      4632    662     4654

 COOLING
  YESTERDAY        0                         1     -1        0
  MONTH TO DATE    7                        13     -6        6
  SINCE MAR 1      7                        17    -10        6
  SINCE JAN 1      7                        17    -10        6
..................................................................


WIND (MPH)
  HIGHEST WIND SPEED    14   HIGHEST WIND DIRECTION     S (170)
  HIGHEST GUST SPEED    23   HIGHEST GUST DIRECTION    SE (140)
  AVERAGE WIND SPEED     8.0


SKY COVER
  AVERAGE SKY COVER 0.0


WEATHER CONDITIONS
 THE FOLLOWING WEATHER WAS RECORDED YESTERDAY.
  NO SIGNIFICANT WEATHER WAS OBSERVED.


RELATIVE HUMIDITY (PERCENT)
 HIGHEST    71           400 AM
 LOWEST     27           400 PM
 AVERAGE    49

..........................................................


THE VICHY-ROLLA MO CLIMATE NORMALS FOR TODAY
                         NORMAL    RECORD    YEAR
 MAXIMUM TEMPERATURE (F)   68        86      1902
 MINIMUM TEMPERATURE (F)   45        27      1953


SUNRISE AND SUNSET
APRIL 20 2014.........SUNRISE   625 AM CDT   SUNSET   748 PM CDT
APRIL 21 2014.........SUNRISE   623 AM CDT   SUNSET   749 PM CDT


-  INDICATES NEGATIVE NUMBERS.
R  INDICATES RECORD WAS SET OR TIED.
MM INDICATES DATA IS MISSING.
T  INDICATES TRACE AMOUNT.




$$
