000
CDUS42 KTAE 290634
CLIVLD


CLIMATE REPORT
NATIONAL WEATHER SERVICE TALLAHASSEE FL
234 AM EDT THU SEP 29 2016


...................................

...THE VALDOSTA CLIMATE SUMMARY FOR SEPTEMBER 28 2016...

CLIMATE NORMAL PERIOD 1981 TO 2010
CLIMATE RECORD PERIOD 1948 TO 2016


WEATHER ITEM   OBSERVED TIME   NORMAL DEPARTURE LAST
                VALUE   (LST)  VALUE  FROM      YEAR
                                      NORMAL
......................................................
TEMPERATURE (F)
 YESTERDAY
  MAXIMUM         91   1251 PM  85      6       82
  MINIMUM         67    557 AM  63      4       73
  AVERAGE         79            74      5       78

PRECIPITATION (IN)
  YESTERDAY        0.05          0.12  -0.07     0.30
  MONTH TO DATE    5.61          4.41   1.20     3.07
  SINCE SEP 1      5.61          4.41   1.20     3.07
  SINCE JAN 1     49.94         41.44   8.50    41.23

DEGREE DAYS
 HEATING
  YESTERDAY        0             0      0        0
  MONTH TO DATE    0             0      0        0
  SINCE SEP 1      0             0      0        0
  SINCE JUL 1      0             0      0        0

 COOLING
  YESTERDAY       14             9      5       13
  MONTH TO DATE  425           352     73      356
  SINCE SEP 1    425           352     73      356
  SINCE JAN 1   2555          2206    349     2623
......................................................


WIND (MPH)
  HIGHEST WIND SPEED    12   HIGHEST WIND DIRECTION     S (190)
  HIGHEST GUST SPEED    16   HIGHEST GUST DIRECTION     S (180)
  AVERAGE WIND SPEED     1.6




RELATIVE HUMIDITY (PERCENT)
 HIGHEST   100
 LOWEST     56
 AVERAGE    78

..........................................................




SUNRISE AND SUNSET
SEPTEMBER 29 2016.....SUNRISE   726 AM EDT   SUNSET   720 PM EDT
SEPTEMBER 30 2016.....SUNRISE   726 AM EDT   SUNSET   719 PM EDT


-  INDICATES NEGATIVE NUMBERS.
R  INDICATES RECORD WAS SET OR TIED.
MM INDICATES DATA IS MISSING.
T  INDICATES TRACE AMOUNT.




$$
