000
CDUS42 KTAE 310655
CLIVLD


CLIMATE REPORT
NATIONAL WEATHER SERVICE TALLAHASSEE FL
251 AM EDT THU JUL 31 2014


...................................

...THE VALDOSTA CLIMATE SUMMARY FOR JULY 30 2014...

CLIMATE NORMAL PERIOD 1981 TO 2010
CLIMATE RECORD PERIOD 1948 TO 2014


WEATHER ITEM   OBSERVED TIME   NORMAL DEPARTURE LAST
                VALUE   (LST)  VALUE  FROM      YEAR
                                      NORMAL
......................................................
TEMPERATURE (F)
 YESTERDAY
  MAXIMUM         95    204 PM  92      3       96
  MINIMUM         67    553 AM  71     -4       75
  AVERAGE         81            82     -1       86

PRECIPITATION (IN)
  YESTERDAY        0.00          0.21  -0.21     0.03
  MONTH TO DATE    3.84          6.42  -2.58     9.28
  SINCE JUN 1      6.08         12.48  -6.40    13.07
  SINCE JAN 1     29.35         31.48  -2.13    27.61

DEGREE DAYS
 COOLING
  YESTERDAY       16            17     -1       21
  MONTH TO DATE  585           493     92      549
  SINCE JUN 1   1147           925    222     1102
  SINCE JAN 1   1750          1337    413     1664
......................................................


WIND (MPH)
  HIGHEST WIND SPEED     8   HIGHEST WIND DIRECTION    NW (320)
  HIGHEST GUST SPEED    13   HIGHEST GUST DIRECTION    NW (320)
  AVERAGE WIND SPEED     1.2




RELATIVE HUMIDITY (PERCENT)
 HIGHEST    81
 LOWEST     28
 AVERAGE    55

..........................................................




SUNRISE AND SUNSET
JULY 31 2014..........SUNRISE   650 AM EDT   SUNSET   829 PM EDT
AUGUST  1 2014........SUNRISE   651 AM EDT   SUNSET   828 PM EDT


-  INDICATES NEGATIVE NUMBERS.
R  INDICATES RECORD WAS SET OR TIED.
MM INDICATES DATA IS MISSING.
T  INDICATES TRACE AMOUNT.




$$
