000
CDUS42 KTAE 260634
CLIVLD


CLIMATE REPORT
NATIONAL WEATHER SERVICE TALLAHASSEE FL
232 AM EDT FRI AUG 26 2016

...................................

...THE VALDOSTA CLIMATE SUMMARY FOR AUGUST 25 2016...

CLIMATE NORMAL PERIOD 1981 TO 2010
CLIMATE RECORD PERIOD 1948 TO 2016


WEATHER ITEM   OBSERVED TIME   NORMAL DEPARTURE LAST
                VALUE   (LST)  VALUE  FROM      YEAR
                                      NORMAL
......................................................
TEMPERATURE (F)
 YESTERDAY
  MAXIMUM         91    425 PM  91      0       94
  MINIMUM         68    544 AM  71     -3       73
  AVERAGE         80            81     -1       84

PRECIPITATION (IN)
  YESTERDAY        0.00          0.17  -0.17      T
  MONTH TO DATE    1.90          4.41  -2.51     4.47
  SINCE JUN 1     20.01         17.10   2.91    17.68
  SINCE JAN 1     44.31         36.10   8.21    36.24

DEGREE DAYS
 COOLING
  YESTERDAY       15            16     -1       19
  MONTH TO DATE  437           407     30      457
  SINCE JUN 1   1512          1347    165     1527
  SINCE JAN 1   2022          1759    263     2174
......................................................


WIND (MPH)
  HIGHEST WIND SPEED    17   HIGHEST WIND DIRECTION     N (20)
  HIGHEST GUST SPEED    23   HIGHEST GUST DIRECTION     N (10)
  AVERAGE WIND SPEED     5.6




RELATIVE HUMIDITY (PERCENT)
 HIGHEST   100
 LOWEST     41
 AVERAGE    71

..........................................................




SUNRISE AND SUNSET
AUGUST 26 2016........SUNRISE   706 AM EDT   SUNSET   803 PM EDT
AUGUST 27 2016........SUNRISE   707 AM EDT   SUNSET   802 PM EDT


-  INDICATES NEGATIVE NUMBERS.
R  INDICATES RECORD WAS SET OR TIED.
MM INDICATES DATA IS MISSING.
T  INDICATES TRACE AMOUNT.


$$
