000
CDUS42 KTAE 230633
CLIVLD


CLIMATE REPORT
NATIONAL WEATHER SERVICE TALLAHASSEE FL
232 AM EDT TUE MAY 23 2017


...................................

...THE VALDOSTA CLIMATE SUMMARY FOR MAY 22 2017...

CLIMATE NORMAL PERIOD 1981 TO 2010
CLIMATE RECORD PERIOD 1948 TO 2017


WEATHER ITEM   OBSERVED TIME   NORMAL DEPARTURE LAST
                VALUE   (LST)  VALUE  FROM      YEAR
                                      NORMAL
......................................................
TEMPERATURE (F)
 YESTERDAY
  MAXIMUM         88   1136 AM  87      1       83
  MINIMUM         67    611 AM  63      4       61
  AVERAGE         78            75      3       72

PRECIPITATION (IN)
  YESTERDAY        T             0.08  -0.08     0.00
  MONTH TO DATE    1.26          1.42  -0.16     3.45
  SINCE MAR 1      4.40          9.16  -4.76    15.44
  SINCE JAN 1     14.71         17.89  -3.18    24.30

DEGREE DAYS
 COOLING
  YESTERDAY       13            10      3        7
  MONTH TO DATE  182           175      7      186
  SINCE MAR 1    399           300     99      399
  SINCE JAN 1    445           310    135      409
......................................................


WIND (MPH)
  HIGHEST WIND SPEED    13   HIGHEST WIND DIRECTION     S (180)
  HIGHEST GUST SPEED    17   HIGHEST GUST DIRECTION    SW (210)
  AVERAGE WIND SPEED     3.0




RELATIVE HUMIDITY (PERCENT)
 HIGHEST   100
 LOWEST     55
 AVERAGE    78

..........................................................




SUNRISE AND SUNSET
MAY 23 2017...........SUNRISE   634 AM EDT   SUNSET   826 PM EDT
MAY 24 2017...........SUNRISE   633 AM EDT   SUNSET   827 PM EDT


-  INDICATES NEGATIVE NUMBERS.
R  INDICATES RECORD WAS SET OR TIED.
MM INDICATES DATA IS MISSING.
T  INDICATES TRACE AMOUNT.




$$
