000
CDUS42 KTAE 160651
CLIVLD


CLIMATE REPORT
NATIONAL WEATHER SERVICE TALLAHASSEE FL
249 AM EDT WED AUG 16 2017

...................................

...THE VALDOSTA CLIMATE SUMMARY FOR AUGUST 15 2017...

CLIMATE NORMAL PERIOD 1981 TO 2010
CLIMATE RECORD PERIOD 1948 TO 2017


WEATHER ITEM   OBSERVED TIME   NORMAL DEPARTURE LAST
                VALUE   (LST)  VALUE  FROM      YEAR
                                      NORMAL
......................................................
TEMPERATURE (F)
 YESTERDAY
  MAXIMUM         92    233 PM  91      1       95
  MINIMUM         73    619 AM  71      2       69
  AVERAGE         83            81      2       82

PRECIPITATION (IN)
  YESTERDAY        T             0.15  -0.15     0.17
  MONTH TO DATE    2.92          2.75   0.17     1.28
  SINCE JUN 1     15.09         15.44  -0.35    19.39
  SINCE JAN 1     30.88         34.44  -3.56    43.69

DEGREE DAYS
 COOLING
  YESTERDAY       18            16      2       17
  MONTH TO DATE  235           247    -12      248
  SINCE JUN 1   1164          1187    -23     1323
  SINCE JAN 1   1705          1599    106     1833
......................................................


WIND (MPH)
  HIGHEST WIND SPEED    12   HIGHEST WIND DIRECTION    SW (220)
  HIGHEST GUST SPEED    19   HIGHEST GUST DIRECTION    SW (220)
  AVERAGE WIND SPEED     1.3




RELATIVE HUMIDITY (PERCENT)
 HIGHEST   100
 LOWEST     60
 AVERAGE    80

..........................................................




SUNRISE AND SUNSET
AUGUST 16 2017........SUNRISE   700 AM EDT   SUNSET   814 PM EDT
AUGUST 17 2017........SUNRISE   701 AM EDT   SUNSET   813 PM EDT


-  INDICATES NEGATIVE NUMBERS.
R  INDICATES RECORD WAS SET OR TIED.
MM INDICATES DATA IS MISSING.
T  INDICATES TRACE AMOUNT.


$$
