000
CDUS42 KTAE 232135
CLIVLD


CLIMATE REPORT
NATIONAL WEATHER SERVICE TALLAHASSEE FL
534 PM EDT FRI JUN 23 2017


...................................

...THE VALDOSTA CLIMATE SUMMARY FOR JUNE 23 2017...
VALID TODAY AS OF 0500 PM LOCAL TIME.

CLIMATE NORMAL PERIOD 1981 TO 2010
CLIMATE RECORD PERIOD 1948 TO 2017


WEATHER ITEM   OBSERVED TIME   NORMAL DEPARTURE LAST
                VALUE   (LST)  VALUE  FROM      YEAR
                                      NORMAL
......................................................
TEMPERATURE (F)
 TODAY
  MAXIMUM         90    310 PM  91     -1       93
  MINIMUM         72    557 AM  70      2       68
  AVERAGE         81            80      1       81

PRECIPITATION (IN)
  TODAY            T             0.20  -0.20     0.00
  MONTH TO DATE    7.49          4.90   2.59     7.77
  SINCE JUN 1      7.49          4.90   2.59     7.77
  SINCE JAN 1     23.28         23.90  -0.62    32.07

......................................................







THE VALDOSTA CLIMATE NORMALS FOR TOMORROW
                         NORMAL
 MAXIMUM TEMPERATURE (F)   91
 MINIMUM TEMPERATURE (F)   70



-  INDICATES NEGATIVE NUMBERS.
R  INDICATES RECORD WAS SET OR TIED.
MM INDICATES DATA IS MISSING.
T  INDICATES TRACE AMOUNT.




$$
