556
CDUS42 KTAE 220643
CLIVLD


CLIMATE REPORT
NATIONAL WEATHER SERVICE TALLAHASSEE FL
243 AM EDT FRI MAY 22 2015


...................................

...THE VALDOSTA CLIMATE SUMMARY FOR MAY 21 2015...

CLIMATE NORMAL PERIOD 1981 TO 2010
CLIMATE RECORD PERIOD 1948 TO 2015


WEATHER ITEM   OBSERVED TIME   NORMAL DEPARTURE LAST
                VALUE   (LST)  VALUE  FROM      YEAR
                                      NORMAL
......................................................
TEMPERATURE (F)
 YESTERDAY
  MAXIMUM         92    324 PM  87      5       93
  MINIMUM         70    431 AM  63      7       60
  AVERAGE         81            75      6       77

PRECIPITATION (IN)
  YESTERDAY        0.00          0.07  -0.07     0.00
  MONTH TO DATE    0.40          1.34  -0.94     2.30
  SINCE MAR 1      7.74          9.08  -1.34    15.35
  SINCE JAN 1     16.90         17.81  -0.91    21.49

DEGREE DAYS
 COOLING
  YESTERDAY       16            10      6       12
  MONTH TO DATE  213           165     48      201
  SINCE MAR 1    510           290    220      407
  SINCE JAN 1    514           300    214      439
......................................................


WIND (MPH)
  HIGHEST WIND SPEED     9   HIGHEST WIND DIRECTION    NW (320)
  HIGHEST GUST SPEED    17   HIGHEST GUST DIRECTION    NW (330)
  AVERAGE WIND SPEED     3.9




RELATIVE HUMIDITY (PERCENT)
 HIGHEST   100
 LOWEST     41
 AVERAGE    71

..........................................................




SUNRISE AND SUNSET
MAY 22 2015...........SUNRISE   634 AM EDT   SUNSET   825 PM EDT
MAY 23 2015...........SUNRISE   634 AM EDT   SUNSET   826 PM EDT


-  INDICATES NEGATIVE NUMBERS.
R  INDICATES RECORD WAS SET OR TIED.
MM INDICATES DATA IS MISSING.
T  INDICATES TRACE AMOUNT.




$$
