000
CDUS42 KTAE 180644
CLIVLD


CLIMATE REPORT
NATIONAL WEATHER SERVICE TALLAHASSEE FL
141 AM EST THU DEC 18 2014


...................................

...THE VALDOSTA CLIMATE SUMMARY FOR DECEMBER 17 2014...

CLIMATE NORMAL PERIOD 1981 TO 2010
CLIMATE RECORD PERIOD 1948 TO 2014


WEATHER ITEM   OBSERVED TIME   NORMAL DEPARTURE LAST
                VALUE   (LST)  VALUE  FROM      YEAR
                                      NORMAL
......................................................
TEMPERATURE (F)
 YESTERDAY
  MAXIMUM         66    259 PM  64      2       70
  MINIMUM         36    746 AM  41     -5       35
  AVERAGE         51            53     -2       53

PRECIPITATION (IN)
  YESTERDAY        0.00          0.11  -0.11     0.00
  MONTH TO DATE    0.06          1.94  -1.88     2.73
  SINCE DEC 1      0.06          1.94  -1.88     2.73
  SINCE JAN 1     48.19         49.37  -1.18    44.07

DEGREE DAYS
 HEATING
  YESTERDAY       14            13      1       12
  MONTH TO DATE  166           190    -24       88
  SINCE DEC 1    166           190    -24       88
  SINCE JUL 1    533           421    112      254
......................................................


WIND (MPH)
  HIGHEST WIND SPEED     8   HIGHEST WIND DIRECTION    NW (300)
  HIGHEST GUST SPEED    12   HIGHEST GUST DIRECTION    NW (320)
  AVERAGE WIND SPEED     0.3




RELATIVE HUMIDITY (PERCENT)
 HIGHEST   100
 LOWEST     40
 AVERAGE    70

..........................................................




SUNRISE AND SUNSET
DECEMBER 18 2014......SUNRISE   725 AM EST   SUNSET   535 PM EST
DECEMBER 19 2014......SUNRISE   726 AM EST   SUNSET   535 PM EST


-  INDICATES NEGATIVE NUMBERS.
R  INDICATES RECORD WAS SET OR TIED.
MM INDICATES DATA IS MISSING.
T  INDICATES TRACE AMOUNT.




$$
