000
CDUS42 KTAE 280644
CLIVLD


CLIMATE REPORT
NATIONAL WEATHER SERVICE TALLAHASSEE FL
243 AM EDT SAT MAY 28 2016


...................................

...THE VALDOSTA CLIMATE SUMMARY FOR MAY 27 2016...

CLIMATE NORMAL PERIOD 1981 TO 2010
CLIMATE RECORD PERIOD 1948 TO 2016


WEATHER ITEM   OBSERVED TIME   NORMAL DEPARTURE LAST
                VALUE   (LST)  VALUE  FROM      YEAR
                                      NORMAL
......................................................
TEMPERATURE (F)
 YESTERDAY
  MAXIMUM         88    455 PM  88      0       89
  MINIMUM         59    542 AM  65     -6       67
  AVERAGE         74            76     -2       78

PRECIPITATION (IN)
  YESTERDAY        0.00          0.11  -0.11      T
  MONTH TO DATE    3.45          1.91   1.54     2.01
  SINCE MAR 1     15.44          9.65   5.79     9.35
  SINCE JAN 1     24.30         18.38   5.92    18.51

DEGREE DAYS
 COOLING
  YESTERDAY        9            11     -2       13
  MONTH TO DATE  231           230      1      295
  SINCE MAR 1    444           355     89      592
  SINCE JAN 1    454           365     89      596
......................................................


WIND (MPH)
  HIGHEST WIND SPEED    14   HIGHEST WIND DIRECTION     E (100)
  HIGHEST GUST SPEED    19   HIGHEST GUST DIRECTION     E (110)
  AVERAGE WIND SPEED     5.3




RELATIVE HUMIDITY (PERCENT)
 HIGHEST   100
 LOWEST     35
 AVERAGE    68

..........................................................




SUNRISE AND SUNSET
MAY 28 2016...........SUNRISE   632 AM EDT   SUNSET   830 PM EDT
MAY 29 2016...........SUNRISE   631 AM EDT   SUNSET   830 PM EDT


-  INDICATES NEGATIVE NUMBERS.
R  INDICATES RECORD WAS SET OR TIED.
MM INDICATES DATA IS MISSING.
T  INDICATES TRACE AMOUNT.




$$
