000
CDUS42 KFFC 040819
CLIVPC


CLIMATE REPORT
NATIONAL WEATHER SERVICE PEACHTREE CITY GA
419 AM EDT WED MAY 4 2016


...................................

...THE CARTERSVILLE CLIMATE SUMMARY FOR MAY 3 2016...

CLIMATE NORMAL PERIOD 1981 TO 2010
CLIMATE RECORD PERIOD 9999 TO 9999


WEATHER ITEM   OBSERVED TIME   RECORD YEAR NORMAL DEPARTURE LAST
                VALUE   (LST)  VALUE       VALUE  FROM      YEAR
                                                  NORMAL
..................................................................
TEMPERATURE (F)
 YESTERDAY
  MAXIMUM         76    256 PM  MM      MM  77     -1       80
  MINIMUM         59   1159 PM  MM      MM  51      8       44
  AVERAGE         68                        64      4       62

PRECIPITATION (IN)
  YESTERDAY        0.08         MM      MM   0.12  -0.04     0.00
  MONTH TO DATE    0.74                      0.35   0.39     0.00
  SINCE MAR 1      6.06                      8.98  -2.92     8.21
  SINCE JAN 1     14.50                     18.48  -3.98    16.80

DEGREE DAYS
 COOLING
  YESTERDAY        3                         2      1        0
  MONTH TO DATE   17                         6     11        0
  SINCE MAR 1     66                        31     35       45
  SINCE JAN 1     66                        31     35       45
..................................................................


WIND (MPH)
  RESULTANT WIND SPEED   1   RESULTANT WIND DIRECTION   E (100)
  HIGHEST WIND SPEED     7   HIGHEST WIND DIRECTION    NW (330)
  HIGHEST GUST SPEED    14   HIGHEST GUST DIRECTION    NW (320)
  AVERAGE WIND SPEED     1.0


SKY COVER
  AVERAGE SKY COVER 0.8


WEATHER CONDITIONS
 THE FOLLOWING WEATHER WAS RECORDED YESTERDAY.
  RAIN
  LIGHT RAIN
  FOG


RELATIVE HUMIDITY (PERCENT)
 HIGHEST   100          1200 AM
 LOWEST     46           500 PM
 AVERAGE    73

..........................................................


THE CARTERSVILLE CLIMATE NORMALS FOR TODAY
                         NORMAL    RECORD    YEAR
 MAXIMUM TEMPERATURE (F)   77        MM        MM
 MINIMUM TEMPERATURE (F)   52        MM        MM


SUNRISE AND SUNSET
MAY  4 2016...........SUNRISE   647 AM EDT   SUNSET   826 PM EDT
MAY  5 2016...........SUNRISE   646 AM EDT   SUNSET   827 PM EDT


-  INDICATES NEGATIVE NUMBERS.
R  INDICATES RECORD WAS SET OR TIED.
MM INDICATES DATA IS MISSING.
T  INDICATES TRACE AMOUNT.




$$
