000
CDUS42 KFFC 290822
CLIVPC


CLIMATE REPORT
NATIONAL WEATHER SERVICE PEACHTREE CITY GA
421 AM EDT WED MAR 29 2017


...................................

...THE CARTERSVILLE CLIMATE SUMMARY FOR MARCH 28 2017...

CLIMATE NORMAL PERIOD 1981 TO 2010
CLIMATE RECORD PERIOD 9999 TO 9999


WEATHER ITEM   OBSERVED TIME   RECORD YEAR NORMAL DEPARTURE LAST
                VALUE   (LST)  VALUE       VALUE  FROM      YEAR
                                                  NORMAL
..................................................................
TEMPERATURE (F)
 YESTERDAY
  MAXIMUM         78    423 PM  MM      MM  68     10       68
  MINIMUM         57   1108 PM  MM      MM  41     16       43
  AVERAGE         68                        55     13       56

PRECIPITATION (IN)
  YESTERDAY        0.27         MM      MM   0.14   0.13     0.00
  MONTH TO DATE    3.28                      4.29  -1.01     2.65
  SINCE MAR 1      3.28                      4.29  -1.01     2.65
  SINCE JAN 1     11.82                     13.79  -1.97    11.09

SNOWFALL (IN)
  YESTERDAY        0.0          MM      MM  MM     MM       MM
  MONTH TO DATE    0.0                      MM     MM        0.0
  SINCE MAR 1      0.0                      MM     MM        0.0
  SINCE JUL 1      T                        MM     MM         T
  SNOW DEPTH       0

DEGREE DAYS
 HEATING
  YESTERDAY        0                        11    -11        9
  MONTH TO DATE  315                       386    -71      264
  SINCE MAR 1    315                       386    -71      264
  SINCE JUL 1   2145                      2998   -853     2386

 COOLING
  YESTERDAY        3                         0      3        0
  MONTH TO DATE   14                         0     14        7
  SINCE MAR 1     14                         0     14        7
  SINCE JAN 1     14                         0     14        7
..................................................................


WIND (MPH)
  RESULTANT WIND SPEED   1   RESULTANT WIND DIRECTION   E (80)
  HIGHEST WIND SPEED    10   HIGHEST WIND DIRECTION     N (340)
  HIGHEST GUST SPEED    17   HIGHEST GUST DIRECTION     N (340)
  AVERAGE WIND SPEED     1.4


SKY COVER
  AVERAGE SKY COVER 0.5


WEATHER CONDITIONS
 THE FOLLOWING WEATHER WAS RECORDED YESTERDAY.
  THUNDERSTORM
  RAIN
  LIGHT RAIN
  FOG


RELATIVE HUMIDITY (PERCENT)
 HIGHEST    97           200 AM
 LOWEST     50           500 PM
 AVERAGE    74

..........................................................


THE CARTERSVILLE CLIMATE NORMALS FOR TODAY
                         NORMAL    RECORD    YEAR
 MAXIMUM TEMPERATURE (F)   68        MM        MM
 MINIMUM TEMPERATURE (F)   41        MM        MM


SUNRISE AND SUNSET
MARCH 29 2017.........SUNRISE   730 AM EDT   SUNSET   758 PM EDT
MARCH 30 2017.........SUNRISE   729 AM EDT   SUNSET   759 PM EDT


-  INDICATES NEGATIVE NUMBERS.
R  INDICATES RECORD WAS SET OR TIED.
MM INDICATES DATA IS MISSING.
T  INDICATES TRACE AMOUNT.




$$
