000
CDUS43 KLOT 130633
CLIVPZ


CLIMATE REPORT
NATIONAL WEATHER SERVICE CHICAGO IL
1232 AM CST WED DEC 13 2017


...................................

...THE VALPARAISO CLIMATE SUMMARY FOR DECEMBER 12 2017...

CLIMATE NORMAL PERIOD 1981 TO 2010
CLIMATE RECORD PERIOD 1998 TO 2017


WEATHER ITEM   OBSERVED TIME   RECORD YEAR NORMAL DEPARTURE LAST
                VALUE   (LST)  VALUE       VALUE  FROM      YEAR
                                                  NORMAL
..................................................................
TEMPERATURE (F)
 YESTERDAY
  MAXIMUM         34   1229 AM  63    2015  36     -2       34
  MINIMUM         17    938 PM  -7    2013  22     -5        5
                                      2000
  AVERAGE         26                        29     -3       20

PRECIPITATION (IN)
  YESTERDAY        T             0.16 2001   0.06  -0.06     0.00
  MONTH TO DATE    0.03                      0.97  -0.94     0.56
  SINCE DEC 1      0.03                      0.97  -0.94     0.56
  SINCE JAN 1     34.52                     36.30  -1.78    31.82

DEGREE DAYS
 HEATING
  YESTERDAY       39                        36      3       45
  MONTH TO DATE  367                       408    -41      427
  SINCE DEC 1    367                       408    -41      427
  SINCE JUL 1   1366                      1666   -300     1240

 COOLING
  YESTERDAY        0                         0      0        0
  MONTH TO DATE    0                         0      0        0
  SINCE DEC 1      0                         0      0        0
  SINCE JAN 1    968                       713    255     1017
..................................................................


WIND (MPH)
  RESULTANT WIND SPEED  12   RESULTANT WIND DIRECTION  NW (300)
  HIGHEST WIND SPEED    25   HIGHEST WIND DIRECTION    NW (330)
  HIGHEST GUST SPEED    36   HIGHEST GUST DIRECTION    NW (310)
  AVERAGE WIND SPEED    13.7



WEATHER CONDITIONS
 THE FOLLOWING WEATHER WAS RECORDED YESTERDAY.
  LIGHT SNOW
  HAZE


..........................................................


THE VALPARAISO CLIMATE NORMALS FOR TODAY
                         NORMAL    RECORD    YEAR
 MAXIMUM TEMPERATURE (F)   35        63      2015
 MINIMUM TEMPERATURE (F)   22       -10      2000


SUNRISE AND SUNSET
DECEMBER 13 2017......SUNRISE   706 AM CST   SUNSET   419 PM CST
DECEMBER 14 2017......SUNRISE   707 AM CST   SUNSET   419 PM CST


-  INDICATES NEGATIVE NUMBERS.
R  INDICATES RECORD WAS SET OR TIED.
MM INDICATES DATA IS MISSING.
T  INDICATES TRACE AMOUNT.




$$
