000
CDUS43 KLOT 271136
CLIVPZ


CLIMATE REPORT
NATIONAL WEATHER SERVICE CHICAGO IL
633 AM CDT TUE SEP 27 2016


...................................

...THE VALPARAISO CLIMATE SUMMARY FOR SEPTEMBER 26 2016...

CLIMATE NORMAL PERIOD 1981 TO 2010
CLIMATE RECORD PERIOD 1998 TO 2016


WEATHER ITEM   OBSERVED TIME   RECORD YEAR NORMAL DEPARTURE LAST
                VALUE   (LST)  VALUE       VALUE  FROM      YEAR
                                                  NORMAL
..................................................................
TEMPERATURE (F)
 YESTERDAY
  MAXIMUM         70    241 PM  91    1998  71     -1       79
  MINIMUM         50   1159 PM  38    2000  48      2       54
  AVERAGE         60                        59      1       67

PRECIPITATION (IN)
  YESTERDAY        T             0.35 2003   0.10  -0.10     0.00
  MONTH TO DATE    0.72                      2.76  -2.04     1.16
  SINCE SEP 1      0.72                      2.76  -2.04     1.16
  SINCE JAN 1     23.56                     28.30  -4.74    24.86

DEGREE DAYS
 HEATING
  YESTERDAY        5                         7     -2        0
  MONTH TO DATE    5                        83    -78       31
  SINCE SEP 1      5                        83    -78       31
  SINCE JUL 1     13                       100    -87       42

 COOLING
  YESTERDAY        0                         1     -1        2
  MONTH TO DATE  141                        61     80      132
  SINCE SEP 1    141                        61     80      132
  SINCE JAN 1    990                       697    293      719
..................................................................


WIND (MPH)
  RESULTANT WIND SPEED  11   RESULTANT WIND DIRECTION   W (260)
  HIGHEST WIND SPEED    24   HIGHEST WIND DIRECTION     W (250)
  HIGHEST GUST SPEED    33   HIGHEST GUST DIRECTION    SW (240)
  AVERAGE WIND SPEED    11.0



WEATHER CONDITIONS
 THE FOLLOWING WEATHER WAS RECORDED YESTERDAY.
  LIGHT RAIN


..........................................................


THE VALPARAISO CLIMATE NORMALS FOR TODAY
                         NORMAL    RECORD    YEAR
 MAXIMUM TEMPERATURE (F)   70        85      1999
 MINIMUM TEMPERATURE (F)   48        42      2010


SUNRISE AND SUNSET
SEPTEMBER 27 2016.....SUNRISE   641 AM CDT   SUNSET   636 PM CDT
SEPTEMBER 28 2016.....SUNRISE   642 AM CDT   SUNSET   634 PM CDT


-  INDICATES NEGATIVE NUMBERS.
R  INDICATES RECORD WAS SET OR TIED.
MM INDICATES DATA IS MISSING.
T  INDICATES TRACE AMOUNT.




$$
