000
CDUS43 KLOT 190634
CLIVPZ


CLIMATE REPORT
NATIONAL WEATHER SERVICE CHICAGO IL
133 AM CDT FRI SEP 19 2014


...................................

...THE VALPARAISO CLIMATE SUMMARY FOR SEPTEMBER 18 2014...

CLIMATE NORMAL PERIOD 1981 TO 2010
CLIMATE RECORD PERIOD 1998 TO 2014


WEATHER ITEM   OBSERVED TIME   RECORD YEAR NORMAL DEPARTURE LAST
                VALUE   (LST)  VALUE       VALUE  FROM      YEAR
                                                  NORMAL
..................................................................
TEMPERATURE (F)
 YESTERDAY
  MAXIMUM         73    228 PM  89    2007  74     -1       82
  MINIMUM         43R   545 AM  43    2009  52     -9       55
  AVERAGE         58                        63     -5       69

PRECIPITATION (IN)
  YESTERDAY        0.00          1.94 2013   0.09  -0.09     1.94
  MONTH TO DATE    2.32                      1.98   0.34     2.16
  SINCE SEP 1      2.32                      1.98   0.34     2.16
  SINCE JAN 1     31.68                     27.52   4.16    27.84

DEGREE DAYS
 HEATING
  YESTERDAY        7                         4      3        0
  MONTH TO DATE   90                        39     51       41
  SINCE SEP 1     90                        39     51       41
  SINCE JUL 1    130                        56     74       69

 COOLING
  YESTERDAY        0                         2     -2        4
  MONTH TO DATE   56                        53      3      108
  SINCE SEP 1     56                        53      3      108
  SINCE JAN 1    603                       689    -86      775
..................................................................


WIND (MPH)
  RESULTANT WIND SPEED   3   RESULTANT WIND DIRECTION   E (70)
  HIGHEST WIND SPEED    14   HIGHEST WIND DIRECTION     E (80)
  HIGHEST GUST SPEED    18   HIGHEST GUST DIRECTION    NE (60)
  AVERAGE WIND SPEED     4.1



WEATHER CONDITIONS
 THE FOLLOWING WEATHER WAS RECORDED YESTERDAY.
  FOG
  HAZE


..........................................................


THE VALPARAISO CLIMATE NORMALS FOR TODAY
                         NORMAL    RECORD    YEAR
 MAXIMUM TEMPERATURE (F)   73        91      2000
 MINIMUM TEMPERATURE (F)   51        39      2012


SUNRISE AND SUNSET
SEPTEMBER 19 2014.....SUNRISE   632 AM CDT   SUNSET   650 PM CDT
SEPTEMBER 20 2014.....SUNRISE   633 AM CDT   SUNSET   649 PM CDT


-  INDICATES NEGATIVE NUMBERS.
R  INDICATES RECORD WAS SET OR TIED.
MM INDICATES DATA IS MISSING.
T  INDICATES TRACE AMOUNT.




$$
