000
CDUS43 KLOT 300636
CLIVPZ


CLIMATE REPORT
NATIONAL WEATHER SERVICE CHICAGO IL
134 AM CDT THU OCT 30 2014


...................................

...THE VALPARAISO CLIMATE SUMMARY FOR OCTOBER 29 2014...

CLIMATE NORMAL PERIOD 1981 TO 2010
CLIMATE RECORD PERIOD 1998 TO 2014


WEATHER ITEM   OBSERVED TIME   RECORD YEAR NORMAL DEPARTURE LAST
                VALUE   (LST)  VALUE       VALUE  FROM      YEAR
                                                  NORMAL
..................................................................
TEMPERATURE (F)
 YESTERDAY
  MAXIMUM         46    310 PM  78    2004  58    -12       54
                                      1999
  MINIMUM         39    211 AM  29    2005  39      0       31
  AVERAGE         43                        48     -5       43

PRECIPITATION (IN)
  YESTERDAY        0.00          0.28 1998   0.09  -0.09      T
  MONTH TO DATE    3.72                      3.08   0.64     1.68
  SINCE SEP 1      6.10                      6.29  -0.19     4.25
  SINCE JAN 1     35.46                     31.83   3.63    29.93

DEGREE DAYS
 HEATING
  YESTERDAY       22                        17      5       22
  MONTH TO DATE  356                       367    -11      407
  SINCE SEP 1    487                       480      7      487
  SINCE JUL 1    527                       497     30      515

 COOLING
  YESTERDAY        0                         0      0        0
  MONTH TO DATE    3                        11     -8       25
  SINCE SEP 1     64                        77    -13      143
  SINCE JAN 1    611                       713   -102      810
..................................................................


WIND (MPH)
  RESULTANT WIND SPEED   8   RESULTANT WIND DIRECTION   W (260)
  HIGHEST WIND SPEED    16   HIGHEST WIND DIRECTION     W (280)
  HIGHEST GUST SPEED    22   HIGHEST GUST DIRECTION    NW (300)
  AVERAGE WIND SPEED     8.0



WEATHER CONDITIONS
 THE FOLLOWING WEATHER WAS RECORDED YESTERDAY.
  HAZE


..........................................................


THE VALPARAISO CLIMATE NORMALS FOR TODAY
                         NORMAL    RECORD    YEAR
 MAXIMUM TEMPERATURE (F)   57        76      1999
 MINIMUM TEMPERATURE (F)   39        26      2011


SUNRISE AND SUNSET
OCTOBER 30 2014.......SUNRISE   717 AM CDT   SUNSET   546 PM CDT
OCTOBER 31 2014.......SUNRISE   718 AM CDT   SUNSET   544 PM CDT


-  INDICATES NEGATIVE NUMBERS.
R  INDICATES RECORD WAS SET OR TIED.
MM INDICATES DATA IS MISSING.
T  INDICATES TRACE AMOUNT.




$$
