000
CDUS43 KLOT 300633
CLIVPZ


CLIMATE REPORT
NATIONAL WEATHER SERVICE CHICAGO IL
131 AM CDT THU JUL 30 2015


...................................

...THE VALPARAISO CLIMATE SUMMARY FOR JULY 29 2015...

CLIMATE NORMAL PERIOD 1981 TO 2010
CLIMATE RECORD PERIOD 1998 TO 2015


WEATHER ITEM   OBSERVED TIME   RECORD YEAR NORMAL DEPARTURE LAST
                VALUE   (LST)  VALUE       VALUE  FROM      YEAR
                                                  NORMAL
..................................................................
TEMPERATURE (F)
 YESTERDAY
  MAXIMUM         87    229 PM  96    1998  82      5       78
  MINIMUM         65   1153 PM  51    2014  62      3       51
                                      2003
  AVERAGE         76                        72      4       65

PRECIPITATION (IN)
  YESTERDAY        T             1.86 2011   0.13  -0.13      T
  MONTH TO DATE    4.92                      4.06   0.86     1.73
  SINCE JUN 1     10.53                      7.97   2.56     9.94
  SINCE JAN 1     19.32                     20.95  -1.63    18.87

DEGREE DAYS
 HEATING
  YESTERDAY        0                         0      0        0
  MONTH TO DATE    6                         0      6       25
  SINCE JUN 1     33                        41     -8       45
  SINCE JUL 1      6                         0      6       25

 COOLING
  YESTERDAY       11                         7      4        0
  MONTH TO DATE  183                       226    -43      106
  SINCE JUN 1    315                       390    -75      265
  SINCE JAN 1    391                       437    -46      338
..................................................................


WIND (MPH)
  RESULTANT WIND SPEED   5   RESULTANT WIND DIRECTION  NW (300)
  HIGHEST WIND SPEED    13   HIGHEST WIND DIRECTION     W (290)
  HIGHEST GUST SPEED    18   HIGHEST GUST DIRECTION     W (280)
  AVERAGE WIND SPEED     7.0



WEATHER CONDITIONS
 THE FOLLOWING WEATHER WAS RECORDED YESTERDAY.
  LIGHT RAIN
  FOG


..........................................................


THE VALPARAISO CLIMATE NORMALS FOR TODAY
                         NORMAL    RECORD    YEAR
 MAXIMUM TEMPERATURE (F)   82        97      1999
 MINIMUM TEMPERATURE (F)   62        52      2013


SUNRISE AND SUNSET
JULY 30 2015..........SUNRISE   541 AM CDT   SUNSET   808 PM CDT
JULY 31 2015..........SUNRISE   542 AM CDT   SUNSET   807 PM CDT


-  INDICATES NEGATIVE NUMBERS.
R  INDICATES RECORD WAS SET OR TIED.
MM INDICATES DATA IS MISSING.
T  INDICATES TRACE AMOUNT.




$$
