000
CDUS43 KLOT 290632
CLIVPZ


CLIMATE REPORT
NATIONAL WEATHER SERVICE CHICAGO IL
132 AM CDT FRI AUG 29 2014


...................................

...THE VALPARAISO CLIMATE SUMMARY FOR AUGUST 28 2014...

CLIMATE NORMAL PERIOD 1981 TO 2010
CLIMATE RECORD PERIOD 1998 TO 2014


WEATHER ITEM   OBSERVED TIME   RECORD YEAR NORMAL DEPARTURE LAST
                VALUE   (LST)  VALUE       VALUE  FROM      YEAR
                                                  NORMAL
..................................................................
TEMPERATURE (F)
 YESTERDAY
  MAXIMUM         81    257 PM  91    2003  79      2       80
  MINIMUM         57    544 AM  54    2010  59     -2       70
  AVERAGE         69                        69      0       75

PRECIPITATION (IN)
  YESTERDAY        T             0.74 2009   0.13  -0.13     0.00
  MONTH TO DATE    9.62                      3.91   5.71     3.70
  SINCE JUN 1     19.56                     12.16   7.40    11.70
  SINCE JAN 1     28.49                     25.14   3.35    25.33

DEGREE DAYS
 HEATING
  YESTERDAY        0                         1     -1        0
  MONTH TO DATE   15                         4     11       12
  SINCE JUN 1     60                        49     11       65
  SINCE JUL 1     40                         8     32       28

 COOLING
  YESTERDAY        4                         5     -1       10
  MONTH TO DATE  173                       172      1      157
  SINCE JUN 1    444                       576   -132      531
  SINCE JAN 1    517                       623   -106      632
..................................................................


WIND (MPH)
  RESULTANT WIND SPEED   4   RESULTANT WIND DIRECTION   E (80)
  HIGHEST WIND SPEED     9   HIGHEST WIND DIRECTION    SE (130)
  HIGHEST GUST SPEED    13   HIGHEST GUST DIRECTION    SE (130)
  AVERAGE WIND SPEED     4.8



WEATHER CONDITIONS
 THE FOLLOWING WEATHER WAS RECORDED YESTERDAY.
  NO SIGNIFICANT WEATHER WAS OBSERVED.


..........................................................


THE VALPARAISO CLIMATE NORMALS FOR TODAY
                         NORMAL    RECORD    YEAR
 MAXIMUM TEMPERATURE (F)   79        94      2010
 MINIMUM TEMPERATURE (F)   59        53      2011
                                             2009


SUNRISE AND SUNSET
AUGUST 29 2014........SUNRISE   611 AM CDT   SUNSET   726 PM CDT
AUGUST 30 2014........SUNRISE   612 AM CDT   SUNSET   724 PM CDT


-  INDICATES NEGATIVE NUMBERS.
R  INDICATES RECORD WAS SET OR TIED.
MM INDICATES DATA IS MISSING.
T  INDICATES TRACE AMOUNT.




$$
