000
CDUS42 KMLB 222017
CLIVRB


CLIMATE REPORT
NATIONAL WEATHER SERVICE MELBOURNE FL
416 PM EDT SAT JUL 22 2017


...................................

...THE VERO BEACH CLIMATE SUMMARY FOR JULY 22 2017...
VALID TODAY AS OF 0400 PM LOCAL TIME.

CLIMATE NORMAL PERIOD 1981 TO 2010
CLIMATE RECORD PERIOD 1942 TO 2017


WEATHER ITEM   OBSERVED TIME   RECORD YEAR NORMAL DEPARTURE LAST
                VALUE   (LST)  VALUE       VALUE  FROM      YEAR
                                                  NORMAL
..................................................................
TEMPERATURE (F)
 TODAY
  MAXIMUM         91    226 PM  96    1993  90      1       91
                                      1981
  MINIMUM         74    218 AM  69    2007  74      0       74
                                      1965
  AVERAGE         83                        82      1       83

PRECIPITATION (IN)
  TODAY            0.00          1.32 1986   0.18  -0.18     0.00
  MONTH TO DATE    3.13                      4.03  -0.90     0.61
  SINCE JUN 1      9.51                     10.70  -1.19     5.46
  SINCE JAN 1     20.55                     26.07  -5.52    41.25

SNOWFALL (IN)
  TODAY            0.0
  MONTH TO DATE    0.0
  SINCE JUL 1      0.0

DEGREE DAYS
 HEATING
  TODAY            0                         0      0        0
  MONTH TO DATE    0                         0      0        0
  SINCE JUN 1      0                         0      0        0
  SINCE JUL 1      0                         0      0        0

 COOLING
  TODAY           18                        17      1       18
  MONTH TO DATE  402                       365     37      415
  SINCE JUN 1    891                       821     70      932
  SINCE JAN 1   1956                      1627    329     1861
..................................................................


WIND (MPH)
  HIGHEST WIND SPEED    20   HIGHEST WIND DIRECTION    SE (120)
  HIGHEST GUST SPEED    23   HIGHEST GUST DIRECTION    SE (120)
  AVERAGE WIND SPEED     5.7


SKY COVER
  AVERAGE SKY COVER 0.2


WEATHER CONDITIONS
 THE FOLLOWING WEATHER WAS RECORDED TODAY.
  THUNDERSTORM


RELATIVE HUMIDITY (PERCENT)
 HIGHEST    94          1200 AM
 LOWEST     56          1200 PM
 AVERAGE    75

..........................................................


THE VERO BEACH CLIMATE NORMALS FOR TOMORROW
                         NORMAL    RECORD    YEAR
 MAXIMUM TEMPERATURE (F)   90        97      2005
 MINIMUM TEMPERATURE (F)   74        67      1976
                                             1974


SUNRISE AND SUNSET
JULY 22 2017..........SUNRISE   640 AM EDT   SUNSET   816 PM EDT
JULY 23 2017..........SUNRISE   640 AM EDT   SUNSET   816 PM EDT


-  INDICATES NEGATIVE NUMBERS.
R  INDICATES RECORD WAS SET OR TIED.
MM INDICATES DATA IS MISSING.
T  INDICATES TRACE AMOUNT.




$$
