000
CDUS42 KMLB 292049
CLIVRB


CLIMATE REPORT
NATIONAL WEATHER SERVICE MELBOURNE FL
448 PM EDT MON JUN 29 2015


...................................

...THE VERO BEACH CLIMATE SUMMARY FOR JUNE 29 2015...
VALID TODAY AS OF 0400 PM LOCAL TIME.

CLIMATE NORMAL PERIOD 1981 TO 2010
CLIMATE RECORD PERIOD 1942 TO 2015


WEATHER ITEM   OBSERVED TIME   RECORD YEAR NORMAL DEPARTURE LAST
                VALUE   (LST)  VALUE       VALUE  FROM      YEAR
                                                  NORMAL
..................................................................
TEMPERATURE (F)
 TODAY
  MAXIMUM         96R  1218 PM  94    1997  89      7       92
                                      1967
                                      1950
  MINIMUM         73    259 PM  65    2012  73      0       71
  AVERAGE         85                        81      4       82

PRECIPITATION (IN)
  TODAY            1.16          3.11 1992   0.23   0.93     0.74
  MONTH TO DATE    4.46                      6.44  -1.98     7.59
  SINCE JUN 1      4.46                      6.44  -1.98     7.59
  SINCE JAN 1     16.18                     21.81  -5.63    20.77

SNOWFALL (IN)
  TODAY            0.0
  MONTH TO DATE    0.0
  SINCE JUL 1      0.0

DEGREE DAYS
 HEATING
  TODAY            0                         0      0        0
  MONTH TO DATE    0                         0      0        0
  SINCE JUN 1      0                         0      0        0
  SINCE JUL 1    384                       456    -72      268

 COOLING
  TODAY           20                        16      4       17
  MONTH TO DATE  495                       441     54      419
  SINCE JUN 1    495                       441     54      419
  SINCE JAN 1   1647                      1247    400     1345
..................................................................


WIND (MPH)
  HIGHEST WIND SPEED    30   HIGHEST WIND DIRECTION    SW (240)
  HIGHEST GUST SPEED    41   HIGHEST GUST DIRECTION    SW (210)
  AVERAGE WIND SPEED     7.0


SKY COVER
  AVERAGE SKY COVER 0.1


WEATHER CONDITIONS
 THE FOLLOWING WEATHER WAS RECORDED TODAY.
  THUNDERSTORM
  HEAVY RAIN
  RAIN
  LIGHT RAIN
  FOG
  HAZE


RELATIVE HUMIDITY (PERCENT)
 HIGHEST    87           500 AM
 LOWEST     41          1100 AM
 AVERAGE    64

..........................................................


THE VERO BEACH CLIMATE NORMALS FOR TOMORROW
                         NORMAL    RECORD    YEAR
 MAXIMUM TEMPERATURE (F)   89        95      2000
                                             1998
 MINIMUM TEMPERATURE (F)   73        69      1981
                                             1979
                                             1972


SUNRISE AND SUNSET
JUNE 29 2015..........SUNRISE   629 AM EDT   SUNSET   821 PM EDT
JUNE 30 2015..........SUNRISE   629 AM EDT   SUNSET   821 PM EDT


-  INDICATES NEGATIVE NUMBERS.
R  INDICATES RECORD WAS SET OR TIED.
MM INDICATES DATA IS MISSING.
T  INDICATES TRACE AMOUNT.




$$
