000
CDUS42 KMLB 202019
CLIVRB


CLIMATE REPORT
NATIONAL WEATHER SERVICE MELBOURNE FL
419 PM EDT WED SEP 20 2017


...................................

...THE VERO BEACH CLIMATE SUMMARY FOR SEPTEMBER 20 2017...
VALID TODAY AS OF 0400 PM LOCAL TIME.

CLIMATE NORMAL PERIOD 1981 TO 2010
CLIMATE RECORD PERIOD 1942 TO 2017


WEATHER ITEM   OBSERVED TIME   RECORD YEAR NORMAL DEPARTURE LAST
                VALUE   (LST)  VALUE       VALUE  FROM      YEAR
                                                  NORMAL
..................................................................
TEMPERATURE (F)
 TODAY
  MAXIMUM         89    856 AM  95    1987  88      1       91
  MINIMUM         74    436 AM  64    1981  73      1       73
  AVERAGE         82                        80      2       82

PRECIPITATION (IN)
  TODAY            0.00          4.07 2004   0.22  -0.22     0.00
  MONTH TO DATE    8.17                      4.54   3.63     3.86
  SINCE SEP 1      8.17                      4.54   3.63     3.86
  SINCE JAN 1     37.59                     39.24  -1.65    57.29

SNOWFALL (IN)
  TODAY            0.0
  MONTH TO DATE    0.0
  SINCE JUL 1      0.0

DEGREE DAYS
 HEATING
  TODAY            0                         0      0        0
  MONTH TO DATE    0                         0      0        0
  SINCE SEP 1      0                         0      0        0
  SINCE JUL 1      0                         0      0        0

 COOLING
  TODAY           17                        16      1       17
  MONTH TO DATE  335                       320     15      355
  SINCE SEP 1    335                       320     15      355
  SINCE JAN 1   3047                      2618    429     2945
..................................................................


WIND (MPH)
  HIGHEST WIND SPEED    17   HIGHEST WIND DIRECTION    NE (60)
  HIGHEST GUST SPEED    24   HIGHEST GUST DIRECTION    NE (50)
  AVERAGE WIND SPEED     5.9


SKY COVER
  AVERAGE SKY COVER 0.6


WEATHER CONDITIONS
 THE FOLLOWING WEATHER WAS RECORDED TODAY.
  NO SIGNIFICANT WEATHER WAS OBSERVED.


RELATIVE HUMIDITY (PERCENT)
 HIGHEST    94           500 AM
 LOWEST     59           900 AM
 AVERAGE    77

..........................................................


THE VERO BEACH CLIMATE NORMALS FOR TOMORROW
                         NORMAL    RECORD    YEAR
 MAXIMUM TEMPERATURE (F)   88        93      1987
 MINIMUM TEMPERATURE (F)   73        67      1981
                                             1978
                                             1967


SUNRISE AND SUNSET
SEPTEMBER 20 2017.....SUNRISE   709 AM EDT   SUNSET   720 PM EDT
SEPTEMBER 21 2017.....SUNRISE   710 AM EDT   SUNSET   719 PM EDT


-  INDICATES NEGATIVE NUMBERS.
R  INDICATES RECORD WAS SET OR TIED.
MM INDICATES DATA IS MISSING.
T  INDICATES TRACE AMOUNT.




$$
