000
CDUS42 KMLB 160710
CLIVRB


CLIMATE REPORT
NATIONAL WEATHER SERVICE MELBOURNE FL
208 AM EST TUE JAN 16 2018


...................................

...THE VERO BEACH CLIMATE SUMMARY FOR JANUARY 15 2018...

CLIMATE NORMAL PERIOD 1981 TO 2010
CLIMATE RECORD PERIOD 1942 TO 2018


WEATHER ITEM   OBSERVED TIME   RECORD YEAR NORMAL DEPARTURE LAST
                VALUE   (LST)  VALUE       VALUE  FROM      YEAR
                                                  NORMAL
..................................................................
TEMPERATURE (F)
 YESTERDAY
  MAXIMUM         67    131 PM  85    1972  72     -5       78
  MINIMUM         49    356 AM  29    1948  51     -2       60
  AVERAGE         58                        62     -4       69

PRECIPITATION (IN)
  YESTERDAY        0.00          2.29 1991   0.08  -0.08     0.00
  MONTH TO DATE    2.50                      1.21   1.29     0.46
  SINCE DEC 1      4.73                      3.40   1.33     2.60
  SINCE JAN 1      2.50                      1.21   1.29     0.46

SNOWFALL (IN)
  YESTERDAY        0.0
  MONTH TO DATE    0.0
  SINCE JUL 1      0.0

DEGREE DAYS
 HEATING
  YESTERDAY        7                         5      2        0
  MONTH TO DATE   98                        75     23       30
  SINCE DEC 1    181                       180      1       45
  SINCE JUL 1    201                       210     -9       64

 COOLING
  YESTERDAY        0                         2     -2        4
  MONTH TO DATE   28                        30     -2       48
  SINCE DEC 1    146                       123     23      253
  SINCE JAN 1     28                        30     -2       48
..................................................................


WIND (MPH)
  HIGHEST WIND SPEED    29   HIGHEST WIND DIRECTION     N (350)
  HIGHEST GUST SPEED    37   HIGHEST GUST DIRECTION     N (350)
  AVERAGE WIND SPEED    14.7


SKY COVER
  AVERAGE SKY COVER 0.5


WEATHER CONDITIONS
 THE FOLLOWING WEATHER WAS RECORDED YESTERDAY.
  HAZE


RELATIVE HUMIDITY (PERCENT)
 HIGHEST    93           300 AM
 LOWEST     67          1100 AM
 AVERAGE    80

..........................................................


THE VERO BEACH CLIMATE NORMALS FOR TODAY
                         NORMAL    RECORD    YEAR
 MAXIMUM TEMPERATURE (F)   72        83      1989
                                             1987
                                             1943
 MINIMUM TEMPERATURE (F)   51        31      1978


SUNRISE AND SUNSET
JANUARY 16 2018.......SUNRISE   713 AM EST   SUNSET   550 PM EST
JANUARY 17 2018.......SUNRISE   713 AM EST   SUNSET   551 PM EST


-  INDICATES NEGATIVE NUMBERS.
R  INDICATES RECORD WAS SET OR TIED.
MM INDICATES DATA IS MISSING.
T  INDICATES TRACE AMOUNT.




$$
