740
CDUS42 KMLB 130626
CLIVRB


CLIMATE REPORT
NATIONAL WEATHER SERVICE MELBOURNE FL
125 AM EST SAT FEB 13 2016


...................................

...THE VERO BEACH CLIMATE SUMMARY FOR FEBRUARY 12 2016...

CLIMATE NORMAL PERIOD 1981 TO 2010
CLIMATE RECORD PERIOD 1942 TO 2016


WEATHER ITEM   OBSERVED TIME   RECORD YEAR NORMAL DEPARTURE LAST
                VALUE   (LST)  VALUE       VALUE  FROM      YEAR
                                                  NORMAL
..................................................................
TEMPERATURE (F)
 YESTERDAY
  MAXIMUM         75    400 PM  87    1994  74      1       73
  MINIMUM         38    641 AM  35    1973  54    -16       41
  AVERAGE         57                        64     -7       57

PRECIPITATION (IN)
  YESTERDAY        0.00          0.98 2010   0.09  -0.09     0.00
  MONTH TO DATE    1.66                      1.11   0.55     1.76
  SINCE DEC 1     15.62                      5.80   9.82     6.12
  SINCE JAN 1     11.05                      3.61   7.44     2.91

SNOWFALL (IN)
  YESTERDAY        0.0
  MONTH TO DATE    0.0
  SINCE JUL 1      0.0

DEGREE DAYS
 HEATING
  YESTERDAY        8                         4      4        8
  MONTH TO DATE   77                        48     29       40
  SINCE DEC 1    217                       305    -88      211
  SINCE JUL 1    218                       335   -117      290

 COOLING
  YESTERDAY        0                         3     -3        0
  MONTH TO DATE   31                        28      3        3
  SINCE DEC 1    360                       182    178      207
  SINCE JAN 1     68                        89    -21       86
..................................................................


WIND (MPH)
  HIGHEST WIND SPEED    15   HIGHEST WIND DIRECTION    SW (230)
  HIGHEST GUST SPEED    20   HIGHEST GUST DIRECTION     W (250)
  AVERAGE WIND SPEED     5.0


SKY COVER
  AVERAGE SKY COVER 0.0


WEATHER CONDITIONS
 THE FOLLOWING WEATHER WAS RECORDED YESTERDAY.
  NO SIGNIFICANT WEATHER WAS OBSERVED.


RELATIVE HUMIDITY (PERCENT)
 HIGHEST    89           100 AM
 LOWEST     23           300 PM
 AVERAGE    56

..........................................................


THE VERO BEACH CLIMATE NORMALS FOR TODAY
                         NORMAL    RECORD    YEAR
 MAXIMUM TEMPERATURE (F)   74        87      2013
 MINIMUM TEMPERATURE (F)   54        34      2006
                                             1985


SUNRISE AND SUNSET
FEBRUARY 13 2016......SUNRISE   701 AM EST   SUNSET   611 PM EST
FEBRUARY 14 2016......SUNRISE   700 AM EST   SUNSET   612 PM EST


-  INDICATES NEGATIVE NUMBERS.
R  INDICATES RECORD WAS SET OR TIED.
MM INDICATES DATA IS MISSING.
T  INDICATES TRACE AMOUNT.




$$
