000
CDUS42 KMLB 070630
CLIVRB


CLIMATE REPORT
NATIONAL WEATHER SERVICE MELBOURNE FL
128 AM EST WED DEC 7 2016


...................................

...THE VERO BEACH CLIMATE SUMMARY FOR DECEMBER 6 2016...

CLIMATE NORMAL PERIOD 1981 TO 2010
CLIMATE RECORD PERIOD 1942 TO 2016


WEATHER ITEM   OBSERVED TIME   RECORD YEAR NORMAL DEPARTURE LAST
                VALUE   (LST)  VALUE       VALUE  FROM      YEAR
                                                  NORMAL
..................................................................
TEMPERATURE (F)
 YESTERDAY
  MAXIMUM         86    159 PM  87    1942  76     10       80
  MINIMUM         71   1159 PM  37    1968  57     14       69
  AVERAGE         79                        66     13       75

PRECIPITATION (IN)
  YESTERDAY        0.49          1.15 1988   0.07   0.42     0.00
  MONTH TO DATE    0.49                      0.46   0.03     2.91
  SINCE DEC 1      0.49                      0.46   0.03     2.91
  SINCE JAN 1     63.65                     50.14  13.51    48.03

SNOWFALL (IN)
  YESTERDAY        0.0
  MONTH TO DATE    0.0
  SINCE JUL 1      0.0

DEGREE DAYS
 HEATING
  YESTERDAY        0                         2     -2        0
  MONTH TO DATE    0                        12    -12        0
  SINCE DEC 1      0                        12    -12        0
  SINCE JUL 1     19                        42    -23        1

 COOLING
  YESTERDAY       14                         4     10       10
  MONTH TO DATE   48                        24     24       54
  SINCE DEC 1     48                        24     24       54
  SINCE JAN 1   3728                      3335    393     4181
..................................................................


WIND (MPH)
  HIGHEST WIND SPEED    29   HIGHEST WIND DIRECTION     W (280)
  HIGHEST GUST SPEED    42   HIGHEST GUST DIRECTION     S (200)
  AVERAGE WIND SPEED    11.4


SKY COVER
  AVERAGE SKY COVER 0.3


WEATHER CONDITIONS
 THE FOLLOWING WEATHER WAS RECORDED YESTERDAY.
  THUNDERSTORM
  HEAVY RAIN
  RAIN
  LIGHT RAIN
  FOG
  HAZE


RELATIVE HUMIDITY (PERCENT)
 HIGHEST   100          1000 PM
 LOWEST     65          1100 AM
 AVERAGE    83

..........................................................


THE VERO BEACH CLIMATE NORMALS FOR TODAY
                         NORMAL    RECORD    YEAR
 MAXIMUM TEMPERATURE (F)   75        87      1972
 MINIMUM TEMPERATURE (F)   57        31      2010


SUNRISE AND SUNSET
DECEMBER  7 2016......SUNRISE   700 AM EST   SUNSET   527 PM EST
DECEMBER  8 2016......SUNRISE   700 AM EST   SUNSET   527 PM EST


-  INDICATES NEGATIVE NUMBERS.
R  INDICATES RECORD WAS SET OR TIED.
MM INDICATES DATA IS MISSING.
T  INDICATES TRACE AMOUNT.




$$
