000
CDUS42 KMLB 092029
CLIVRB


CLIMATE REPORT
NATIONAL WEATHER SERVICE MELBOURNE FL
428 PM EDT WED JUL 9 2014


...................................

...THE VERO BEACH CLIMATE SUMMARY FOR JULY 9 2014...
VALID TODAY AS OF 400 PM LOCAL TIME.

CLIMATE NORMAL PERIOD 1981 TO 2010
CLIMATE RECORD PERIOD 1942 TO 2014


WEATHER ITEM   OBSERVED TIME   RECORD YEAR NORMAL DEPARTURE LAST
                VALUE   (LST)  VALUE       VALUE  FROM      YEAR
                                                  NORMAL
..................................................................
TEMPERATURE (F)
 TODAY
  MAXIMUM         87   1131 AM  96    1981  90     -3       86
  MINIMUM         69    539 AM  67    1989  73     -4       73
  AVERAGE         78                        82     -4       80

PRECIPITATION (IN)
  TODAY            0.00          2.98 1945   0.18  -0.18     0.13
  MONTH TO DATE    1.60                      1.72  -0.12     1.41
  SINCE JUN 1      9.30                      8.39   0.91     6.90
  SINCE JAN 1     22.48                     23.76  -1.28    22.12

SNOWFALL (IN)
  TODAY            0.0
  MONTH TO DATE    0.0
  SINCE JUL 1      0.0

DEGREE DAYS
 HEATING
  TODAY            0                         0      0        0
  MONTH TO DATE    0                         0      0        0
  SINCE JUN 1      0                         0      0        0
  SINCE JUL 1      0                         0      0        0

 COOLING
  TODAY           13                        16     -3       15
  MONTH TO DATE  136                       144     -8      145
  SINCE JUN 1    570                       600    -30      650
  SINCE JAN 1   1496                      1406     90     1557
..................................................................


WIND (MPH)
  HIGHEST WIND SPEED    15   HIGHEST WIND DIRECTION    SE (120)
  HIGHEST GUST SPEED    18   HIGHEST GUST DIRECTION     E (90)
  AVERAGE WIND SPEED     4.1


SKY COVER
  AVERAGE SKY COVER 0.1


WEATHER CONDITIONS
 THE FOLLOWING WEATHER WAS RECORDED TODAY.
  FOG


RELATIVE HUMIDITY (PERCENT)
 HIGHEST   100          1200 AM
 LOWEST     70          1100 AM
 AVERAGE    85

..........................................................


THE VERO BEACH CLIMATE NORMALS FOR TOMORROW
                         NORMAL    RECORD    YEAR
 MAXIMUM TEMPERATURE (F)   90        96      1995
 MINIMUM TEMPERATURE (F)   73        68      1989
                                             1976


SUNRISE AND SUNSET
JULY  9 2014..........SUNRISE   633 AM EDT   SUNSET   821 PM EDT
JULY 10 2014..........SUNRISE   633 AM EDT   SUNSET   820 PM EDT


-  INDICATES NEGATIVE NUMBERS.
R  INDICATES RECORD WAS SET OR TIED.
MM INDICATES DATA IS MISSING.
T  INDICATES TRACE AMOUNT.




$$
