000
CDUS42 KMLB 290643
CLIVRB


CLIMATE REPORT
NATIONAL WEATHER SERVICE MELBOURNE FL
232 AM EDT MON MAY 29 2017


...................................

...THE VERO BEACH CLIMATE SUMMARY FOR MAY 28 2017...

CLIMATE NORMAL PERIOD 1981 TO 2010
CLIMATE RECORD PERIOD 1942 TO 2017


WEATHER ITEM   OBSERVED TIME   RECORD YEAR NORMAL DEPARTURE LAST
                VALUE   (LST)  VALUE       VALUE  FROM      YEAR
                                                  NORMAL
..................................................................
TEMPERATURE (F)
 YESTERDAY
  MAXIMUM         91   1137 AM  96    1967  87      4       88
  MINIMUM         63    558 AM  62    1985  70     -7       71
  AVERAGE         77                        78     -1       80

PRECIPITATION (IN)
  YESTERDAY        0.00          2.31 1996   0.15  -0.15     0.00
  MONTH TO DATE    4.57                      2.88   1.69    16.38
  SINCE MAR 1      9.08                      9.72  -0.64    20.84
  SINCE JAN 1     11.04                     14.89  -3.85    34.19

SNOWFALL (IN)
  YESTERDAY        0.0
  MONTH TO DATE    0.0
  SINCE JUL 1      0.0

DEGREE DAYS
 HEATING
  YESTERDAY        0                         0      0        0
  MONTH TO DATE    0                         0      0        0
  SINCE MAR 1     42                        70    -28       16
  SINCE JUL 1    185                       455   -270      284

 COOLING
  YESTERDAY       12                        13     -1       15
  MONTH TO DATE  355                       306     49      329
  SINCE MAR 1    812                       625    187      787
  SINCE JAN 1   1013                       764    249      885
..................................................................


WIND (MPH)
  HIGHEST WIND SPEED    15   HIGHEST WIND DIRECTION    SE (130)
  HIGHEST GUST SPEED    18   HIGHEST GUST DIRECTION    SE (140)
  AVERAGE WIND SPEED     7.1


SKY COVER
  AVERAGE SKY COVER 0.0


WEATHER CONDITIONS
 THE FOLLOWING WEATHER WAS RECORDED YESTERDAY.
  FOG


RELATIVE HUMIDITY (PERCENT)
 HIGHEST    94          1200 AM
 LOWEST     34          1100 AM
 AVERAGE    64

..........................................................


THE VERO BEACH CLIMATE NORMALS FOR TODAY
                         NORMAL    RECORD    YEAR
 MAXIMUM TEMPERATURE (F)   87        99      2000
 MINIMUM TEMPERATURE (F)   70        62      2008


SUNRISE AND SUNSET
MAY 29 2017...........SUNRISE   627 AM EDT   SUNSET   812 PM EDT
MAY 30 2017...........SUNRISE   627 AM EDT   SUNSET   812 PM EDT


-  INDICATES NEGATIVE NUMBERS.
R  INDICATES RECORD WAS SET OR TIED.
MM INDICATES DATA IS MISSING.
T  INDICATES TRACE AMOUNT.




$$
