000
CDUS41 KBTV 290529
CLIVSF


CLIMATE REPORT
NATIONAL WEATHER SERVICE BURLINGTON VT
126 AM EDT FRI JUL 29 2016


...................................

...THE SPRINGFIELD VT CLIMATE SUMMARY FOR JULY 28 2016...

CLIMATE NORMAL PERIOD 1981 TO 2010
CLIMATE RECORD PERIOD 9999 TO 9999


WEATHER ITEM   OBSERVED TIME   NORMAL DEPARTURE LAST
                VALUE   (LST)  VALUE  FROM      YEAR
                                      NORMAL
......................................................
TEMPERATURE (F)
 YESTERDAY
  MAXIMUM         88    244 PM  81      7       89
  MINIMUM         60    459 AM  57      3       64
  AVERAGE         74            69      5       77

PRECIPITATION (IN)
  YESTERDAY        0.00          0.13  -0.13     0.00
  MONTH TO DATE    3.17          3.99  -0.82     1.05
  SINCE JUN 1      5.45          7.88  -2.43     6.25
  SINCE JAN 1     15.87         24.15  -8.28    14.75

DEGREE DAYS
 HEATING
  YESTERDAY        0             1     -1        0
  MONTH TO DATE   14            14      0       16
  SINCE JUN 1     86           110    -24      123
  SINCE JUL 1     14            14      0       16

 COOLING
  YESTERDAY        9             4      5       12
  MONTH TO DATE  152           131     21      113
  SINCE JUN 1    209           195     14      156
  SINCE JAN 1    250           207     43      205
......................................................


WIND (MPH)
  HIGHEST WIND SPEED    13   HIGHEST WIND DIRECTION    NW (300)
  HIGHEST GUST SPEED    20   HIGHEST GUST DIRECTION     W (280)
  AVERAGE WIND SPEED     2.6


SKY COVER
  AVERAGE SKY COVER 0.2


WEATHER CONDITIONS
 THE FOLLOWING WEATHER WAS RECORDED YESTERDAY.
  FOG


RELATIVE HUMIDITY (PERCENT)
 HIGHEST    97           300 AM
 LOWEST     45           200 PM
 AVERAGE    71

..........................................................


THE SPRINGFIELD VT CLIMATE NORMALS FOR TODAY
                         NORMAL    RECORD    YEAR
 MAXIMUM TEMPERATURE (F)   81        94      2015
 MINIMUM TEMPERATURE (F)   57        51      2003


SUNRISE AND SUNSET
JULY 29 2016..........SUNRISE   537 AM EDT   SUNSET   815 PM EDT
JULY 30 2016..........SUNRISE   538 AM EDT   SUNSET   814 PM EDT


-  INDICATES NEGATIVE NUMBERS.
R  INDICATES RECORD WAS SET OR TIED.
MM INDICATES DATA IS MISSING.
T  INDICATES TRACE AMOUNT.




$$
