000
CDUS41 KBTV 251226
CLIVSF


CLIMATE REPORT
NATIONAL WEATHER SERVICE BURLINGTON VT
826 AM EDT SAT OCT 25 2014


...................................

...THE SPRINGFIELD VT CLIMATE SUMMARY FOR OCTOBER 24 2014...

CLIMATE NORMAL PERIOD 1981 TO 2010
CLIMATE RECORD PERIOD 9999 TO 9999


WEATHER ITEM   OBSERVED TIME   NORMAL DEPARTURE LAST
                VALUE   (LST)  VALUE  FROM      YEAR
                                      NORMAL
......................................................
TEMPERATURE (F)
 YESTERDAY
  MAXIMUM         49    536 PM  55     -6       47
  MINIMUM         41   1159 PM  33      8       28
  AVERAGE         45            44      1       38

PRECIPITATION (IN)
  YESTERDAY        0.06          0.12  -0.06      T
  MONTH TO DATE    4.87          3.63   1.24     1.69
  SINCE SEP 1      6.02          7.39  -1.37     4.67
  SINCE JAN 1     33.71         35.76  -2.05    32.15

DEGREE DAYS
 HEATING
  YESTERDAY       20            21     -1       27
  MONTH TO DATE  309           406    -97      315
  SINCE SEP 1    476           603   -127      541
  SINCE JUL 1    525           658   -133      586

 COOLING
  YESTERDAY        0             0      0        0
  MONTH TO DATE    5             0      5        0
  SINCE SEP 1     45            23     22       42
  SINCE JAN 1    282           344    -62      495
......................................................


WIND (MPH)
  HIGHEST WIND SPEED    17   HIGHEST WIND DIRECTION     W (270)
  HIGHEST GUST SPEED    22   HIGHEST GUST DIRECTION     W (280)
  AVERAGE WIND SPEED     5.4


SKY COVER
  AVERAGE SKY COVER 0.9


WEATHER CONDITIONS
 THE FOLLOWING WEATHER WAS RECORDED YESTERDAY.
  LIGHT RAIN
  FOG


RELATIVE HUMIDITY (PERCENT)
 HIGHEST   100           200 AM
 LOWEST     71           300 PM
 AVERAGE    86

..........................................................


THE SPRINGFIELD VT CLIMATE NORMALS FOR TODAY
                         NORMAL    RECORD    YEAR
 MAXIMUM TEMPERATURE (F)   55        MM        MM
 MINIMUM TEMPERATURE (F)   33        MM        MM


SUNRISE AND SUNSET
OCTOBER 25 2014.......SUNRISE   716 AM EDT   SUNSET   551 PM EDT
OCTOBER 26 2014.......SUNRISE   717 AM EDT   SUNSET   550 PM EDT


-  INDICATES NEGATIVE NUMBERS.
R  INDICATES RECORD WAS SET OR TIED.
MM INDICATES DATA IS MISSING.
T  INDICATES TRACE AMOUNT.




$$
