000
CDUS41 KBTV 230536
CLIVSF


CLIMATE REPORT
NATIONAL WEATHER SERVICE BURLINGTON VT
134 AM EDT SAT MAY 23 2015


...................................

...THE SPRINGFIELD VT CLIMATE SUMMARY FOR MAY 22 2015...

CLIMATE NORMAL PERIOD 1981 TO 2010
CLIMATE RECORD PERIOD 9999 TO 9999


WEATHER ITEM   OBSERVED TIME   NORMAL DEPARTURE LAST
                VALUE   (LST)  VALUE  FROM      YEAR
                                      NORMAL
......................................................
TEMPERATURE (F)
 YESTERDAY
  MAXIMUM         66    233 PM  69     -3       58
  MINIMUM         42   1159 PM  44     -2       47
  AVERAGE         54            57     -3       53

PRECIPITATION (IN)
  YESTERDAY        T             0.13  -0.13     0.74
  MONTH TO DATE    0.60          2.39  -1.79     2.48
  SINCE MAR 1      3.69          9.31  -5.62     8.20
  SINCE JAN 1      7.84         14.92  -7.08    11.89

DEGREE DAYS
 HEATING
  YESTERDAY       11             9      2       12
  MONTH TO DATE  145           250   -105      218
  SINCE MAR 1   2004          1911     93     2135
  SINCE JUL 1   7556          7356    200     7846

 COOLING
  YESTERDAY        0             0      0        0
  MONTH TO DATE   15             0     15        5
  SINCE MAR 1     15             2     13        5
  SINCE JAN 1     15             2     13        5
......................................................


WIND (MPH)
  HIGHEST WIND SPEED    24   HIGHEST WIND DIRECTION     W (280)
  HIGHEST GUST SPEED    33   HIGHEST GUST DIRECTION     W (270)
  AVERAGE WIND SPEED     7.1


SKY COVER
  AVERAGE SKY COVER 0.5


WEATHER CONDITIONS
 THE FOLLOWING WEATHER WAS RECORDED YESTERDAY.
  LIGHT RAIN


RELATIVE HUMIDITY (PERCENT)
 HIGHEST    86           500 AM
 LOWEST     19           300 PM
 AVERAGE    53

..........................................................


THE SPRINGFIELD VT CLIMATE NORMALS FOR TODAY
                         NORMAL    RECORD    YEAR
 MAXIMUM TEMPERATURE (F)   69        82      2012
 MINIMUM TEMPERATURE (F)   45        31      2002


SUNRISE AND SUNSET
MAY 23 2015...........SUNRISE   519 AM EDT   SUNSET   815 PM EDT
MAY 24 2015...........SUNRISE   518 AM EDT   SUNSET   816 PM EDT


-  INDICATES NEGATIVE NUMBERS.
R  INDICATES RECORD WAS SET OR TIED.
MM INDICATES DATA IS MISSING.
T  INDICATES TRACE AMOUNT.




$$
