000
CDUS41 KBTV 270534
CLIVSF


CLIMATE REPORT
NATIONAL WEATHER SERVICE BURLINGTON VT
129 AM EDT THU JUL 27 2017


...................................

...THE SPRINGFIELD VT CLIMATE SUMMARY FOR JULY 26 2017...

CLIMATE NORMAL PERIOD 1981 TO 2010
CLIMATE RECORD PERIOD 9999 TO 9999


WEATHER ITEM   OBSERVED TIME   NORMAL DEPARTURE LAST
                VALUE   (LST)  VALUE  FROM      YEAR
                                      NORMAL
......................................................
TEMPERATURE (F)
 YESTERDAY
  MAXIMUM         80    206 PM  81     -1       85
  MINIMUM         52    617 AM  57     -5       63
  AVERAGE         66            69     -3       74

PRECIPITATION (IN)
  YESTERDAY        0.00          0.13  -0.13     0.00
  MONTH TO DATE    3.19          3.73  -0.54     3.17
  SINCE JUN 1      7.67          7.62   0.05     5.45
  SINCE JAN 1     25.26         23.89   1.37    15.87

DEGREE DAYS
 HEATING
  YESTERDAY        0             1     -1        0
  MONTH TO DATE   15            12      3       14
  SINCE JUN 1    113           108      5       86
  SINCE JUL 1     15            12      3       14

 COOLING
  YESTERDAY        1             5     -4        9
  MONTH TO DATE  122           123     -1      134
  SINCE JUN 1    204           187     17      191
  SINCE JAN 1    218           199     19      232
......................................................


WIND (MPH)
  HIGHEST WIND SPEED    13   HIGHEST WIND DIRECTION     S (180)
  HIGHEST GUST SPEED    19   HIGHEST GUST DIRECTION    SE (140)
  AVERAGE WIND SPEED     2.7


SKY COVER
  AVERAGE SKY COVER 0.6


WEATHER CONDITIONS
 THE FOLLOWING WEATHER WAS RECORDED YESTERDAY.
  FOG
  FOG W/VISIBILITY <= 1/4 MILE


RELATIVE HUMIDITY (PERCENT)
 HIGHEST   100           100 AM
 LOWEST     42           300 PM
 AVERAGE    71

..........................................................


THE SPRINGFIELD VT CLIMATE NORMALS FOR TODAY
                         NORMAL    RECORD    YEAR
 MAXIMUM TEMPERATURE (F)   81        91      2005
 MINIMUM TEMPERATURE (F)   57        43      2001


SUNRISE AND SUNSET
JULY 27 2017..........SUNRISE   535 AM EDT   SUNSET   817 PM EDT
JULY 28 2017..........SUNRISE   536 AM EDT   SUNSET   816 PM EDT


-  INDICATES NEGATIVE NUMBERS.
R  INDICATES RECORD WAS SET OR TIED.
MM INDICATES DATA IS MISSING.
T  INDICATES TRACE AMOUNT.




$$
