000
CDUS41 KBTV 270545
CLIVSF


CLIMATE REPORT
NATIONAL WEATHER SERVICE BURLINGTON VT
135 AM EDT FRI MAY 27 2016


...................................

...THE SPRINGFIELD VT CLIMATE SUMMARY FOR MAY 26 2016...

CLIMATE NORMAL PERIOD 1981 TO 2010
CLIMATE RECORD PERIOD 9999 TO 9999


WEATHER ITEM   OBSERVED TIME   NORMAL DEPARTURE LAST
                VALUE   (LST)  VALUE  FROM      YEAR
                                      NORMAL
......................................................
TEMPERATURE (F)
 YESTERDAY
  MAXIMUM         85    327 PM  70     15       88
  MINIMUM         51    503 AM  46      5       59
  AVERAGE         68            58     10       74

PRECIPITATION (IN)
  YESTERDAY        0.00          0.14  -0.14     0.00
  MONTH TO DATE    2.04          2.95  -0.91     0.60
  SINCE MAR 1      5.15          9.87  -4.72     3.69
  SINCE JAN 1     10.37         15.48  -5.11     7.84

DEGREE DAYS
 HEATING
  YESTERDAY        0             8     -8        0
  MONTH TO DATE  292           282     10      170
  SINCE MAR 1   1791          1943   -152     2029
  SINCE JUL 1   6447          7388   -941     7581

 COOLING
  YESTERDAY        3             0      3        9
  MONTH TO DATE    7             0      7       24
  SINCE MAR 1      7             2      5       24
  SINCE JAN 1      7             2      5       24
......................................................


WIND (MPH)
  HIGHEST WIND SPEED     8   HIGHEST WIND DIRECTION    NE (30)
  HIGHEST GUST SPEED    14   HIGHEST GUST DIRECTION    NW (300)
  AVERAGE WIND SPEED     1.0


SKY COVER
  AVERAGE SKY COVER  MM


WEATHER CONDITIONS
 THE FOLLOWING WEATHER WAS RECORDED YESTERDAY.
  FOG


RELATIVE HUMIDITY (PERCENT)
 HIGHEST    MM
 LOWEST     MM
 AVERAGE    MM

..........................................................


THE SPRINGFIELD VT CLIMATE NORMALS FOR TODAY
                         NORMAL    RECORD    YEAR
 MAXIMUM TEMPERATURE (F)   70        88      2011
 MINIMUM TEMPERATURE (F)   46        32      2013


SUNRISE AND SUNSET
MAY 27 2016...........SUNRISE   515 AM EDT   SUNSET   820 PM EDT
MAY 28 2016...........SUNRISE   515 AM EDT   SUNSET   821 PM EDT


-  INDICATES NEGATIVE NUMBERS.
R  INDICATES RECORD WAS SET OR TIED.
MM INDICATES DATA IS MISSING.
T  INDICATES TRACE AMOUNT.




$$
