000
CDUS41 KBTV 230548
CLIVSF


CLIMATE REPORT
NATIONAL WEATHER SERVICE BURLINGTON VT
1245 AM EST THU NOV 23 2017


...................................

...THE SPRINGFIELD VT CLIMATE SUMMARY FOR NOVEMBER 22 2017...

CLIMATE NORMAL PERIOD 1981 TO 2010
CLIMATE RECORD PERIOD 9999 TO 9999


WEATHER ITEM   OBSERVED TIME   NORMAL DEPARTURE LAST
                VALUE   (LST)  VALUE  FROM      YEAR
                                      NORMAL
......................................................
TEMPERATURE (F)
 YESTERDAY
  MAXIMUM         40    301 PM  43     -3       36
  MINIMUM         25    713 AM  27     -2       28
  AVERAGE         33            35     -2       32

PRECIPITATION (IN)
  YESTERDAY        0.05          0.13  -0.08     0.00
  MONTH TO DATE    1.37          2.93  -1.56     1.24
  SINCE SEP 1      9.00         11.11  -2.11     5.42
  SINCE JAN 1     37.29         39.48  -2.19    24.30

DEGREE DAYS
 HEATING
  YESTERDAY       32            30      2       33
  MONTH TO DATE  628           578     50      534
  SINCE SEP 1   1068          1332   -264     1182
  SINCE JUL 1   1133          1387   -254     1204

 COOLING
  YESTERDAY        0             0      0        0
  MONTH TO DATE    0             0      0        0
  SINCE SEP 1     86            24     62       44
  SINCE JAN 1    386           345     41      481
......................................................


WIND (MPH)
  HIGHEST WIND SPEED    16   HIGHEST WIND DIRECTION    NW (300)
  HIGHEST GUST SPEED    27   HIGHEST GUST DIRECTION     W (280)
  AVERAGE WIND SPEED     3.5


SKY COVER
  AVERAGE SKY COVER 0.7


WEATHER CONDITIONS
 THE FOLLOWING WEATHER WAS RECORDED YESTERDAY.
  LIGHT RAIN
  FOG


RELATIVE HUMIDITY (PERCENT)
 HIGHEST   100           100 AM
 LOWEST     56          1000 PM
 AVERAGE    78

..........................................................


THE SPRINGFIELD VT CLIMATE NORMALS FOR TODAY
                         NORMAL    RECORD    YEAR
 MAXIMUM TEMPERATURE (F)   43        68      1999
 MINIMUM TEMPERATURE (F)   26        12      2000


SUNRISE AND SUNSET
NOVEMBER 23 2017......SUNRISE   654 AM EST   SUNSET   419 PM EST
NOVEMBER 24 2017......SUNRISE   655 AM EST   SUNSET   419 PM EST


-  INDICATES NEGATIVE NUMBERS.
R  INDICATES RECORD WAS SET OR TIED.
MM INDICATES DATA IS MISSING.
T  INDICATES TRACE AMOUNT.




$$
