000
CDUS41 KBTV 050642
CLIVSF


CLIMATE REPORT
NATIONAL WEATHER SERVICE BURLINGTON VT
241 AM EDT WED AUG 5 2015


...................................

...THE SPRINGFIELD VT CLIMATE SUMMARY FOR AUGUST 4 2015...

CLIMATE NORMAL PERIOD 1981 TO 2010
CLIMATE RECORD PERIOD 9999 TO 9999


WEATHER ITEM   OBSERVED TIME   NORMAL DEPARTURE LAST
                VALUE   (LST)  VALUE  FROM      YEAR
                                      NORMAL
......................................................
TEMPERATURE (F)
 YESTERDAY
  MAXIMUM         85    233 PM  81      4       80
  MINIMUM         58   1159 PM  56      2       60
  AVERAGE         72            68      4       70

PRECIPITATION (IN)
  YESTERDAY        0.68          0.13   0.55     0.03
  MONTH TO DATE    0.68          0.56   0.12     0.03
  SINCE JUN 1      7.16          8.88  -1.72    10.59
  SINCE JAN 1     15.66         25.15  -9.49    24.12

DEGREE DAYS
 HEATING
  YESTERDAY        0             1     -1        0
  MONTH TO DATE    0             4     -4        0
  SINCE JUN 1    123           117      6       65
  SINCE JUL 1     16            21     -5        7

 COOLING
  YESTERDAY        7             4      3        5
  MONTH TO DATE   16            16      0       17
  SINCE JUN 1    201           219    -18      189
  SINCE JAN 1    250           231     19      194
......................................................


WIND (MPH)
  HIGHEST WIND SPEED    15   HIGHEST WIND DIRECTION     W (250)
  HIGHEST GUST SPEED    24   HIGHEST GUST DIRECTION     S (200)
  AVERAGE WIND SPEED     4.1


SKY COVER
  AVERAGE SKY COVER 0.6


WEATHER CONDITIONS
 THE FOLLOWING WEATHER WAS RECORDED YESTERDAY.
  THUNDERSTORM
  HEAVY RAIN
  RAIN
  LIGHT RAIN
  FOG
  FOG W/VISIBILITY <= 1/4 MILE


RELATIVE HUMIDITY (PERCENT)
 HIGHEST   100           200 AM
 LOWEST     32           200 PM
 AVERAGE    66

..........................................................


THE SPRINGFIELD VT CLIMATE NORMALS FOR TODAY
                         NORMAL    RECORD    YEAR
 MAXIMUM TEMPERATURE (F)   80        91      2012
 MINIMUM TEMPERATURE (F)   56        48      2013


SUNRISE AND SUNSET
AUGUST  5 2015........SUNRISE   544 AM EDT   SUNSET   807 PM EDT
AUGUST  6 2015........SUNRISE   545 AM EDT   SUNSET   806 PM EDT


-  INDICATES NEGATIVE NUMBERS.
R  INDICATES RECORD WAS SET OR TIED.
MM INDICATES DATA IS MISSING.
T  INDICATES TRACE AMOUNT.




$$
