000
CDUS41 KBTV 250525
CLIVSF


CLIMATE REPORT
NATIONAL WEATHER SERVICE BURLINGTON VT
121 AM EDT SUN SEP 25 2016


...................................

...THE SPRINGFIELD VT CLIMATE SUMMARY FOR SEPTEMBER 24 2016...

CLIMATE NORMAL PERIOD 1981 TO 2010
CLIMATE RECORD PERIOD 9999 TO 9999


WEATHER ITEM   OBSERVED TIME   NORMAL DEPARTURE LAST
                VALUE   (LST)  VALUE  FROM      YEAR
                                      NORMAL
......................................................
TEMPERATURE (F)
 YESTERDAY
  MAXIMUM         63    256 PM  67     -4       74
  MINIMUM         37   1136 PM  44     -7       44
  AVERAGE         50            56     -6       59

PRECIPITATION (IN)
  YESTERDAY        0.00          0.15  -0.15     0.00
  MONTH TO DATE    0.97          2.80  -1.83     3.67
  SINCE SEP 1      0.97          2.80  -1.83     3.67
  SINCE JAN 1     19.85         31.17 -11.32    22.17

DEGREE DAYS
 HEATING
  YESTERDAY       15            10      5        6
  MONTH TO DATE   65           131    -66       56
  SINCE SEP 1     65           131    -66       56
  SINCE JUL 1     87           186    -99       79

 COOLING
  YESTERDAY        0             0      0        0
  MONTH TO DATE   44            21     23       70
  SINCE SEP 1     44            21     23       70
  SINCE JAN 1    481           342    139      459
......................................................


WIND (MPH)
  HIGHEST WIND SPEED    14   HIGHEST WIND DIRECTION     W (280)
  HIGHEST GUST SPEED    21   HIGHEST GUST DIRECTION     W (290)
  AVERAGE WIND SPEED     3.1


SKY COVER
  AVERAGE SKY COVER 0.4


WEATHER CONDITIONS
 THE FOLLOWING WEATHER WAS RECORDED YESTERDAY.
  FOG
  FOG W/VISIBILITY <= 1/4 MILE


RELATIVE HUMIDITY (PERCENT)
 HIGHEST   100           800 AM
 LOWEST     30           300 PM
 AVERAGE    65

..........................................................


THE SPRINGFIELD VT CLIMATE NORMALS FOR TODAY
                         NORMAL    RECORD    YEAR
 MAXIMUM TEMPERATURE (F)   67        85      2007
 MINIMUM TEMPERATURE (F)   43        32      1997


SUNRISE AND SUNSET
SEPTEMBER 25 2016.....SUNRISE   641 AM EDT   SUNSET   641 PM EDT
SEPTEMBER 26 2016.....SUNRISE   642 AM EDT   SUNSET   639 PM EDT


-  INDICATES NEGATIVE NUMBERS.
R  INDICATES RECORD WAS SET OR TIED.
MM INDICATES DATA IS MISSING.
T  INDICATES TRACE AMOUNT.




$$
