000
CDUS43 KLBF 181042
CLIVTN


CLIMATE REPORT
NATIONAL WEATHER SERVICE NORTH PLATTE
441 AM CST THU JAN 18 2018


...................................

...THE VALENTINE NE CLIMATE SUMMARY FOR JANUARY 17 2018...

CLIMATE NORMAL PERIOD 1981 TO 2010
CLIMATE RECORD PERIOD 1885 TO 2018


WEATHER ITEM   OBSERVED TIME   RECORD YEAR NORMAL DEPARTURE LAST
                VALUE   (LST)  VALUE       VALUE  FROM      YEAR
                                                  NORMAL
..................................................................
TEMPERATURE (F)
 YESTERDAY
  MAXIMUM         43    434 PM  63    1923  37      6       53
  MINIMUM          6    711 AM -30    1930  11     -5       11
  AVERAGE         25                        24      1       32

PRECIPITATION (IN)
  YESTERDAY        0.00          0.42 1912   0.01  -0.01     0.00
  MONTH TO DATE    0.27                      0.14   0.13     0.10
  SINCE DEC 1      0.61                      0.51   0.10     1.04
  SINCE JAN 1      0.27                      0.14   0.13     0.10

SNOWFALL (IN)
  YESTERDAY        0.0           4.4  1996   0.1   -0.1      0.0
                                      1912
  MONTH TO DATE    1.2                       2.2   -1.0      1.2
  SINCE DEC 1      5.7                       7.3   -1.6      6.6
  SINCE JUL 1      7.0                      14.9   -7.9     12.9
  SNOW DEPTH       1

DEGREE DAYS
 HEATING
  YESTERDAY       40                        41     -1       33
  MONTH TO DATE  786                       710     76      818
  SINCE DEC 1   2014                      1987     27     2233
  SINCE JUL 1   3313                      3605   -292     3339

 COOLING
  YESTERDAY        0                         0      0        0
  MONTH TO DATE    0                         0      0        0
  SINCE DEC 1      0                         0      0        0
  SINCE JAN 1      0                         0      0        0
..................................................................


WIND (MPH)
  HIGHEST WIND SPEED    16   HIGHEST WIND DIRECTION     W (290)
  HIGHEST GUST SPEED    21   HIGHEST GUST DIRECTION    NW (310)
  AVERAGE WIND SPEED     7.8


SKY COVER
  POSSIBLE SUNSHINE  MM
  AVERAGE SKY COVER 0.0


WEATHER CONDITIONS
 THE FOLLOWING WEATHER WAS RECORDED YESTERDAY.
  NO SIGNIFICANT WEATHER WAS OBSERVED.


RELATIVE HUMIDITY (PERCENT)
 HIGHEST    88          1000 PM
 LOWEST     34           100 PM
 AVERAGE    61

..........................................................


THE VALENTINE NE CLIMATE NORMALS FOR TODAY
                         NORMAL    RECORD    YEAR
 MAXIMUM TEMPERATURE (F)   37        63      1914
 MINIMUM TEMPERATURE (F)   11       -24      1892


SUNRISE AND SUNSET
JANUARY 18 2018.......SUNRISE   809 AM CST   SUNSET   537 PM CST
JANUARY 19 2018.......SUNRISE   808 AM CST   SUNSET   538 PM CST


-  INDICATES NEGATIVE NUMBERS.
R  INDICATES RECORD WAS SET OR TIED.
MM INDICATES DATA IS MISSING.
T  INDICATES TRACE AMOUNT.




$$
