000
CDUS43 KLBF 251015
CLIVTN

CLIMATE REPORT
NATIONAL WEATHER SERVICE NORTH PLATTE
414 AM CST THU DEC 25 2014


...................................

...THE VALENTINE NE CLIMATE SUMMARY FOR DECEMBER 24 2014...

CLIMATE NORMAL PERIOD 1981 TO 2010
CLIMATE RECORD PERIOD 1885 TO 2014


WEATHER ITEM   OBSERVED TIME   RECORD YEAR NORMAL DEPARTURE LAST
                VALUE   (LST)  VALUE       VALUE  FROM      YEAR
                                                  NORMAL
..................................................................
TEMPERATURE (F)
 YESTERDAY
  MAXIMUM         37    338 PM  59    1936  36      1       37
  MINIMUM          6    808 AM -25    1983  10     -4       13
  AVERAGE         22                        23     -1       25

PRECIPITATION (IN)
  YESTERDAY        0.00          0.60 1893   0.01  -0.01     0.02
  MONTH TO DATE    0.60                      0.29   0.31     0.71
  SINCE DEC 1      0.60                      0.29   0.31     0.71
  SINCE JAN 1     21.49                     19.94   1.55    23.63

SNOWFALL (IN)
  YESTERDAY        0.0           6.3  1948   0.2   -0.2      0.2
  MONTH TO DATE    4.2                       4.0    0.2     12.2
  SINCE DEC 1      4.2                       4.0    0.2     12.2
  SINCE JUL 1     10.6                      11.6   -1.0     19.0
  SNOW DEPTH       T

DEGREE DAYS
 HEATING
  YESTERDAY       43                        42      1       40
  MONTH TO DATE  816                       981   -165     1174
  SINCE DEC 1    816                       981   -165     1174
  SINCE JUL 1   2420                      2599   -179     2733

 COOLING
  YESTERDAY        0                         0      0        0
  MONTH TO DATE    0                         0      0        0
  SINCE DEC 1      0                         0      0        0
  SINCE JAN 1    724                       821    -97      964
..................................................................


WIND (MPH)
  HIGHEST WIND SPEED    14   HIGHEST WIND DIRECTION    SW (220)
  HIGHEST GUST SPEED    16   HIGHEST GUST DIRECTION    SW (210)
  AVERAGE WIND SPEED     6.8


SKY COVER
  POSSIBLE SUNSHINE  MM
  AVERAGE SKY COVER 0.0


WEATHER CONDITIONS
 THE FOLLOWING WEATHER WAS RECORDED YESTERDAY.
  NO SIGNIFICANT WEATHER WAS OBSERVED.


RELATIVE HUMIDITY (PERCENT)
 HIGHEST    92           500 AM
 LOWEST     52           300 PM
 AVERAGE    72

..........................................................


THE VALENTINE NE CLIMATE NORMALS FOR TODAY
                         NORMAL    RECORD    YEAR
 MAXIMUM TEMPERATURE (F)   36        65      1979
                                             1928
 MINIMUM TEMPERATURE (F)   10       -22      1983


SUNRISE AND SUNSET
DECEMBER 25 2014......SUNRISE   811 AM CST   SUNSET   513 PM CST
DECEMBER 26 2014......SUNRISE   812 AM CST   SUNSET   514 PM CST


-  INDICATES NEGATIVE NUMBERS.
R  INDICATES RECORD WAS SET OR TIED.
MM INDICATES DATA IS MISSING.
T  INDICATES TRACE AMOUNT.

$$
