000
CDUS43 KLBF 200931
CLIVTN

CLIMATE REPORT
NATIONAL WEATHER SERVICE NORTH PLATTE
430 AM CDT MON OCT 20 2014


...................................

...THE VALENTINE NE CLIMATE SUMMARY FOR OCTOBER 19 2014...

CLIMATE NORMAL PERIOD 1981 TO 2010
CLIMATE RECORD PERIOD 1885 TO 2014


WEATHER ITEM   OBSERVED TIME   RECORD YEAR NORMAL DEPARTURE LAST
                VALUE   (LST)  VALUE       VALUE  FROM      YEAR
                                                  NORMAL
..................................................................
TEMPERATURE (F)
 YESTERDAY
  MAXIMUM         80    221 PM  91    1958  62     18       64
  MINIMUM         38    725 AM  13    1989  33      5       33
  AVERAGE         59                        47     12       49

PRECIPITATION (IN)
  YESTERDAY        0.00          1.71 1908   0.04  -0.04     0.00
  MONTH TO DATE    0.32                      0.86  -0.54     3.14
  SINCE SEP 1      1.06                      2.50  -1.44     4.69
  SINCE JAN 1     20.10                     18.61   1.49    22.33

SNOWFALL (IN)
  YESTERDAY        0.0           3.3  1905   0.0    0.0      0.0
  MONTH TO DATE    0.0                       0.6   -0.6      1.0
  SINCE SEP 1      0.0                       1.3   -1.3      1.0
  SINCE JUL 1      0.0                       1.3   -1.3      1.0
  SNOW DEPTH       0

DEGREE DAYS
 HEATING
  YESTERDAY        6                        18    -12       16
  MONTH TO DATE  228                       273    -45      314
  SINCE SEP 1    361                       433    -72      377
  SINCE JUL 1    382                       458    -76      380

 COOLING
  YESTERDAY        0                         0      0        0
  MONTH TO DATE    0                         1     -1        0
  SINCE SEP 1     89                        82      7      171
  SINCE JAN 1    724                       818    -94      964
..................................................................


WIND (MPH)
  HIGHEST WIND SPEED    18   HIGHEST WIND DIRECTION    SW (210)
  HIGHEST GUST SPEED    21   HIGHEST GUST DIRECTION    SW (220)
  AVERAGE WIND SPEED     7.9


SKY COVER
  POSSIBLE SUNSHINE  MM
  AVERAGE SKY COVER 0.0


WEATHER CONDITIONS
 THE FOLLOWING WEATHER WAS RECORDED YESTERDAY.
  NO SIGNIFICANT WEATHER WAS OBSERVED.


RELATIVE HUMIDITY (PERCENT)
 HIGHEST    92           600 AM
 LOWEST     21           200 PM
 AVERAGE    57

..........................................................


THE VALENTINE NE CLIMATE NORMALS FOR TODAY
                         NORMAL    RECORD    YEAR
 MAXIMUM TEMPERATURE (F)   61        91      1947
 MINIMUM TEMPERATURE (F)   32        10      1905


SUNRISE AND SUNSET
OCTOBER 20 2014.......SUNRISE   802 AM CDT   SUNSET   652 PM CDT
OCTOBER 21 2014.......SUNRISE   803 AM CDT   SUNSET   650 PM CDT


-  INDICATES NEGATIVE NUMBERS.
R  INDICATES RECORD WAS SET OR TIED.
MM INDICATES DATA IS MISSING.
T  INDICATES TRACE AMOUNT.




$$
