000
CDUS43 KLBF 290938
CLIVTN


CLIMATE REPORT
NATIONAL WEATHER SERVICE NORTH PLATTE
437 AM CDT FRI JUL 29 2016


...................................

...THE VALENTINE NE CLIMATE SUMMARY FOR JULY 28 2016...

CLIMATE NORMAL PERIOD 1981 TO 2010
CLIMATE RECORD PERIOD 1885 TO 2016


WEATHER ITEM   OBSERVED TIME   RECORD YEAR NORMAL DEPARTURE LAST
                VALUE   (LST)  VALUE       VALUE  FROM      YEAR
                                                  NORMAL
..................................................................
TEMPERATURE (F)
 YESTERDAY
  MAXIMUM         78    546 PM 108    1933  89    -11       85
  MINIMUM         56    528 AM  44    1971  61     -5       55
  AVERAGE         67                        75     -8       70

PRECIPITATION (IN)
  YESTERDAY        0.03          1.50 2000   0.10  -0.07      T
  MONTH TO DATE    2.79                      2.93  -0.14     3.25
  SINCE JUN 1      6.95                      6.49   0.46     6.67
  SINCE JAN 1     20.27                     13.65   6.62    16.06

SNOWFALL (IN)
  YESTERDAY        0.0           0.0    MM   0.0    0.0      0.0
  MONTH TO DATE    0.0                       0.0    0.0      0.0
  SINCE JUN 1      0.0                       0.0    0.0      0.0
  SINCE JUL 1      0.0                       0.0    0.0      0.0
  SNOW DEPTH       0

DEGREE DAYS
 HEATING
  YESTERDAY        0                         0      0        0
  MONTH TO DATE    5                         2      3        2
  SINCE JUN 1     16                        63    -47       10
  SINCE JUL 1      5                         2      3        2

 COOLING
  YESTERDAY        2                        10     -8        5
  MONTH TO DATE  268                       272     -4      250
  SINCE JUN 1    505                       409     96      390
  SINCE JAN 1    523                       443     80      396
..................................................................


WIND (MPH)
  HIGHEST WIND SPEED    20   HIGHEST WIND DIRECTION     E (70)
  HIGHEST GUST SPEED    24   HIGHEST GUST DIRECTION    NE (40)
  AVERAGE WIND SPEED     3.7


SKY COVER
  POSSIBLE SUNSHINE  MM
  AVERAGE SKY COVER 0.3


WEATHER CONDITIONS
 THE FOLLOWING WEATHER WAS RECORDED YESTERDAY.
  THUNDERSTORM
  RAIN
  LIGHT RAIN
  FOG
  HAZE


RELATIVE HUMIDITY (PERCENT)
 HIGHEST    97           800 AM
 LOWEST     54           600 PM
 AVERAGE    76

..........................................................


THE VALENTINE NE CLIMATE NORMALS FOR TODAY
                         NORMAL    RECORD    YEAR
 MAXIMUM TEMPERATURE (F)   89       110      1980
 MINIMUM TEMPERATURE (F)   61        42      1971


SUNRISE AND SUNSET
JULY 29 2016..........SUNRISE   631 AM CDT   SUNSET   906 PM CDT
JULY 30 2016..........SUNRISE   632 AM CDT   SUNSET   905 PM CDT


-  INDICATES NEGATIVE NUMBERS.
R  INDICATES RECORD WAS SET OR TIED.
MM INDICATES DATA IS MISSING.
T  INDICATES TRACE AMOUNT.

$$
