362
CDUS43 KLBF 211028
CLIVTN


CLIMATE REPORT
NATIONAL WEATHER SERVICE NORTH PLATTE
428 AM CST SAT JAN 21 2017


...................................

...THE VALENTINE NE CLIMATE SUMMARY FOR JANUARY 20 2017...

CLIMATE NORMAL PERIOD 1981 TO 2010
CLIMATE RECORD PERIOD 1885 TO 2017


WEATHER ITEM   OBSERVED TIME   RECORD YEAR NORMAL DEPARTURE LAST
                VALUE   (LST)  VALUE       VALUE  FROM      YEAR
                                                  NORMAL
..................................................................
TEMPERATURE (F)
 YESTERDAY
  MAXIMUM         45    151 PM  64    1944  37      8       36
  MINIMUM         19    754 AM -24    1984  11      8        6
                                      1962
                                      1943
  AVERAGE         32                        24      8       21

PRECIPITATION (IN)
  YESTERDAY        0.00          0.49 1973   0.00   0.00      T
  MONTH TO DATE    0.12                      0.16  -0.04     0.17
  SINCE DEC 1      1.06                      0.53   0.53     1.21
  SINCE JAN 1      0.12                      0.16  -0.04     0.17

SNOWFALL (IN)
  YESTERDAY        0.0           6.6  1973   0.1   -0.1       T
  MONTH TO DATE    1.2                       2.5   -1.3      3.0
  SINCE DEC 1      6.6                       7.6   -1.0     16.1
  SINCE JUL 1     12.9                      15.2   -2.3     26.2
  SNOW DEPTH       0

DEGREE DAYS
 HEATING
  YESTERDAY       33                        41     -8       44
  MONTH TO DATE  915                       833     82      916
  SINCE DEC 1   2330                      2110    220     2148
  SINCE JUL 1   3436                      3728   -292     3441

 COOLING
  YESTERDAY        0                         0      0        0
  MONTH TO DATE    0                         0      0        0
  SINCE DEC 1      0                         0      0        0
  SINCE JAN 1      0                         0      0        0
..................................................................


WIND (MPH)
  HIGHEST WIND SPEED    16   HIGHEST WIND DIRECTION     W (280)
  HIGHEST GUST SPEED    19   HIGHEST GUST DIRECTION     W (290)
  AVERAGE WIND SPEED     7.7


SKY COVER
  POSSIBLE SUNSHINE  MM
  AVERAGE SKY COVER 0.2


WEATHER CONDITIONS
 THE FOLLOWING WEATHER WAS RECORDED YESTERDAY.
  FOG


RELATIVE HUMIDITY (PERCENT)
 HIGHEST    92          1200 AM
 LOWEST     49           200 PM
 AVERAGE    71

..........................................................


THE VALENTINE NE CLIMATE NORMALS FOR TODAY
                         NORMAL    RECORD    YEAR
 MAXIMUM TEMPERATURE (F)   37        63      2009
 MINIMUM TEMPERATURE (F)   11       -28      1949


SUNRISE AND SUNSET
JANUARY 21 2017.......SUNRISE   806 AM CST   SUNSET   541 PM CST
JANUARY 22 2017.......SUNRISE   806 AM CST   SUNSET   542 PM CST


-  INDICATES NEGATIVE NUMBERS.
R  INDICATES RECORD WAS SET OR TIED.
MM INDICATES DATA IS MISSING.
T  INDICATES TRACE AMOUNT.




$$
