811
CDUS43 KLBF 300935
CLIVTN


CLIMATE REPORT
NATIONAL WEATHER SERVICE NORTH PLATTE
433 AM CDT SAT APR 30 2016


...................................

...THE VALENTINE NE CLIMATE SUMMARY FOR APRIL 29 2016...

CLIMATE NORMAL PERIOD 1981 TO 2010
CLIMATE RECORD PERIOD 1885 TO 2016


WEATHER ITEM   OBSERVED TIME   RECORD YEAR NORMAL DEPARTURE LAST
                VALUE   (LST)  VALUE       VALUE  FROM      YEAR
                                                  NORMAL
..................................................................
TEMPERATURE (F)
 YESTERDAY
  MAXIMUM         44   1104 AM  87    1934  66    -22       72
                                      1926
  MINIMUM         39   1159 PM  15    1994  38      1       31
  AVERAGE         42                        52    -10       52

PRECIPITATION (IN)
  YESTERDAY        T             1.27 1953   0.10  -0.10     0.00
  MONTH TO DATE    3.16                      2.13   1.03     1.60
  SINCE MAR 1      4.09                      3.20   0.89     1.63
  SINCE JAN 1      4.77                      3.94   0.83     2.25

SNOWFALL (IN)
  YESTERDAY        0.0           1.8  1950   0.1   -0.1      0.0
  MONTH TO DATE    1.5                       4.5   -3.0      0.3
  SINCE MAR 1      7.0                      11.0   -4.0      0.8
  SINCE JUL 1     38.2                      33.1    5.1     22.5
  SNOW DEPTH       0

DEGREE DAYS
 HEATING
  YESTERDAY       23                        14      9       13
  MONTH TO DATE  475                       542    -67      446
  SINCE MAR 1   1187                      1435   -248     1133
  SINCE JUL 1   5873                      6671   -798     6259

 COOLING
  YESTERDAY        0                         0      0        0
  MONTH TO DATE    3                         0      3        0
  SINCE MAR 1      3                         0      3        2
  SINCE JAN 1      3                         0      3        2
..................................................................


WIND (MPH)
  HIGHEST WIND SPEED    20   HIGHEST WIND DIRECTION     E (70)
  HIGHEST GUST SPEED    23   HIGHEST GUST DIRECTION     E (80)
  AVERAGE WIND SPEED    10.4


SKY COVER
  POSSIBLE SUNSHINE  MM
  AVERAGE SKY COVER 1.0


WEATHER CONDITIONS
 THE FOLLOWING WEATHER WAS RECORDED YESTERDAY.
  LIGHT RAIN
  FOG


RELATIVE HUMIDITY (PERCENT)
 HIGHEST    92           100 AM
 LOWEST     76          1000 AM
 AVERAGE    84

..........................................................


THE VALENTINE NE CLIMATE NORMALS FOR TODAY
                         NORMAL    RECORD    YEAR
 MAXIMUM TEMPERATURE (F)   66       100      1992
 MINIMUM TEMPERATURE (F)   38        19      1907
                                             1903


SUNRISE AND SUNSET
APRIL 30 2016.........SUNRISE   637 AM CDT   SUNSET   842 PM CDT
MAY  1 2016...........SUNRISE   636 AM CDT   SUNSET   844 PM CDT


-  INDICATES NEGATIVE NUMBERS.
R  INDICATES RECORD WAS SET OR TIED.
MM INDICATES DATA IS MISSING.
T  INDICATES TRACE AMOUNT.

$$
