000
CDUS43 KLBF 021034
CLIVTN


CLIMATE REPORT
NATIONAL WEATHER SERVICE NORTH PLATTE
433 AM CST FRI DEC 2 2016


...................................

...THE VALENTINE NE CLIMATE SUMMARY FOR DECEMBER 1 2016...

CLIMATE NORMAL PERIOD 1981 TO 2010
CLIMATE RECORD PERIOD 1885 TO 2016


WEATHER ITEM   OBSERVED TIME   RECORD YEAR NORMAL DEPARTURE LAST
                VALUE   (LST)  VALUE       VALUE  FROM      YEAR
                                                  NORMAL
..................................................................
TEMPERATURE (F)
 YESTERDAY
  MAXIMUM         36    220 PM  74    1998  40     -4       31
  MINIMUM         22   1159 PM -16    1893  14      8       21
  AVERAGE         29                        27      2       26

PRECIPITATION (IN)
  YESTERDAY        0.00          0.54 1909   0.01  -0.01     0.10
  MONTH TO DATE    0.00                      0.01  -0.01     0.10
  SINCE DEC 1      0.00                      0.01  -0.01     0.10
  SINCE JAN 1     25.64                     19.66   5.98    26.13

SNOWFALL (IN)
  YESTERDAY        0.0           5.5  1978   0.1   -0.1      2.3
  MONTH TO DATE    0.0                       0.1   -0.1      2.3
  SINCE DEC 1      0.0                       0.1   -0.1      2.3
  SINCE JUL 1      6.3                       7.7   -1.4     12.4
  SNOW DEPTH       0

DEGREE DAYS
 HEATING
  YESTERDAY       36                        38     -2       39
  MONTH TO DATE   36                        38     -2       39
  SINCE DEC 1     36                        38     -2       39
  SINCE JUL 1   1142                      1656   -514     1332

 COOLING
  YESTERDAY        0                         0      0        0
  MONTH TO DATE    0                         0      0        0
  SINCE DEC 1      0                         0      0        0
  SINCE JAN 1    880                       821     59      800
..................................................................


WIND (MPH)
  HIGHEST WIND SPEED    10   HIGHEST WIND DIRECTION    NW (310)
  HIGHEST GUST SPEED    14   HIGHEST GUST DIRECTION    NW (330)
  AVERAGE WIND SPEED     5.0


SKY COVER
  POSSIBLE SUNSHINE  MM
  AVERAGE SKY COVER 1.0


WEATHER CONDITIONS
 THE FOLLOWING WEATHER WAS RECORDED YESTERDAY.
  NO SIGNIFICANT WEATHER WAS OBSERVED.


RELATIVE HUMIDITY (PERCENT)
 HIGHEST    92          1100 PM
 LOWEST     56           300 PM
 AVERAGE    74

..........................................................


THE VALENTINE NE CLIMATE NORMALS FOR TODAY
                         NORMAL    RECORD    YEAR
 MAXIMUM TEMPERATURE (F)   39        74      1998
 MINIMUM TEMPERATURE (F)   14       -21      1985


SUNRISE AND SUNSET
DECEMBER  2 2016......SUNRISE   755 AM CST   SUNSET   509 PM CST
DECEMBER  3 2016......SUNRISE   756 AM CST   SUNSET   508 PM CST


-  INDICATES NEGATIVE NUMBERS.
R  INDICATES RECORD WAS SET OR TIED.
MM INDICATES DATA IS MISSING.
T  INDICATES TRACE AMOUNT.




$$
