000
CDUS46 KPQR 210221
CLIVUO


CLIMATE REPORT
NATIONAL WEATHER SERVICE PORTLAND OREGON
620 PM PST FRI JAN 20 2017


...................................

...THE VANCOUVER WA CLIMATE SUMMARY FOR JANUARY 20 2017...
VALID TODAY AS OF 0600 PM LOCAL TIME.

CLIMATE NORMAL PERIOD 1981 TO 2010
CLIMATE RECORD PERIOD 1891 TO 2017


WEATHER ITEM   OBSERVED TIME   RECORD YEAR NORMAL DEPARTURE LAST
                VALUE   (LST)  VALUE       VALUE  FROM      YEAR
                                                  NORMAL
..................................................................
TEMPERATURE (F)
 TODAY
  MAXIMUM         43    805 AM  59    1968  48     -5       49
  MINIMUM         35    552 AM   0    1930  36     -1       42
  AVERAGE         39                        42     -3       46

PRECIPITATION (IN)
  TODAY            0.13                      0.17  -0.04     0.23
  MONTH TO DATE    3.64                      3.75  -0.11     5.05
  SINCE OCT 1     23.50                     19.50   4.00    28.90
  SINCE JAN 1      3.64                      3.75  -0.11     5.05

DEGREE DAYS
 HEATING
  TODAY           26                                        19
  MONTH TO DATE  694                                       521
  SINCE DEC 1   1561                                      1198
  SINCE JUL 1   2349                                      2130

 COOLING
  TODAY            0                                         0
  MONTH TO DATE    0                                         0
  SINCE DEC 1      0                                         0
  SINCE JAN 1      0                                         0
..................................................................


WIND (MPH)
  HIGHEST WIND SPEED    13   HIGHEST WIND DIRECTION     E (110)
  HIGHEST GUST SPEED    17   HIGHEST GUST DIRECTION     E (110)
  AVERAGE WIND SPEED     3.2


SKY COVER
  POSSIBLE SUNSHINE  MM
  AVERAGE SKY COVER 0.9


WEATHER CONDITIONS
 THE FOLLOWING WEATHER WAS RECORDED TODAY.
  LIGHT RAIN
  FOG


RELATIVE HUMIDITY (PERCENT)
 HIGHEST    92          1200 AM
 LOWEST     79           700 AM
 AVERAGE    86

..........................................................


THE VANCOUVER WA CLIMATE NORMALS FOR TOMORROW
                         NORMAL    RECORD    YEAR
 MAXIMUM TEMPERATURE (F)   48        62      1981
                                             1968
 MINIMUM TEMPERATURE (F)   36        -3      1930


SUNRISE AND SUNSET
JANUARY 20 2017.......SUNRISE   743 AM PST   SUNSET   500 PM PST
JANUARY 21 2017.......SUNRISE   743 AM PST   SUNSET   502 PM PST


-  INDICATES NEGATIVE NUMBERS.
R  INDICATES RECORD WAS SET OR TIED.
MM INDICATES DATA IS MISSING.
T  INDICATES TRACE AMOUNT.




$$
