000
CDUS46 KPQR 140233
CLIVUO


CLIMATE REPORT
NATIONAL WEATHER SERVICE PORTLAND OREGON
633 PM PST SAT FEB 13 2016


...................................

...THE VANCOUVER WA CLIMATE SUMMARY FOR FEBRUARY 13 2016...
VALID TODAY AS OF 0600 PM LOCAL TIME.

CLIMATE NORMAL PERIOD 1981 TO 2010
CLIMATE RECORD PERIOD 1891 TO 2016


WEATHER ITEM   OBSERVED TIME   RECORD YEAR NORMAL DEPARTURE LAST
                VALUE   (LST)  VALUE       VALUE  FROM      YEAR
                                                  NORMAL
..................................................................
TEMPERATURE (F)
 TODAY
  MAXIMUM         52    328 PM  65    1996  51      1       56
  MINIMUM         44    624 AM  15    1990  35      9       35
  AVERAGE         48                        43      5       46

PRECIPITATION (IN)
  TODAY            0.16                      0.14   0.02     0.00
  MONTH TO DATE    1.33                      2.15  -0.82     3.54
  SINCE OCT 1     32.28                     23.40   8.88    21.78
  SINCE JAN 1      8.43                      7.65   0.78     6.89

DEGREE DAYS
 HEATING
  TODAY           17                                        19
  MONTH TO DATE  235                                       220
  SINCE DEC 1   1636                                      1591
  SINCE JUL 1   2568                                      2399

 COOLING
  TODAY            0                                         0
  MONTH TO DATE    0                                         0
  SINCE DEC 1      0                                         0
  SINCE JAN 1      0                                         0
..................................................................


WIND (MPH)
  HIGHEST WIND SPEED    10   HIGHEST WIND DIRECTION     S (170)
  HIGHEST GUST SPEED    16   HIGHEST GUST DIRECTION    SE (150)
  AVERAGE WIND SPEED     5.3


SKY COVER
  POSSIBLE SUNSHINE  MM
  AVERAGE SKY COVER 0.8


WEATHER CONDITIONS
 THE FOLLOWING WEATHER WAS RECORDED TODAY.
  LIGHT RAIN


RELATIVE HUMIDITY (PERCENT)
 HIGHEST    92           600 AM
 LOWEST     71          1200 PM
 AVERAGE    82

..........................................................


THE VANCOUVER WA CLIMATE NORMALS FOR TOMORROW
                         NORMAL    RECORD    YEAR
 MAXIMUM TEMPERATURE (F)   52        64      1977
 MINIMUM TEMPERATURE (F)   35        11      1990


SUNRISE AND SUNSET
FEBRUARY 13 2016......SUNRISE   716 AM PST   SUNSET   534 PM PST
FEBRUARY 14 2016......SUNRISE   715 AM PST   SUNSET   536 PM PST


-  INDICATES NEGATIVE NUMBERS.
R  INDICATES RECORD WAS SET OR TIED.
MM INDICATES DATA IS MISSING.
T  INDICATES TRACE AMOUNT.




$$
