000
CDUS46 KPQR 031141
CLIVUO


CLIMATE REPORT
NATIONAL WEATHER SERVICE PORTLAND OREGON
441 AM PDT THU SEP 3 2015


...................................

...THE VANCOUVER WA CLIMATE SUMMARY FOR SEPTEMBER 2 2015...

CLIMATE NORMAL PERIOD 1981 TO 2010
CLIMATE RECORD PERIOD 1891 TO 2015


WEATHER ITEM   OBSERVED TIME   RECORD YEAR NORMAL DEPARTURE LAST
                VALUE   (LST)  VALUE       VALUE  FROM      YEAR
                                                  NORMAL
..................................................................
TEMPERATURE (F)
 YESTERDAY
  MAXIMUM         73    327 PM 103    1988  80     -7       75
  MINIMUM         57   1159 PM  39    1984  55      2       59
  AVERAGE         65                        67     -2       67

PRECIPITATION (IN)
  YESTERDAY        0.07                      0.03   0.04     0.00
  MONTH TO DATE    0.19                      0.06   0.13     0.00
  SINCE OCT 1     30.96                     37.64  -6.68    27.76
  SINCE JAN 1     16.07                     21.89  -5.82    22.29

DEGREE DAYS
 HEATING
  YESTERDAY        0                                         0
  MONTH TO DATE    0                                         0
  SINCE JUL 1      4                                         3

 COOLING
  YESTERDAY        0                                         2
  MONTH TO DATE    2                                         4
  SINCE JAN 1    629                                       456
..................................................................


WIND (MPH)
  HIGHEST WIND SPEED    14   HIGHEST WIND DIRECTION    NW (310)
  HIGHEST GUST SPEED    20   HIGHEST GUST DIRECTION    NW (310)
  AVERAGE WIND SPEED     3.4


SKY COVER
  POSSIBLE SUNSHINE  MM
  AVERAGE SKY COVER 0.6


WEATHER CONDITIONS
 THE FOLLOWING WEATHER WAS RECORDED YESTERDAY.
  RAIN
  LIGHT RAIN
  FOG


RELATIVE HUMIDITY (PERCENT)
 HIGHEST    93          1200 AM
 LOWEST     33           500 PM
 AVERAGE    63

..........................................................




SUNRISE AND SUNSET
SEPTEMBER  3 2015.....SUNRISE   634 AM PDT   SUNSET   745 PM PDT
SEPTEMBER  4 2015.....SUNRISE   635 AM PDT   SUNSET   743 PM PDT


-  INDICATES NEGATIVE NUMBERS.
R  INDICATES RECORD WAS SET OR TIED.
MM INDICATES DATA IS MISSING.
T  INDICATES TRACE AMOUNT.




$$
