000
CDUS46 KPQR 290220
CLIVUO


CLIMATE REPORT
NATIONAL WEATHER SERVICE PORTLAND OREGON
720 PM PDT THU AUG 28 2014


...................................

...THE VANCOUVER WA CLIMATE SUMMARY FOR AUGUST 28 2014...
VALID TODAY AS OF 0700 PM LOCAL TIME.

CLIMATE NORMAL PERIOD 1981 TO 2010
CLIMATE RECORD PERIOD 1891 TO 2014


WEATHER ITEM   OBSERVED TIME   RECORD YEAR NORMAL DEPARTURE LAST
                VALUE   (LST)  VALUE       VALUE  FROM      YEAR
                                                  NORMAL
..................................................................
TEMPERATURE (F)
 TODAY
  MAXIMUM         83    452 PM  99    1936  81      2       81
  MINIMUM         60    441 AM  42    1902  56      4       63
  AVERAGE         72                        68      4       72

PRECIPITATION (IN)
  TODAY            0.00                      0.04  -0.04     0.04
  MONTH TO DATE    0.02                      0.65  -0.63     0.64
  SINCE OCT 1     27.74                     37.46  -9.72    34.88
  SINCE JAN 1     22.27                     21.71   0.56    15.62

DEGREE DAYS
 HEATING
  TODAY            0                                         0
  MONTH TO DATE    0                                         4
  SINCE JUN 1     81                                        69
  SINCE JUL 1      3                                        13

 COOLING
  TODAY            7                                         7
  MONTH TO DATE  214                                       150
  SINCE JUN 1    431                                       342
  SINCE JAN 1    446                                       354
..................................................................


WIND (MPH)
  HIGHEST WIND SPEED    13   HIGHEST WIND DIRECTION     W (280)
  HIGHEST GUST SPEED    20   HIGHEST GUST DIRECTION     W (290)
  AVERAGE WIND SPEED     3.7


SKY COVER
  POSSIBLE SUNSHINE  MM
  AVERAGE SKY COVER 0.2


WEATHER CONDITIONS
 THE FOLLOWING WEATHER WAS RECORDED TODAY.
  NO SIGNIFICANT WEATHER WAS OBSERVED.


RELATIVE HUMIDITY (PERCENT)
 HIGHEST    84           400 AM
 LOWEST     40           300 PM
 AVERAGE    62

..........................................................


THE VANCOUVER WA CLIMATE NORMALS FOR TOMORROW
                         NORMAL    RECORD    YEAR
 MAXIMUM TEMPERATURE (F)   80        98      1944
 MINIMUM TEMPERATURE (F)   56        43      1965


SUNRISE AND SUNSET
AUGUST 28 2014........SUNRISE   627 AM PDT   SUNSET   756 PM PDT
AUGUST 29 2014........SUNRISE   628 AM PDT   SUNSET   754 PM PDT


-  INDICATES NEGATIVE NUMBERS.
R  INDICATES RECORD WAS SET OR TIED.
MM INDICATES DATA IS MISSING.
T  INDICATES TRACE AMOUNT.




$$
