000
CDUS46 KPQR 251142
CLIVUO


CLIMATE REPORT
NATIONAL WEATHER SERVICE PORTLAND OREGON
442 AM PDT SAT OCT 25 2014


...................................

...THE VANCOUVER WA CLIMATE SUMMARY FOR OCTOBER 24 2014...

CLIMATE NORMAL PERIOD 1981 TO 2010
CLIMATE RECORD PERIOD 1891 TO 2014


WEATHER ITEM   OBSERVED TIME   RECORD YEAR NORMAL DEPARTURE LAST
                VALUE   (LST)  VALUE       VALUE  FROM      YEAR
                                                  NORMAL
..................................................................
TEMPERATURE (F)
 YESTERDAY
  MAXIMUM         55    419 PM  77    1904  60     -5       65
  MINIMUM         48   1007 PM  30    1916  43      5       43
  AVERAGE         52                        51      1       54

PRECIPITATION (IN)
  YESTERDAY        0.13                      0.11   0.02     0.00
  MONTH TO DATE    3.56                      2.28   1.28     0.79
  SINCE OCT 1      3.56                      2.28   1.28     0.79
  SINCE JAN 1     27.00                     25.67   1.33    21.86

DEGREE DAYS
 HEATING
  YESTERDAY       13                                        11
  MONTH TO DATE  118                                       284
  SINCE JUL 1    147                                       387

 COOLING
  YESTERDAY        0                                         0
  MONTH TO DATE   10                                         0
  SINCE JAN 1    531                                       450
..................................................................


WIND (MPH)
  HIGHEST WIND SPEED     7   HIGHEST WIND DIRECTION    SE (120)
  HIGHEST GUST SPEED    10   HIGHEST GUST DIRECTION    SE (130)
  AVERAGE WIND SPEED     1.6


SKY COVER
  POSSIBLE SUNSHINE  MM
  AVERAGE SKY COVER 0.5


WEATHER CONDITIONS
 THE FOLLOWING WEATHER WAS RECORDED YESTERDAY.
  LIGHT RAIN
  FOG


RELATIVE HUMIDITY (PERCENT)
 HIGHEST   100           700 PM
 LOWEST     83           900 AM
 AVERAGE    92

..........................................................




SUNRISE AND SUNSET
OCTOBER 25 2014.......SUNRISE   741 AM PDT   SUNSET   608 PM PDT
OCTOBER 26 2014.......SUNRISE   742 AM PDT   SUNSET   606 PM PDT


-  INDICATES NEGATIVE NUMBERS.
R  INDICATES RECORD WAS SET OR TIED.
MM INDICATES DATA IS MISSING.
T  INDICATES TRACE AMOUNT.




$$
