000
CDUS46 KPQR 161142
CLIVUO


CLIMATE REPORT
NATIONAL WEATHER SERVICE PORTLAND OREGON
341 AM PST SAT DEC 16 2017


...................................

...THE VANCOUVER WA CLIMATE SUMMARY FOR DECEMBER 15 2017...

CLIMATE NORMAL PERIOD 1981 TO 2010
CLIMATE RECORD PERIOD 1891 TO 2017


WEATHER ITEM   OBSERVED TIME   RECORD YEAR NORMAL DEPARTURE LAST
                VALUE   (LST)  VALUE       VALUE  FROM      YEAR
                                                  NORMAL
..................................................................
TEMPERATURE (F)
 YESTERDAY
  MAXIMUM         40    257 PM  59    1962  46     -6       33
  MINIMUM         28    424 AM   7    1922  34     -6       23
  AVERAGE         34                        40     -6       28

PRECIPITATION (IN)
  YESTERDAY        0.01                      0.21  -0.20      T
  MONTH TO DATE    0.39                      3.10  -2.71     2.73
  SINCE OCT 1     11.44                     12.08  -0.64    17.83
  SINCE JAN 1     43.12                     35.47   7.65    40.56

DEGREE DAYS
 HEATING
  YESTERDAY       31                                        37
  MONTH TO DATE  396                                       408
  SINCE JUL 1   1357                                      1196

 COOLING
  YESTERDAY        0                                         0
  MONTH TO DATE    0                                         0
  SINCE JAN 1    639                                       407
..................................................................


WIND (MPH)
  HIGHEST WIND SPEED    13   HIGHEST WIND DIRECTION    SE (120)
  HIGHEST GUST SPEED    16   HIGHEST GUST DIRECTION    SE (120)
  AVERAGE WIND SPEED     1.0


SKY COVER
  POSSIBLE SUNSHINE  MM
  AVERAGE SKY COVER 0.7


WEATHER CONDITIONS
 THE FOLLOWING WEATHER WAS RECORDED YESTERDAY.
  LIGHT RAIN
  FOG
  HAZE


RELATIVE HUMIDITY (PERCENT)
 HIGHEST   100           600 PM
 LOWEST     70          1200 PM
 AVERAGE    85

..........................................................




SUNRISE AND SUNSET
DECEMBER 16 2017......SUNRISE   745 AM PST   SUNSET   428 PM PST
DECEMBER 17 2017......SUNRISE   746 AM PST   SUNSET   428 PM PST


-  INDICATES NEGATIVE NUMBERS.
R  INDICATES RECORD WAS SET OR TIED.
MM INDICATES DATA IS MISSING.
T  INDICATES TRACE AMOUNT.




$$
