000
CDUS41 KAKQ 200628
CLIWAL


CLIMATE REPORT
NATIONAL WEATHER SERVICE WAKEFIELD, VA
127 AM EST SAT JAN 20 2018


...................................

...THE WALLOPS ISLAND VA CLIMATE SUMMARY FOR JANUARY 19 2018...

CLIMATE NORMAL PERIOD 1981 TO 2010
CLIMATE RECORD PERIOD 1963 TO 2018


WEATHER ITEM   OBSERVED TIME   RECORD YEAR NORMAL DEPARTURE
                VALUE   (LST)  VALUE       VALUE  FROM
                                                  NORMAL
...............................................................
TEMPERATURE (F)
 YESTERDAY
  MAXIMUM         50   1258 PM  65    1972  45      5
  MINIMUM         25    736 AM   0    1994  28     -3
  AVERAGE         38                        36      2

PRECIPITATION (IN)
  YESTERDAY        0.00          1.66        0.09  -0.09
  MONTH TO DATE    1.41                      1.87  -0.46
  SINCE DEC 1      3.30                      5.30  -2.00
  SINCE JAN 1      1.41                      1.87  -0.46

SNOWFALL (IN)
  YESTERDAY        0.0           4.0  1967   0.0    0.0
  MONTH TO DATE   10.5                       1.0    9.5
  SINCE NOV 1     11.8                       3.0    8.8
  SINCE JUL 1     11.8                       3.0    8.8

DEGREE DAYS
 HEATING
  YESTERDAY       27                               -2
  MONTH TO DATE  654                              112
  SINCE DEC 1   1445                              145
  SINCE JUL 1   2048                               44

 COOLING
  YESTERDAY        0                                0
  MONTH TO DATE    0                                0
  SINCE DEC 1      0                                0
  SINCE JAN 1      0                                0
...............................................................


WIND (MPH)
  HIGHEST WIND SPEED    12   HIGHEST WIND DIRECTION     S (190)
  HIGHEST GUST SPEED    13   HIGHEST GUST DIRECTION     S (190)
  AVERAGE WIND SPEED     4.6




RELATIVE HUMIDITY (PERCENT)
 HIGHEST    81
 LOWEST     27
 AVERAGE    54

..........................................................


THE WALLOPS ISLAND VA CLIMATE NORMALS FOR TODAY
                         NORMAL    RECORD    YEAR
 MAXIMUM TEMPERATURE (F)   45        62      2006
 MINIMUM TEMPERATURE (F)   28         0      1985


SUNRISE AND SUNSET
JANUARY 20 2018.......SUNRISE   714 AM EST   SUNSET   512 PM EST
JANUARY 21 2018.......SUNRISE   714 AM EST   SUNSET   513 PM EST


-  INDICATES NEGATIVE NUMBERS.
R  INDICATES RECORD WAS SET OR TIED.
MM INDICATES DATA IS MISSING.
T  INDICATES TRACE AMOUNT.




$$
