000
CDUS41 KAKQ 230826
CLIWAL


CLIMATE REPORT
NATIONAL WEATHER SERVICE WAKEFIELD, VA
425 AM EDT THU OCT 23 2014


...................................

...THE WALLOPS ISLAND VA CLIMATE SUMMARY FOR OCTOBER 22 2014...

CLIMATE NORMAL PERIOD 1981 TO 2010
CLIMATE RECORD PERIOD 1963 TO 2014


WEATHER ITEM   OBSERVED TIME   RECORD YEAR NORMAL DEPARTURE
                VALUE   (LST)  VALUE       VALUE  FROM
                                                  NORMAL
...............................................................
TEMPERATURE (F)
 YESTERDAY
  MAXIMUM         63   1023 AM  79    2001  66     -3
                                      1975
  MINIMUM         55   1053 PM  30    1974  48      7
  AVERAGE         59                        57      2

PRECIPITATION (IN)
  YESTERDAY        T             0.58        0.10  -0.10
  MONTH TO DATE    1.11                      2.22  -1.11
  SINCE SEP 1      5.84                      6.20  -0.36
  SINCE JAN 1     31.43                     33.59  -2.16

SNOWFALL (IN)
  YESTERDAY        0.0           0.0    MM   0.0    0.0
  MONTH TO DATE    0.0                       0.0    0.0
  SINCE NOV 1     13.1                       7.9    5.2
  SINCE JUL 1      0.0                       0.0    0.0

DEGREE DAYS
 HEATING
  YESTERDAY        6                               -2
  MONTH TO DATE   59                              -66
  SINCE SEP 1     64                              -91
  SINCE JUL 1     64                              -92

 COOLING
  YESTERDAY        0                                0
  MONTH TO DATE   36                                8
  SINCE SEP 1    251                               59
  SINCE JAN 1   1348                              156
...............................................................


WIND (MPH)
  HIGHEST WIND SPEED    22   HIGHEST WIND DIRECTION     N (360)
  HIGHEST GUST SPEED    33   HIGHEST GUST DIRECTION     N (340)
  AVERAGE WIND SPEED    12.3




RELATIVE HUMIDITY (PERCENT)
 HIGHEST    93
 LOWEST     72
 AVERAGE    83

..........................................................


THE WALLOPS ISLAND VA CLIMATE NORMALS FOR TODAY
                         NORMAL    RECORD    YEAR
 MAXIMUM TEMPERATURE (F)   66        79      2007
 MINIMUM TEMPERATURE (F)   48        33      2003
                                             1997
                                             1976


SUNRISE AND SUNSET
OCTOBER 23 2014.......SUNRISE   718 AM EDT   SUNSET   614 PM EDT
OCTOBER 24 2014.......SUNRISE   719 AM EDT   SUNSET   612 PM EDT


-  INDICATES NEGATIVE NUMBERS.
R  INDICATES RECORD WAS SET OR TIED.
MM INDICATES DATA IS MISSING.
T  INDICATES TRACE AMOUNT.




$$
