000
CDUS41 KAKQ 080626
CLIWAL


CLIMATE REPORT
NATIONAL WEATHER SERVICE WAKEFIELD, VA
125 AM EST THU DEC 8 2016


...................................

...THE WALLOPS ISLAND VA CLIMATE SUMMARY FOR DECEMBER 7 2016...

CLIMATE NORMAL PERIOD 1981 TO 2010
CLIMATE RECORD PERIOD 1963 TO 2016


WEATHER ITEM   OBSERVED TIME   RECORD YEAR NORMAL DEPARTURE
                VALUE   (LST)  VALUE       VALUE  FROM
                                                  NORMAL
...............................................................
TEMPERATURE (F)
 YESTERDAY
  MAXIMUM         52   1211 PM  77    1998  51      1
  MINIMUM         33   1159 PM  18    2002  34     -1
  AVERAGE         43                        43      0

PRECIPITATION (IN)
  YESTERDAY        0.01          0.95        0.11  -0.10
  MONTH TO DATE    2.73                      0.79   1.94
  SINCE DEC 1      2.73                      0.79   1.94
  SINCE JAN 1     55.18                     38.20  16.98

SNOWFALL (IN)
  YESTERDAY       MM             5.7  1995   0.1   MM
  MONTH TO DATE    0.0                       0.4   -0.4
  SINCE NOV 1      0.0                       0.5   -0.5
  SINCE JUL 1      0.0                       0.5   -0.5

DEGREE DAYS
 HEATING
  YESTERDAY       22                                0
  MONTH TO DATE  134                              -15
  SINCE DEC 1    134                              -15
  SINCE JUL 1    720                             -133

 COOLING
  YESTERDAY        0                                0
  MONTH TO DATE    0                                0
  SINCE DEC 1      0                                0
  SINCE JAN 1   1644                              447
...............................................................


WIND (MPH)
  HIGHEST WIND SPEED    17   HIGHEST WIND DIRECTION     N (360)
  HIGHEST GUST SPEED    24   HIGHEST GUST DIRECTION     N (360)
  AVERAGE WIND SPEED     6.9




RELATIVE HUMIDITY (PERCENT)
 HIGHEST   100
 LOWEST     74
 AVERAGE    87

..........................................................


THE WALLOPS ISLAND VA CLIMATE NORMALS FOR TODAY
                         NORMAL    RECORD    YEAR
 MAXIMUM TEMPERATURE (F)   51        69      2004
 MINIMUM TEMPERATURE (F)   34        21      1977
                                             1970


SUNRISE AND SUNSET
DECEMBER  8 2016......SUNRISE   706 AM EST   SUNSET   442 PM EST
DECEMBER  9 2016......SUNRISE   706 AM EST   SUNSET   442 PM EST


-  INDICATES NEGATIVE NUMBERS.
R  INDICATES RECORD WAS SET OR TIED.
MM INDICATES DATA IS MISSING.
T  INDICATES TRACE AMOUNT.




$$
