000
CDUS41 KAKQ 260845
CLIWAL


CLIMATE REPORT
NATIONAL WEATHER SERVICE WAKEFIELD, VA
445 AM EDT THU MAR 26 2015


...................................

...THE WALLOPS ISLAND VA CLIMATE SUMMARY FOR MARCH 25 2015...

CLIMATE NORMAL PERIOD 1981 TO 2010
CLIMATE RECORD PERIOD 1963 TO 2015


WEATHER ITEM   OBSERVED TIME   RECORD YEAR NORMAL DEPARTURE
                VALUE   (LST)  VALUE       VALUE  FROM
                                                  NORMAL
...............................................................
TEMPERATURE (F)
 YESTERDAY
  MAXIMUM         54   1103 PM  71    1975  56     -2
  MINIMUM         32    256 AM  25    2009  39     -7
  AVERAGE         43                        48     -5

PRECIPITATION (IN)
  YESTERDAY        0.00          0.63        0.13  -0.13
  MONTH TO DATE    2.81                      3.21  -0.40
  SINCE MAR 1      2.81                      3.21  -0.40
  SINCE JAN 1     10.60                      9.01   1.59

SNOWFALL (IN)
  YESTERDAY        0.0           3.0  2014   0.0    0.0
  MONTH TO DATE    0.3                       0.4   -0.1
  SINCE NOV 1     11.3                       7.8    3.5
  SINCE JUL 1     11.3                       7.8    3.5

DEGREE DAYS
 HEATING
  YESTERDAY       22                                4
  MONTH TO DATE  581                               60
  SINCE MAR 1    581                               60
  SINCE JUL 1   3911                              310

 COOLING
  YESTERDAY        0                                0
  MONTH TO DATE    0                                0
  SINCE MAR 1      0                                0
  SINCE JAN 1      0                                0
...............................................................


WIND (MPH)
  HIGHEST WIND SPEED    17   HIGHEST WIND DIRECTION    SW (210)
  HIGHEST GUST SPEED    22   HIGHEST GUST DIRECTION    SW (230)
  AVERAGE WIND SPEED     8.9




RELATIVE HUMIDITY (PERCENT)
 HIGHEST   100
 LOWEST     62
 AVERAGE    81

..........................................................


THE WALLOPS ISLAND VA CLIMATE NORMALS FOR TODAY
                         NORMAL    RECORD    YEAR
 MAXIMUM TEMPERATURE (F)   57        70      2004
 MINIMUM TEMPERATURE (F)   39        27      2001
                                             1983


SUNRISE AND SUNSET
MARCH 26 2015.........SUNRISE   657 AM EDT   SUNSET   719 PM EDT
MARCH 27 2015.........SUNRISE   655 AM EDT   SUNSET   720 PM EDT


-  INDICATES NEGATIVE NUMBERS.
R  INDICATES RECORD WAS SET OR TIED.
MM INDICATES DATA IS MISSING.
T  INDICATES TRACE AMOUNT.




$$
