000
CDUS41 KAKQ 190828
CLIWAL


CLIMATE REPORT
NATIONAL WEATHER SERVICE WAKEFIELD, VA
327 AM EST FRI DEC 19 2014


...................................

...THE WALLOPS ISLAND VA CLIMATE SUMMARY FOR DECEMBER 18 2014...

CLIMATE NORMAL PERIOD 1981 TO 2010
CLIMATE RECORD PERIOD 1963 TO 2014


WEATHER ITEM   OBSERVED TIME   RECORD YEAR NORMAL DEPARTURE
                VALUE   (LST)  VALUE       VALUE  FROM
                                                  NORMAL
...............................................................
TEMPERATURE (F)
 YESTERDAY
  MAXIMUM         42   1237 PM  73    1984  48     -6
  MINIMUM         31    732 AM  16    1989  31      0
  AVERAGE         37                        40     -3

PRECIPITATION (IN)
  YESTERDAY        0.00          4.31        0.11  -0.11
  MONTH TO DATE    1.16                      2.04  -0.88
  SINCE DEC 1      1.16                      2.04  -0.88
  SINCE JAN 1     35.92                     39.45  -3.53

SNOWFALL (IN)
  YESTERDAY        0.0           1.0  1981   0.1   -0.1
  MONTH TO DATE    0.0                       1.1   -1.1
  SINCE NOV 1      0.0                       1.2   -1.2
  SINCE JUL 1      0.0                       1.2   -1.2

DEGREE DAYS
 HEATING
  YESTERDAY       28                                3
  MONTH TO DATE  378                              -33
  SINCE DEC 1    378                              -33
  SINCE JUL 1   1072                              -43

 COOLING
  YESTERDAY        0                                0
  MONTH TO DATE    0                                0
  SINCE DEC 1      0                                0
  SINCE JAN 1   1352                              155
...............................................................


WIND (MPH)
  HIGHEST WIND SPEED    21   HIGHEST WIND DIRECTION    NW (320)
  HIGHEST GUST SPEED    29   HIGHEST GUST DIRECTION    NW (330)
  AVERAGE WIND SPEED     8.4




RELATIVE HUMIDITY (PERCENT)
 HIGHEST    76
 LOWEST     46
 AVERAGE    61

..........................................................


THE WALLOPS ISLAND VA CLIMATE NORMALS FOR TODAY
                         NORMAL    RECORD    YEAR
 MAXIMUM TEMPERATURE (F)   48        70      1984
 MINIMUM TEMPERATURE (F)   31        15      1985


SUNRISE AND SUNSET
DECEMBER 19 2014......SUNRISE   713 AM EST   SUNSET   445 PM EST
DECEMBER 20 2014......SUNRISE   713 AM EST   SUNSET   446 PM EST


-  INDICATES NEGATIVE NUMBERS.
R  INDICATES RECORD WAS SET OR TIED.
MM INDICATES DATA IS MISSING.
T  INDICATES TRACE AMOUNT.




$$
