000
CDUS46 KLOX 160902
CLIWJF


CLIMATE REPORT
NATIONAL WEATHER SERVICE LOS ANGELES/OXNARD CA
202 AM PDT MON OCT 16 2017


...................................

...THE LANCASTER FOX FIELD CA CLIMATE SUMMARY FOR OCTOBER 15 2017...

CLIMATE NORMAL PERIOD 1981 TO 2010
CLIMATE RECORD PERIOD 1948 TO 2017


WEATHER ITEM   OBSERVED TIME   RECORD YEAR NORMAL DEPARTURE
                VALUE   (LST)  VALUE       VALUE  FROM
                                                  NORMAL
...............................................................
TEMPERATURE (F)
 YESTERDAY
  MAXIMUM         81    407 PM  94    1958  80      1
  MINIMUM         38    554 AM  31    1985  46     -8
                                      1966
  AVERAGE         60                        63     -3

PRECIPITATION (IN)
  YESTERDAY        0.00          0.65 2015   0.01  -0.01
  MONTH TO DATE    0.00                      0.15  -0.15
  SINCE OCT 1      0.00                      0.15  -0.15
  SINCE JAN 1      4.62                      5.40  -0.78

SNOWFALL (IN)
  YESTERDAY        0.0           0.0    MM
  MONTH TO DATE    0.0
  SINCE SEP 1      0.0
  SINCE JUL 1      0.0
  SNOW DEPTH       0

DEGREE DAYS
 HEATING
  YESTERDAY        5                                2
  MONTH TO DATE   57                               23
  SINCE SEP 1     77                               31
  SINCE JUL 1     77                               31

 COOLING
  YESTERDAY        0                               -1
  MONTH TO DATE   20                              -21
  SINCE SEP 1    287                              -25
  SINCE JAN 1   2191                              320
...............................................................


WIND (MPH)
  HIGHEST WIND SPEED    16   HIGHEST WIND DIRECTION    NE (50)
  HIGHEST GUST SPEED    20   HIGHEST GUST DIRECTION     E (80)
  AVERAGE WIND SPEED     5.3




RELATIVE HUMIDITY (PERCENT)
 HIGHEST    33
 LOWEST      5
 AVERAGE    19

..........................................................


THE LANCASTER FOX FIELD CA CLIMATE NORMALS FOR TODAY
                         NORMAL    RECORD    YEAR
 MAXIMUM TEMPERATURE (F)   79        95      1958
 MINIMUM TEMPERATURE (F)   46        32      1985


SUNRISE AND SUNSET
OCTOBER 16 2017.......SUNRISE   700 AM PDT   SUNSET   616 PM PDT
OCTOBER 17 2017.......SUNRISE   700 AM PDT   SUNSET   615 PM PDT


-  INDICATES NEGATIVE NUMBERS.
R  INDICATES RECORD WAS SET OR TIED.
MM INDICATES DATA IS MISSING.
T  INDICATES TRACE AMOUNT.




$$
