000
CDUS46 KLOX 200916
CLIWJF


CLIMATE REPORT
NATIONAL WEATHER SERVICE LOS ANGELES/OXNARD CA
108 AM PST FRI JAN 20 2017


...................................

...THE LANCASTER FOX FIELD CA CLIMATE SUMMARY FOR JANUARY 19 2017...

CLIMATE NORMAL PERIOD 1981 TO 2010
CLIMATE RECORD PERIOD 1948 TO 2017


WEATHER ITEM   OBSERVED TIME   RECORD YEAR NORMAL DEPARTURE
                VALUE   (LST)  VALUE       VALUE  FROM
                                                  NORMAL
...............................................................
TEMPERATURE (F)
 YESTERDAY
  MAXIMUM         55   1231 PM  73    2012  59     -4
                                      1986
  MINIMUM         44    701 AM  13    2007  31     13
  AVERAGE         50                        45      5

PRECIPITATION (IN)
  YESTERDAY        0.32          1.56 1954   0.04   0.28
  MONTH TO DATE    1.29                      0.92   0.37
  SINCE OCT 1      3.28                      3.05   0.23
  SINCE JAN 1      1.29                      0.92   0.37

SNOWFALL (IN)
  YESTERDAY       MM             0.0    MM
  MONTH TO DATE    0.0
  SINCE DEC 1      0.0
  SINCE JUL 1      0.0
  SNOW DEPTH       0

DEGREE DAYS
 HEATING
  YESTERDAY       15                               -5
  MONTH TO DATE  353                              -38
  SINCE DEC 1    931                             -117
  SINCE JUL 1   1357                             -236

 COOLING
  YESTERDAY        0                                0
  MONTH TO DATE    0                                0
  SINCE DEC 1      0                                0
  SINCE JAN 1      0                                0
...............................................................


WIND (MPH)
  HIGHEST WIND SPEED    29   HIGHEST WIND DIRECTION     W (270)
  HIGHEST GUST SPEED    35   HIGHEST GUST DIRECTION    SW (210)
  AVERAGE WIND SPEED    15.6




RELATIVE HUMIDITY (PERCENT)
 HIGHEST    92
 LOWEST     54
 AVERAGE    73

..........................................................


THE LANCASTER FOX FIELD CA CLIMATE NORMALS FOR TODAY
                         NORMAL    RECORD    YEAR
 MAXIMUM TEMPERATURE (F)   59        80      1971
 MINIMUM TEMPERATURE (F)   31        12      1963


SUNRISE AND SUNSET
JANUARY 20 2017.......SUNRISE   658 AM PST   SUNSET   510 PM PST
JANUARY 21 2017.......SUNRISE   658 AM PST   SUNSET   511 PM PST


-  INDICATES NEGATIVE NUMBERS.
R  INDICATES RECORD WAS SET OR TIED.
MM INDICATES DATA IS MISSING.
T  INDICATES TRACE AMOUNT.




$$
