000
CDUS46 KLOX 050112
CLIWJF


CLIMATE REPORT
NATIONAL WEATHER SERVICE LOS ANGELES/OXNARD CA
611 PM PDT FRI SEP 4 2015


...................................

...THE LANCASTER CLIMATE SUMMARY FOR SEPTEMBER 4 2015...
VALID TODAY AS OF 0600 PM LOCAL TIME.

CLIMATE NORMAL PERIOD 1981 TO 2010
CLIMATE RECORD PERIOD 1948 TO 2015


WEATHER ITEM   OBSERVED TIME   RECORD YEAR NORMAL DEPARTURE LAST
                VALUE   (LST)  VALUE       VALUE  FROM      YEAR
                                                  NORMAL
..................................................................
TEMPERATURE (F)
 TODAY
  MAXIMUM         84    145 PM 108    1955  94    -10       94
  MINIMUM         56    549 AM  45    1961  60     -4       67
  AVERAGE         70                        77     -7       81

PRECIPITATION (IN)
  TODAY            0.00          0.70 1998   0.00   0.00     0.00
                                      1963
  MONTH TO DATE    0.00                      0.01  -0.01     0.00
  SINCE OCT 1      6.99                      7.24  -0.25     3.94
  SINCE JAN 1      4.07                      5.11  -1.04     2.35

SNOWFALL (IN)
  TODAY            0.0           0.0    MM   0.0             0.0
  MONTH TO DATE    0.0                       0.0             0.0
  SINCE SEP 1      0.0                       0.0             0.0
  SINCE JUL 1      0.0                       0.0             0.0
  SNOW DEPTH       0

DEGREE DAYS
 HEATING
  TODAY            0                         0      0        0
  MONTH TO DATE    0                         0      0        0
  SINCE SEP 1      0                         0      0        0
  SINCE JUL 1      0                         0      0        0

 COOLING
  TODAY            5                        12     -7       16
  MONTH TO DATE   39                        51    -12       62
  SINCE SEP 1     39                        51    -12       62
  SINCE JAN 1   1632                      1610     22     1713
..................................................................


WIND (MPH)
  HIGHEST WIND SPEED    26   HIGHEST WIND DIRECTION    SW (240)
  HIGHEST GUST SPEED    33   HIGHEST GUST DIRECTION    SW (240)
  AVERAGE WIND SPEED    15.9


SKY COVER
  POSSIBLE SUNSHINE  MM
  AVERAGE SKY COVER 0.0


WEATHER CONDITIONS
 THE FOLLOWING WEATHER WAS RECORDED TODAY.
  NO SIGNIFICANT WEATHER WAS OBSERVED.


RELATIVE HUMIDITY (PERCENT)
 HIGHEST    72           500 AM
 LOWEST     17           200 PM
 AVERAGE    45

..........................................................


THE LANCASTER CLIMATE NORMALS FOR TOMORROW
                         NORMAL    RECORD    YEAR
 MAXIMUM TEMPERATURE (F)   94       109      1955
 MINIMUM TEMPERATURE (F)   60        46      2004


SUNRISE AND SUNSET
SEPTEMBER  4 2015.....SUNRISE   628 AM PDT   SUNSET   715 PM PDT
SEPTEMBER  5 2015.....SUNRISE   629 AM PDT   SUNSET   714 PM PDT


-  INDICATES NEGATIVE NUMBERS.
R  INDICATES RECORD WAS SET OR TIED.
MM INDICATES DATA IS MISSING.
T  INDICATES TRACE AMOUNT.




$$
