000
CDUS46 KLOX 230111
CLIWJF


CLIMATE REPORT
NATIONAL WEATHER SERVICE LOS ANGELES/OXNARD CA
511 PM PST MON DEC 22 2014


...................................

...THE LANCASTER CLIMATE SUMMARY FOR DECEMBER 22 2014...
VALID TODAY AS OF 0500 PM LOCAL TIME.

CLIMATE NORMAL PERIOD 1981 TO 2010
CLIMATE RECORD PERIOD 1948 TO 2014


WEATHER ITEM   OBSERVED TIME   RECORD YEAR NORMAL DEPARTURE LAST
                VALUE   (LST)  VALUE       VALUE  FROM      YEAR
                                                  NORMAL
..................................................................
TEMPERATURE (F)
 TODAY
  MAXIMUM         66   1250 PM  76    2005  57      9       60
  MINIMUM         44    756 AM   3    1990  29     15       26
  AVERAGE         55                        43     12       43

PRECIPITATION (IN)
  TODAY            0.00          0.97 2010   0.04  -0.04     0.00
  MONTH TO DATE    2.62                      0.73   1.89     0.09
  SINCE JUL 1      2.95                      2.05   0.90     1.61
  SINCE JAN 1      5.27                      6.96  -1.69     2.71

SNOWFALL (IN)
  TODAY            0.0           0.0    MM   0.1             0.0
  MONTH TO DATE    0.0                       0.9             0.0
  SINCE DEC 1      0.0                       0.9             0.0
  SINCE JUL 1      0.0                       0.9             0.0
  SNOW DEPTH      MM

DEGREE DAYS
 HEATING
  TODAY           10                        22    -12       22
  MONTH TO DATE  356                       463   -107      514
  SINCE DEC 1    356                       463   -107      514
  SINCE JUL 1    753                      1008   -255     1165

 COOLING
  TODAY            0                         0      0        0
  MONTH TO DATE    0                         0      0        0
  SINCE DEC 1      0                         0      0        0
  SINCE JAN 1   2055                      1882    173     2204
..................................................................


WIND (MPH)
  HIGHEST WIND SPEED    24   HIGHEST WIND DIRECTION     W (290)
  HIGHEST GUST SPEED    29   HIGHEST GUST DIRECTION     W (290)
  AVERAGE WIND SPEED     9.5


SKY COVER
  POSSIBLE SUNSHINE  MM
  AVERAGE SKY COVER 0.0


WEATHER CONDITIONS
 THE FOLLOWING WEATHER WAS RECORDED TODAY.
  NO SIGNIFICANT WEATHER WAS OBSERVED.


RELATIVE HUMIDITY (PERCENT)
 HIGHEST    83          1200 AM
 LOWEST     52           300 PM
 AVERAGE    68

..........................................................


THE LANCASTER CLIMATE NORMALS FOR TOMORROW
                         NORMAL    RECORD    YEAR
 MAXIMUM TEMPERATURE (F)   57        73      1969
 MINIMUM TEMPERATURE (F)   29         3      1990


SUNRISE AND SUNSET
DECEMBER 22 2014......SUNRISE   657 AM PST   SUNSET   446 PM PST
DECEMBER 23 2014......SUNRISE   657 AM PST   SUNSET   447 PM PST


-  INDICATES NEGATIVE NUMBERS.
R  INDICATES RECORD WAS SET OR TIED.
MM INDICATES DATA IS MISSING.
T  INDICATES TRACE AMOUNT.




$$
