000
CDUS46 KLOX 230112
CLIWJF


CLIMATE REPORT
NATIONAL WEATHER SERVICE LOS ANGELES/OXNARD CA
611 PM PDT MON SEP 22 2014


...................................

...THE LANCASTER CLIMATE SUMMARY FOR SEPTEMBER 22 2014...
VALID TODAY AS OF 0600 PM LOCAL TIME.

CLIMATE NORMAL PERIOD 1981 TO 2010
CLIMATE RECORD PERIOD 1948 TO 2014


WEATHER ITEM   OBSERVED TIME   RECORD YEAR NORMAL DEPARTURE LAST
                VALUE   (LST)  VALUE       VALUE  FROM      YEAR
                                                  NORMAL
..................................................................
TEMPERATURE (F)
 TODAY
  MAXIMUM         93    155 PM 106    1949  89      4       73
  MINIMUM         53    528 AM  39    1986  54     -1       52
  AVERAGE         73                        72      1       63

PRECIPITATION (IN)
  TODAY            0.00          0.17 2007   0.01  -0.01     0.00
  MONTH TO DATE    T                         0.10  -0.10      T
  SINCE JUL 1      0.03                      0.29  -0.26     0.02
  SINCE JAN 1      2.35                      5.20  -2.85     1.12

SNOWFALL (IN)
  TODAY            0.0           0.0    MM   0.0             0.0
  MONTH TO DATE    0.0                       0.0             0.0
  SINCE SEP 1      0.0                       0.0             0.0
  SINCE JUL 1      0.0                       0.0             0.0
  SNOW DEPTH       0

DEGREE DAYS
 HEATING
  TODAY            0                         1     -1        2
  MONTH TO DATE    0                         1     -1        2
  SINCE SEP 1      0                         1     -1        2
  SINCE JUL 1      0                         1     -1        2

 COOLING
  TODAY            8                         7      1        0
  MONTH TO DATE  294                       225     69      304
  SINCE SEP 1    294                       225     69      304
  SINCE JAN 1   1945                      1784    161     2175
..................................................................


WIND (MPH)
  HIGHEST WIND SPEED    17   HIGHEST WIND DIRECTION    SW (220)
  HIGHEST GUST SPEED    23   HIGHEST GUST DIRECTION    SW (230)
  AVERAGE WIND SPEED     3.2


SKY COVER
  POSSIBLE SUNSHINE  MM
  AVERAGE SKY COVER 0.0


WEATHER CONDITIONS
 THE FOLLOWING WEATHER WAS RECORDED TODAY.
  NO SIGNIFICANT WEATHER WAS OBSERVED.


RELATIVE HUMIDITY (PERCENT)
 HIGHEST    59           600 AM
 LOWEST     14           100 PM
 AVERAGE    37

..........................................................


THE LANCASTER CLIMATE NORMALS FOR TOMORROW
                         NORMAL    RECORD    YEAR
 MAXIMUM TEMPERATURE (F)   88       106      1949
 MINIMUM TEMPERATURE (F)   54        40      2006
                                             1968


SUNRISE AND SUNSET
SEPTEMBER 22 2014.....SUNRISE   641 AM PDT   SUNSET   650 PM PDT
SEPTEMBER 23 2014.....SUNRISE   642 AM PDT   SUNSET   648 PM PDT


-  INDICATES NEGATIVE NUMBERS.
R  INDICATES RECORD WAS SET OR TIED.
MM INDICATES DATA IS MISSING.
T  INDICATES TRACE AMOUNT.




$$
