217
CDUS46 KLOX 230126
CLIWJF


CLIMATE REPORT
NATIONAL WEATHER SERVICE LOS ANGELES/OXNARD CA
626 PM PDT TUE AUG 22 2017


...................................

...THE LANCASTER CLIMATE SUMMARY FOR AUGUST 22 2017...
VALID TODAY AS OF 0600 PM LOCAL TIME.

CLIMATE NORMAL PERIOD 1981 TO 2010
CLIMATE RECORD PERIOD 1948 TO 2017


WEATHER ITEM   OBSERVED TIME   RECORD YEAR NORMAL DEPARTURE LAST
                VALUE   (LST)  VALUE       VALUE  FROM      YEAR
                                                  NORMAL
..................................................................
TEMPERATURE (F)
 TODAY
  MAXIMUM         98    313 PM 105    1961  97      1       95
  MINIMUM         54    506 AM  48    1959  63     -9       69
  AVERAGE         76                        80     -4       82

PRECIPITATION (IN)
  TODAY            0.00          T    1984   0.01  -0.01     0.00
                                      1984
                                      2009
  MONTH TO DATE    0.03                      0.07  -0.04     0.00
  SINCE OCT 1      6.54                      7.20  -0.66     3.82
  SINCE JAN 1      4.55                      5.07  -0.52     2.53

SNOWFALL (IN)
  TODAY            0.0           0.0    MM   0.0             0.0
  MONTH TO DATE    0.0                       0.0             0.0
  SINCE JUN 1      0.0                       0.0             0.0
  SINCE JUL 1      0.0                       0.0             0.0
  SNOW DEPTH       0

DEGREE DAYS
 HEATING
  TODAY            0                         0      0        0
  MONTH TO DATE    0                         0      0        0
  SINCE JUN 1      9                         8      1        0
  SINCE JUL 1      0                         0      0        0

 COOLING
  TODAY           11                        15     -4       17
  MONTH TO DATE  388                       364     24      396
  SINCE JUN 1   1553                      1241    312     1542
  SINCE JAN 1   1714                      1430    284     1710
..................................................................


WIND (MPH)
  HIGHEST WIND SPEED    22   HIGHEST WIND DIRECTION     W (250)
  HIGHEST GUST SPEED    28   HIGHEST GUST DIRECTION     W (280)
  AVERAGE WIND SPEED     5.9


SKY COVER
  POSSIBLE SUNSHINE  MM
  AVERAGE SKY COVER 0.0


WEATHER CONDITIONS
 THE FOLLOWING WEATHER WAS RECORDED TODAY.
  NO SIGNIFICANT WEATHER WAS OBSERVED.


RELATIVE HUMIDITY (PERCENT)
 HIGHEST    43           400 AM
 LOWEST     10           100 PM
 AVERAGE    27

..........................................................


THE LANCASTER CLIMATE NORMALS FOR TOMORROW
                         NORMAL    RECORD    YEAR
 MAXIMUM TEMPERATURE (F)   97       106      1956
 MINIMUM TEMPERATURE (F)   63        47      1968


SUNRISE AND SUNSET
AUGUST 22 2017........SUNRISE   619 AM PDT   SUNSET   732 PM PDT
AUGUST 23 2017........SUNRISE   619 AM PDT   SUNSET   731 PM PDT


-  INDICATES NEGATIVE NUMBERS.
R  INDICATES RECORD WAS SET OR TIED.
MM INDICATES DATA IS MISSING.
T  INDICATES TRACE AMOUNT.




$$
