000
CDUS46 KLOX 010906
CLIWJF


CLIMATE REPORT
NATIONAL WEATHER SERVICE LOS ANGELES/OXNARD CA
106 AM PST SUN FEB 1 2015


...................................

...THE LANCASTER FOX FIELD CA CLIMATE SUMMARY FOR JANUARY 31 2015...

CLIMATE NORMAL PERIOD 1981 TO 2010
CLIMATE RECORD PERIOD 1948 TO 2015


WEATHER ITEM   OBSERVED TIME   RECORD YEAR NORMAL DEPARTURE
                VALUE   (LST)  VALUE       VALUE  FROM
                                                  NORMAL
...............................................................
TEMPERATURE (F)
 YESTERDAY
  MAXIMUM         64    235 PM  78    2003  60      4
  MINIMUM         39    649 AM   8    1957  33      6
  AVERAGE         52                        46      6

PRECIPITATION (IN)
  YESTERDAY        0.00          0.84 1986   0.06  -0.06
  MONTH TO DATE    0.96                      1.50  -0.54
  SINCE OCT 1      3.88                      3.63   0.25
  SINCE JAN 1      0.96                      1.50  -0.54

SNOWFALL (IN)
  YESTERDAY        0.0           9.5  1979
  MONTH TO DATE    0.0
  SINCE DEC 1      0.0
  SINCE JUL 1      0.0
  SNOW DEPTH       0

DEGREE DAYS
 HEATING
  YESTERDAY       13                               -6
  MONTH TO DATE  581                              -42
  SINCE DEC 1   1147                             -133
  SINCE JUL 1   1544                             -281

 COOLING
  YESTERDAY        0                                0
  MONTH TO DATE    0                                0
  SINCE DEC 1      0                                0
  SINCE JAN 1      0                                0
...............................................................


WIND (MPH)
  HIGHEST WIND SPEED    21   HIGHEST WIND DIRECTION     E (70)
  HIGHEST GUST SPEED    26   HIGHEST GUST DIRECTION    NE (40)
  AVERAGE WIND SPEED     8.6




RELATIVE HUMIDITY (PERCENT)
 HIGHEST    92
 LOWEST     39
 AVERAGE    66

..........................................................


THE LANCASTER FOX FIELD CA CLIMATE NORMALS FOR TODAY
                         NORMAL    RECORD    YEAR
 MAXIMUM TEMPERATURE (F)   60        76      2003
 MINIMUM TEMPERATURE (F)   33        16      2002


SUNRISE AND SUNSET
FEBRUARY  1 2015......SUNRISE   651 AM PST   SUNSET   522 PM PST
FEBRUARY  2 2015......SUNRISE   651 AM PST   SUNSET   523 PM PST


-  INDICATES NEGATIVE NUMBERS.
R  INDICATES RECORD WAS SET OR TIED.
MM INDICATES DATA IS MISSING.
T  INDICATES TRACE AMOUNT.




$$
