000
CDUS46 KLOX 280114
CLIWJF


CLIMATE REPORT
NATIONAL WEATHER SERVICE LOS ANGELES/OXNARD CA
513 PM PST MON FEB 27 2017


...................................

...THE LANCASTER CLIMATE SUMMARY FOR FEBRUARY 27 2017...
VALID TODAY AS OF 500 PM LOCAL TIME.

CLIMATE NORMAL PERIOD 1981 TO 2010
CLIMATE RECORD PERIOD 1948 TO 2017


WEATHER ITEM   OBSERVED TIME   RECORD YEAR NORMAL DEPARTURE LAST
                VALUE   (LST)  VALUE       VALUE  FROM      YEAR
                                                  NORMAL
..................................................................
TEMPERATURE (F)
 TODAY
  MAXIMUM         51   1236 PM  83    1986  64    -13       80
  MINIMUM         43    720 AM  17    1971  37      6       52
  AVERAGE         47                        50     -3       66

PRECIPITATION (IN)
  TODAY            0.00          0.82 1983   0.05  -0.05     0.00
  MONTH TO DATE    1.88                      1.73   0.15     0.03
  SINCE OCT 1      6.34                      5.36   0.98     3.05
  SINCE JAN 1      4.35                      3.23   1.12     1.76

SNOWFALL (IN)
  TODAY            0.0           0.0    MM   0.0             0.0
  MONTH TO DATE    0.0                       0.6             0.0
  SINCE DEC 1      0.0                       2.3             0.0
  SINCE JUL 1      0.0                       2.3             0.0
  SNOW DEPTH       0

DEGREE DAYS
 HEATING
  TODAY           18                        15      3        0
  MONTH TO DATE  363                       454    -91      389
  SINCE DEC 1   1552                      1734   -182     1669
  SINCE JUL 1   1978                      2279   -301     2249

 COOLING
  TODAY            0                         0      0        1
  MONTH TO DATE    0                         0      0        1
  SINCE DEC 1      0                         0      0        1
  SINCE JAN 1      0                         0      0        1
..................................................................


WIND (MPH)
  HIGHEST WIND SPEED    24   HIGHEST WIND DIRECTION    SW (230)
  HIGHEST GUST SPEED    30   HIGHEST GUST DIRECTION    SW (240)
  AVERAGE WIND SPEED    14.8


SKY COVER
  POSSIBLE SUNSHINE  MM
  AVERAGE SKY COVER 0.7


WEATHER CONDITIONS
 THE FOLLOWING WEATHER WAS RECORDED TODAY.
  NO SIGNIFICANT WEATHER WAS OBSERVED.


RELATIVE HUMIDITY (PERCENT)
 HIGHEST    82           400 AM
 LOWEST     61          1200 PM
 AVERAGE    72

..........................................................


THE LANCASTER CLIMATE NORMALS FOR TOMORROW
                         NORMAL    RECORD    YEAR
 MAXIMUM TEMPERATURE (F)   64        81      1986
 MINIMUM TEMPERATURE (F)   37        20      1962


SUNRISE AND SUNSET
FEBRUARY 27 2017......SUNRISE   624 AM PST   SUNSET   547 PM PST
FEBRUARY 28 2017......SUNRISE   623 AM PST   SUNSET   548 PM PST


-  INDICATES NEGATIVE NUMBERS.
R  INDICATES RECORD WAS SET OR TIED.
MM INDICATES DATA IS MISSING.
T  INDICATES TRACE AMOUNT.




$$
