000
CDUS46 KLOX 210940
CLIWJF


CLIMATE REPORT
NATIONAL WEATHER SERVICE LOS ANGELES/OXNARD CA
140 AM PST FRI NOV 21 2014


...................................

...THE LANCASTER FOX FIELD CA CLIMATE SUMMARY FOR NOVEMBER 20 2014...

CLIMATE NORMAL PERIOD 1981 TO 2010
CLIMATE RECORD PERIOD 1948 TO 2014


WEATHER ITEM   OBSERVED TIME   RECORD YEAR NORMAL DEPARTURE
                VALUE   (LST)  VALUE       VALUE  FROM
                                                  NORMAL
...............................................................
TEMPERATURE (F)
 YESTERDAY
  MAXIMUM         66   1218 PM  78    2008  65      1
                                      1949
  MINIMUM         38    610 AM  15    1958  34      4
  AVERAGE         52                        50      2

PRECIPITATION (IN)
  YESTERDAY        T             0.76 1967   0.02  -0.02
  MONTH TO DATE    0.16                      0.33  -0.17
  SINCE JUL 1      0.33                      1.11  -0.78
  SINCE JAN 1      2.65                      6.02  -3.37

SNOWFALL (IN)
  YESTERDAY       MM             0.0    MM
  MONTH TO DATE    0.0
  SINCE SEP 1      0.0
  SINCE JUL 1      0.0
  SNOW DEPTH       0

DEGREE DAYS
 HEATING
  YESTERDAY       13                               -2
  MONTH TO DATE  203                              -32
  SINCE SEP 1    252                             -119
  SINCE JUL 1    252                             -119

 COOLING
  YESTERDAY        0                                0
  MONTH TO DATE    2                                2
  SINCE SEP 1    404                               82
  SINCE JAN 1   2055                              174
...............................................................


WIND (MPH)
  HIGHEST WIND SPEED    28   HIGHEST WIND DIRECTION     W (250)
  HIGHEST GUST SPEED    34   HIGHEST GUST DIRECTION     W (250)
  AVERAGE WIND SPEED    11.2




RELATIVE HUMIDITY (PERCENT)
 HIGHEST    77
 LOWEST     34
 AVERAGE    56

..........................................................


THE LANCASTER FOX FIELD CA CLIMATE NORMALS FOR TODAY
                         NORMAL    RECORD    YEAR
 MAXIMUM TEMPERATURE (F)   64        78      1995
                                             1962
 MINIMUM TEMPERATURE (F)   34        15      1979


SUNRISE AND SUNSET
NOVEMBER 21 2014......SUNRISE   633 AM PST   SUNSET   445 PM PST
NOVEMBER 22 2014......SUNRISE   634 AM PST   SUNSET   444 PM PST


-  INDICATES NEGATIVE NUMBERS.
R  INDICATES RECORD WAS SET OR TIED.
MM INDICATES DATA IS MISSING.
T  INDICATES TRACE AMOUNT.




$$
