000
CDUS46 KLOX 270903
CLIWJF


CLIMATE REPORT
NATIONAL WEATHER SERVICE LOS ANGELES/OXNARD CA
103 AM PST FRI FEB 27 2015


...................................

...THE LANCASTER FOX FIELD CA CLIMATE SUMMARY FOR FEBRUARY 26 2015...

CLIMATE NORMAL PERIOD 1981 TO 2010
CLIMATE RECORD PERIOD 1948 TO 2015


WEATHER ITEM   OBSERVED TIME   RECORD YEAR NORMAL DEPARTURE
                VALUE   (LST)  VALUE       VALUE  FROM
                                                  NORMAL
...............................................................
TEMPERATURE (F)
 YESTERDAY
  MAXIMUM         70    231 PM  81    1986  64      6
  MINIMUM         41    557 AM  21    1984  37      4
  AVERAGE         56                        50      6

PRECIPITATION (IN)
  YESTERDAY        0.00          0.36 2001   0.06  -0.06
  MONTH TO DATE    0.39                      1.68  -1.29
  SINCE OCT 1      4.27                      5.31  -1.04
  SINCE JAN 1      1.35                      3.18  -1.83

SNOWFALL (IN)
  YESTERDAY        0.0           T    1987
  MONTH TO DATE    0.0
  SINCE DEC 1      0.0
  SINCE JUL 1      0.0
  SNOW DEPTH       0

DEGREE DAYS
 HEATING
  YESTERDAY        9                               -6
  MONTH TO DATE  298                             -141
  SINCE DEC 1   1445                             -274
  SINCE JUL 1   1842                             -422

 COOLING
  YESTERDAY        0                                0
  MONTH TO DATE    0                                0
  SINCE DEC 1      0                                0
  SINCE JAN 1      0                                0
...............................................................


WIND (MPH)
  HIGHEST WIND SPEED    29   HIGHEST WIND DIRECTION     W (270)
  HIGHEST GUST SPEED    32   HIGHEST GUST DIRECTION     W (270)
  AVERAGE WIND SPEED    12.3




RELATIVE HUMIDITY (PERCENT)
 HIGHEST    55
 LOWEST     25
 AVERAGE    40

..........................................................


THE LANCASTER FOX FIELD CA CLIMATE NORMALS FOR TODAY
                         NORMAL    RECORD    YEAR
 MAXIMUM TEMPERATURE (F)   64        83      1986
 MINIMUM TEMPERATURE (F)   37        17      1971


SUNRISE AND SUNSET
FEBRUARY 27 2015......SUNRISE   625 AM PST   SUNSET   547 PM PST
FEBRUARY 28 2015......SUNRISE   624 AM PST   SUNSET   548 PM PST


-  INDICATES NEGATIVE NUMBERS.
R  INDICATES RECORD WAS SET OR TIED.
MM INDICATES DATA IS MISSING.
T  INDICATES TRACE AMOUNT.




$$
