000
CDUS46 KLOX 240858
CLIWJF


CLIMATE REPORT
NATIONAL WEATHER SERVICE LOS ANGELES/OXNARD CA
158 AM PDT SUN JUL 24 2016


...................................

...THE LANCASTER FOX FIELD CA CLIMATE SUMMARY FOR JULY 23 2016...

CLIMATE NORMAL PERIOD 1981 TO 2010
CLIMATE RECORD PERIOD 1948 TO 2016


WEATHER ITEM   OBSERVED TIME   RECORD YEAR NORMAL DEPARTURE
                VALUE   (LST)  VALUE       VALUE  FROM
                                                  NORMAL
...............................................................
TEMPERATURE (F)
 YESTERDAY
  MAXIMUM        109    223 PM 111    2006  99     10
  MINIMUM         72    540 AM  52    1972  67      5
  AVERAGE         91                        83      8

PRECIPITATION (IN)
  YESTERDAY        0.00          0.61 1974   0.00   0.00
  MONTH TO DATE    0.00                      0.07  -0.07
  SINCE OCT 1      3.82                      7.11  -3.29
  SINCE JAN 1      2.53                      4.98  -2.45

SNOWFALL (IN)
  YESTERDAY        0.0           0.0    MM
  MONTH TO DATE    0.0
  SINCE JUN 1      0.0
  SINCE JUL 1      0.0
  SNOW DEPTH       0

DEGREE DAYS
 HEATING
  YESTERDAY        0                                0
  MONTH TO DATE    0                                0
  SINCE JUN 1      0                               -8
  SINCE JUL 1      0                                0

 COOLING
  YESTERDAY       26                                8
  MONTH TO DATE  409                               15
  SINCE JUN 1    943                              208
  SINCE JAN 1   1111                              187
...............................................................


WIND (MPH)
  HIGHEST WIND SPEED    28   HIGHEST WIND DIRECTION     W (270)
  HIGHEST GUST SPEED    33   HIGHEST GUST DIRECTION     W (280)
  AVERAGE WIND SPEED    14.1




RELATIVE HUMIDITY (PERCENT)
 HIGHEST    23
 LOWEST      6
 AVERAGE    15

..........................................................


THE LANCASTER FOX FIELD CA CLIMATE NORMALS FOR TODAY
                         NORMAL    RECORD    YEAR
 MAXIMUM TEMPERATURE (F)   99       109      2006
 MINIMUM TEMPERATURE (F)   67        55      1995


SUNRISE AND SUNSET
JULY 24 2016..........SUNRISE   557 AM PDT   SUNSET   801 PM PDT
JULY 25 2016..........SUNRISE   558 AM PDT   SUNSET   800 PM PDT


-  INDICATES NEGATIVE NUMBERS.
R  INDICATES RECORD WAS SET OR TIED.
MM INDICATES DATA IS MISSING.
T  INDICATES TRACE AMOUNT.




$$
