000
CDUS46 KLOX 260121
CLIWJF


CLIMATE REPORT
NATIONAL WEATHER SERVICE LOS ANGELES/OXNARD CA
621 PM PDT SUN JUN 25 2017


...................................

...THE LANCASTER CLIMATE SUMMARY FOR JUNE 25 2017...
VALID TODAY AS OF 0600 PM LOCAL TIME.

CLIMATE NORMAL PERIOD 1981 TO 2010
CLIMATE RECORD PERIOD 1948 TO 2017


WEATHER ITEM   OBSERVED TIME   RECORD YEAR NORMAL DEPARTURE LAST
                VALUE   (LST)  VALUE       VALUE  FROM      YEAR
                                                  NORMAL
..................................................................
TEMPERATURE (F)
 TODAY
  MAXIMUM        108R   108 PM 106    2006  94     14      105
                                      1957
  MINIMUM         75    520 AM  49    1950  64     11       71
  AVERAGE         92                        79     13       88

PRECIPITATION (IN)
  TODAY            0.00          0.00   MM   0.00   0.00     0.00
  MONTH TO DATE    0.00                      0.04  -0.04     0.00
  SINCE OCT 1      6.51                      7.03  -0.52     3.82
  SINCE JAN 1      4.52                      4.90  -0.38     2.53

SNOWFALL (IN)
  TODAY            0.0           0.0    MM   0.0             0.0
  MONTH TO DATE    0.0                       0.0             0.0
  SINCE JUN 1      0.0                       0.0             0.0
  SINCE JUL 1      0.0                       2.3             0.0
  SNOW DEPTH       0

DEGREE DAYS
 HEATING
  TODAY            0                         0      0        0
  MONTH TO DATE    9                         6      3        0
  SINCE JUN 1      9                         6      3        0
  SINCE JUL 1   2492                      2935   -443     2672

 COOLING
  TODAY           27                        14     13       23
  MONTH TO DATE  376                       268    108      413
  SINCE JUN 1    376                       268    108      413
  SINCE JAN 1    537                       457     80      581
..................................................................


WIND (MPH)
  HIGHEST WIND SPEED    28   HIGHEST WIND DIRECTION    NW (310)
  HIGHEST GUST SPEED    37   HIGHEST GUST DIRECTION    NW (310)
  AVERAGE WIND SPEED    12.1


SKY COVER
  POSSIBLE SUNSHINE  MM
  AVERAGE SKY COVER 0.0


WEATHER CONDITIONS
 THE FOLLOWING WEATHER WAS RECORDED TODAY.
  NO SIGNIFICANT WEATHER WAS OBSERVED.


RELATIVE HUMIDITY (PERCENT)
 HIGHEST    26          1200 AM
 LOWEST      6          1000 AM
 AVERAGE    16

..........................................................


THE LANCASTER CLIMATE NORMALS FOR TOMORROW
                         NORMAL    RECORD    YEAR
 MAXIMUM TEMPERATURE (F)   94       107      2016
 MINIMUM TEMPERATURE (F)   64        43      1965


SUNRISE AND SUNSET
JUNE 25 2017..........SUNRISE   541 AM PDT   SUNSET   810 PM PDT
JUNE 26 2017..........SUNRISE   542 AM PDT   SUNSET   810 PM PDT


-  INDICATES NEGATIVE NUMBERS.
R  INDICATES RECORD WAS SET OR TIED.
MM INDICATES DATA IS MISSING.
T  INDICATES TRACE AMOUNT.




$$
