000
CDUS46 KLOX 290907
CLIWJF


CLIMATE REPORT
NATIONAL WEATHER SERVICE LOS ANGELES/OXNARD CA
207 AM PDT SAT APR 29 2017


...................................

...THE LANCASTER FOX FIELD CA CLIMATE SUMMARY FOR APRIL 28 2017...

CLIMATE NORMAL PERIOD 1981 TO 2010
CLIMATE RECORD PERIOD 1948 TO 2017


WEATHER ITEM   OBSERVED TIME   RECORD YEAR NORMAL DEPARTURE
                VALUE   (LST)  VALUE       VALUE  FROM
                                                  NORMAL
...............................................................
TEMPERATURE (F)
 YESTERDAY
  MAXIMUM         74    101 PM  96    2013  77     -3
                                      2007
  MINIMUM         48   1159 PM  31    1955  49     -1
  AVERAGE         61                        63     -2

PRECIPITATION (IN)
  YESTERDAY        0.00          0.48 2005   0.01  -0.01
  MONTH TO DATE    T                         0.34  -0.34
  SINCE OCT 1      6.51                      6.89  -0.38
  SINCE JAN 1      4.52                      4.76  -0.24

SNOWFALL (IN)
  YESTERDAY        0.0           0.0    MM
  MONTH TO DATE    0.0
  SINCE MAR 1      0.0
  SINCE JUL 1      0.0
  SNOW DEPTH       0

DEGREE DAYS
 HEATING
  YESTERDAY        4                                0
  MONTH TO DATE  123                              -76
  SINCE MAR 1    404                             -163
  SINCE JUL 1   2403                             -457

 COOLING
  YESTERDAY        0                               -2
  MONTH TO DATE    6                              -17
  SINCE MAR 1     10                              -15
  SINCE JAN 1     10                              -15
...............................................................


WIND (MPH)
  HIGHEST WIND SPEED    36   HIGHEST WIND DIRECTION     W (280)
  HIGHEST GUST SPEED    46   HIGHEST GUST DIRECTION     W (270)
  AVERAGE WIND SPEED    13.9




RELATIVE HUMIDITY (PERCENT)
 HIGHEST    50
 LOWEST     14
 AVERAGE    32

..........................................................


THE LANCASTER FOX FIELD CA CLIMATE NORMALS FOR TODAY
                         NORMAL    RECORD    YEAR
 MAXIMUM TEMPERATURE (F)   77        94      2013
                                             1959
 MINIMUM TEMPERATURE (F)   49        34      1967


SUNRISE AND SUNSET
APRIL 29 2017.........SUNRISE   604 AM PDT   SUNSET   737 PM PDT
APRIL 30 2017.........SUNRISE   603 AM PDT   SUNSET   737 PM PDT


-  INDICATES NEGATIVE NUMBERS.
R  INDICATES RECORD WAS SET OR TIED.
MM INDICATES DATA IS MISSING.
T  INDICATES TRACE AMOUNT.




$$
