000
CDUS46 KLOX 060942
CLIWJF


CLIMATE REPORT
NATIONAL WEATHER SERVICE LOS ANGELES/OXNARD CA
142 AM PST TUE DEC 6 2016


...................................

...THE LANCASTER FOX FIELD CA CLIMATE SUMMARY FOR DECEMBER 5 2016...

CLIMATE NORMAL PERIOD 1981 TO 2010
CLIMATE RECORD PERIOD 1948 TO 2016


WEATHER ITEM   OBSERVED TIME   RECORD YEAR NORMAL DEPARTURE
                VALUE   (LST)  VALUE       VALUE  FROM
                                                  NORMAL
...............................................................
TEMPERATURE (F)
 YESTERDAY
  MAXIMUM         69    219 PM  81    1958  59     10
  MINIMUM         48   1129 PM  13    2006  30     18
  AVERAGE         59                        45     14

PRECIPITATION (IN)
  YESTERDAY        0.00          1.00 1997   0.03  -0.03
  MONTH TO DATE    0.00                      0.13  -0.13
  SINCE OCT 1      0.40                      1.11  -0.71
  SINCE JAN 1      2.93                      6.36  -3.43

SNOWFALL (IN)
  YESTERDAY        0.0           T    1998
  MONTH TO DATE    0.0
  SINCE DEC 1      0.0
  SINCE JUL 1      0.0
  SNOW DEPTH       0

DEGREE DAYS
 HEATING
  YESTERDAY        6                              -14
  MONTH TO DATE   91                               -7
  SINCE DEC 1     91                               -7
  SINCE JUL 1    517                             -126

 COOLING
  YESTERDAY        0                                0
  MONTH TO DATE    0                                0
  SINCE DEC 1      0                                0
  SINCE JAN 1   2148                              266
...............................................................


WIND (MPH)
  HIGHEST WIND SPEED    31   HIGHEST WIND DIRECTION     W (270)
  HIGHEST GUST SPEED    36   HIGHEST GUST DIRECTION     W (280)
  AVERAGE WIND SPEED    20.3




RELATIVE HUMIDITY (PERCENT)
 HIGHEST    46
 LOWEST     19
 AVERAGE    33

..........................................................


THE LANCASTER FOX FIELD CA CLIMATE NORMALS FOR TODAY
                         NORMAL    RECORD    YEAR
 MAXIMUM TEMPERATURE (F)   59        79      1977
 MINIMUM TEMPERATURE (F)   30        16      2011


SUNRISE AND SUNSET
DECEMBER  6 2016......SUNRISE   647 AM PST   SUNSET   442 PM PST
DECEMBER  7 2016......SUNRISE   647 AM PST   SUNSET   442 PM PST


-  INDICATES NEGATIVE NUMBERS.
R  INDICATES RECORD WAS SET OR TIED.
MM INDICATES DATA IS MISSING.
T  INDICATES TRACE AMOUNT.




$$
