000
CDUS46 KLOX 310900
CLIWJF


CLIMATE REPORT
NATIONAL WEATHER SERVICE LOS ANGELES/OXNARD CA
200 AM PDT FRI OCT 31 2014


...................................

...THE LANCASTER FOX FIELD CA CLIMATE SUMMARY FOR OCTOBER 30 2014...

CLIMATE NORMAL PERIOD 1981 TO 2010
CLIMATE RECORD PERIOD 1948 TO 2014


WEATHER ITEM   OBSERVED TIME   RECORD YEAR NORMAL DEPARTURE
                VALUE   (LST)  VALUE       VALUE  FROM
                                                  NORMAL
...............................................................
TEMPERATURE (F)
 YESTERDAY
  MAXIMUM         80    145 PM  86    1966  74      6
  MINIMUM         42    636 AM  19    1971  41      1
  AVERAGE         61                        58      3

PRECIPITATION (IN)
  YESTERDAY        0.00          0.66 1996   0.02  -0.02
  MONTH TO DATE    0.00                      0.42  -0.42
  SINCE JUL 1      0.03                      0.76  -0.73
  SINCE JAN 1      2.35                      5.67  -3.32

SNOWFALL (IN)
  YESTERDAY        0.0           0.0    MM
  MONTH TO DATE    0.0
  SINCE SEP 1      0.0
  SINCE JUL 1      0.0
  SNOW DEPTH       0

DEGREE DAYS
 HEATING
  YESTERDAY        4                               -3
  MONTH TO DATE   40                              -76
  SINCE SEP 1     42                              -86
  SINCE JUL 1     42                              -86

 COOLING
  YESTERDAY        0                                0
  MONTH TO DATE   72                               23
  SINCE SEP 1    402                               82
  SINCE JAN 1   2053                              174
...............................................................


WIND (MPH)
  HIGHEST WIND SPEED    18   HIGHEST WIND DIRECTION    SW (220)
  HIGHEST GUST SPEED    23   HIGHEST GUST DIRECTION    SW (220)
  AVERAGE WIND SPEED     5.4




RELATIVE HUMIDITY (PERCENT)
 HIGHEST    42
 LOWEST     11
 AVERAGE    27

..........................................................


THE LANCASTER FOX FIELD CA CLIMATE NORMALS FOR TODAY
                         NORMAL    RECORD    YEAR
 MAXIMUM TEMPERATURE (F)   74        86      1966
 MINIMUM TEMPERATURE (F)   41        27      1991


SUNRISE AND SUNSET
OCTOBER 31 2014.......SUNRISE   713 AM PDT   SUNSET   600 PM PDT
NOVEMBER  1 2014......SUNRISE   714 AM PDT   SUNSET   559 PM PDT


-  INDICATES NEGATIVE NUMBERS.
R  INDICATES RECORD WAS SET OR TIED.
MM INDICATES DATA IS MISSING.
T  INDICATES TRACE AMOUNT.




$$
