000
CDUS45 KLKN 110929
CLIWMC


CLIMATE REPORT
NATIONAL WEATHER SERVICE ELKO NV
129 AM PST THU FEB 11 2016


...................................

...THE WINNEMUCCA AIRPORT NV CLIMATE SUMMARY FOR FEBRUARY 10 2016...

CLIMATE NORMAL PERIOD 1981 TO 2010
CLIMATE RECORD PERIOD 1877 TO 2016


WEATHER ITEM   OBSERVED TIME   RECORD YEAR NORMAL DEPARTURE LAST
                VALUE   (LST)  VALUE       VALUE  FROM      YEAR
                                                  NORMAL
..................................................................
TEMPERATURE (F)
 YESTERDAY
  MAXIMUM         56    210 PM  69    1951  46     10       51
  MINIMUM         24    707 AM -26    1933  22      2       24
  AVERAGE         40                        34      6       38

PRECIPITATION (IN)
  YESTERDAY        0.00          0.53 1962   0.02  -0.02     0.00
  MONTH TO DATE    0.09                      0.23  -0.14     0.49
  SINCE OCT 1      6.27                      3.58   2.69     3.46
  SINCE JAN 1      1.99                      1.10   0.89     0.89

SNOWFALL (IN)
  YESTERDAY        0.0           2.4  1994   0.1   -0.1      0.0
  MONTH TO DATE    1.2                       1.4   -0.2      0.0
  SINCE DEC 1     19.1                      10.5    8.6       T
  SINCE JUL 1     19.4                      14.0    5.4      2.3
  SNOW DEPTH       0

DEGREE DAYS
 HEATING
  YESTERDAY       25                        31     -6       27
  MONTH TO DATE  326                       319      7      196
  SINCE DEC 1   2413                      2504    -91     2007
  SINCE JUL 1   3762                      4072   -310     3301

 COOLING
  YESTERDAY        0                         0      0        0
  MONTH TO DATE    0                         0      0        0
  SINCE DEC 1      0                         0      0        0
  SINCE JAN 1      0                         0      0        0
..................................................................


WIND (MPH)
  HIGHEST WIND SPEED    15   HIGHEST WIND DIRECTION    NE (60)
  HIGHEST GUST SPEED    19   HIGHEST GUST DIRECTION    NE (50)
  AVERAGE WIND SPEED     6.8



WEATHER CONDITIONS
 THE FOLLOWING WEATHER WAS RECORDED YESTERDAY.
  NO SIGNIFICANT WEATHER WAS OBSERVED.


RELATIVE HUMIDITY (PERCENT)
 HIGHEST   100           500 AM
 LOWEST     43           200 PM
 AVERAGE    72

..........................................................


THE WINNEMUCCA AIRPORT NV CLIMATE NORMALS FOR TODAY
                         NORMAL    RECORD    YEAR
 MAXIMUM TEMPERATURE (F)   46        66      1886
 MINIMUM TEMPERATURE (F)   22        -8      1894


SUNRISE AND SUNSET
FEBRUARY 11 2016......SUNRISE   651 AM PST   SUNSET   520 PM PST
FEBRUARY 12 2016......SUNRISE   650 AM PST   SUNSET   522 PM PST


-  INDICATES NEGATIVE NUMBERS.
R  INDICATES RECORD WAS SET OR TIED.
MM INDICATES DATA IS MISSING.
T  INDICATES TRACE AMOUNT.




$$
