000
CDUS45 KLKN 270031
CLIWMC


CLIMATE REPORT
NATIONAL WEATHER SERVICE ELKO NV
429 PM PST FRI DEC 26 2014


...................................

...THE WINNEMUCCA AIRPORT NV CLIMATE SUMMARY FOR DECEMBER 26 2014...
VALID TODAY AS OF 400 PM LOCAL TIME.

CLIMATE NORMAL PERIOD 1981 TO 2010
CLIMATE RECORD PERIOD 1877 TO 2014


WEATHER ITEM   OBSERVED TIME   RECORD YEAR NORMAL DEPARTURE LAST
                VALUE   (LST)  VALUE       VALUE  FROM      YEAR
                                                  NORMAL
..................................................................
TEMPERATURE (F)
 TODAY
  MAXIMUM         35    237 PM  58    1933  40     -5       42
                                      1928
  MINIMUM         21   1246 AM -26    1924  17      4        7
  AVERAGE         28                        28      0       25

PRECIPITATION (IN)
  TODAY            0.00          0.69 1983   0.03  -0.03     0.00
  MONTH TO DATE    1.16                      0.77   0.39     0.61
  SINCE OCT 1      2.57                      2.32   0.25     2.66
  SINCE JAN 1      8.55                      8.12   0.43     5.72

SNOWFALL (IN)
  TODAY            0.0           5.5  1923   0.2   -0.2      0.0
  MONTH TO DATE    T                         4.4   -4.4      9.9
  SINCE DEC 1      T                         4.4   -4.4      9.9
  SINCE JUL 1      2.3                       7.9   -5.6     16.5
  SNOW DEPTH       0

DEGREE DAYS
 HEATING
  TODAY           37                        36      1       40
  MONTH TO DATE  682                       919   -237     1248
  SINCE DEC 1    682                       919   -237     1248
  SINCE JUL 1   1976                      2487   -511     2793

 COOLING
  TODAY            0                         0      0        0
  MONTH TO DATE    0                         0      0        0
  SINCE DEC 1      0                         0      0        0
  SINCE JAN 1    674                       541    133      762
..................................................................


WIND (MPH)
  HIGHEST WIND SPEED    16   HIGHEST WIND DIRECTION    NW (310)
  HIGHEST GUST SPEED    19   HIGHEST GUST DIRECTION    NW (310)



WEATHER CONDITIONS
 THE FOLLOWING WEATHER WAS RECORDED TODAY.
  NO SIGNIFICANT WEATHER WAS OBSERVED.


RELATIVE HUMIDITY (PERCENT)
 HIGHEST    81           100 AM
 LOWEST     51           200 PM
 AVERAGE    66

..........................................................


THE WINNEMUCCA AIRPORT NV CLIMATE NORMALS FOR TOMORROW
                         NORMAL    RECORD    YEAR
 MAXIMUM TEMPERATURE (F)   40        67      1980
 MINIMUM TEMPERATURE (F)   17       -13      1954


SUNRISE AND SUNSET
DECEMBER 26 2014......SUNRISE   714 AM PST   SUNSET   429 PM PST
DECEMBER 27 2014......SUNRISE   715 AM PST   SUNSET   430 PM PST


-  INDICATES NEGATIVE NUMBERS.
R  INDICATES RECORD WAS SET OR TIED.
MM INDICATES DATA IS MISSING.
T  INDICATES TRACE AMOUNT.




$$
