000
CDUS45 KLKN 010031
CLIWMC


CLIMATE REPORT
NATIONAL WEATHER SERVICE ELKO NV
527 PM PDT FRI JUL 31 2015


...................................

...THE WINNEMUCCA AIRPORT NV CLIMATE SUMMARY FOR JULY 31 2015...
VALID TODAY AS OF 500 PM LOCAL TIME.

CLIMATE NORMAL PERIOD 1981 TO 2010
CLIMATE RECORD PERIOD 1877 TO 2015


WEATHER ITEM   OBSERVED TIME   RECORD YEAR NORMAL DEPARTURE LAST
                VALUE   (LST)  VALUE       VALUE  FROM      YEAR
                                                  NORMAL
..................................................................
TEMPERATURE (F)
 TODAY
  MAXIMUM         99    230 PM 106    2000  95      4       97
  MINIMUM         48    505 AM  38    2001  52     -4       66
  AVERAGE         74                        73      1       82

PRECIPITATION (IN)
  TODAY            0.00          0.72 1983   0.01  -0.01      T
  MONTH TO DATE    0.66                      0.25   0.41     0.10
  SINCE OCT 1      8.90                      7.66   1.24     6.75
  SINCE JAN 1      6.33                      5.18   1.15     4.09

SNOWFALL (IN)
  TODAY            0.0           0.0  1877   0.0    0.0      0.0
  MONTH TO DATE    0.0                       0.0    0.0      0.0
  SINCE JUN 1      0.0                       T      0.0      0.0
  SINCE JUL 1      0.0                       0.0    0.0      0.0
  SNOW DEPTH       0

DEGREE DAYS
 HEATING
  TODAY            0                         0      0        0
  MONTH TO DATE    5                         6     -1        0
  SINCE JUN 1     27                       115    -88       74
  SINCE JUL 1      5                        10     -5        0

 COOLING
  TODAY            9                         8      1       17
  MONTH TO DATE  200                       243    -43      394
  SINCE JUN 1    405                       322     83      468
  SINCE JAN 1    409                       333     76      477
..................................................................


WIND (MPH)
  HIGHEST WIND SPEED    22   HIGHEST WIND DIRECTION    NE (30)
  HIGHEST GUST SPEED    27   HIGHEST GUST DIRECTION    NE (30)



WEATHER CONDITIONS
 THE FOLLOWING WEATHER WAS RECORDED TODAY.
  NO SIGNIFICANT WEATHER WAS OBSERVED.


RELATIVE HUMIDITY (PERCENT)
 HIGHEST    30           300 AM
 LOWEST      6           200 PM
 AVERAGE    18

..........................................................


THE WINNEMUCCA AIRPORT NV CLIMATE NORMALS FOR TOMORROW
                         NORMAL    RECORD    YEAR
 MAXIMUM TEMPERATURE (F)   94       104      1977
 MINIMUM TEMPERATURE (F)   52        37      1985


SUNRISE AND SUNSET
JULY 31 2015..........SUNRISE   546 AM PDT   SUNSET   808 PM PDT
AUGUST  1 2015........SUNRISE   547 AM PDT   SUNSET   807 PM PDT


-  INDICATES NEGATIVE NUMBERS.
R  INDICATES RECORD WAS SET OR TIED.
MM INDICATES DATA IS MISSING.
T  INDICATES TRACE AMOUNT.




$$
