000
CDUS45 KLKN 260928
CLIWMC


CLIMATE REPORT
NATIONAL WEATHER SERVICE ELKO NV
126 AM PST MON JAN 26 2015


...................................

...THE WINNEMUCCA AIRPORT NV CLIMATE SUMMARY FOR JANUARY 25 2015...

CLIMATE NORMAL PERIOD 1981 TO 2010
CLIMATE RECORD PERIOD 1877 TO 2015


WEATHER ITEM   OBSERVED TIME   RECORD YEAR NORMAL DEPARTURE LAST
                VALUE   (LST)  VALUE       VALUE  FROM      YEAR
                                                  NORMAL
..................................................................
TEMPERATURE (F)
 YESTERDAY
  MAXIMUM         58    357 PM  61    1975  43     15       54
  MINIMUM         19    655 AM -28    1949  20     -1       11
  AVERAGE         39                        31      8       33

PRECIPITATION (IN)
  YESTERDAY        0.00          0.38 1890   0.02  -0.02     0.00
  MONTH TO DATE    0.13                      0.72  -0.59     0.02
  SINCE OCT 1      2.70                      3.20  -0.50     2.68
  SINCE JAN 1      0.13                      0.72  -0.59     0.02

SNOWFALL (IN)
  YESTERDAY        0.0           6.1  1957   0.2   -0.2      0.0
  MONTH TO DATE    T                         3.1   -3.1      0.0
  SINCE DEC 1      T                         8.4   -8.4      9.9
  SINCE JUL 1      2.3                      11.9   -9.6     16.5
  SNOW DEPTH       0

DEGREE DAYS
 HEATING
  YESTERDAY       26                        34     -8       32
  MONTH TO DATE  767                       881   -114      783
  SINCE DEC 1   1652                      1986   -334     2226
  SINCE JUL 1   2946                      3554   -608     3771

 COOLING
  YESTERDAY        0                         0      0        0
  MONTH TO DATE    0                         0      0        0
  SINCE DEC 1      0                         0      0        0
  SINCE JAN 1      0                         0      0        0
..................................................................


WIND (MPH)
  HIGHEST WIND SPEED    18   HIGHEST WIND DIRECTION    NE (50)
  HIGHEST GUST SPEED    23   HIGHEST GUST DIRECTION    NE (50)
  AVERAGE WIND SPEED     6.1



WEATHER CONDITIONS
 THE FOLLOWING WEATHER WAS RECORDED YESTERDAY.
  NO SIGNIFICANT WEATHER WAS OBSERVED.


RELATIVE HUMIDITY (PERCENT)
 HIGHEST    92           400 AM
 LOWEST     38           200 PM
 AVERAGE    65

..........................................................


THE WINNEMUCCA AIRPORT NV CLIMATE NORMALS FOR TODAY
                         NORMAL    RECORD    YEAR
 MAXIMUM TEMPERATURE (F)   43        60      1971
 MINIMUM TEMPERATURE (F)   20       -23      1949


SUNRISE AND SUNSET
JANUARY 26 2015.......SUNRISE   707 AM PST   SUNSET   501 PM PST
JANUARY 27 2015.......SUNRISE   706 AM PST   SUNSET   502 PM PST


-  INDICATES NEGATIVE NUMBERS.
R  INDICATES RECORD WAS SET OR TIED.
MM INDICATES DATA IS MISSING.
T  INDICATES TRACE AMOUNT.




$$
