000
CDUS45 KLKN 050935
CLIWMC


CLIMATE REPORT
NATIONAL WEATHER SERVICE ELKO NV
228 AM PDT SAT SEP 5 2015


...................................

...THE WINNEMUCCA AIRPORT NV CLIMATE SUMMARY FOR SEPTEMBER 4 2015...

CLIMATE NORMAL PERIOD 1981 TO 2010
CLIMATE RECORD PERIOD 1877 TO 2015


WEATHER ITEM   OBSERVED TIME   RECORD YEAR NORMAL DEPARTURE LAST
                VALUE   (LST)  VALUE       VALUE  FROM      YEAR
                                                  NORMAL
..................................................................
TEMPERATURE (F)
 YESTERDAY
  MAXIMUM         75    117 PM 101    1976  86    -11       79
                                      1955
  MINIMUM         37   1157 PM  28    1999  44     -7       50
  AVERAGE         56                        65     -9       65

PRECIPITATION (IN)
  YESTERDAY        T             0.35 1907   0.01  -0.01     0.00
  MONTH TO DATE    T                         0.04  -0.04     0.00
  SINCE OCT 1      9.13                      7.88   1.25     7.24
  SINCE JAN 1      6.56                      5.40   1.16     4.58

SNOWFALL (IN)
  YESTERDAY        0.0           0.0  1877   0.0    0.0      0.0
  MONTH TO DATE    0.0                       0.0    0.0      0.0
  SINCE SEP 1      0.0                       0.0    0.0      0.0
  SINCE JUL 1      0.0                       0.0    0.0      0.0
  SNOW DEPTH       0

DEGREE DAYS
 HEATING
  YESTERDAY        9                         3      6        0
  MONTH TO DATE   11                         9      2        2
  SINCE SEP 1     11                         9      2        2
  SINCE JUL 1     21                        39    -18       21

 COOLING
  YESTERDAY        0                         2     -2        0
  MONTH TO DATE    3                         9     -6        3
  SINCE SEP 1      3                         9     -6        3
  SINCE JAN 1    590                       519     71      628
..................................................................


WIND (MPH)
  HIGHEST WIND SPEED    24   HIGHEST WIND DIRECTION     W (290)
  HIGHEST GUST SPEED    30   HIGHEST GUST DIRECTION     W (280)
  AVERAGE WIND SPEED     8.4



WEATHER CONDITIONS
 THE FOLLOWING WEATHER WAS RECORDED YESTERDAY.
  NO SIGNIFICANT WEATHER WAS OBSERVED.


RELATIVE HUMIDITY (PERCENT)
 HIGHEST    70           500 AM
 LOWEST     16           200 PM
 AVERAGE    43

..........................................................


THE WINNEMUCCA AIRPORT NV CLIMATE NORMALS FOR TODAY
                         NORMAL    RECORD    YEAR
 MAXIMUM TEMPERATURE (F)   85       100      1955
 MINIMUM TEMPERATURE (F)   43        30      1999


SUNRISE AND SUNSET
SEPTEMBER  5 2015.....SUNRISE   622 AM PDT   SUNSET   717 PM PDT
SEPTEMBER  6 2015.....SUNRISE   623 AM PDT   SUNSET   716 PM PDT


-  INDICATES NEGATIVE NUMBERS.
R  INDICATES RECORD WAS SET OR TIED.
MM INDICATES DATA IS MISSING.
T  INDICATES TRACE AMOUNT.




$$
