000
CDUS45 KLKN 010932
CLIWMC


CLIMATE REPORT
NATIONAL WEATHER SERVICE ELKO NV
130 AM PST SUN MAR 1 2015


...................................

...THE WINNEMUCCA AIRPORT NV CLIMATE SUMMARY FOR FEBRUARY 28 2015...

CLIMATE NORMAL PERIOD 1981 TO 2010
CLIMATE RECORD PERIOD 1877 TO 2015


WEATHER ITEM   OBSERVED TIME   RECORD YEAR NORMAL DEPARTURE LAST
                VALUE   (LST)  VALUE       VALUE  FROM      YEAR
                                                  NORMAL
..................................................................
TEMPERATURE (F)
 YESTERDAY
  MAXIMUM         45    218 PM  74    1986  52     -7       47
  MINIMUM         30    507 AM  -6    1890  25      5       29
  AVERAGE         38                        38      0       38

PRECIPITATION (IN)
  YESTERDAY        0.01          0.41 1979   0.02  -0.01     0.03
  MONTH TO DATE    0.78                      0.66   0.12     1.12
  SINCE OCT 1      3.75                      4.01  -0.26     4.27
  SINCE JAN 1      1.18                      1.53  -0.35     1.61

SNOWFALL (IN)
  YESTERDAY        T             4.5  1979   0.1   -0.1      0.0
  MONTH TO DATE    0.6                       3.4   -2.8      0.3
  SINCE DEC 1      0.6                      12.5  -11.9     14.9
  SINCE JUL 1      2.9                      16.0  -13.1     21.5
  SNOW DEPTH       0

DEGREE DAYS
 HEATING
  YESTERDAY       27                        27      0       27
  MONTH TO DATE  677                       836   -159      715
  SINCE DEC 1   2488                      3021   -533     3114
  SINCE JUL 1   3782                      4589   -807     4659

 COOLING
  YESTERDAY        0                         0      0        0
  MONTH TO DATE    0                         0      0        0
  SINCE DEC 1      0                         0      0        0
  SINCE JAN 1      0                         0      0        0
..................................................................


WIND (MPH)
  HIGHEST WIND SPEED    21   HIGHEST WIND DIRECTION    NE (40)
  HIGHEST GUST SPEED    27   HIGHEST GUST DIRECTION    NE (40)
  AVERAGE WIND SPEED     7.5



WEATHER CONDITIONS
 THE FOLLOWING WEATHER WAS RECORDED YESTERDAY.
  FOG
  FOG W/VISIBILITY <= 1/4 MILE


RELATIVE HUMIDITY (PERCENT)
 HIGHEST   100          1200 AM
 LOWEST     58           100 PM
 AVERAGE    79

..........................................................


THE WINNEMUCCA AIRPORT NV CLIMATE NORMALS FOR TODAY
                         NORMAL    RECORD    YEAR
 MAXIMUM TEMPERATURE (F)   52        69      1986
 MINIMUM TEMPERATURE (F)   25        -3      1971


SUNRISE AND SUNSET
MARCH  1 2015.........SUNRISE   626 AM PST   SUNSET   542 PM PST
MARCH  2 2015.........SUNRISE   624 AM PST   SUNSET   543 PM PST


-  INDICATES NEGATIVE NUMBERS.
R  INDICATES RECORD WAS SET OR TIED.
MM INDICATES DATA IS MISSING.
T  INDICATES TRACE AMOUNT.




$$
