036
CDUS45 KLKN 261226
CLIWMC


CLIMATE REPORT
NATIONAL WEATHER SERVICE ELKO NV
526 AM PDT TUE JUL 26 2016


...................................

...THE WINNEMUCCA AIRPORT NV CLIMATE SUMMARY FOR JULY 25 2016...

CLIMATE NORMAL PERIOD 1981 TO 2010
CLIMATE RECORD PERIOD 1877 TO 2016


WEATHER ITEM   OBSERVED TIME   RECORD YEAR NORMAL DEPARTURE LAST
                VALUE   (LST)  VALUE       VALUE  FROM      YEAR
                                                  NORMAL
..................................................................
TEMPERATURE (F)
 YESTERDAY
  MAXIMUM         99    332 PM 104    1978  95      4       89
  MINIMUM         46    455 AM  39    1918  53     -7       43
  AVERAGE         73                        74     -1       66

PRECIPITATION (IN)
  YESTERDAY        0.00          0.71 1946   0.00   0.00     0.00
  MONTH TO DATE    T                         0.19  -0.19     0.66
  SINCE OCT 1      8.86                      7.60   1.26     8.90
  SINCE JAN 1      4.58                      5.12  -0.54     6.33

SNOWFALL (IN)
  YESTERDAY        0.0           0.0  1877   0.0    0.0      0.0
  MONTH TO DATE    0.0                       0.0    0.0      0.0
  SINCE JUN 1      0.0                       T      0.0      0.0
  SINCE JUL 1      0.0                       0.0    0.0      0.0
  SNOW DEPTH       0

DEGREE DAYS
 HEATING
  YESTERDAY        0                         0      0        0
  MONTH TO DATE   17                         6     11        2
  SINCE JUN 1     71                       111    -40       24
  SINCE JUL 1     17                         6     11        2

 COOLING
  YESTERDAY        8                         9     -1        1
  MONTH TO DATE  142                       193    -51      177
  SINCE JUN 1    275                       272      3      382
  SINCE JAN 1    275                       283     -8      386
..................................................................


WIND (MPH)
  HIGHEST WIND SPEED    18   HIGHEST WIND DIRECTION     W (250)
  HIGHEST GUST SPEED    25   HIGHEST GUST DIRECTION    SW (240)
  AVERAGE WIND SPEED     5.9



WEATHER CONDITIONS
 THE FOLLOWING WEATHER WAS RECORDED YESTERDAY.
  NO SIGNIFICANT WEATHER WAS OBSERVED.


RELATIVE HUMIDITY (PERCENT)
 HIGHEST    34           500 AM
 LOWEST      6           300 PM
 AVERAGE    20

..........................................................


THE WINNEMUCCA AIRPORT NV CLIMATE NORMALS FOR TODAY
                         NORMAL    RECORD    YEAR
 MAXIMUM TEMPERATURE (F)   95       106      1975
 MINIMUM TEMPERATURE (F)   53        39      1987


SUNRISE AND SUNSET
JULY 26 2016..........SUNRISE   542 AM PDT   SUNSET   813 PM PDT
JULY 27 2016..........SUNRISE   543 AM PDT   SUNSET   812 PM PDT


-  INDICATES NEGATIVE NUMBERS.
R  INDICATES RECORD WAS SET OR TIED.
MM INDICATES DATA IS MISSING.
T  INDICATES TRACE AMOUNT.




$$
