000
CDUS45 KLKN 210926
CLIWMC


CLIMATE REPORT
NATIONAL WEATHER SERVICE ELKO NV
226 AM PDT TUE OCT 21 2014


...................................

...THE WINNEMUCCA AIRPORT NV CLIMATE SUMMARY FOR OCTOBER 20 2014...

CLIMATE NORMAL PERIOD 1981 TO 2010
CLIMATE RECORD PERIOD 1877 TO 2014


WEATHER ITEM   OBSERVED TIME   RECORD YEAR NORMAL DEPARTURE LAST
                VALUE   (LST)  VALUE       VALUE  FROM      YEAR
                                                  NORMAL
..................................................................
TEMPERATURE (F)
 YESTERDAY
  MAXIMUM         77    206 PM  83    2003  65     12       71
                                      1927
                                      1915
  MINIMUM         28    625 AM   7    1996  28      0       20
  AVERAGE         53                        47      6       46

PRECIPITATION (IN)
  YESTERDAY        T             0.68 1881   0.02  -0.02     0.00
  MONTH TO DATE    T                         0.42  -0.42     0.16
  SINCE OCT 1      T                         0.42  -0.42     0.16
  SINCE JAN 1      5.98                      6.22  -0.24     3.22

SNOWFALL (IN)
  YESTERDAY        0.0           T    2007   0.0    0.0      0.0
  MONTH TO DATE    0.0                       0.2   -0.2      0.0
  SINCE SEP 1      T                         0.2   -0.2      0.0
  SINCE JUL 1      T                         0.2   -0.2       T
  SNOW DEPTH       0

DEGREE DAYS
 HEATING
  YESTERDAY       12                        18     -6       19
  MONTH TO DATE  225                       294    -69      400
  SINCE SEP 1    310                       468   -158      548
  SINCE JUL 1    329                       498   -169      548

 COOLING
  YESTERDAY        0                         0      0        0
  MONTH TO DATE    0                         0      0        0
  SINCE SEP 1     49                        31     18       81
  SINCE JAN 1    674                       541    133      762
..................................................................


WIND (MPH)
  HIGHEST WIND SPEED    31   HIGHEST WIND DIRECTION     W (250)
  HIGHEST GUST SPEED    39   HIGHEST GUST DIRECTION     W (250)
  AVERAGE WIND SPEED     7.1



WEATHER CONDITIONS
 THE FOLLOWING WEATHER WAS RECORDED YESTERDAY.
  LIGHT RAIN


RELATIVE HUMIDITY (PERCENT)
 HIGHEST    69           400 AM
 LOWEST     15           300 PM
 AVERAGE    42

..........................................................


THE WINNEMUCCA AIRPORT NV CLIMATE NORMALS FOR TODAY
                         NORMAL    RECORD    YEAR
 MAXIMUM TEMPERATURE (F)   65        85      2003
 MINIMUM TEMPERATURE (F)   28         5      1996


SUNRISE AND SUNSET
OCTOBER 21 2014.......SUNRISE   709 AM PDT   SUNSET   602 PM PDT
OCTOBER 22 2014.......SUNRISE   710 AM PDT   SUNSET   600 PM PDT


-  INDICATES NEGATIVE NUMBERS.
R  INDICATES RECORD WAS SET OR TIED.
MM INDICATES DATA IS MISSING.
T  INDICATES TRACE AMOUNT.




$$
