000
CDUS45 KLKN 270931
CLIWMC


CLIMATE REPORT
NATIONAL WEATHER SERVICE ELKO NV
226 AM PDT MON MAR 27 2017


...................................

...THE WINNEMUCCA AIRPORT NV CLIMATE SUMMARY FOR MARCH 26 2017...

CLIMATE NORMAL PERIOD 1981 TO 2010
CLIMATE RECORD PERIOD 1877 TO 2017


WEATHER ITEM   OBSERVED TIME   RECORD YEAR NORMAL DEPARTURE LAST
                VALUE   (LST)  VALUE       VALUE  FROM      YEAR
                                                  NORMAL
..................................................................
TEMPERATURE (F)
 YESTERDAY
  MAXIMUM         56    439 PM  74    1997  58     -2       55
                                      1988
  MINIMUM         23    618 AM   8    1913  28     -5       14
  AVERAGE         40                        43     -3       35

PRECIPITATION (IN)
  YESTERDAY        0.02          0.40 2003   0.03  -0.01     0.00
  MONTH TO DATE    0.43                      0.69  -0.26     0.46
  SINCE OCT 1      7.56                      4.70   2.86     6.85
  SINCE JAN 1      3.02                      2.22   0.80     2.57

SNOWFALL (IN)
  YESTERDAY        0.0           4.6  1945   0.1   -0.1      0.0
  MONTH TO DATE    1.4                       2.8   -1.4       T
  SINCE MAR 1      1.4                       2.8   -1.4       T
  SINCE JUL 1     17.5                      18.8   -1.3     19.4
  SNOW DEPTH       0

DEGREE DAYS
 HEATING
  YESTERDAY       25                        22      3       30
  MONTH TO DATE  510                       630   -120      535
  SINCE MAR 1    510                       630   -120      535
  SINCE JUL 1   4949                      5219   -270     4712

 COOLING
  YESTERDAY        0                         0      0        0
  MONTH TO DATE    0                         0      0        0
  SINCE MAR 1      0                         0      0        0
  SINCE JAN 1      0                         0      0        0
..................................................................


WIND (MPH)
  HIGHEST WIND SPEED    22   HIGHEST WIND DIRECTION    SW (240)
  HIGHEST GUST SPEED    28   HIGHEST GUST DIRECTION    SW (240)
  AVERAGE WIND SPEED     6.9



WEATHER CONDITIONS
 THE FOLLOWING WEATHER WAS RECORDED YESTERDAY.
  LIGHT RAIN


RELATIVE HUMIDITY (PERCENT)
 HIGHEST    96           600 AM
 LOWEST     38           400 PM
 AVERAGE    67

..........................................................


THE WINNEMUCCA AIRPORT NV CLIMATE NORMALS FOR TODAY
                         NORMAL    RECORD    YEAR
 MAXIMUM TEMPERATURE (F)   58        78      2015
 MINIMUM TEMPERATURE (F)   28         9      1972


SUNRISE AND SUNSET
MARCH 27 2017.........SUNRISE   642 AM PDT   SUNSET   711 PM PDT
MARCH 28 2017.........SUNRISE   641 AM PDT   SUNSET   712 PM PDT


-  INDICATES NEGATIVE NUMBERS.
R  INDICATES RECORD WAS SET OR TIED.
MM INDICATES DATA IS MISSING.
T  INDICATES TRACE AMOUNT.




$$
