000
CDUS45 KLKN 160935
CLIWMC


CLIMATE REPORT
NATIONAL WEATHER SERVICE ELKO NV
227 AM PDT MON OCT 6  2017


...................................

...THE WINNEMUCCA AIRPORT NV CLIMATE SUMMARY FOR OCTOBER 15 2017...

CLIMATE NORMAL PERIOD 1981 TO 2010
CLIMATE RECORD PERIOD 1877 TO 2017


WEATHER ITEM   OBSERVED TIME   RECORD YEAR NORMAL DEPARTURE LAST
                VALUE   (LST)  VALUE       VALUE  FROM      YEAR
                                                  NORMAL
..................................................................
TEMPERATURE (F)
 YESTERDAY
  MAXIMUM         65    326 PM  86    1991  68     -3       75
  MINIMUM         15    617 AM  11    1881  30    -15       41
  AVERAGE         40                        48     -8       58

PRECIPITATION (IN)
  YESTERDAY        0.00          0.49 1938   0.02  -0.02     0.01
  MONTH TO DATE    0.00                      0.31  -0.31     0.04
  SINCE OCT 1      0.00                      0.31  -0.31     0.04
  SINCE JAN 1      7.08                      6.11   0.97     4.86

SNOWFALL (IN)
  YESTERDAY        0.0           1.1  1984   0.1   -0.1      0.0
  MONTH TO DATE    0.0                       0.2   -0.2      0.0
  SINCE SEP 1      0.0                       0.2   -0.2      0.0
  SINCE JUL 1      0.0                       0.2   -0.2      0.0
  SNOW DEPTH       0

DEGREE DAYS
 HEATING
  YESTERDAY       25                        16      9        7
  MONTH TO DATE  316                       206    110      213
  SINCE SEP 1    544                       380    164      382
  SINCE JUL 1    544                       410    134      402

 COOLING
  YESTERDAY        0                         0      0        0
  MONTH TO DATE    0                         0      0        0
  SINCE SEP 1    120                        31     89       12
  SINCE JAN 1    927                       541    386      577
..................................................................


WIND (MPH)
  HIGHEST WIND SPEED    12   HIGHEST WIND DIRECTION    NE (60)
  HIGHEST GUST SPEED    14   HIGHEST GUST DIRECTION    NE (50)
  AVERAGE WIND SPEED     4.2



WEATHER CONDITIONS
 THE FOLLOWING WEATHER WAS RECORDED YESTERDAY.
  HAZE


RELATIVE HUMIDITY (PERCENT)
 HIGHEST    59           600 AM
 LOWEST     11           200 PM
 AVERAGE    35

..........................................................


THE WINNEMUCCA AIRPORT NV CLIMATE NORMALS FOR TODAY
                         NORMAL    RECORD    YEAR
 MAXIMUM TEMPERATURE (F)   67        84      1977
                                             1927
                                             1926
 MINIMUM TEMPERATURE (F)   29        11      1970


SUNRISE AND SUNSET
OCTOBER 16 2017.......SUNRISE   704 AM PDT   SUNSET   609 PM PDT
OCTOBER 17 2017.......SUNRISE   705 AM PDT   SUNSET   607 PM PDT


-  INDICATES NEGATIVE NUMBERS.
R  INDICATES RECORD WAS SET OR TIED.
MM INDICATES DATA IS MISSING.
T  INDICATES TRACE AMOUNT.




$$
