000
CDUS45 KLKN 210959
CLIWMC


CLIMATE REPORT
NATIONAL WEATHER SERVICE ELKO NV
158 AM PST TUE FEB 21 2017


...................................

...THE WINNEMUCCA AIRPORT NV CLIMATE SUMMARY FOR FEBRUARY 20 2017...

CLIMATE NORMAL PERIOD 1981 TO 2010
CLIMATE RECORD PERIOD 1877 TO 2017


WEATHER ITEM   OBSERVED TIME   RECORD YEAR NORMAL DEPARTURE LAST
                VALUE   (LST)  VALUE       VALUE  FROM      YEAR
                                                  NORMAL
..................................................................
TEMPERATURE (F)
 YESTERDAY
  MAXIMUM         47   1154 AM  69    1982  49     -2       52
                                      1977
  MINIMUM         40   1158 PM -15    1882  24     16       24
  AVERAGE         44                        36      8       38

PRECIPITATION (IN)
  YESTERDAY        0.18          0.53 1962   0.02   0.16     0.00
  MONTH TO DATE    0.58                      0.46   0.12     0.21
  SINCE OCT 1      6.93                      3.81   3.12     6.39
  SINCE JAN 1      2.39                      1.33   1.06     2.11

SNOWFALL (IN)
  YESTERDAY        0.0           8.4  1962   0.1   -0.1      0.0
  MONTH TO DATE    T                         2.6   -2.6      1.2
  SINCE DEC 1     14.5                      11.7    2.8     19.1
  SINCE JUL 1     15.1                      15.2   -0.1     19.4
  SNOW DEPTH       0

DEGREE DAYS
 HEATING
  YESTERDAY       21                        29     -8       27
  MONTH TO DATE  456                       616   -160      541
  SINCE DEC 1   2831                      2801     30     2628
  SINCE JUL 1   4166                      4369   -203     3977

 COOLING
  YESTERDAY        0                         0      0        0
  MONTH TO DATE    0                         0      0        0
  SINCE DEC 1      0                         0      0        0
  SINCE JAN 1      0                         0      0        0
..................................................................


WIND (MPH)
  HIGHEST WIND SPEED    31   HIGHEST WIND DIRECTION    SE (140)
  HIGHEST GUST SPEED    40   HIGHEST GUST DIRECTION    SE (150)
  AVERAGE WIND SPEED    13.0



WEATHER CONDITIONS
 THE FOLLOWING WEATHER WAS RECORDED YESTERDAY.
  LIGHT RAIN
  FOG


RELATIVE HUMIDITY (PERCENT)
 HIGHEST   100           700 PM
 LOWEST     65          1200 AM
 AVERAGE    83

..........................................................


THE WINNEMUCCA AIRPORT NV CLIMATE NORMALS FOR TODAY
                         NORMAL    RECORD    YEAR
 MAXIMUM TEMPERATURE (F)   49        68      1982
 MINIMUM TEMPERATURE (F)   24        -3      1903


SUNRISE AND SUNSET
FEBRUARY 21 2017......SUNRISE   637 AM PST   SUNSET   533 PM PST
FEBRUARY 22 2017......SUNRISE   635 AM PST   SUNSET   535 PM PST


-  INDICATES NEGATIVE NUMBERS.
R  INDICATES RECORD WAS SET OR TIED.
MM INDICATES DATA IS MISSING.
T  INDICATES TRACE AMOUNT.




$$
