000
CDUS45 KLKN 040936
CLIWMC


CLIMATE REPORT
NATIONAL WEATHER SERVICE ELKO NV
230 AM PDT SAT JUL 4 2015


...................................

...THE WINNEMUCCA AIRPORT NV CLIMATE SUMMARY FOR JULY 3 2015...

CLIMATE NORMAL PERIOD 1981 TO 2010
CLIMATE RECORD PERIOD 1877 TO 2015


WEATHER ITEM   OBSERVED TIME   RECORD YEAR NORMAL DEPARTURE LAST
                VALUE   (LST)  VALUE       VALUE  FROM      YEAR
                                                  NORMAL
..................................................................
TEMPERATURE (F)
 YESTERDAY
  MAXIMUM         99    516 PM 106    2001  90      9       98
  MINIMUM         63    346 AM  34    2010  50     13       60
                                      1993
  AVERAGE         81                        70     11       79

PRECIPITATION (IN)
  YESTERDAY        T             0.31 1924   0.00   0.00     0.00
  MONTH TO DATE    T                         0.02  -0.02     0.00
  SINCE OCT 1      8.24                      7.43   0.81     6.65
  SINCE JAN 1      5.67                      4.95   0.72     3.99

SNOWFALL (IN)
  YESTERDAY        0.0           0.0  1877   0.0    0.0      0.0
  MONTH TO DATE    0.0                       0.0    0.0      0.0
  SINCE JUN 1      0.0                       T      0.0      0.0
  SINCE JUL 1      0.0                       0.0    0.0      0.0
  SNOW DEPTH       0

DEGREE DAYS
 HEATING
  YESTERDAY        0                         1     -1        0
  MONTH TO DATE    0                         3     -3        0
  SINCE JUN 1     22                       108    -86       74
  SINCE JUL 1      0                         3     -3        0

 COOLING
  YESTERDAY       16                         6     10       14
  MONTH TO DATE   58                        17     41       40
  SINCE JUN 1    263                        96    167      114
  SINCE JAN 1    267                       107    160      123
..................................................................


WIND (MPH)
  HIGHEST WIND SPEED    26   HIGHEST WIND DIRECTION     S (180)
  HIGHEST GUST SPEED    41   HIGHEST GUST DIRECTION     S (180)
  AVERAGE WIND SPEED     6.9



WEATHER CONDITIONS
 THE FOLLOWING WEATHER WAS RECORDED YESTERDAY.
  LIGHT RAIN


RELATIVE HUMIDITY (PERCENT)
 HIGHEST    56           300 AM
 LOWEST     18           200 PM
 AVERAGE    37

..........................................................


THE WINNEMUCCA AIRPORT NV CLIMATE NORMALS FOR TODAY
                         NORMAL    RECORD    YEAR
 MAXIMUM TEMPERATURE (F)   91       105      1981
 MINIMUM TEMPERATURE (F)   50        34      1978


SUNRISE AND SUNSET
JULY  4 2015..........SUNRISE   525 AM PDT   SUNSET   826 PM PDT
JULY  5 2015..........SUNRISE   525 AM PDT   SUNSET   826 PM PDT


-  INDICATES NEGATIVE NUMBERS.
R  INDICATES RECORD WAS SET OR TIED.
MM INDICATES DATA IS MISSING.
T  INDICATES TRACE AMOUNT.




$$
