000
CDUS45 KLKN 240932
CLIWMC


CLIMATE REPORT
NATIONAL WEATHER SERVICE ELKO NV
231 AM PDT THU AUG 24 2017


...................................

...THE WINNEMUCCA AIRPORT NV CLIMATE SUMMARY FOR AUGUST 23 2017...

CLIMATE NORMAL PERIOD 1981 TO 2010
CLIMATE RECORD PERIOD 1877 TO 2017


WEATHER ITEM   OBSERVED TIME   RECORD YEAR NORMAL DEPARTURE LAST
                VALUE   (LST)  VALUE       VALUE  FROM      YEAR
                                                  NORMAL
..................................................................
TEMPERATURE (F)
 YESTERDAY
  MAXIMUM         92    211 PM 102    1969  90      2       90
  MINIMUM         55    528 AM  28    1960  47      8       53
  AVERAGE         74                        68      6       72

PRECIPITATION (IN)
  YESTERDAY        0.01          0.17 2000   0.01   0.00     0.00
                                      1951
  MONTH TO DATE    0.32                      0.13   0.19      T
  SINCE OCT 1     11.38                      7.79   3.59     8.86
  SINCE JAN 1      6.84                      5.31   1.53     4.58

SNOWFALL (IN)
  YESTERDAY        0.0           0.0  1877   0.0    0.0      0.0
  MONTH TO DATE    0.0                       0.0    0.0      0.0
  SINCE JUN 1      0.0                       T      0.0      0.0
  SINCE JUL 1      0.0                       0.0    0.0      0.0
  SNOW DEPTH       0

DEGREE DAYS
 HEATING
  YESTERDAY        0                         1     -1        0
  MONTH TO DATE    0                         7     -7        0
  SINCE JUN 1     73                       122    -49       71
  SINCE JUL 1      0                        17    -17       17

 COOLING
  YESTERDAY        9                         4      5        7
  MONTH TO DATE  216                       149     67      177
  SINCE JUN 1    718                       471    247      541
  SINCE JAN 1    725                       482    243      541
..................................................................


WIND (MPH)
  HIGHEST WIND SPEED    22   HIGHEST WIND DIRECTION     W (280)
  HIGHEST GUST SPEED    28   HIGHEST GUST DIRECTION     W (290)
  AVERAGE WIND SPEED     8.1



WEATHER CONDITIONS
 THE FOLLOWING WEATHER WAS RECORDED YESTERDAY.
  NO SIGNIFICANT WEATHER WAS OBSERVED.


RELATIVE HUMIDITY (PERCENT)
 HIGHEST    66           500 AM
 LOWEST     15           100 PM
 AVERAGE    41

..........................................................


THE WINNEMUCCA AIRPORT NV CLIMATE NORMALS FOR TODAY
                         NORMAL    RECORD    YEAR
 MAXIMUM TEMPERATURE (F)   89       101      1985
 MINIMUM TEMPERATURE (F)   47        33      1962


SUNRISE AND SUNSET
AUGUST 24 2017........SUNRISE   610 AM PDT   SUNSET   736 PM PDT
AUGUST 25 2017........SUNRISE   611 AM PDT   SUNSET   734 PM PDT


-  INDICATES NEGATIVE NUMBERS.
R  INDICATES RECORD WAS SET OR TIED.
MM INDICATES DATA IS MISSING.
T  INDICATES TRACE AMOUNT.




$$
