626
CDUS45 KLKN 250926
CLIWMC


CLIMATE REPORT
NATIONAL WEATHER SERVICE ELKO NV
226 AM PDT WED MAY 25 2016


...................................

...THE WINNEMUCCA AIRPORT NV CLIMATE SUMMARY FOR MAY 24 2016...

CLIMATE NORMAL PERIOD 1981 TO 2010
CLIMATE RECORD PERIOD 1877 TO 2016


WEATHER ITEM   OBSERVED TIME   RECORD YEAR NORMAL DEPARTURE LAST
                VALUE   (LST)  VALUE       VALUE  FROM      YEAR
                                                  NORMAL
..................................................................
TEMPERATURE (F)
 YESTERDAY
  MAXIMUM         66    226 PM  97    2001  75     -9       70
  MINIMUM         39   1206 AM  27    2013  40     -1       48
  AVERAGE         53                        57     -4       59

PRECIPITATION (IN)
  YESTERDAY        T             0.49 1955   0.03  -0.03     0.43
                                      1937
  MONTH TO DATE    0.54                      0.89  -0.35     2.24
  SINCE OCT 1      8.74                      6.62   2.12     7.98
  SINCE JAN 1      4.46                      4.14   0.32     5.41

SNOWFALL (IN)
  YESTERDAY        0.0           1.9  1978   0.0    0.0      0.0
  MONTH TO DATE    0.0                       0.1   -0.1      0.0
  SINCE MAR 1      1.7                       4.9   -3.2      2.4
  SINCE JUL 1     21.1                      20.9    0.2      5.3
  SNOW DEPTH       0

DEGREE DAYS
 HEATING
  YESTERDAY       12                         8      4        6
  MONTH TO DATE  263                       268     -5      275
  SINCE MAR 1   1385                      1559   -174     1450
  SINCE JUL 1   5562                      6148   -586     5232

 COOLING
  YESTERDAY        0                         1     -1        0
  MONTH TO DATE    0                         2     -2        0
  SINCE MAR 1      0                         2     -2        0
  SINCE JAN 1      0                         2     -2        0
..................................................................


WIND (MPH)
  HIGHEST WIND SPEED    22   HIGHEST WIND DIRECTION     N (20)
  HIGHEST GUST SPEED    26   HIGHEST GUST DIRECTION     N (20)
  AVERAGE WIND SPEED     7.5



WEATHER CONDITIONS
 THE FOLLOWING WEATHER WAS RECORDED YESTERDAY.
  THUNDERSTORM
  LIGHT RAIN


RELATIVE HUMIDITY (PERCENT)
 HIGHEST    71          1000 PM
 LOWEST     32          1200 PM
 AVERAGE    52

..........................................................


THE WINNEMUCCA AIRPORT NV CLIMATE NORMALS FOR TODAY
                         NORMAL    RECORD    YEAR
 MAXIMUM TEMPERATURE (F)   75        94      2001
                                             1992
 MINIMUM TEMPERATURE (F)   40        26      2010


SUNRISE AND SUNSET
MAY 25 2016...........SUNRISE   525 AM PDT   SUNSET   812 PM PDT
MAY 26 2016...........SUNRISE   525 AM PDT   SUNSET   813 PM PDT


-  INDICATES NEGATIVE NUMBERS.
R  INDICATES RECORD WAS SET OR TIED.
MM INDICATES DATA IS MISSING.
T  INDICATES TRACE AMOUNT.




$$
