000
CDUS41 KALY 230622
CLIWRK


CLIMATE REPORT
NATIONAL WEATHER SERVICE ALBANY NY
221 AM EDT TUE SEP 23 2014


...................................

...THE POUGHKEEPSIE NY CLIMATE SUMMARY FOR SEPTEMBER 22 2014...

CLIMATE NORMAL PERIOD 1981 TO 2010
CLIMATE RECORD PERIOD 1949 TO 2014


WEATHER ITEM   OBSERVED TIME   RECORD YEAR NORMAL DEPARTURE LAST
                VALUE   (LST)  VALUE       VALUE  FROM      YEAR
                                                  NORMAL
..................................................................
TEMPERATURE (F)
 YESTERDAY
  MAXIMUM         71   1237 PM  91    1980  73     -2       68
  MINIMUM         43   1159 PM  29    1962  49     -6       50
  AVERAGE         57                        61     -4       59

PRECIPITATION (IN)
  YESTERDAY        0.01          0.73 1979   0.15  -0.14     0.14
  MONTH TO DATE    0.52                      3.07  -2.55     2.32
  SINCE SEP 1      0.52                      3.07  -2.55     2.32
  SINCE JAN 1     25.19                     33.85  -8.66    32.54

DEGREE DAYS
 HEATING
  YESTERDAY        8                         6      2        6
  MONTH TO DATE   68                        67      1       78
  SINCE SEP 1     68                        67      1       78
  SINCE JUL 1     73                        84    -11       81

 COOLING
  YESTERDAY        0                         1     -1        0
  MONTH TO DATE   78                        58     20       64
  SINCE SEP 1     78                        58     20       64
  SINCE JAN 1    675                       662     13      821
..................................................................


WIND (MPH)
  HIGHEST WIND SPEED    23   HIGHEST WIND DIRECTION     W (280)
  HIGHEST GUST SPEED    29   HIGHEST GUST DIRECTION     W (280)
  AVERAGE WIND SPEED     9.2


SKY COVER
  AVERAGE SKY COVER 0.2



RELATIVE HUMIDITY (PERCENT)
 HIGHEST    93           100 AM
 LOWEST     39           200 PM
 AVERAGE    66

..........................................................


THE POUGHKEEPSIE NY CLIMATE NORMALS FOR TODAY
                         NORMAL    RECORD    YEAR
 MAXIMUM TEMPERATURE (F)   72        90      1959
 MINIMUM TEMPERATURE (F)   48        32      1963


SUNRISE AND SUNSET
SEPTEMBER 23 2014.....SUNRISE   644 AM EDT   SUNSET   651 PM EDT
SEPTEMBER 24 2014.....SUNRISE   645 AM EDT   SUNSET   649 PM EDT


-  INDICATES NEGATIVE NUMBERS.
R  INDICATES RECORD WAS SET OR TIED.
MM INDICATES DATA IS MISSING.
T  INDICATES TRACE AMOUNT.




$$
