000
CDUS45 KRIW 200734
CLIWRL


CLIMATE REPORT
NATIONAL WEATHER SERVICE RIVERTON WY
1232 AM MST MON FEB 20 2017


...................................

...THE WORLAND WY CLIMATE SUMMARY FOR FEBRUARY 19 2017...

CLIMATE NORMAL PERIOD 1981 TO 2010
CLIMATE RECORD PERIOD 1947 TO 2017


WEATHER ITEM   OBSERVED TIME   RECORD YEAR NORMAL DEPARTURE LAST
                VALUE   (LST)  VALUE       VALUE  FROM      YEAR
                                                  NORMAL
..................................................................
TEMPERATURE (F)
 YESTERDAY
  MAXIMUM         54   1236 PM  66    1981  39     15       56
  MINIMUM         34   1159 PM  -8    2006  12     22       28
  AVERAGE         44                        25     19       42

PRECIPITATION (IN)
  YESTERDAY        0.00          0.22 1991   0.01  -0.01     0.00
  MONTH TO DATE    0.11                      0.12  -0.01      T
  SINCE DEC 1      0.50                      0.58  -0.08     0.31
  SINCE JAN 1      0.31                      0.35  -0.04     0.03

DEGREE DAYS
 HEATING
  YESTERDAY       21                        40    -19       23
  MONTH TO DATE  793                       819    -26      616
  SINCE DEC 1   4027                      3775    252     3511
  SINCE JUL 1   5566                      5667   -101     5095

 COOLING
  YESTERDAY        0                         0      0        0
  MONTH TO DATE    0                         0      0        0
  SINCE DEC 1      0                         0      0        0
  SINCE JAN 1      0                         0      0        0
..................................................................


WIND (MPH)
  HIGHEST WIND SPEED    22   HIGHEST WIND DIRECTION     S (160)
  HIGHEST GUST SPEED    26   HIGHEST GUST DIRECTION     S (160)
  AVERAGE WIND SPEED    10.0


SKY COVER
  POSSIBLE SUNSHINE  MM
  AVERAGE SKY COVER 0.2


WEATHER CONDITIONS
 THE FOLLOWING WEATHER WAS RECORDED YESTERDAY.
  NO SIGNIFICANT WEATHER WAS OBSERVED.


RELATIVE HUMIDITY (PERCENT)
 HIGHEST    89          1200 AM
 LOWEST     54           100 PM
 AVERAGE    72

..........................................................


THE WORLAND WY CLIMATE NORMALS FOR TODAY
                         NORMAL    RECORD    YEAR
 MAXIMUM TEMPERATURE (F)   40        61      1972
 MINIMUM TEMPERATURE (F)   12       -11      2006


SUNRISE AND SUNSET
FEBRUARY 20 2017......SUNRISE   703 AM MST   SUNSET   549 PM MST
FEBRUARY 21 2017......SUNRISE   701 AM MST   SUNSET   550 PM MST


-  INDICATES NEGATIVE NUMBERS.
R  INDICATES RECORD WAS SET OR TIED.
MM INDICATES DATA IS MISSING.
T  INDICATES TRACE AMOUNT.




$$
