000
CDUS45 KRIW 230032
CLIWRL


CLIMATE REPORT
NATIONAL WEATHER SERVICE RIVERTON WY
632 PM MDT SUN OCT 22 2017


...................................

...THE WORLAND WY CLIMATE SUMMARY FOR OCTOBER 22 2017...
VALID TODAY AS OF 0500 PM LOCAL TIME.

CLIMATE NORMAL PERIOD 1981 TO 2010
CLIMATE RECORD PERIOD 1947 TO 2017


WEATHER ITEM   OBSERVED TIME   RECORD YEAR NORMAL DEPARTURE LAST
                VALUE   (LST)  VALUE       VALUE  FROM      YEAR
                                                  NORMAL
..................................................................
TEMPERATURE (F)
 TODAY
  MAXIMUM         62        MM  84    2003  58      4       71
  MINIMUM         24        MM  15    1966  29     -5       28
  AVERAGE         43                        43      0       50

PRECIPITATION (IN)
  TODAY            0.00          0.27 1975   0.01  -0.01     0.00
  MONTH TO DATE    0.23                      0.56  -0.33     2.26
  SINCE SEP 1      2.30                      1.41   0.89     4.23
  SINCE JAN 1      7.80                      6.86   0.94     8.70

DEGREE DAYS
 HEATING
  TODAY           22                        22      0       15
  MONTH TO DATE  443                       390     53      348
  SINCE SEP 1    711                       611    100      533
  SINCE JUL 1    712                       647     65      564

 COOLING
  TODAY            0                         0      0        0
  MONTH TO DATE    0                         0      0        0
  SINCE SEP 1     52                        29     23       25
  SINCE JAN 1    588                       535     53      690
..................................................................


WIND (MPH)
  HIGHEST WIND SPEED    12   HIGHEST WIND DIRECTION     S (170)
  HIGHEST GUST SPEED    MM   HIGHEST GUST DIRECTION    MM
  AVERAGE WIND SPEED     3.6


SKY COVER
  POSSIBLE SUNSHINE  MM
  AVERAGE SKY COVER 0.0


WEATHER CONDITIONS
 THE FOLLOWING WEATHER WAS RECORDED TODAY.
  NO SIGNIFICANT WEATHER WAS OBSERVED.


RELATIVE HUMIDITY (PERCENT)
 HIGHEST    75           300 AM
 LOWEST     32           300 PM
 AVERAGE    54

..........................................................


THE WORLAND WY CLIMATE NORMALS FOR TOMORROW
                         NORMAL    RECORD    YEAR
 MAXIMUM TEMPERATURE (F)   58        77      1969
 MINIMUM TEMPERATURE (F)   28        17      1984


SUNRISE AND SUNSET
OCTOBER 22 2017.......SUNRISE   736 AM MDT   SUNSET   616 PM MDT
OCTOBER 23 2017.......SUNRISE   737 AM MDT   SUNSET   615 PM MDT


-  INDICATES NEGATIVE NUMBERS.
R  INDICATES RECORD WAS SET OR TIED.
MM INDICATES DATA IS MISSING.
T  INDICATES TRACE AMOUNT.




$$
