000
CDUS45 KRIW 280031
CLIWRL


CLIMATE REPORT
NATIONAL WEATHER SERVICE RIVERTON WY
529 PM MST SAT DEC 27 2014


...................................

...THE WORLAND WY CLIMATE SUMMARY FOR DECEMBER 27 2014...
VALID TODAY AS OF 0500 PM LOCAL TIME.

CLIMATE NORMAL PERIOD 1981 TO 2010
CLIMATE RECORD PERIOD 1947 TO 2014


WEATHER ITEM   OBSERVED TIME   RECORD YEAR NORMAL DEPARTURE LAST
                VALUE   (LST)  VALUE       VALUE  FROM      YEAR
                                                  NORMAL
..................................................................
TEMPERATURE (F)
 TODAY
  MAXIMUM          7        MM  60    1980  29    -22       36
  MINIMUM         -9        MM -17    1988   3    -12        7
  AVERAGE         -1                        16    -17       22

PRECIPITATION (IN)
  TODAY            T             0.06 1982   0.01  -0.01     0.00
                                      1982
                                      2012
  MONTH TO DATE    0.67                      0.20   0.47     0.11
  SINCE DEC 1      0.67                      0.20   0.47     0.11
  SINCE JAN 1      8.23                      7.54   0.69     7.85

DEGREE DAYS
 HEATING
  TODAY           66                        49     17       43
  MONTH TO DATE 1165                      1274   -109     1381
  SINCE DEC 1   1165                      1274   -109     1381
  SINCE JUL 1   3081                      3166    -85     3237

 COOLING
  TODAY            0                         0      0        0
  MONTH TO DATE    0                         0      0        0
  SINCE DEC 1      0                         0      0        0
  SINCE JAN 1    543                       535      8      852
..................................................................


WIND (MPH)
  HIGHEST WIND SPEED     8   HIGHEST WIND DIRECTION     S (180)
  HIGHEST GUST SPEED    MM   HIGHEST GUST DIRECTION    MM
  AVERAGE WIND SPEED     2.8


SKY COVER
  POSSIBLE SUNSHINE  MM
  AVERAGE SKY COVER 0.4


WEATHER CONDITIONS
 THE FOLLOWING WEATHER WAS RECORDED TODAY.
  LIGHT SNOW
  FOG
  FOG W/VISIBILITY <= 1/4 MILE


RELATIVE HUMIDITY (PERCENT)
 HIGHEST   100          1100 AM
 LOWEST     80           200 PM
 AVERAGE    90

..........................................................


THE WORLAND WY CLIMATE NORMALS FOR TOMORROW
                         NORMAL    RECORD    YEAR
 MAXIMUM TEMPERATURE (F)   29        57      1980
 MINIMUM TEMPERATURE (F)    3       -25      1983


SUNRISE AND SUNSET
DECEMBER 27 2014......SUNRISE   746 AM MST   SUNSET   440 PM MST
DECEMBER 28 2014......SUNRISE   746 AM MST   SUNSET   441 PM MST


-  INDICATES NEGATIVE NUMBERS.
R  INDICATES RECORD WAS SET OR TIED.
MM INDICATES DATA IS MISSING.
T  INDICATES TRACE AMOUNT.




$$
