000
CDUS45 KRIW 220739
CLIWRL


CLIMATE REPORT
NATIONAL WEATHER SERVICE RIVERTON WY
129 AM MDT FRI AUG 22 2014


...................................

...THE WORLAND WY CLIMATE SUMMARY FOR AUGUST 21 2014...

CLIMATE NORMAL PERIOD 1981 TO 2010
CLIMATE RECORD PERIOD 1947 TO 2014


WEATHER ITEM   OBSERVED TIME   RECORD YEAR NORMAL DEPARTURE LAST
                VALUE   (LST)  VALUE       VALUE  FROM      YEAR
                                                  NORMAL
..................................................................
TEMPERATURE (F)
 YESTERDAY
  MAXIMUM         76    148 PM  99    1969  87    -11       78
  MINIMUM         52    527 AM  41    1974  52      0       61
  AVERAGE         64                        69     -5       70

PRECIPITATION (IN)
  YESTERDAY        0.00          0.59 1965   0.01  -0.01     0.06
  MONTH TO DATE    0.28                      0.29  -0.01     0.13
  SINCE JUN 1      2.15                      2.15   0.00     0.52
  SINCE JAN 1      4.36                      5.31  -0.95     3.21

DEGREE DAYS
 HEATING
  YESTERDAY        1                         1      0        0
  MONTH TO DATE    1                         5     -4        0
  SINCE JUN 1     92                       111    -19       45
  SINCE JUL 1      2                        18    -16        0

 COOLING
  YESTERDAY        0                         5     -5        5
  MONTH TO DATE  162                       142     20      172
  SINCE JUN 1    470                       455     15      638
  SINCE JAN 1    500                       467     33      655
..................................................................


WIND (MPH)
  HIGHEST WIND SPEED    22   HIGHEST WIND DIRECTION     N (340)
  HIGHEST GUST SPEED    28   HIGHEST GUST DIRECTION    NW (330)
  AVERAGE WIND SPEED     6.7


SKY COVER
  POSSIBLE SUNSHINE  MM
  AVERAGE SKY COVER 0.2


WEATHER CONDITIONS
 THE FOLLOWING WEATHER WAS RECORDED YESTERDAY.
  NO SIGNIFICANT WEATHER WAS OBSERVED.


RELATIVE HUMIDITY (PERCENT)
 HIGHEST    77           200 AM
 LOWEST     38          1200 PM
 AVERAGE    58

..........................................................


THE WORLAND WY CLIMATE NORMALS FOR TODAY
                         NORMAL    RECORD    YEAR
 MAXIMUM TEMPERATURE (F)   86       100      2010
                                             2003
                                             1976
 MINIMUM TEMPERATURE (F)   52        37      1966


SUNRISE AND SUNSET
AUGUST 22 2014........SUNRISE   624 AM MDT   SUNSET   805 PM MDT
AUGUST 23 2014........SUNRISE   625 AM MDT   SUNSET   803 PM MDT


-  INDICATES NEGATIVE NUMBERS.
R  INDICATES RECORD WAS SET OR TIED.
MM INDICATES DATA IS MISSING.
T  INDICATES TRACE AMOUNT.




$$
