000
CDUS45 KRIW 010735
CLIWRL


CLIMATE REPORT
NATIONAL WEATHER SERVICE RIVERTON WY
135 AM MDT TUE SEP 1 2015


...................................

...THE WORLAND WY CLIMATE SUMMARY FOR AUGUST 31 2015...

CLIMATE NORMAL PERIOD 1981 TO 2010
CLIMATE RECORD PERIOD 1947 TO 2015


WEATHER ITEM   OBSERVED TIME   RECORD YEAR NORMAL DEPARTURE LAST
                VALUE   (LST)  VALUE       VALUE  FROM      YEAR
                                                  NORMAL
..................................................................
TEMPERATURE (F)
 YESTERDAY
  MAXIMUM         90    330 PM 100    1991  83      7       72
  MINIMUM         46    543 AM  36    1993  49     -3       49
  AVERAGE         68                        66      2       61

PRECIPITATION (IN)
  YESTERDAY        0.00          0.65 1963   0.02  -0.02      T
  MONTH TO DATE    0.47                      0.43   0.04     1.51
  SINCE JUN 1      1.94                      2.29  -0.35     3.38
  SINCE JAN 1      6.12                      5.45   0.67     5.59

DEGREE DAYS
 HEATING
  YESTERDAY        0                         2     -2        4
  MONTH TO DATE   30                        20     10       33
  SINCE JUN 1     41                       129    -88      124
  SINCE JUL 1     37                        36      1       34

 COOLING
  YESTERDAY        3                         3      0        0
  MONTH TO DATE  197                       181     16      171
  SINCE JUN 1    574                       494     80      479
  SINCE JAN 1    576                       506     70      509
..................................................................


WIND (MPH)
  HIGHEST WIND SPEED    13   HIGHEST WIND DIRECTION     N (20)
  HIGHEST GUST SPEED    16   HIGHEST GUST DIRECTION    NE (30)
  AVERAGE WIND SPEED     5.5


SKY COVER
  POSSIBLE SUNSHINE  MM
  AVERAGE SKY COVER 0.0


WEATHER CONDITIONS
 THE FOLLOWING WEATHER WAS RECORDED YESTERDAY.
  NO SIGNIFICANT WEATHER WAS OBSERVED.


RELATIVE HUMIDITY (PERCENT)
 HIGHEST    71           600 AM
 LOWEST     10           300 PM
 AVERAGE    41

..........................................................


THE WORLAND WY CLIMATE NORMALS FOR TODAY
                         NORMAL    RECORD    YEAR
 MAXIMUM TEMPERATURE (F)   82       100      1983
 MINIMUM TEMPERATURE (F)   49        36      1965


SUNRISE AND SUNSET
SEPTEMBER  1 2015.....SUNRISE   635 AM MDT   SUNSET   748 PM MDT
SEPTEMBER  2 2015.....SUNRISE   636 AM MDT   SUNSET   746 PM MDT


-  INDICATES NEGATIVE NUMBERS.
R  INDICATES RECORD WAS SET OR TIED.
MM INDICATES DATA IS MISSING.
T  INDICATES TRACE AMOUNT.




$$
