000
CDUS45 KRIW 240028
CLIWRL


CLIMATE REPORT
NATIONAL WEATHER SERVICE RIVERTON WY
527 PM MST TUE JAN 23 2018


...................................

...THE WORLAND WY CLIMATE SUMMARY FOR JANUARY 23 2018...
VALID TODAY AS OF 0500 PM LOCAL TIME.

CLIMATE NORMAL PERIOD 1981 TO 2010
CLIMATE RECORD PERIOD 1947 TO 2018


WEATHER ITEM   OBSERVED TIME   RECORD YEAR NORMAL DEPARTURE LAST
                VALUE   (LST)  VALUE       VALUE  FROM      YEAR
                                                  NORMAL
..................................................................
TEMPERATURE (F)
 TODAY
  MAXIMUM         30        MM  58    1981  31     -1       31
  MINIMUM         -5        MM -28    1963   4     -9       13
  AVERAGE         13                        18     -5       22

PRECIPITATION (IN)
  TODAY            0.00          0.17 2010   0.00   0.00     0.04
  MONTH TO DATE    0.14                      0.17  -0.03     0.08
  SINCE DEC 1      0.58                      0.40   0.18     0.27
  SINCE JAN 1      0.14                      0.17  -0.03     0.08

DEGREE DAYS
 HEATING
  TODAY           52                        47      5       43
  MONTH TO DATE 1143                      1112     31     1157
  SINCE DEC 1   2595                      2583     12     2814
  SINCE JUL 1   4514                      4475     39     4353

 COOLING
  TODAY            0                         0      0        0
  MONTH TO DATE    0                         0      0        0
  SINCE DEC 1      0                         0      0        0
  SINCE JAN 1      0                         0      0        0
..................................................................


WIND (MPH)
  HIGHEST WIND SPEED    10   HIGHEST WIND DIRECTION    SE (130)
  HIGHEST GUST SPEED    MM   HIGHEST GUST DIRECTION    MM
  AVERAGE WIND SPEED     4.0


SKY COVER
  POSSIBLE SUNSHINE  MM
  AVERAGE SKY COVER 0.0


WEATHER CONDITIONS
 THE FOLLOWING WEATHER WAS RECORDED TODAY.
  NO SIGNIFICANT WEATHER WAS OBSERVED.


RELATIVE HUMIDITY (PERCENT)
 HIGHEST    95           600 AM
 LOWEST     53           200 PM
 AVERAGE    74

..........................................................


THE WORLAND WY CLIMATE NORMALS FOR TOMORROW
                         NORMAL    RECORD    YEAR
 MAXIMUM TEMPERATURE (F)   31        59      2005
 MINIMUM TEMPERATURE (F)    4       -17      2008


SUNRISE AND SUNSET
JANUARY 23 2018.......SUNRISE   738 AM MST   SUNSET   510 PM MST
JANUARY 24 2018.......SUNRISE   737 AM MST   SUNSET   511 PM MST


-  INDICATES NEGATIVE NUMBERS.
R  INDICATES RECORD WAS SET OR TIED.
MM INDICATES DATA IS MISSING.
T  INDICATES TRACE AMOUNT.




$$
