000
CDUS45 KRIW 270739
CLIWRL


CLIMATE REPORT
NATIONAL WEATHER SERVICE RIVERTON WY
1239 AM MST TUE JAN 27 2015


...................................

...THE WORLAND WY CLIMATE SUMMARY FOR JANUARY 26 2015...

CLIMATE NORMAL PERIOD 1981 TO 2010
CLIMATE RECORD PERIOD 1947 TO 2015


WEATHER ITEM   OBSERVED TIME   RECORD YEAR NORMAL DEPARTURE LAST
                VALUE   (LST)  VALUE       VALUE  FROM      YEAR
                                                  NORMAL
..................................................................
TEMPERATURE (F)
 YESTERDAY
  MAXIMUM         37    226 PM  55    1982  32      5       35
  MINIMUM         12    817 AM -23    2009   5      7       13
  AVERAGE         25                        18      7       24

PRECIPITATION (IN)
  YESTERDAY        0.00          0.28 2003   0.00   0.00     0.00
  MONTH TO DATE    0.11                      0.19  -0.08     0.19
  SINCE DEC 1      0.81                      0.42   0.39     0.31
  SINCE JAN 1      0.11                      0.19  -0.08     0.19

DEGREE DAYS
 HEATING
  YESTERDAY       40                        47     -7       41
  MONTH TO DATE 1352                      1253     99     1226
  SINCE DEC 1   2806                      2724     82     2788
  SINCE JUL 1   4722                      4616    106     4644

 COOLING
  YESTERDAY        0                         0      0        0
  MONTH TO DATE    0                         0      0        0
  SINCE DEC 1      0                         0      0        0
  SINCE JAN 1      0                         0      0        0
..................................................................


WIND (MPH)
  HIGHEST WIND SPEED    10   HIGHEST WIND DIRECTION     S (190)
  HIGHEST GUST SPEED    12   HIGHEST GUST DIRECTION    SW (220)
  AVERAGE WIND SPEED     3.6


SKY COVER
  POSSIBLE SUNSHINE  MM
  AVERAGE SKY COVER 0.0


WEATHER CONDITIONS
 THE FOLLOWING WEATHER WAS RECORDED YESTERDAY.
  NO SIGNIFICANT WEATHER WAS OBSERVED.


RELATIVE HUMIDITY (PERCENT)
 HIGHEST    96           700 AM
 LOWEST     75          1100 AM
 AVERAGE    86

..........................................................


THE WORLAND WY CLIMATE NORMALS FOR TODAY
                         NORMAL    RECORD    YEAR
 MAXIMUM TEMPERATURE (F)   32        52      1971
 MINIMUM TEMPERATURE (F)    5       -24      2009


SUNRISE AND SUNSET
JANUARY 27 2015.......SUNRISE   734 AM MST   SUNSET   515 PM MST
JANUARY 28 2015.......SUNRISE   733 AM MST   SUNSET   517 PM MST


-  INDICATES NEGATIVE NUMBERS.
R  INDICATES RECORD WAS SET OR TIED.
MM INDICATES DATA IS MISSING.
T  INDICATES TRACE AMOUNT.




$$
