000
CDUS45 KRIW 260739
CLIWRL


CLIMATE REPORT
NATIONAL WEATHER SERVICE RIVERTON WY
135 AM MDT FRI MAY 26 2017


...................................

...THE WORLAND WY CLIMATE SUMMARY FOR MAY 25 2017...

CLIMATE NORMAL PERIOD 1981 TO 2010
CLIMATE RECORD PERIOD 1947 TO 2017


WEATHER ITEM   OBSERVED TIME   RECORD YEAR NORMAL DEPARTURE LAST
                VALUE   (LST)  VALUE       VALUE  FROM      YEAR
                                                  NORMAL
..................................................................
TEMPERATURE (F)
 YESTERDAY
  MAXIMUM         62    335 PM  89    2003  73    -11       63
  MINIMUM         49    602 AM  34    2012  44      5       44
                                      1975
  AVERAGE         56                        58     -2       54

PRECIPITATION (IN)
  YESTERDAY        0.00          0.60 1962   0.05  -0.05     0.07
  MONTH TO DATE    0.84                      1.13  -0.29     1.36
  SINCE MAR 1      4.32                      2.45   1.87     3.67
  SINCE JAN 1      4.72                      2.87   1.85     3.70

DEGREE DAYS
 HEATING
  YESTERDAY        9                         7      2       11
  MONTH TO DATE  252                       269    -17      273
  SINCE MAR 1   1491                      1735   -244     1566
  SINCE JUL 1   7366                      7736   -370     6951

 COOLING
  YESTERDAY        0                         0      0        0
  MONTH TO DATE    0                         0      0        2
  SINCE MAR 1      0                         1     -1        2
  SINCE JAN 1      0                         1     -1        2
..................................................................


WIND (MPH)
  HIGHEST WIND SPEED    26   HIGHEST WIND DIRECTION     N (350)
  HIGHEST GUST SPEED    36   HIGHEST GUST DIRECTION     N (350)
  AVERAGE WIND SPEED    12.8


SKY COVER
  POSSIBLE SUNSHINE  MM
  AVERAGE SKY COVER 0.2


WEATHER CONDITIONS
 THE FOLLOWING WEATHER WAS RECORDED YESTERDAY.
  NO SIGNIFICANT WEATHER WAS OBSERVED.


RELATIVE HUMIDITY (PERCENT)
 HIGHEST    48          1100 PM
 LOWEST     25           900 AM
 AVERAGE    37

..........................................................


THE WORLAND WY CLIMATE NORMALS FOR TODAY
                         NORMAL    RECORD    YEAR
 MAXIMUM TEMPERATURE (F)   73        93      1969
 MINIMUM TEMPERATURE (F)   44        32      1975


SUNRISE AND SUNSET
MAY 26 2017...........SUNRISE   536 AM MDT   SUNSET   843 PM MDT
MAY 27 2017...........SUNRISE   535 AM MDT   SUNSET   844 PM MDT


-  INDICATES NEGATIVE NUMBERS.
R  INDICATES RECORD WAS SET OR TIED.
MM INDICATES DATA IS MISSING.
T  INDICATES TRACE AMOUNT.




$$
