000
CDUS45 KRIW 230729
CLIWRL


CLIMATE REPORT
NATIONAL WEATHER SERVICE RIVERTON WY
128 AM MDT SUN APR 23 2017


...................................

...THE WORLAND WY CLIMATE SUMMARY FOR APRIL 22 2017...

CLIMATE NORMAL PERIOD 1981 TO 2010
CLIMATE RECORD PERIOD 1947 TO 2017


WEATHER ITEM   OBSERVED TIME   RECORD YEAR NORMAL DEPARTURE LAST
                VALUE   (LST)  VALUE       VALUE  FROM      YEAR
                                                  NORMAL
..................................................................
TEMPERATURE (F)
 YESTERDAY
  MAXIMUM         58    549 PM  87    1986  62     -4       81
  MINIMUM         40    614 AM  14    2013  33      7       41
  AVERAGE         49                        48      1       61

PRECIPITATION (IN)
  YESTERDAY        0.02          0.42 2013   0.04  -0.02     0.00
  MONTH TO DATE    2.03                      0.53   1.50     0.38
  SINCE MAR 1      3.01                      0.99   2.02     1.35
  SINCE JAN 1      3.41                      1.41   2.00     1.38

DEGREE DAYS
 HEATING
  YESTERDAY       16                        18     -2        4
  MONTH TO DATE  407                       452    -45      344
  SINCE MAR 1   1077                      1337   -260     1137
  SINCE JUL 1   6952                      7338   -386     6522

 COOLING
  YESTERDAY        0                         0      0        0
  MONTH TO DATE    0                         0      0        0
  SINCE MAR 1      0                         0      0        0
  SINCE JAN 1      0                         0      0        0
..................................................................


WIND (MPH)
  HIGHEST WIND SPEED    15   HIGHEST WIND DIRECTION    SE (140)
  HIGHEST GUST SPEED    22   HIGHEST GUST DIRECTION     S (190)
  AVERAGE WIND SPEED     5.8


SKY COVER
  POSSIBLE SUNSHINE  MM
  AVERAGE SKY COVER 0.6


WEATHER CONDITIONS
 THE FOLLOWING WEATHER WAS RECORDED YESTERDAY.
  LIGHT RAIN


RELATIVE HUMIDITY (PERCENT)
 HIGHEST   100          1200 AM
 LOWEST     43           500 PM
 AVERAGE    72

..........................................................


THE WORLAND WY CLIMATE NORMALS FOR TODAY
                         NORMAL    RECORD    YEAR
 MAXIMUM TEMPERATURE (F)   62        88      2012
 MINIMUM TEMPERATURE (F)   33         4      2013


SUNRISE AND SUNSET
APRIL 23 2017.........SUNRISE   615 AM MDT   SUNSET   806 PM MDT
APRIL 24 2017.........SUNRISE   613 AM MDT   SUNSET   807 PM MDT


-  INDICATES NEGATIVE NUMBERS.
R  INDICATES RECORD WAS SET OR TIED.
MM INDICATES DATA IS MISSING.
T  INDICATES TRACE AMOUNT.




$$
