418
CDAK47 PAYA 100903
CLIYAK

CLIMATE REPORT
NATIONAL WEATHER SERVICE YAKUTAT, AK
1203 AM AKST WED FEB 10 2016

...................................
...THE YAKUTAT AP CLIMATE SUMMARY FOR FEBRUARY 9 2016...

CLIMATE NORMAL PERIOD  1981 TO  2010
CLIMATE RECORD PERIOD  1948 TO  2016

WEATHER ITEM   OBSERVED TIME    RECORD YEAR NORMAL DEPARTURE LAST
               VALUE    (LST)   VALUE       VALUE  FROM      YEAR
                                                   NORMAL
...................................................................
TEMPERATURE
YESTERDAY
 MAXIMUM            46  1158 PM    47  2012     36      10     27
 MINIMUM            32  0755 PM    -2  1969     23       9     17
 AVERAGE            39                          29      10     22

PRECIPITATION
(INCHES)
 YESTERDAY        0.00           2.58  2013   0.39   -0.39   0.12
 MONTH TO DATE    2.84                        3.40   -0.56   0.18
 SINCE DEC 1     27.21                       33.34   -6.13  26.25
 SINCE JAN 1     17.26                       17.06    0.20  14.20

SNOWFALL
(INCHES)
 YESTERDAY         0.0            9.5  1984    1.1    -1.1    1.4
 MONTH TO DATE     1.1                         9.7    -8.6    4.0
 SINCE DEC 1      25.3                        64.0   -38.7    7.5
 SINCE JUL 1      48.1                        84.7   -36.6   12.8
 SNOW DEPTH (IN)     1                                          3

DEGREE DAYS
 HEATING
  YESTERDAY         26                          36     -10     43
  MONTH TO DATE    262                         324     -62    376
  SINCE DEC 1     2176                        2565    -389   2252
  SINCE JUL 1     4797                        5463    -666   4932

 COOLING
  YESTERDAY          0                           0       0      0
  MONTH TO DATE      0                           0       0      0
  SINCE DEC 1        0                           0       0      0
  SINCE JAN 1        0                           0       0      0
...................................................................

WIND (MPH)
 HIGHEST WIND SPEED    18     HIGHEST WIND DIRECTION     70
 HIGHEST GUST SPEED    24     HIGHEST GUST DIRECTION     80
 AVERAGE WIND SPEED   4.4

SKY COVER
  POSSIBLE SUNSHINE    MM          AVERAGE SKY COVER     MM

WEATHER CONDITIONS
 THE FOLLOWING WEATHER WAS RECORDED YESTERDAY.
  FOG


RELATIVE HUMIDITY
 HIGHEST RH     MM PERCENT       MM
 LOWEST  RH     MM PERCENT       MM
 AVERAGE RH     MM PERCENT       MM
...................................................................

THE YAKUTAT CLIMATE NORMALS FOR TODAY
                           NORMAL    RECORD   YEAR
 MAXIMUM TEMPERATURE (F)     36        47     2006
 MINIMUM TEMPERATURE (F)     23       -10     1979

SUNRISE AND SUNSET
 FEB 10 2016..........SUNRISE  8:09 AM      SUNSET  4:59 PM
 FEB 11 2016..........SUNRISE  8:07 AM      SUNSET  5:01 PM

-  INDICATES NEGATIVE NUMBERS.
R  INDICATES RECORD HAS BEEN SET OR TIED.
MM INDICATES DATA IS MISSING.
T  INDICATES TRACE OF PRECIPITATION.

&&
-------------------------------------------------------------------

AMOUNT OF DAYLIGHT TODAY  (HOUR:MIN)........8 HOURS 50 MINUTES
GAIN/LOSS SINCE YESTERDAY (HOUR:MIN:SEC)....+0:05:06

$$
*** FEB 16
