347
CDAK47 PAYA 310906
CLIYAK

CLIMATE REPORT
NATIONAL WEATHER SERVICE YAKUTAT, AK
106 AM AKDT TUE MAY 31 2016

...................................
...THE YAKUTAT AP CLIMATE SUMMARY FOR MAY 30 2016...

CLIMATE NORMAL PERIOD  1981 TO  2010
CLIMATE RECORD PERIOD  1948 TO  2016

WEATHER ITEM   OBSERVED TIME    RECORD YEAR NORMAL DEPARTURE LAST
               VALUE    (LST)   VALUE       VALUE  FROM      YEAR
                                                   NORMAL
...................................................................
TEMPERATURE
YESTERDAY
 MAXIMUM            55  0126 PM    77  1964     55       0     58
 MINIMUM            49  1159 PM    32  1962     41       8     43
 AVERAGE            52                          48       4     51

PRECIPITATION
(INCHES)
 YESTERDAY        0.01           2.86  2007   0.24   -0.23   0.00
 MONTH TO DATE    6.74                        7.96   -1.22   1.62
 SINCE MAR 1     26.27                       28.19   -1.92  26.21
 SINCE JAN 1     51.56                       52.71   -1.15  50.58

SNOWFALL
(INCHES)
 YESTERDAY         0.0            0.0  2016    0.0     0.0    0.0
 MONTH TO DATE     0.0                         0.4    -0.4    0.0
 SINCE MAR 1       0.7                        37.8   -37.1   34.3
 SINCE JUL 1      49.9                       140.0   -90.1   47.1
 SNOW DEPTH (IN)     0                                          0

DEGREE DAYS
 HEATING
  YESTERDAY         13                          17      -4     14
  MONTH TO DATE    485                         611    -126    520
  SINCE MAR 1     1950                        2449    -499   2216
  SINCE JUL 1     7288                        8578   -1290   7648

 COOLING
  YESTERDAY          0                           0       0      0
  MONTH TO DATE      0                           0       0      0
  SINCE MAR 1        0                           0       0      0
  SINCE JAN 1        0                           0       0      0
...................................................................

WIND (MPH)
 HIGHEST WIND SPEED    14     HIGHEST WIND DIRECTION    170
 HIGHEST GUST SPEED    22     HIGHEST GUST DIRECTION    180
 AVERAGE WIND SPEED   5.3

SKY COVER
  POSSIBLE SUNSHINE    MM          AVERAGE SKY COVER     MM

WEATHER CONDITIONS
 THE FOLLOWING WEATHER WAS RECORDED YESTERDAY.
  FOG
RAIN


RELATIVE HUMIDITY
 HIGHEST RH     MM PERCENT       MM
 LOWEST  RH     MM PERCENT       MM
 AVERAGE RH     MM PERCENT       MM
...................................................................

THE YAKUTAT CLIMATE NORMALS FOR TODAY
                           NORMAL    RECORD   YEAR
 MAXIMUM TEMPERATURE (F)     55        67     1964
 MINIMUM TEMPERATURE (F)     41        30     1966

SUNRISE AND SUNSET
 MAY 31 2016..........SUNRISE  4:13 AM      SUNSET 10:22 PM
 JUN 1 2016..........SUNRISE  4:12 AM      SUNSET 10:23 PM

-  INDICATES NEGATIVE NUMBERS.
R  INDICATES RECORD HAS BEEN SET OR TIED.
MM INDICATES DATA IS MISSING.
T  INDICATES TRACE OF PRECIPITATION.

&&
-------------------------------------------------------------------

AMOUNT OF DAYLIGHT TODAY  (HOUR:MIN)........18 HOURS 9 MINUTES
GAIN/LOSS SINCE YESTERDAY (HOUR:MIN:SEC)....+0:03:09

$$
*** MAY 16
