000
CDAK47 PAYA 300906
CLIYAK

CLIMATE REPORT
NATIONAL WEATHER SERVICE YAKUTAT, AK
1206 AM AKST FRI JAN 30 2015

...................................
...THE YAKUTAT AP CLIMATE SUMMARY FOR JANUARY 29 2015...

CLIMATE NORMAL PERIOD  1981 TO  2010
CLIMATE RECORD PERIOD  1948 TO  2015

WEATHER ITEM   OBSERVED TIME    RECORD YEAR NORMAL DEPARTURE LAST
               VALUE    (LST)   VALUE       VALUE  FROM      YEAR
                                                   NORMAL
...................................................................
TEMPERATURE
YESTERDAY
 MAXIMUM            35  1201 AM    44  1994     34       1     39
 MINIMUM            32  0159 PM   -11  1966     22      10     33
 AVERAGE            34                          28       6     36

PRECIPITATION
(INCHES)
 YESTERDAY        0.19           2.17  1993   0.40   -0.21   0.00
 MONTH TO DATE   13.92                       12.88    1.04  24.98
 SINCE DEC 1     25.97                       29.16   -3.19  34.66
 SINCE JAN 1     13.92                       12.88    1.04  24.98

SNOWFALL
(INCHES)
 YESTERDAY         0.2            9.6  2006    0.9    -0.7    0.0
 MONTH TO DATE     1.7                        28.9   -27.2   21.4
 SINCE DEC 1       3.5                        52.1   -48.6   58.1
 SINCE JUL 1       8.8                        72.8   -64.0   67.3
 SNOW DEPTH (IN)     1                                          0

DEGREE DAYS
 HEATING
  YESTERDAY         31                          37      -6     29
  MONTH TO DATE    842                        1072    -230    821
  SINCE DEC 1     1807                        2168    -361   1981
  SINCE JUL 1     4487                        5066    -579   4591

 COOLING
  YESTERDAY          0                           0       0      0
  MONTH TO DATE      0                           0       0      0
  SINCE DEC 1        0                           0       0      0
  SINCE JAN 1        0                           0       0      0
...................................................................

WIND (MPH)
 HIGHEST WIND SPEED     8     HIGHEST WIND DIRECTION     90
 HIGHEST GUST SPEED    11     HIGHEST GUST DIRECTION     80
 AVERAGE WIND SPEED   4.6

SKY COVER
  POSSIBLE SUNSHINE    MM          AVERAGE SKY COVER     MM

WEATHER CONDITIONS
 THE FOLLOWING WEATHER WAS RECORDED YESTERDAY.
  FOG
RAIN
SNOW


RELATIVE HUMIDITY
 HIGHEST RH     MM PERCENT       MM
 LOWEST  RH     MM PERCENT       MM
 AVERAGE RH     MM PERCENT       MM
...................................................................

THE YAKUTAT CLIMATE NORMALS FOR TODAY
                           NORMAL    RECORD   YEAR
 MAXIMUM TEMPERATURE (F)     35        45     1960
 MINIMUM TEMPERATURE (F)     22       -11     1974

SUNRISE AND SUNSET
 JAN 30 2015..........SUNRISE  8:35 AM      SUNSET  4:31 PM
 JAN 31 2015..........SUNRISE  8:33 AM      SUNSET  4:33 PM

-  INDICATES NEGATIVE NUMBERS.
R  INDICATES RECORD HAS BEEN SET OR TIED.
MM INDICATES DATA IS MISSING.
T  INDICATES TRACE OF PRECIPITATION.

&&
-------------------------------------------------------------------

AMOUNT OF DAYLIGHT TODAY  (HOUR:MIN)........7 HOURS 56 MINUTES
GAIN/LOSS SINCE YESTERDAY (HOUR:MIN:SEC)....+0:04:44

$$
DC JAN 15
