000
CDAK47 PAYA 310905
CLIYAK

CLIMATE REPORT
NATIONAL WEATHER SERVICE YAKUTAT, AK
106 AM AKDT FRI JUL 31 2015

...................................
...THE YAKUTAT AP CLIMATE SUMMARY FOR JULY 30 2015...

CLIMATE NORMAL PERIOD  1981 TO  2010
CLIMATE RECORD PERIOD  1948 TO  2015

WEATHER ITEM   OBSERVED TIME    RECORD YEAR NORMAL DEPARTURE LAST
               VALUE    (LST)   VALUE       VALUE  FROM      YEAR
                                                   NORMAL
...................................................................
TEMPERATURE
YESTERDAY
 MAXIMUM            61  1043 AM    71  1978     61       0     61
 MINIMUM            47  0126 AM    39  1998     50      -3     46
 AVERAGE            54                          55      -1     54

PRECIPITATION
(INCHES)
 YESTERDAY        0.11           3.61  1989   0.34   -0.23   0.01
 MONTH TO DATE   11.81                        7.52    4.29   6.42
 SINCE JUN 1     20.46                       13.91    6.55  16.52
 SINCE JAN 1     71.04                       66.87    4.17  55.63

SNOWFALL
(INCHES)
 YESTERDAY         0.0            0.0  2015    0.0     0.0    0.0
 MONTH TO DATE     0.0                         0.0     0.0    0.0
 SINCE JUN 1       0.0                         0.0     0.0    0.0
 SINCE JUL 1       0.0                         0.0     0.0    0.0
 SNOW DEPTH (IN)     0                                          0

DEGREE DAYS
 HEATING
  YESTERDAY         11                          10       1     11
  MONTH TO DATE    257                         322     -65    301
  SINCE JUN 1      591                         748    -157    747
  SINCE JUL 1      257                         322     -65    301

 COOLING
  YESTERDAY          0                           0       0      0
  MONTH TO DATE      0                           0       0      0
  SINCE JUN 1        0                           0       0      0
  SINCE JAN 1        0                           0       0      0
...................................................................

WIND (MPH)
 HIGHEST WIND SPEED     8     HIGHEST WIND DIRECTION    170
 HIGHEST GUST SPEED    11     HIGHEST GUST DIRECTION    130
 AVERAGE WIND SPEED   2.5

SKY COVER
  POSSIBLE SUNSHINE    MM          AVERAGE SKY COVER     MM

WEATHER CONDITIONS
 THE FOLLOWING WEATHER WAS RECORDED YESTERDAY.
  FOG
RAIN


RELATIVE HUMIDITY
 HIGHEST RH     MM PERCENT       MM
 LOWEST  RH     MM PERCENT       MM
 AVERAGE RH     MM PERCENT       MM
...................................................................

THE YAKUTAT CLIMATE NORMALS FOR TODAY
                           NORMAL    RECORD   YEAR
 MAXIMUM TEMPERATURE (F)     61        77     1976
 MINIMUM TEMPERATURE (F)     50        40     1988

SUNRISE AND SUNSET
 JUL 31 2015..........SUNRISE  5:01 AM      SUNSET  9:49 PM
 AUG 1 2015..........SUNRISE  5:03 AM      SUNSET  9:46 PM

-  INDICATES NEGATIVE NUMBERS.
R  INDICATES RECORD HAS BEEN SET OR TIED.
MM INDICATES DATA IS MISSING.
T  INDICATES TRACE OF PRECIPITATION.

&&
-------------------------------------------------------------------

AMOUNT OF DAYLIGHT TODAY  (HOUR:MIN)........16 HOURS 48 MINUTES
GAIN/LOSS SINCE YESTERDAY (HOUR:MIN:SEC)....-0:04:38

$$
DC JUL 15
