000
CDAK47 PAYA 030904
CLIYAK

CLIMATE REPORT
NATIONAL WEATHER SERVICE YAKUTAT, AK
104 AM AKDT TUE MAY 3 2016

...................................
...THE YAKUTAT AP CLIMATE SUMMARY FOR MAY 2 2016...

CLIMATE NORMAL PERIOD  1981 TO  2010
CLIMATE RECORD PERIOD  1948 TO  2016

WEATHER ITEM   OBSERVED TIME    RECORD YEAR NORMAL DEPARTURE LAST
               VALUE    (LST)   VALUE       VALUE  FROM      YEAR
                                                   NORMAL
...................................................................
TEMPERATURE
YESTERDAY
 MAXIMUM            48  1231 PM    73  2014     50      -2     50
 MINIMUM            40  1159 PM    22  1972     34       6     31
 AVERAGE            44                          42       2     41

PRECIPITATION
(INCHES)
 YESTERDAY        0.81           3.29  1965   0.29    0.52   0.07
 MONTH TO DATE    1.05                        0.58    0.47   0.09
 SINCE MAR 1     20.58                       20.81   -0.23  24.68
 SINCE JAN 1     45.87                       45.33    0.54  49.05

SNOWFALL
(INCHES)
 YESTERDAY         0.0            1.6  1968    0.0     0.0    0.0
 MONTH TO DATE     0.0                         0.1    -0.1    0.0
 SINCE MAR 1       0.7                        37.5   -36.8   34.3
 SINCE JUL 1      49.9                       139.7   -89.8   47.1
 SNOW DEPTH (IN)     0                                          0

DEGREE DAYS
 HEATING
  YESTERDAY         21                          23      -2     24
  MONTH TO DATE     41                          47      -6     49
  SINCE MAR 1     1506                        1885    -379   1745
  SINCE JUL 1     6844                        8014   -1170   7177

 COOLING
  YESTERDAY          0                           0       0      0
  MONTH TO DATE      0                           0       0      0
  SINCE MAR 1        0                           0       0      0
  SINCE JAN 1        0                           0       0      0
...................................................................

WIND (MPH)
 HIGHEST WIND SPEED    21     HIGHEST WIND DIRECTION    210
 HIGHEST GUST SPEED    27     HIGHEST GUST DIRECTION    200
 AVERAGE WIND SPEED   5.0

SKY COVER
  POSSIBLE SUNSHINE    MM          AVERAGE SKY COVER     MM

WEATHER CONDITIONS
 THE FOLLOWING WEATHER WAS RECORDED YESTERDAY.
  FOG
RAIN


RELATIVE HUMIDITY
 HIGHEST RH     MM PERCENT       MM
 LOWEST  RH     MM PERCENT       MM
 AVERAGE RH     MM PERCENT       MM
...................................................................

THE YAKUTAT CLIMATE NORMALS FOR TODAY
                           NORMAL    RECORD   YEAR
 MAXIMUM TEMPERATURE (F)     50        69     2014
 MINIMUM TEMPERATURE (F)     34        23     1968

SUNRISE AND SUNSET
 MAY 3 2016..........SUNRISE  5:12 AM      SUNSET  9:21 PM
 MAY 4 2016..........SUNRISE  5:10 AM      SUNSET  9:24 PM

-  INDICATES NEGATIVE NUMBERS.
R  INDICATES RECORD HAS BEEN SET OR TIED.
MM INDICATES DATA IS MISSING.
T  INDICATES TRACE OF PRECIPITATION.

&&
-------------------------------------------------------------------

AMOUNT OF DAYLIGHT TODAY  (HOUR:MIN)........16 HOURS 9 MINUTES
GAIN/LOSS SINCE YESTERDAY (HOUR:MIN:SEC)....+0:05:00

$$
*** MAY 16
