000
CDUS46 KPDT 260921
CLIYKM

CLIMATE REPORT
NATIONAL WEATHER SERVICE PENDLETON OR
221 AM PDT FRI MAY 26 2017


...................................

...THE YAKIMA WA CLIMATE SUMMARY FOR MAY 25 2017...

CLIMATE NORMAL PERIOD 1981 TO 2010
CLIMATE RECORD PERIOD 1946 TO 2017


WEATHER ITEM   OBSERVED TIME   RECORD YEAR NORMAL DEPARTURE LAST
                VALUE   (LST)  VALUE       VALUE  FROM      YEAR
                                                  NORMAL
..................................................................
TEMPERATURE (F)
 YESTERDAY
  MAXIMUM         77    401 PM  95    1947  75      2       80
  MINIMUM         42    435 AM  31    1984  45     -3       44
                                      1973
  AVERAGE         60                        60      0       62

PRECIPITATION (IN)
  YESTERDAY        0.00          0.26 1981   0.02  -0.02     0.00
  MONTH TO DATE    0.46                      0.45   0.01     0.64
  SINCE OCT 1     11.21                      6.66   4.55    10.10
  SINCE JAN 1      7.29                      3.54   3.75     5.45

SNOWFALL (IN)
  YESTERDAY        0.0           0.0  2002   0.0    0.0      0.0
                                      2001
                                      2000
  MONTH TO DATE    0.0                       0.0    0.0      0.0
  SINCE JAN 1     29.1                       8.6   20.5     12.5
  SINCE JUL 1     36.5                      21.6   14.9     31.4
  SNOW DEPTH       0

DEGREE DAYS
 HEATING
  YESTERDAY        5                         6     -1        3
  MONTH TO DATE  164                       227    -63       63
  SINCE MAR 1   1190                      1382   -192      818
  SINCE JUL 1   5619                      5909   -290     4568

 COOLING
  YESTERDAY        0                         1     -1        0
  MONTH TO DATE   22                        14      8       33
  SINCE MAR 1     22                        15      7       39
  SINCE JAN 1     22                        15      7       39
..................................................................


WIND (MPH)
  HIGHEST WIND SPEED    13   HIGHEST WIND DIRECTION    SE (140)
  HIGHEST GUST SPEED    17   HIGHEST GUST DIRECTION    SE (140)
  AVERAGE WIND SPEED     4.8


SKY COVER
  POSSIBLE SUNSHINE  MM
  AVERAGE SKY COVER 0.3


WEATHER CONDITIONS
 THE FOLLOWING WEATHER WAS RECORDED YESTERDAY.
  NO SIGNIFICANT WEATHER WAS OBSERVED.


RELATIVE HUMIDITY (PERCENT)
 HIGHEST    71          1100 PM
 LOWEST     29           100 PM
 AVERAGE    50

..........................................................


THE YAKIMA WA CLIMATE NORMALS FOR TODAY
                         NORMAL    RECORD    YEAR
 MAXIMUM TEMPERATURE (F)   75        98      1958
 MINIMUM TEMPERATURE (F)   45        31      1973


SUNRISE AND SUNSET
MAY 26 2017...........SUNRISE   517 AM PDT   SUNSET   842 PM PDT
MAY 27 2017...........SUNRISE   516 AM PDT   SUNSET   843 PM PDT


-  INDICATES NEGATIVE NUMBERS.
R  INDICATES RECORD WAS SET OR TIED.
MM INDICATES DATA IS MISSING.
T  INDICATES TRACE AMOUNT.

$$
