000
CDUS46 KPDT 110845
CLIYKM

CLIMATE REPORT
NATIONAL WEATHER SERVICE PENDLETON OR
143 AM PDT FRI JUL 11 2014


...................................

...THE YAKIMA WA CLIMATE SUMMARY FOR JULY 10 2014...

CLIMATE NORMAL PERIOD 1981 TO 2010
CLIMATE RECORD PERIOD 1946 TO 2014


WEATHER ITEM   OBSERVED TIME   RECORD YEAR NORMAL DEPARTURE LAST
                VALUE   (LST)  VALUE       VALUE  FROM      YEAR
                                                  NORMAL
..................................................................
TEMPERATURE (F)
 YESTERDAY
  MAXIMUM         98    324 PM 103    1975  87     11       99
  MINIMUM         62    505 AM  39    1972  53      9       59
  AVERAGE         80                        70     10       79

PRECIPITATION (IN)
  YESTERDAY        0.00          0.14 1947   0.01  -0.01     0.00
  MONTH TO DATE    0.00                      0.10  -0.10      T
  SINCE OCT 1      3.83                      7.51  -3.68     7.97
  SINCE JAN 1      3.00                      4.39  -1.39     4.17

SNOWFALL (IN)
  YESTERDAY        0.0           0.0  2002   0.0    0.0      0.0
                                      2001
                                      2000
  MONTH TO DATE    0.0                       0.0    0.0      0.0
  SINCE JAN 1     19.9                       8.6   11.3      1.1
  SINCE JUL 1      0.0                       0.0    0.0      0.0
  SNOW DEPTH       0

DEGREE DAYS
 HEATING
  YESTERDAY        0                         1     -1        0
  MONTH TO DATE    0                        10    -10        0
  SINCE JUN 1     30                       108    -78       39
  SINCE JUL 1      0                        10    -10        0

 COOLING
  YESTERDAY       15                         6      9       14
  MONTH TO DATE  142                        47     95      140
  SINCE JUN 1    244                       112    132      256
  SINCE JAN 1    267                       132    135      308
..................................................................


WIND (MPH)
  HIGHEST WIND SPEED    16   HIGHEST WIND DIRECTION     N (360)
  HIGHEST GUST SPEED    19   HIGHEST GUST DIRECTION     N (10)
  AVERAGE WIND SPEED     5.6


SKY COVER
  POSSIBLE SUNSHINE  MM
  AVERAGE SKY COVER 0.0


WEATHER CONDITIONS
 THE FOLLOWING WEATHER WAS RECORDED YESTERDAY.
  HAZE


RELATIVE HUMIDITY (PERCENT)
 HIGHEST    46           500 AM
 LOWEST     10          1100 AM
 AVERAGE    28

..........................................................


THE YAKIMA WA CLIMATE NORMALS FOR TODAY
                         NORMAL    RECORD    YEAR
 MAXIMUM TEMPERATURE (F)   87       104      2002
 MINIMUM TEMPERATURE (F)   53        38      1974


SUNRISE AND SUNSET
JULY 11 2014..........SUNRISE   520 AM PDT   SUNSET   854 PM PDT
JULY 12 2014..........SUNRISE   521 AM PDT   SUNSET   854 PM PDT


-  INDICATES NEGATIVE NUMBERS.
R  INDICATES RECORD WAS SET OR TIED.
MM INDICATES DATA IS MISSING.
T  INDICATES TRACE AMOUNT.




$$
