000
CDUS46 KPDT 210852
CLIYKM

CLIMATE REPORT
NATIONAL WEATHER SERVICE PENDLETON OR
135 AM PDT THU AUG 21 2014


...................................

...THE YAKIMA WA CLIMATE SUMMARY FOR AUGUST 20 2014...

CLIMATE NORMAL PERIOD 1981 TO 2010
CLIMATE RECORD PERIOD 1946 TO 2014


WEATHER ITEM   OBSERVED TIME   RECORD YEAR NORMAL DEPARTURE LAST
                VALUE   (LST)  VALUE       VALUE  FROM      YEAR
                                                  NORMAL
..................................................................
TEMPERATURE (F)
 YESTERDAY
  MAXIMUM         88    302 PM 101    2009  86      2       89
  MINIMUM         56    546 AM  41    2000  51      5       50
  AVERAGE         72                        69      3       70

PRECIPITATION (IN)
  YESTERDAY        0.00          0.16 1993   0.00   0.00     0.00
  MONTH TO DATE    0.26                      0.15   0.11     0.01
  SINCE OCT 1      4.15                      7.78  -3.63     7.98
  SINCE JAN 1      3.32                      4.66  -1.34     4.18

SNOWFALL (IN)
  YESTERDAY        0.0           0.0  2002   0.0    0.0      0.0
                                      2001
                                      1999
  MONTH TO DATE    0.0                       0.0    0.0      0.0
  SINCE JAN 1     19.9                       8.6   11.3      1.1
  SINCE JUL 1      0.0                       0.0    0.0      0.0
  SNOW DEPTH       0

DEGREE DAYS
 HEATING
  YESTERDAY        0                         1     -1        0
  MONTH TO DATE    0                        13    -13        0
  SINCE JUN 1     35                       132    -97       39
  SINCE JUL 1      5                        34    -29        0

 COOLING
  YESTERDAY        7                         4      3        5
  MONTH TO DATE  242                       122    120      208
  SINCE JUN 1    752                       382    370      719
  SINCE JAN 1    775                       402    373      771
..................................................................


WIND (MPH)
  HIGHEST WIND SPEED    24   HIGHEST WIND DIRECTION    NW (330)
  HIGHEST GUST SPEED    32   HIGHEST GUST DIRECTION    NW (330)
  AVERAGE WIND SPEED     8.0


SKY COVER
  POSSIBLE SUNSHINE  MM
  AVERAGE SKY COVER 0.0


WEATHER CONDITIONS
 THE FOLLOWING WEATHER WAS RECORDED YESTERDAY.
  NO SIGNIFICANT WEATHER WAS OBSERVED.


RELATIVE HUMIDITY (PERCENT)
 HIGHEST    80           500 AM
 LOWEST     23           300 PM
 AVERAGE    52

..........................................................


THE YAKIMA WA CLIMATE NORMALS FOR TODAY
                         NORMAL    RECORD    YEAR
 MAXIMUM TEMPERATURE (F)   86       100      1958
 MINIMUM TEMPERATURE (F)   51        40      1985


SUNRISE AND SUNSET
AUGUST 21 2014........SUNRISE   608 AM PDT   SUNSET   801 PM PDT
AUGUST 22 2014........SUNRISE   609 AM PDT   SUNSET   800 PM PDT


-  INDICATES NEGATIVE NUMBERS.
R  INDICATES RECORD WAS SET OR TIED.
MM INDICATES DATA IS MISSING.
T  INDICATES TRACE AMOUNT.




$$
