000
CDUS46 KPDT 220901
CLIYKM

CLIMATE REPORT
NATIONAL WEATHER SERVICE PENDLETON OR
200 AM PDT SAT JUL 22 2017


...................................

...THE YAKIMA WA CLIMATE SUMMARY FOR JULY 21 2017...

CLIMATE NORMAL PERIOD 1981 TO 2010
CLIMATE RECORD PERIOD 1946 TO 2017


WEATHER ITEM   OBSERVED TIME   RECORD YEAR NORMAL DEPARTURE LAST
                VALUE   (LST)  VALUE       VALUE  FROM      YEAR
                                                  NORMAL
..................................................................
TEMPERATURE (F)
 YESTERDAY
  MAXIMUM         89    508 PM 102    2006  89      0       94
                                      1994
                                      1971
  MINIMUM         48    457 AM  42    1984  54     -6       58
  AVERAGE         69                        72     -3       76

PRECIPITATION (IN)
  YESTERDAY        0.00          T    2016   0.00   0.00      T
                                      2011
                                      2000
  MONTH TO DATE    0.00                      0.16  -0.16     0.19
  SINCE OCT 1     11.49                      7.57   3.92    10.51
  SINCE JAN 1      7.57                      4.45   3.12     5.86

SNOWFALL (IN)
  YESTERDAY        0.0           0.0  2002   0.0    0.0      0.0
                                      2001
                                      2000
  MONTH TO DATE    0.0                       0.0    0.0      0.0
  SINCE JAN 1     29.1                       8.6   20.5     12.5
  SINCE JUL 1      0.0                       0.0    0.0      0.0
  SNOW DEPTH       0

DEGREE DAYS
 HEATING
  YESTERDAY        0                         0      0        0
  MONTH TO DATE    0                        19    -19        0
  SINCE JUN 1     51                       117    -66       68
  SINCE JUL 1      0                        19    -19        0

 COOLING
  YESTERDAY        4                         7     -3       11
  MONTH TO DATE  240                       120    120      123
  SINCE JUN 1    386                       185    201      308
  SINCE JAN 1    443                       205    238      347
..................................................................


WIND (MPH)
  HIGHEST WIND SPEED    10   HIGHEST WIND DIRECTION     W (290)
  HIGHEST GUST SPEED    15   HIGHEST GUST DIRECTION    SE (120)
  AVERAGE WIND SPEED     4.4


SKY COVER
  POSSIBLE SUNSHINE  MM
  AVERAGE SKY COVER 0.0


WEATHER CONDITIONS
 THE FOLLOWING WEATHER WAS RECORDED YESTERDAY.
  HAZE


RELATIVE HUMIDITY (PERCENT)
 HIGHEST    77           300 AM
 LOWEST     20           100 PM
 AVERAGE    49

..........................................................


THE YAKIMA WA CLIMATE NORMALS FOR TODAY
                         NORMAL    RECORD    YEAR
 MAXIMUM TEMPERATURE (F)   90       103      2003
                                             1994
 MINIMUM TEMPERATURE (F)   54        41      1973


SUNRISE AND SUNSET
JULY 22 2017..........SUNRISE   532 AM PDT   SUNSET   845 PM PDT
JULY 23 2017..........SUNRISE   533 AM PDT   SUNSET   844 PM PDT


-  INDICATES NEGATIVE NUMBERS.
R  INDICATES RECORD WAS SET OR TIED.
MM INDICATES DATA IS MISSING.
T  INDICATES TRACE AMOUNT.

$$
