000
CDUS46 KPDT 020830
CLIYKM

CLIMATE REPORT
NATIONAL WEATHER SERVICE PENDLETON OR
130 AM PDT SAT AUG 2 2014


...................................

...THE YAKIMA WA CLIMATE SUMMARY FOR AUGUST 1 2014...

CLIMATE NORMAL PERIOD 1981 TO 2010
CLIMATE RECORD PERIOD 1946 TO 2014


WEATHER ITEM   OBSERVED TIME   RECORD YEAR NORMAL DEPARTURE LAST
                VALUE   (LST)  VALUE       VALUE  FROM      YEAR
                                                  NORMAL
..................................................................
TEMPERATURE (F)
 YESTERDAY
  MAXIMUM         99    236 PM 105    1971  90      9       89
  MINIMUM         67   1159 PM  40    1987  54     13       56
  AVERAGE         83                        72     11       73

PRECIPITATION (IN)
  YESTERDAY        0.00          0.17 1964   0.01  -0.01     0.00
  MONTH TO DATE    0.00                      0.01  -0.01     0.00
  SINCE OCT 1      3.89                      7.64  -3.75     7.97
  SINCE JAN 1      3.06                      4.52  -1.46     4.17

SNOWFALL (IN)
  YESTERDAY        0.0           0.0  2002   0.0    0.0      0.0
                                      2001
                                      1999
  MONTH TO DATE    0.0                       0.0    0.0      0.0
  SINCE JAN 1     19.9                       8.6   11.3      1.1
  SINCE JUL 1      0.0                       0.0    0.0      0.0
  SNOW DEPTH       0

DEGREE DAYS
 HEATING
  YESTERDAY        0                         0      0        0
  MONTH TO DATE    0                         0      0        0
  SINCE JUN 1     35                       119    -84       39
  SINCE JUL 1      5                        21    -16        0

 COOLING
  YESTERDAY       18                         7     11        8
  MONTH TO DATE   18                         7     11        8
  SINCE JUN 1    528                       267    261      519
  SINCE JAN 1    551                       287    264      571
..................................................................


WIND (MPH)
  HIGHEST WIND SPEED    13   HIGHEST WIND DIRECTION    NW (310)
  HIGHEST GUST SPEED    16   HIGHEST GUST DIRECTION    NW (310)
  AVERAGE WIND SPEED     5.9


SKY COVER
  POSSIBLE SUNSHINE  MM
  AVERAGE SKY COVER 0.0


WEATHER CONDITIONS
 THE FOLLOWING WEATHER WAS RECORDED YESTERDAY.
  NO SIGNIFICANT WEATHER WAS OBSERVED.


RELATIVE HUMIDITY (PERCENT)
 HIGHEST    57          1200 AM
 LOWEST     18           200 PM
 AVERAGE    38

..........................................................


THE YAKIMA WA CLIMATE NORMALS FOR TODAY
                         NORMAL    RECORD    YEAR
 MAXIMUM TEMPERATURE (F)   90       100      2009
                                             1961
 MINIMUM TEMPERATURE (F)   54        39      1956


SUNRISE AND SUNSET
AUGUST  2 2014........SUNRISE   544 AM PDT   SUNSET   832 PM PDT
AUGUST  3 2014........SUNRISE   545 AM PDT   SUNSET   830 PM PDT


-  INDICATES NEGATIVE NUMBERS.
R  INDICATES RECORD WAS SET OR TIED.
MM INDICATES DATA IS MISSING.
T  INDICATES TRACE AMOUNT.


$$
