000
CDUS46 KPDT 250838
CLIYKM

CLIMATE REPORT
NATIONAL WEATHER SERVICE PENDLETON OR
125 AM PDT FRI JUL 25 2014


...................................

...THE YAKIMA WA CLIMATE SUMMARY FOR JULY 24 2014...

CLIMATE NORMAL PERIOD 1981 TO 2010
CLIMATE RECORD PERIOD 1946 TO 2014


WEATHER ITEM   OBSERVED TIME   RECORD YEAR NORMAL DEPARTURE LAST
                VALUE   (LST)  VALUE       VALUE  FROM      YEAR
                                                  NORMAL
..................................................................
TEMPERATURE (F)
 YESTERDAY
  MAXIMUM         79    342 PM 102    2006  90    -11      101
                                      1994
  MINIMUM         45    507 AM  40    1948  54     -9       71
  AVERAGE         62                        72    -10       86

PRECIPITATION (IN)
  YESTERDAY        0.00          0.03 1970   0.00   0.00     0.00
  MONTH TO DATE    0.06                      0.18  -0.12      T
  SINCE OCT 1      3.89                      7.59  -3.70     7.97
  SINCE JAN 1      3.06                      4.47  -1.41     4.17

SNOWFALL (IN)
  YESTERDAY        0.0           0.0  2002   0.0    0.0      0.0
                                      2001
                                      2000
  MONTH TO DATE    0.0                       0.0    0.0      0.0
  SINCE JAN 1     19.9                       8.6   11.3      1.1
  SINCE JUL 1      0.0                       0.0    0.0      0.0
  SNOW DEPTH       0

DEGREE DAYS
 HEATING
  YESTERDAY        3                         0      3        0
  MONTH TO DATE    5                        19    -14        0
  SINCE JUN 1     35                       117    -82       39
  SINCE JUL 1      5                        19    -14        0

 COOLING
  YESTERDAY        0                         7     -7       21
  MONTH TO DATE  312                       141    171      310
  SINCE JUN 1    414                       206    208      426
  SINCE JAN 1    437                       226    211      478
..................................................................


WIND (MPH)
  HIGHEST WIND SPEED    23   HIGHEST WIND DIRECTION     S (200)
  HIGHEST GUST SPEED    26   HIGHEST GUST DIRECTION     S (200)
  AVERAGE WIND SPEED     7.9


SKY COVER
  POSSIBLE SUNSHINE  MM
  AVERAGE SKY COVER 0.2


WEATHER CONDITIONS
 THE FOLLOWING WEATHER WAS RECORDED YESTERDAY.
  NO SIGNIFICANT WEATHER WAS OBSERVED.


RELATIVE HUMIDITY (PERCENT)
 HIGHEST    89           500 AM
 LOWEST     30           200 PM
 AVERAGE    60

..........................................................


THE YAKIMA WA CLIMATE NORMALS FOR TODAY
                         NORMAL    RECORD    YEAR
 MAXIMUM TEMPERATURE (F)   90       102      2013
 MINIMUM TEMPERATURE (F)   55        42      1949


SUNRISE AND SUNSET
JULY 25 2014..........SUNRISE   535 AM PDT   SUNSET   842 PM PDT
JULY 26 2014..........SUNRISE   536 AM PDT   SUNSET   841 PM PDT


-  INDICATES NEGATIVE NUMBERS.
R  INDICATES RECORD WAS SET OR TIED.
MM INDICATES DATA IS MISSING.
T  INDICATES TRACE AMOUNT.




$$
