000
CDUS46 KPDT 271103
CLIYKM

CLIMATE REPORT
NATIONAL WEATHER SERVICE PENDLETON OR
303 AM PST FRI FEB 27 2015


...................................

...THE YAKIMA WA CLIMATE SUMMARY FOR FEBRUARY 26 2015...

CLIMATE NORMAL PERIOD 1981 TO 2010
CLIMATE RECORD PERIOD 1946 TO 2015


WEATHER ITEM   OBSERVED TIME   RECORD YEAR NORMAL DEPARTURE LAST
                VALUE   (LST)  VALUE       VALUE  FROM      YEAR
                                                  NORMAL
..................................................................
TEMPERATURE (F)
 YESTERDAY
  MAXIMUM         60    302 PM  65    1953  50     10       48
  MINIMUM         32    328 AM   4    2011  27      5       29
  AVERAGE         46                        38      8       39

PRECIPITATION (IN)
  YESTERDAY        T             0.46 2010   0.03  -0.03      T
  MONTH TO DATE    0.45                      0.73  -0.28     1.43
  SINCE OCT 1      3.25                      4.99  -1.74     2.56
  SINCE JAN 1      1.15                      1.87  -0.72     1.73

SNOWFALL (IN)
  YESTERDAY       MM             1.2  1976   0.1   MM        0.0
  MONTH TO DATE    0.0                       2.5   -2.5     17.7
  SINCE JAN 1      1.6                       7.8   -6.2     18.2
  SINCE JUL 1      1.6                      20.8  -19.2     18.2
  SNOW DEPTH       0

DEGREE DAYS
 HEATING
  YESTERDAY       19                        27     -8       26
  MONTH TO DATE  532                       757   -225      844
  SINCE DEC 1   2356                      2942   -586     2934
  SINCE JUL 1   3540                      4475   -935     4350

 COOLING
  YESTERDAY        0                         0      0        0
  MONTH TO DATE    0                         0      0        0
  SINCE DEC 1      0                         0      0        0
  SINCE JAN 1      0                         0      0        0
..................................................................


WIND (MPH)
  HIGHEST WIND SPEED    10   HIGHEST WIND DIRECTION     W (270)
  HIGHEST GUST SPEED    12   HIGHEST GUST DIRECTION    NE (60)
  AVERAGE WIND SPEED     3.7


SKY COVER
  POSSIBLE SUNSHINE  MM
  AVERAGE SKY COVER 0.8


WEATHER CONDITIONS
THE FOLLOWING WEATHER WAS RECORDED YESTERDAY.
  NO SIGNIFICANT WEATHER WAS OBSERVED.


RELATIVE HUMIDITY (PERCENT)
 HIGHEST    82          1200 AM
 LOWEST     37           200 PM
 AVERAGE    60

..........................................................


THE YAKIMA WA CLIMATE NORMALS FOR TODAY
                         NORMAL    RECORD    YEAR
 MAXIMUM TEMPERATURE (F)   50        65      1972
 MINIMUM TEMPERATURE (F)   27         7      1960


SUNRISE AND SUNSET
FEBRUARY 27 2015......SUNRISE   645 AM PST   SUNSET   545 PM PST
FEBRUARY 28 2015......SUNRISE   644 AM PST   SUNSET   546 PM PST


-  INDICATES NEGATIVE NUMBERS.
R  INDICATES RECORD WAS SET OR TIED.
MM INDICATES DATA IS MISSING.
T  INDICATES TRACE AMOUNT.




$$
