000
CDUS46 KPDT 300843
CLIYKM

CLIMATE REPORT
NATIONAL WEATHER SERVICE PENDLETON OR
143 AM PDT FRI SEP 30 2016


...................................

...THE YAKIMA WA CLIMATE SUMMARY FOR SEPTEMBER 29 2016...

CLIMATE NORMAL PERIOD 1981 TO 2010
CLIMATE RECORD PERIOD 1946 TO 2016


WEATHER ITEM   OBSERVED TIME   RECORD YEAR NORMAL DEPARTURE LAST
                VALUE   (LST)  VALUE       VALUE  FROM      YEAR
                                                  NORMAL
..................................................................
TEMPERATURE (F)
 YESTERDAY
  MAXIMUM         82    342 PM  86    1996  73      9       80
                                      1976
                                      1963
  MINIMUM         48    606 AM  24    1985  39      9       38
  AVERAGE         65                        56      9       59

PRECIPITATION (IN)
  YESTERDAY        0.00          0.10 1951   0.02  -0.02     0.00
  MONTH TO DATE    0.16                      0.35  -0.19     0.01
  SINCE OCT 1     10.70                      8.24   2.46     6.41
  SINCE JAN 1      6.05                      5.12   0.93     4.31

SNOWFALL (IN)
  YESTERDAY        0.0           0.0  2002   0.0    0.0      0.0
                                      2001
                                      1999
  MONTH TO DATE    0.0                       0.0    0.0      0.0
  SINCE JAN 1     12.5                       8.6    3.9      1.6
  SINCE JUL 1      0.0                       0.0    0.0      0.0
  SNOW DEPTH       0

DEGREE DAYS
 HEATING
  YESTERDAY        0                         9     -9        6
  MONTH TO DATE   82                       150    -68      124
  SINCE SEP 1     82                       150    -68      124
  SINCE JUL 1     85                       198   -113      125

 COOLING
  YESTERDAY        0                         0      0        0
  MONTH TO DATE   20                        31    -11       37
  SINCE SEP 1     20                        31    -11       37
  SINCE JAN 1    773                       471    302     1094
..................................................................


WIND (MPH)
  HIGHEST WIND SPEED    13   HIGHEST WIND DIRECTION    NW (330)
  HIGHEST GUST SPEED    17   HIGHEST GUST DIRECTION    NW (330)
  AVERAGE WIND SPEED     6.4


SKY COVER
  POSSIBLE SUNSHINE  MM
  AVERAGE SKY COVER 0.0


WEATHER CONDITIONS
 THE FOLLOWING WEATHER WAS RECORDED YESTERDAY.
  NO SIGNIFICANT WEATHER WAS OBSERVED.


RELATIVE HUMIDITY (PERCENT)
 HIGHEST    74           500 AM
 LOWEST     26           100 PM
 AVERAGE    50

..........................................................


THE YAKIMA WA CLIMATE NORMALS FOR TODAY
                         NORMAL    RECORD    YEAR
 MAXIMUM TEMPERATURE (F)   72        85      2008
                                             1993
                                             1976
 MINIMUM TEMPERATURE (F)   39        26      1985


SUNRISE AND SUNSET
SEPTEMBER 30 2016.....SUNRISE   700 AM PDT   SUNSET   643 PM PDT
OCTOBER  1 2016.......SUNRISE   702 AM PDT   SUNSET   641 PM PDT


-  INDICATES NEGATIVE NUMBERS.
R  INDICATES RECORD WAS SET OR TIED.
MM INDICATES DATA IS MISSING.
T  INDICATES TRACE AMOUNT.


$$
