000
CDUS46 KPDT 190842 RRA
CLIYKM

CLIMATE REPORT
NATIONAL WEATHER SERVICE PENDLETON OR
1242 AM PST MON FEB 19 2018


...................................

...THE YAKIMA WA CLIMATE SUMMARY FOR FEBRUARY 18 2018...

CLIMATE NORMAL PERIOD 1981 TO 2010
CLIMATE RECORD PERIOD 1946 TO 2018


WEATHER ITEM   OBSERVED TIME   RECORD YEAR NORMAL DEPARTURE LAST
                VALUE   (LST)  VALUE       VALUE  FROM      YEAR
                                                  NORMAL
..................................................................
TEMPERATURE (F)
 YESTERDAY
  MAXIMUM         42   1128 AM  62    1977  47     -5       41
  MINIMUM         29   1159 PM   5    2006  26      3       36
  AVERAGE         36                        37     -1       39

PRECIPITATION (IN)
  YESTERDAY        T             0.42 1999   0.03  -0.03     0.15
  MONTH TO DATE    0.10                      0.51  -0.41     1.80
  SINCE OCT 1      3.29                      4.77  -1.48     7.88
  SINCE JAN 1      1.00                      1.65  -0.65     3.96

SNOWFALL (IN)
  YESTERDAY       MM             1.9  1993   0.1   MM        0.0
  MONTH TO DATE    0.0                       1.9   -1.9      9.9
  SINCE JAN 1      T                         7.2   -7.2     29.0
  SINCE JUL 1      1.6                      20.2  -18.6     36.4
  SNOW DEPTH      MM

DEGREE DAYS
 HEATING
  YESTERDAY       29                        28      1       26
  MONTH TO DATE  404                       538   -134      620
  SINCE DEC 1   2232                      2723   -491     3110
  SINCE JUL 1   3501                      4256   -755     4129

 COOLING
  YESTERDAY        0                         0      0        0
  MONTH TO DATE    0                         0      0        0
  SINCE DEC 1      0                         0      0        0
  SINCE JAN 1      0                         0      0        0
..................................................................


WIND (MPH)
  HIGHEST WIND SPEED    25   HIGHEST WIND DIRECTION    NE (40)
  HIGHEST GUST SPEED    32   HIGHEST GUST DIRECTION    NE (40)
  AVERAGE WIND SPEED     9.3


SKY COVER
  POSSIBLE SUNSHINE  MM
  AVERAGE SKY COVER 0.7


WEATHER CONDITIONS
 THE FOLLOWING WEATHER WAS RECORDED YESTERDAY.
  LIGHT SNOW


RELATIVE HUMIDITY (PERCENT)
 HIGHEST    72           600 AM
 LOWEST     43          1100 PM
 AVERAGE    58

..........................................................


THE YAKIMA WA CLIMATE NORMALS FOR TODAY
                         NORMAL    RECORD    YEAR
 MAXIMUM TEMPERATURE (F)   48        66      1991
 MINIMUM TEMPERATURE (F)   26         7      2006


SUNRISE AND SUNSET
FEBRUARY 19 2018......SUNRISE   659 AM PST   SUNSET   534 PM PST
FEBRUARY 20 2018......SUNRISE   657 AM PST   SUNSET   535 PM PST


-  INDICATES NEGATIVE NUMBERS.
R  INDICATES RECORD WAS SET OR TIED.
MM INDICATES DATA IS MISSING.
T  INDICATES TRACE AMOUNT.


$$
