000
CDUS46 KPDT 280847
CLIYKM

CLIMATE REPORT
NATIONAL WEATHER SERVICE PENDLETON OR
145 AM PDT SUN AUG 28 2016


...................................

...THE YAKIMA WA CLIMATE SUMMARY FOR AUGUST 27 2016...

CLIMATE NORMAL PERIOD 1981 TO 2010
CLIMATE RECORD PERIOD 1946 TO 2016


WEATHER ITEM   OBSERVED TIME   RECORD YEAR NORMAL DEPARTURE LAST
                VALUE   (LST)  VALUE       VALUE  FROM      YEAR
                                                  NORMAL
..................................................................
TEMPERATURE (F)
 YESTERDAY
  MAXIMUM         89    222 PM 100    1972  84      5       95
  MINIMUM         52    510 AM  39    1960  49      3       59
  AVERAGE         71                        67      4       77

PRECIPITATION (IN)
  YESTERDAY        0.00          0.40 1975   0.01  -0.01     0.00
  MONTH TO DATE    T                         0.22  -0.22      T
  SINCE OCT 1     10.54                      7.85   2.69     6.39
  SINCE JAN 1      5.89                      4.73   1.16     4.29

SNOWFALL (IN)
  YESTERDAY        0.0           0.0  2002   0.0    0.0      0.0
                                      2001
                                      1999
  MONTH TO DATE    0.0                       0.0    0.0      0.0
  SINCE JAN 1     12.5                       8.6    3.9      1.6
  SINCE JUL 1      0.0                       0.0    0.0      0.0
  SNOW DEPTH       0

DEGREE DAYS
 HEATING
  YESTERDAY        0                         1     -1        0
  MONTH TO DATE    3                        20    -17        1
  SINCE JUN 1     71                       139    -68        4
  SINCE JUL 1      3                        41    -38        1

 COOLING
  YESTERDAY        6                         3      3       12
  MONTH TO DATE  231                       147     84      261
  SINCE JUN 1    690                       407    283      950
  SINCE JAN 1    729                       427    302     1042
..................................................................


WIND (MPH)
  HIGHEST WIND SPEED    26   HIGHEST WIND DIRECTION     W (290)
  HIGHEST GUST SPEED    33   HIGHEST GUST DIRECTION     W (280)
  AVERAGE WIND SPEED     6.5


SKY COVER
  POSSIBLE SUNSHINE  MM
  AVERAGE SKY COVER 0.0


WEATHER CONDITIONS
 THE FOLLOWING WEATHER WAS RECORDED YESTERDAY.
  SANDSTORM


RELATIVE HUMIDITY (PERCENT)
 HIGHEST    77           600 AM
 LOWEST     21           500 PM
 AVERAGE    49

..........................................................


THE YAKIMA WA CLIMATE NORMALS FOR TODAY
                         NORMAL    RECORD    YEAR
 MAXIMUM TEMPERATURE (F)   84       102      1972
 MINIMUM TEMPERATURE (F)   49        37      1980


SUNRISE AND SUNSET
AUGUST 28 2016........SUNRISE   618 AM PDT   SUNSET   748 PM PDT
AUGUST 29 2016........SUNRISE   619 AM PDT   SUNSET   746 PM PDT


-  INDICATES NEGATIVE NUMBERS.
R  INDICATES RECORD WAS SET OR TIED.
MM INDICATES DATA IS MISSING.
T  INDICATES TRACE AMOUNT.




$$
