000
CDUS41 KCLE 240544
CLIYNG


CLIMATE REPORT
NATIONAL WEATHER SERVICE CLEVELAND OH
1243 AM EST WED JAN 24 2018


...................................

...THE YOUNGSTOWN OH CLIMATE SUMMARY FOR JANUARY 23 2018...

CLIMATE NORMAL PERIOD 1981 TO 2010
CLIMATE RECORD PERIOD 1897 TO 2018


WEATHER ITEM   OBSERVED TIME   RECORD YEAR NORMAL DEPARTURE LAST
                VALUE   (LST)  VALUE       VALUE  FROM      YEAR
                                                  NORMAL
..................................................................
TEMPERATURE (F)
 YESTERDAY
  MAXIMUM         56    144 AM  67    1933  33     23       52
  MINIMUM         31   1159 PM -13    1963  19     12       38
  AVERAGE         44                        26     18       45

PRECIPITATION (IN)
  YESTERDAY        0.16                      0.08   0.08     0.23
  MONTH TO DATE    2.63                      1.95   0.68     4.64
  SINCE DEC 1      4.74                      4.94  -0.20     8.21
  SINCE JAN 1      2.63                      1.95   0.68     4.64

SNOWFALL (IN)
  YESTERDAY        0.3                       0.5   -0.2      0.0
  MONTH TO DATE   18.2                      12.4    5.8      5.7
  SINCE DEC 1     37.2                      27.4    9.8     29.0
  SINCE JUL 1     38.2                      31.8    6.4     33.4
  SNOW DEPTH       0

DEGREE DAYS
 HEATING
  YESTERDAY       21                        39    -18       20
  MONTH TO DATE  978                       903     75      737
  SINCE DEC 1   2129                      1980    149     1816
  SINCE JUL 1   3227                      3309    -82     2788

 COOLING
  YESTERDAY        0                         0      0        0
  MONTH TO DATE    0                         0      0        0
  SINCE DEC 1      0                         0      0        0
  SINCE JAN 1      0                         0      0        0
..................................................................


WIND (MPH)
  HIGHEST WIND SPEED    32   HIGHEST WIND DIRECTION     W (250)
  HIGHEST GUST SPEED    43   HIGHEST GUST DIRECTION    SW (220)
  AVERAGE WIND SPEED    14.5


SKY COVER
  POSSIBLE SUNSHINE  MM
  AVERAGE SKY COVER 0.9


WEATHER CONDITIONS
 THE FOLLOWING WEATHER WAS RECORDED YESTERDAY.
  THUNDERSTORM
  RAIN
  LIGHT RAIN
  SNOW
  LIGHT SNOW
  SLEET
  FOG
  HAZE


RELATIVE HUMIDITY (PERCENT)
 HIGHEST   100           500 AM
 LOWEST     66          1200 AM
 AVERAGE    83

..........................................................


THE YOUNGSTOWN OH CLIMATE NORMALS FOR TODAY
                         NORMAL    RECORD    YEAR
 MAXIMUM TEMPERATURE (F)   33        61      1950
 MINIMUM TEMPERATURE (F)   19       -18      1963


SUNRISE AND SUNSET
JANUARY 24 2018.......SUNRISE   741 AM EST   SUNSET   529 PM EST
JANUARY 25 2018.......SUNRISE   740 AM EST   SUNSET   530 PM EST


-  INDICATES NEGATIVE NUMBERS.
R  INDICATES RECORD WAS SET OR TIED.
MM INDICATES DATA IS MISSING.
T  INDICATES TRACE AMOUNT.




$$
