000
CDUS41 KCLE 252112
CLIYNG


CLIMATE REPORT
NATIONAL WEATHER SERVICE CLEVELAND OH
511 PM EDT SAT OCT 25 2014


...................................

...THE YOUNGSTOWN OH CLIMATE SUMMARY FOR OCTOBER 25 2014...
VALID TODAY AS OF 0500 PM LOCAL TIME.

CLIMATE NORMAL PERIOD 1981 TO 2010
CLIMATE RECORD PERIOD 1897 TO 2014


WEATHER ITEM   OBSERVED TIME   RECORD YEAR NORMAL DEPARTURE LAST
                VALUE   (LST)  VALUE       VALUE  FROM      YEAR
                                                  NORMAL
..................................................................
TEMPERATURE (F)
 TODAY
  MAXIMUM         69    350 PM  81    2012  58     11       48
  MINIMUM         45    635 AM  26    1987  39      6       33
  AVERAGE         57                        48      9       41

PRECIPITATION (IN)
  TODAY            0.00                      0.08  -0.08     0.04
  MONTH TO DATE    2.92                      2.24   0.68     2.66
  SINCE SEP 1      4.82                      5.99  -1.17     4.87
  SINCE JAN 1     34.38                     32.21   2.17    32.09

SNOWFALL (IN)
  TODAY            0.0                       0.0    0.0      0.4
  MONTH TO DATE    T                         0.5   -0.5      1.2
  SINCE SEP 1      T                         0.5   -0.5      1.2
  SINCE JUL 1      T                         0.5   -0.5      1.2
  SNOW DEPTH       0

DEGREE DAYS
 HEATING
  TODAY            8                        17     -9       24
  MONTH TO DATE  302                       333    -31      257
  SINCE SEP 1    443                       478    -35      408
  SINCE JUL 1    495                       516    -21      446

 COOLING
  TODAY            0                         0      0        0
  MONTH TO DATE    3                         3      0       21
  SINCE SEP 1     56                        55      1       78
  SINCE JAN 1    533                       541     -8      630
..................................................................


WIND (MPH)
  HIGHEST WIND SPEED    23   HIGHEST WIND DIRECTION     W (250)
  HIGHEST GUST SPEED    29   HIGHEST GUST DIRECTION    SW (240)


SKY COVER
  POSSIBLE SUNSHINE  MM
  AVERAGE SKY COVER 0.7


WEATHER CONDITIONS
 THE FOLLOWING WEATHER WAS RECORDED TODAY.
  NO SIGNIFICANT WEATHER WAS OBSERVED.


RELATIVE HUMIDITY (PERCENT)
 HIGHEST    80           800 AM
 LOWEST     55           200 PM
 AVERAGE    68

..........................................................


THE YOUNGSTOWN OH CLIMATE NORMALS FOR TOMORROW
                         NORMAL    RECORD    YEAR
 MAXIMUM TEMPERATURE (F)   57        80      1991
 MINIMUM TEMPERATURE (F)   39        23      1987


SUNRISE AND SUNSET
OCTOBER 25 2014.......SUNRISE   746 AM EDT   SUNSET   627 PM EDT
OCTOBER 26 2014.......SUNRISE   747 AM EDT   SUNSET   626 PM EDT


-  INDICATES NEGATIVE NUMBERS.
R  INDICATES RECORD WAS SET OR TIED.
MM INDICATES DATA IS MISSING.
T  INDICATES TRACE AMOUNT.




$$
