000
CDUS41 KCLE 280529
CLIYNG


CLIMATE REPORT
NATIONAL WEATHER SERVICE CLEVELAND OH
1228 AM EST SAT FEB 28 2015


...................................

...THE YOUNGSTOWN OH CLIMATE SUMMARY FOR FEBRUARY 27 2015...

CLIMATE NORMAL PERIOD 1981 TO 2010
CLIMATE RECORD PERIOD 1897 TO 2015


WEATHER ITEM   OBSERVED TIME   RECORD YEAR NORMAL DEPARTURE LAST
                VALUE   (LST)  VALUE       VALUE  FROM      YEAR
                                                  NORMAL
..................................................................
TEMPERATURE (F)
 YESTERDAY
  MAXIMUM         16    415 PM  62    1997  39    -23       18
                                      1977
  MINIMUM         -4    745 AM -11    1963  23    -27       -2
  AVERAGE          6                        31    -25        8

PRECIPITATION (IN)
  YESTERDAY        T                         0.09  -0.09     0.09
  MONTH TO DATE    2.07                      2.07   0.00     2.26
  SINCE DEC 1      7.55                      7.61  -0.06     8.21
  SINCE JAN 1      5.23                      4.62   0.61     4.69

SNOWFALL (IN)
  YESTERDAY        T                         0.4   -0.4      2.0
  MONTH TO DATE   27.9                      12.3   15.6     23.4
  SINCE DEC 1     57.9                      43.9   14.0     66.9
  SINCE JUL 1     69.5                      48.3   21.2     81.0
  SNOW DEPTH      10

DEGREE DAYS
 HEATING
  YESTERDAY       59                        34     25       57
  MONTH TO DATE 1375                       991    384     1171
  SINCE DEC 1   3651                      3285    366     3628
  SINCE JUL 1   5061                      4614    447     5010

 COOLING
  YESTERDAY        0                         0      0        0
  MONTH TO DATE    0                         0      0        0
  SINCE DEC 1      0                         0      0        0
  SINCE JAN 1      0                         0      0        0
..................................................................


WIND (MPH)
  HIGHEST WIND SPEED    13   HIGHEST WIND DIRECTION    NW (330)
  HIGHEST GUST SPEED    16   HIGHEST GUST DIRECTION    NW (320)
  AVERAGE WIND SPEED     3.8


SKY COVER
  POSSIBLE SUNSHINE  MM
  AVERAGE SKY COVER 0.3


WEATHER CONDITIONS
 THE FOLLOWING WEATHER WAS RECORDED YESTERDAY.
  LIGHT SNOW
  FOG


RELATIVE HUMIDITY (PERCENT)
 HIGHEST    86          1200 AM
 LOWEST     51           300 PM
 AVERAGE    69

..........................................................


THE YOUNGSTOWN OH CLIMATE NORMALS FOR TODAY
                         NORMAL    RECORD    YEAR
 MAXIMUM TEMPERATURE (F)   40        60      1931
 MINIMUM TEMPERATURE (F)   23        -8      2014


SUNRISE AND SUNSET
FEBRUARY 28 2015......SUNRISE   659 AM EST   SUNSET   612 PM EST
MARCH  1 2015.........SUNRISE   657 AM EST   SUNSET   613 PM EST


-  INDICATES NEGATIVE NUMBERS.
R  INDICATES RECORD WAS SET OR TIED.
MM INDICATES DATA IS MISSING.
T  INDICATES TRACE AMOUNT.




$$
