000
CDUS41 KPBZ 280703
CLIZZV


CLIMATE REPORT
NATIONAL WEATHER SERVICE PITTSBURGH PA
302 AM EDT SAT MAY 28 2016


...................................

...THE ZANESVILLE OH CLIMATE SUMMARY FOR MAY 27 2016...

CLIMATE NORMAL PERIOD 1981 TO 2010
CLIMATE RECORD PERIOD 1946 TO 2016


WEATHER ITEM   OBSERVED TIME   RECORD YEAR NORMAL DEPARTURE LAST
                VALUE   (LST)  VALUE       VALUE  FROM      YEAR
                                                  NORMAL
..................................................................
TEMPERATURE (F)
 YESTERDAY
  MAXIMUM         89R   347 PM  89    2012  75     14       81
                                      1967
  MINIMUM         66    544 AM  36    1983  52     14       66
  AVERAGE         78                        64     14       74

PRECIPITATION (IN)
  YESTERDAY        0.00         MM      MM   0.14  -0.14     0.00
  MONTH TO DATE    2.44                      3.61  -1.17     2.36
  SINCE JUN 1     37.31                     37.28   0.03    38.16
  SINCE JAN 1     14.98                     14.88   0.10    15.75

DEGREE DAYS
 HEATING
  YESTERDAY        0                         4     -4        0
  MONTH TO DATE  154                       169    -15      109
  SINCE MAR 1    970                      1335   -365     1359
  SINCE JUL 1   4316                      5526  -1210     6016

 COOLING
  YESTERDAY       13                         2     11        9
  MONTH TO DATE   42                        34      8       91
  SINCE MAR 1     50                        43      7       92
  SINCE JAN 1     50                        43      7       92
..................................................................


WIND (MPH)
  HIGHEST WIND SPEED    15   HIGHEST WIND DIRECTION     S (200)
  HIGHEST GUST SPEED    20   HIGHEST GUST DIRECTION    SW (210)
  AVERAGE WIND SPEED     5.2


SKY COVER
  POSSIBLE SUNSHINE  MM
  AVERAGE SKY COVER 0.1


WEATHER CONDITIONS
 THE FOLLOWING WEATHER WAS RECORDED YESTERDAY.
  FOG


RELATIVE HUMIDITY (PERCENT)
 HIGHEST    93           400 AM
 LOWEST     43           400 PM
 AVERAGE    68

..........................................................


THE ZANESVILLE OH CLIMATE NORMALS FOR TODAY
                         NORMAL    RECORD    YEAR
 MAXIMUM TEMPERATURE (F)   75        89      2012
                                             1991
 MINIMUM TEMPERATURE (F)   53        35      1971


SUNRISE AND SUNSET
MAY 28 2016...........SUNRISE   603 AM EDT   SUNSET   848 PM EDT
MAY 29 2016...........SUNRISE   602 AM EDT   SUNSET   848 PM EDT


-  INDICATES NEGATIVE NUMBERS.
R  INDICATES RECORD WAS SET OR TIED.
MM INDICATES DATA IS MISSING.
T  INDICATES TRACE AMOUNT.




$$
