000
CDUS41 KPBZ 240705
CLIZZV


CLIMATE REPORT
NATIONAL WEATHER SERVICE PITTSBURGH PA
304 AM EDT MON APR 24 2017


...................................

...THE ZANESVILLE OH CLIMATE SUMMARY FOR APRIL 23 2017...

CLIMATE NORMAL PERIOD 1981 TO 2010
CLIMATE RECORD PERIOD 1946 TO 2017


WEATHER ITEM   OBSERVED TIME   RECORD YEAR NORMAL DEPARTURE LAST
                VALUE   (LST)  VALUE       VALUE  FROM      YEAR
                                                  NORMAL
..................................................................
TEMPERATURE (F)
 YESTERDAY
  MAXIMUM         68    319 PM  88    1985  66      2       62
  MINIMUM         37    522 AM  24    1986  42     -5       47
  AVERAGE         53                        54     -1       55

PRECIPITATION (IN)
  YESTERDAY        0.00         MM      MM   0.11  -0.11      T
  MONTH TO DATE    1.83                      2.65  -0.82     3.11
  SINCE JUN 1     30.95                     32.88  -1.93    33.55
  SINCE JAN 1     12.33                     10.48   1.85    11.22

DEGREE DAYS
 HEATING
  YESTERDAY       12                        11      1       10
  MONTH TO DATE  213                       341   -128      309
  SINCE MAR 1    914                      1094   -180      772
  SINCE JUL 1   4266                      5285  -1019     4118

 COOLING
  YESTERDAY        0                         0      0        0
  MONTH TO DATE   16                         0     16        3
  SINCE MAR 1     18                         1     17        8
  SINCE JAN 1     19                         1     18        8
..................................................................


WIND (MPH)
  HIGHEST WIND SPEED    16   HIGHEST WIND DIRECTION     E (70)
  HIGHEST GUST SPEED    22   HIGHEST GUST DIRECTION    NE (50)
  AVERAGE WIND SPEED     6.8


SKY COVER
  POSSIBLE SUNSHINE  MM
  AVERAGE SKY COVER 0.0


WEATHER CONDITIONS
 THE FOLLOWING WEATHER WAS RECORDED YESTERDAY.
  NO SIGNIFICANT WEATHER WAS OBSERVED.


RELATIVE HUMIDITY (PERCENT)
 HIGHEST    85           400 AM
 LOWEST     26           300 PM
 AVERAGE    56

..........................................................


THE ZANESVILLE OH CLIMATE NORMALS FOR TODAY
                         NORMAL    RECORD    YEAR
 MAXIMUM TEMPERATURE (F)   66        86      1960
 MINIMUM TEMPERATURE (F)   42        24      2015


SUNRISE AND SUNSET
APRIL 24 2017.........SUNRISE   637 AM EDT   SUNSET   815 PM EDT
APRIL 25 2017.........SUNRISE   635 AM EDT   SUNSET   816 PM EDT


-  INDICATES NEGATIVE NUMBERS.
R  INDICATES RECORD WAS SET OR TIED.
MM INDICATES DATA IS MISSING.
T  INDICATES TRACE AMOUNT.




$$
