000
CDUS41 KPBZ 200803
CLIZZV


CLIMATE REPORT
NATIONAL WEATHER SERVICE PITTSBURGH PA
302 AM EST MON FEB 20 2017


...................................

...THE ZANESVILLE OH CLIMATE SUMMARY FOR FEBRUARY 19 2017...

CLIMATE NORMAL PERIOD 1981 TO 2010
CLIMATE RECORD PERIOD 1946 TO 2017


WEATHER ITEM   OBSERVED TIME   RECORD YEAR NORMAL DEPARTURE LAST
                VALUE   (LST)  VALUE       VALUE  FROM      YEAR
                                                  NORMAL
..................................................................
TEMPERATURE (F)
 YESTERDAY
  MAXIMUM         57    345 PM  68    1994  42     15       63
  MINIMUM         38   1159 PM  -5    1978  24     14       35
  AVERAGE         48                        33     15       49

PRECIPITATION (IN)
  YESTERDAY        0.00         MM      MM   0.07  -0.07     0.00
  MONTH TO DATE    1.23                      1.45  -0.22     1.81
  SINCE JUN 1     22.76                     26.51  -3.75    25.06
  SINCE JAN 1      4.14                      4.11   0.03     2.73

DEGREE DAYS
 HEATING
  YESTERDAY       17                        32    -15       16
  MONTH TO DATE  510                       645   -135      632
  SINCE DEC 1   2360                      2771   -411     2312
  SINCE JUL 1   3217                      3912   -695     3154

 COOLING
  YESTERDAY        0                         0      0        0
  MONTH TO DATE    0                         0      0        0
  SINCE DEC 1      0                         0      0        0
  SINCE JAN 1      0                         0      0        0
..................................................................


WIND (MPH)
  HIGHEST WIND SPEED    13   HIGHEST WIND DIRECTION    SW (240)
  HIGHEST GUST SPEED    19   HIGHEST GUST DIRECTION    SW (220)
  AVERAGE WIND SPEED     6.3


SKY COVER
  POSSIBLE SUNSHINE  MM
  AVERAGE SKY COVER 0.5


WEATHER CONDITIONS
 THE FOLLOWING WEATHER WAS RECORDED YESTERDAY.
  FOG
  FOG W/VISIBILITY <= 1/4 MILE
  HAZE


RELATIVE HUMIDITY (PERCENT)
 HIGHEST    92          1000 PM
 LOWEST     61           400 PM
 AVERAGE    77

..........................................................


THE ZANESVILLE OH CLIMATE NORMALS FOR TODAY
                         NORMAL    RECORD    YEAR
 MAXIMUM TEMPERATURE (F)   42        70      2016
 MINIMUM TEMPERATURE (F)   24       -16      2015


SUNRISE AND SUNSET
FEBRUARY 20 2017......SUNRISE   713 AM EST   SUNSET   610 PM EST
FEBRUARY 21 2017......SUNRISE   712 AM EST   SUNSET   611 PM EST


-  INDICATES NEGATIVE NUMBERS.
R  INDICATES RECORD WAS SET OR TIED.
MM INDICATES DATA IS MISSING.
T  INDICATES TRACE AMOUNT.




$$
