000
CDUS41 KPBZ 210701
CLIZZV


CLIMATE REPORT
NATIONAL WEATHER SERVICE PITTSBURGH PA
301 AM EDT TUE OCT 21 2014


...................................

...THE ZANESVILLE OH CLIMATE SUMMARY FOR OCTOBER 20 2014...

CLIMATE NORMAL PERIOD 1981 TO 2010
CLIMATE RECORD PERIOD 1946 TO 2014


WEATHER ITEM   OBSERVED TIME   RECORD YEAR NORMAL DEPARTURE LAST
                VALUE   (LST)  VALUE       VALUE  FROM      YEAR
                                                  NORMAL
..................................................................
TEMPERATURE (F)
 YESTERDAY
  MAXIMUM         60    152 PM  83    1953  63     -3       60
  MINIMUM         37   1212 AM  20    1972  40     -3       36
  AVERAGE         49                        52     -3       48

PRECIPITATION (IN)
  YESTERDAY        0.24         MM      MM   0.08   0.16     0.00
  MONTH TO DATE    2.28                      1.71   0.57     1.86
  SINCE JUN 1     17.23                     15.78   1.45    20.56
  SINCE JAN 1     31.56                     31.24   0.32    31.15

DEGREE DAYS
 HEATING
  YESTERDAY       16                        13      3       17
  MONTH TO DATE  198                       212    -14      114
  SINCE SEP 1    298                       310    -12      204
  SINCE JUL 1    319                       321     -2      213

 COOLING
  YESTERDAY        0                         0      0        0
  MONTH TO DATE    4                         7     -3       33
  SINCE SEP 1     86                        89     -3      123
  SINCE JAN 1    727                       766    -39      856
..................................................................


WIND (MPH)
  HIGHEST WIND SPEED    16   HIGHEST WIND DIRECTION     S (200)
  HIGHEST GUST SPEED    22   HIGHEST GUST DIRECTION     S (190)
  AVERAGE WIND SPEED     5.5


SKY COVER
  POSSIBLE SUNSHINE  MM
  AVERAGE SKY COVER 0.6


WEATHER CONDITIONS
 THE FOLLOWING WEATHER WAS RECORDED YESTERDAY.
  RAIN
  LIGHT RAIN
  FOG


RELATIVE HUMIDITY (PERCENT)
 HIGHEST    93           900 PM
 LOWEST     57           200 PM
 AVERAGE    75

..........................................................


THE ZANESVILLE OH CLIMATE NORMALS FOR TODAY
                         NORMAL    RECORD    YEAR
 MAXIMUM TEMPERATURE (F)   63        83      1953
 MINIMUM TEMPERATURE (F)   40        15      1952


SUNRISE AND SUNSET
OCTOBER 21 2014.......SUNRISE   744 AM EDT   SUNSET   639 PM EDT
OCTOBER 22 2014.......SUNRISE   745 AM EDT   SUNSET   638 PM EDT


-  INDICATES NEGATIVE NUMBERS.
R  INDICATES RECORD WAS SET OR TIED.
MM INDICATES DATA IS MISSING.
T  INDICATES TRACE AMOUNT.




$$
