000
CDUS41 KPBZ 240702
CLIZZV


CLIMATE REPORT
NATIONAL WEATHER SERVICE PITTSBURGH PA
301 AM EDT FRI MAR 24 2017


...................................

...THE ZANESVILLE OH CLIMATE SUMMARY FOR MARCH 23 2017...

CLIMATE NORMAL PERIOD 1981 TO 2010
CLIMATE RECORD PERIOD 1946 TO 2017


WEATHER ITEM   OBSERVED TIME   RECORD YEAR NORMAL DEPARTURE LAST
                VALUE   (LST)  VALUE       VALUE  FROM      YEAR
                                                  NORMAL
..................................................................
TEMPERATURE (F)
 YESTERDAY
  MAXIMUM         56    418 PM  83    2012  54      2       68
  MINIMUM         21    625 AM  14    1960  32    -11       50
  AVERAGE         39                        43     -4       59

PRECIPITATION (IN)
  YESTERDAY        0.00         MM      MM   0.10  -0.10     0.00
  MONTH TO DATE    3.14                      2.12   1.02     3.17
  SINCE JUN 1     27.21                     29.35  -2.14    29.46
  SINCE JAN 1      8.59                      6.95   1.64     7.13

DEGREE DAYS
 HEATING
  YESTERDAY       26                        22      4        6
  MONTH TO DATE  645                       590     55      382
  SINCE MAR 1    645                       590     55      382
  SINCE JUL 1   3997                      4781   -784     3728

 COOLING
  YESTERDAY        0                         0      0        0
  MONTH TO DATE    0                         0      0        2
  SINCE MAR 1      0                         0      0        2
  SINCE JAN 1      1                         0      1        2
..................................................................


WIND (MPH)
  HIGHEST WIND SPEED    14   HIGHEST WIND DIRECTION    SE (150)
  HIGHEST GUST SPEED    20   HIGHEST GUST DIRECTION     E (100)
  AVERAGE WIND SPEED     6.2


SKY COVER
  POSSIBLE SUNSHINE  MM
  AVERAGE SKY COVER 0.0


WEATHER CONDITIONS
 THE FOLLOWING WEATHER WAS RECORDED YESTERDAY.
  NO SIGNIFICANT WEATHER WAS OBSERVED.


RELATIVE HUMIDITY (PERCENT)
 HIGHEST    62           500 AM
 LOWEST     14           400 PM
 AVERAGE    38

..........................................................


THE ZANESVILLE OH CLIMATE NORMALS FOR TODAY
                         NORMAL    RECORD    YEAR
 MAXIMUM TEMPERATURE (F)   55        77      1988
 MINIMUM TEMPERATURE (F)   33        12      1974


SUNRISE AND SUNSET
MARCH 24 2017.........SUNRISE   724 AM EDT   SUNSET   744 PM EDT
MARCH 25 2017.........SUNRISE   722 AM EDT   SUNSET   745 PM EDT


-  INDICATES NEGATIVE NUMBERS.
R  INDICATES RECORD WAS SET OR TIED.
MM INDICATES DATA IS MISSING.
T  INDICATES TRACE AMOUNT.




$$
